{"version":"1.0","provider_name":"Artisanlocal","provider_url":"https:\/\/www.artisanlocal.ch\/c","author_name":"Daniel Carrard","author_url":"https:\/\/www.artisanlocal.ch\/c\/author\/daniel-carrard\/","title":"Stores et fermetures dans le canton de Vaud","type":"rich","width":600,"height":338,"html":"<blockquote class=\"wp-embedded-content\" data-secret=\"JptcYmKV63\"><a href=\"https:\/\/www.artisanlocal.ch\/c\/stores-et-fermetures-dans-le-canton-de-vaud\/\">Stores et fermetures dans le canton de Vaud<\/a><\/blockquote><iframe sandbox=\"allow-scripts\" security=\"restricted\" src=\"https:\/\/www.artisanlocal.ch\/c\/stores-et-fermetures-dans-le-canton-de-vaud\/embed\/#?secret=JptcYmKV63\" width=\"600\" height=\"338\" title=\"\u00ab\u00a0Stores et fermetures dans le canton de Vaud\u00a0\u00bb &#8212; Artisanlocal\" data-secret=\"JptcYmKV63\" frameborder=\"0\" marginwidth=\"0\" marginheight=\"0\" scrolling=\"no\" class=\"wp-embedded-content\"><\/iframe><script>\n\/*! This file is auto-generated *\/\n!function(d,l){\"use strict\";l.querySelector&&d.addEventListener&&\"undefined\"!=typeof URL&&(d.wp=d.wp||{},d.wp.receiveEmbedMessage||(d.wp.receiveEmbedMessage=function(e){var t=e.data;if((t||t.secret||t.message||t.value)&&!\/[^a-zA-Z0-9]\/.test(t.secret)){for(var s,r,n,a=l.querySelectorAll('iframe[data-secret=\"'+t.secret+'\"]'),o=l.querySelectorAll('blockquote[data-secret=\"'+t.secret+'\"]'),c=new RegExp(\"^https?:$\",\"i\"),i=0;i<o.length;i++)o[i].style.display=\"none\";for(i=0;i<a.length;i++)s=a[i],e.source===s.contentWindow&&(s.removeAttribute(\"style\"),\"height\"===t.message?(1e3<(r=parseInt(t.value,10))?r=1e3:~~r<200&&(r=200),s.height=r):\"link\"===t.message&&(r=new URL(s.getAttribute(\"src\")),n=new URL(t.value),c.test(n.protocol))&&n.host===r.host&&l.activeElement===s&&(d.top.location.href=t.value))}},d.addEventListener(\"message\",d.wp.receiveEmbedMessage,!1),l.addEventListener(\"DOMContentLoaded\",function(){for(var e,t,s=l.querySelectorAll(\"iframe.wp-embedded-content\"),r=0;r<s.length;r++)(t=(e=s[r]).getAttribute(\"data-secret\"))||(t=Math.random().toString(36).substring(2,12),e.src+=\"#?secret=\"+t,e.setAttribute(\"data-secret\",t)),e.contentWindow.postMessage({message:\"ready\",secret:t},\"*\")},!1)))}(window,document);\n\/\/# sourceURL=https:\/\/www.artisanlocal.ch\/c\/wp-includes\/js\/wp-embed.min.js\n<\/script>\n","thumbnail_url":"https:\/\/www.artisanlocal.ch\/c\/wp-content\/uploads\/2024\/12\/storiste.jpg","thumbnail_width":1920,"thumbnail_height":300,"description":"Artisanlocal est un installateur de stores, enseignes, lambrequin lumineux et accessoires de terrasses, dans le canton de Vaud et dans les localit\u00e9s proches. Large choix de stores int\u00e9rieurs Nos stores sur mesure pour votre int\u00e9rieur am\u00e9liorent l&rsquo;apparence de vos fen\u00eatres, r\u00e9guler la luminosit\u00e9 et pr\u00e9servez votre confidentialit\u00e9. Nous offrons un large choix de stores : [&hellip;]"}

Artisanlocal est un installateur de stores, enseignes, lambrequin lumineux et accessoires de terrasses, dans le canton de Vaud et dans les localités proches. Large choix de stores intérieurs Nos stores sur mesure pour votre intérieur améliorent l&rsquo;apparence de vos fenêtres, réguler la luminosité et préservez votre confidentialité. Nous offrons un large choix de stores : [&hellip;]
