{"id":1001,"date":"2024-05-19T23:53:09","date_gmt":"2024-05-19T21:53:09","guid":{"rendered":"https:\/\/www.artisanlocal.ch\/c\/vos-experts-en-plomberie-a-carouge\/"},"modified":"2025-08-26T19:26:53","modified_gmt":"2025-08-26T17:26:53","slug":"vos-experts-en-plomberie-a-carouge","status":"publish","type":"page","link":"https:\/\/www.artisanlocal.ch\/c\/vos-experts-en-plomberie-a-carouge\/","title":{"rendered":"Plombier \u00e0 Carouge GE : fiable et comp\u00e9tent"},"content":{"rendered":"<p>Vous habitez \u00e0 Carouge GE et vous avez besoin d&rsquo;un plombier ? Artisanlocal se d\u00e9place chez vous en urgence.<br \/>\n\r\n<div class=\"box\">\r\n            <div class=\"company-info\">\r\n            <img decoding=\"async\" class=\"company-info__logo\" src=\"https:\/\/www.artisanlocal.ch\/media\/cache\/thumb\/images\/companies\/69c5046cdf8cb592860171.png\" alt=\"Logo\">\r\n            <h2 class=\"company-info__name\">A.N Sanitaire S\u00e0rl<\/h2>\r\n            <p class=\"company-info__business\">Sanitaire - D\u00e9pannage - R\u00e9novation - Entretien<\/p>\r\n        <\/div>\r\n        <div class=\"company-contact\">\r\n            <p class=\"company-info__address\">Rue des Eaux-Vives 55<\/p>\r\n                            <div class=\"links\">\r\n                                            <a class=\"btn has-accent-background-color js-phoneNumber\" href=\"tel:0782238060\" title=\"Appelez\" data-id=\"36150\" data-type=\"11\">078 223 80 60<\/a>\r\n                                                                <a class=\"btn has-accent-background-color\" href=\"https:\/\/sanitaire-geneve.com\/\" target=\"_blank\" title=\"Voir le site internet\" data-id=\"36150\" data-type=\"20\">Site internet<\/a>\r\n                                    <\/div>\r\n                    <\/div>\r\n    \r\n            \r\n<form action=\"https:\/\/www.artisanlocal.ch\/c\/wp-admin\/admin-ajax.php\" method=\"post\" class=\"form-contact\" id=\"artisan_form_contact_company_inline\">\r\n    <div><input type=\"hidden\" name=\"action\" value=\"company_contact\"><\/div>\r\n    <div><input type=\"hidden\" name=\"nonce\" value=\"622c770a9c\"><\/div>\r\n    <div><input type=\"hidden\" name=\"company_id\" value=\"36150\"><\/div>\r\n    <div><input type=\"hidden\" name=\"form_id\" value=\"artisan_form_contact_company_inline\"><\/div>\r\n    <div class=\"gglcptch gglcptch_v3 gglcptch_custom\"><input type=\"hidden\" id=\"g-recaptcha-response\" name=\"g-recaptcha-response\" \/><br \/><div class=\"gglcptch_error_text\">La p\u00e9riode de v\u00e9rification reCAPTCHA a expir\u00e9. Veuillez recharger la page.<\/div><\/div>    <div class=\"form-content\">\r\n        <div class=\"form-group\">\r\n            <label for=\"contact_firstName\" class=\"required\">Pr\u00e9nom<\/label>\r\n            <input type=\"text\" name=\"firstName\" class=\"form-control\" required>\r\n        <\/div>\r\n        <div class=\"form-group\">\r\n            <label for=\"contact_lastName\" class=\"required\">Nom<\/label>\r\n            <input type=\"text\" name=\"lastName\" class=\"form-control\" required>\r\n        <\/div>\r\n        <div class=\"form-group\">\r\n            <label for=\"contact_email\" class=\"required\">Email<\/label>\r\n            <input type=\"email\" name=\"email\" class=\"form-control\" required>\r\n        <\/div>\r\n        <div class=\"form-group\">\r\n            <label for=\"contact_phone\" class=\"required\">Num\u00e9ro de t\u00e9l\u00e9phone<\/label>\r\n            <input type=\"tel\" name=\"phone\" class=\"form-control\" placeholder=\"0787117165\" pattern=\"^[0-9]{10}$\" required>\r\n        <\/div>\r\n        <div class=\"form-group\">\r\n            <label for=\"contact_postalCode\" class=\"required\">Code postal et localit\u00e9<\/label>\r\n            <input type=\"text\" name=\"postalCode\" class=\"form-control\" required>\r\n        <\/div>\r\n        <div class=\"form-group\">\r\n            <label for=\"contact_address\" class=\"required\">Adresse<\/label>\r\n            <input type=\"text\" name=\"address\" class=\"form-control\" required>\r\n        <\/div>\r\n        <div class=\"full-width topic\">\r\n            <p class=\"required\">Je souhaite \u00eatre contact\u00e9 pour :<\/p>\r\n            <div class=\"form-check\">\r\n                <input type=\"radio\" name=\"topic\" value=\"D\u00e9pannage\" class=\"form-control\" required>\r\n                <label for=\"d\u00e9pannage\">D\u00e9pannage<\/label>\r\n            <\/div>\r\n            <div class=\"form-check\">\r\n                <input type=\"radio\" name=\"topic\" value=\"Entretien\" class=\"form-control\" required>\r\n                <label for=\"entretien\">Entretien<\/label>\r\n            <\/div>\r\n            <div class=\"form-check\">\r\n                <input type=\"radio\" name=\"topic\" value=\"R\u00e9novation\" class=\"form-control\" required>\r\n                <label for=\"r\u00e9novation\">R\u00e9novation<\/label>\r\n            <\/div>\r\n            <div class=\"form-check\">\r\n                <input type=\"radio\" name=\"topic\" value=\"Autre\" class=\"form-control\" required>\r\n                <label for=\"autre\">Autre<\/label>\r\n            <\/div>\r\n        <\/div>\r\n        <div class=\"form-group full-width\">\r\n            <label for=\"contact_message\">Message<\/label>\r\n            <textarea name=\"message\" rows=\"3\" class=\"form-control\"><\/textarea>\r\n        <\/div>\r\n    <\/div>\r\n    <div class=\"form-actions\">\r\n        <button class=\"wp-block-button__link has-accent-background-color\">Contacter<\/button>\r\n    <\/div>\r\n<\/form>\r\n<div class=\"form-feedback\"><\/div>    <\/div><\/p>\n<h2>Quels sont les avantages de choisir Artisanlocal \u00e0 Carouge GE ?<\/h2>\n<ul>\n<li>Nous proposons des prix comp\u00e9titifs.<\/li>\n<li>Nos plombiers sont assur\u00e9s.<\/li>\n<li>Avant d&rsquo;effectuer nos travaux de plomberie, nous inspections votre tuyauterie.<\/li>\n<li>Nous r\u00e9alisons tous vos travaux de plomberie.<\/li>\n<li>Notre plombier se d\u00e9place tous les jours et aussi les jours f\u00e9ri\u00e9s.<\/li>\n<li>Nos devis sont gratuits.<\/li>\n<li>Nous utilisons les derni\u00e8res techniques et technologies de pointes.<\/li>\n<li>Notre soci\u00e9t\u00e9 est implant\u00e9e \u00e0 Carouge GE pour nous permettre d&rsquo;intervenir rapidement chez vous.<\/li>\n<\/ul>\n<h2>Les services que nous proposons \u00e0 Carouge GE<\/h2>\n<ul>\n<li>La d\u00e9tection des fuites, la r\u00e9paration et la r\u00e9novation de vos tuyaux.<\/li>\n<li>Le remplacement de votre syst\u00e8me sanitaire.<\/li>\n<li>La r\u00e9paration de votre plomberie.<\/li>\n<li>L&rsquo;installation des : tuyauteries, lavabos, robinets et \u00e9viers.<\/li>\n<li>L&rsquo;installation des chaudi\u00e8res et des chauffes-eau.<\/li>\n<li>Assainissement et le d\u00e9bouchage de vos canalisations.<\/li>\n<li>R\u00e9novation des salles d&rsquo;eau.<\/li>\n<li>La vidange de votre fosse septique.<\/li>\n<\/ul>\n<h2>Comment fonctionne Artisanlocal ?<\/h2>\n<ol>\n<li>Une fois que vous nous avez contact\u00e9s par email ou par t\u00e9l\u00e9phone, un de nos artisans vous appelle pour analyser votre probl\u00e8me.<\/li>\n<li>Ensuite, nous vous fournissons un devis gratuit et d\u00e9taill\u00e9. Avec Artisanlocal, il n&rsquo;y a pas de frais en plus, sauf en cas de gros travaux ou que vous avez besoin de changer des pi\u00e8ces de votre plomberie.<\/li>\n<li>Apr\u00e8s la validation du devis, le plombier fixe avec vous une date d\u2019intervention.<\/li>\n<\/ol>\n<h2>Services de plomberie pour les particuliers \u00e0 Carouge GE<\/h2>\n<p>Si votre syst\u00e8me de plomberie est en panne, il y a un risque que vous contaminiez l&rsquo;eau de votre foyer, ce qui peut cr\u00e9er un risque pour votre famille, c&rsquo;est pour cela que l&rsquo;artisan plombier qui op\u00e8re \u00e0 votre logement r\u00e9alise :<\/p>\n<ul>\n<li>La r\u00e9paration de fuites.<\/li>\n<li>Le nettoyage et le d\u00e9bouchage de vos tuyaux.<\/li>\n<li>L\u2019entretien de votre chauffe-eau.<\/li>\n<li>Le contr\u00f4le de vos canalisations.<\/li>\n<li>La r\u00e9paration de vos canalisations.<\/li>\n<li>La remise en \u00e9tat de votre habitation apr\u00e8s un d\u00e9g\u00e2t des eaux.<\/li>\n<\/ul>\n<h2>Artisanlocal aux services des entreprises \u00e0 Carouge GE<\/h2>\n<p>Les robinets qui fuient, les tuyaux de canalisations bouch\u00e9es et les chauffe-eau qui fonctionnent mal sont des probl\u00e8mes qui peuvent conduire \u00e0 une chute de productivit\u00e9 de vos salari\u00e9s ou encore d\u00e9grader vos locaux. Artisanlocal aide votre entreprise pour :<\/p>\n<ul>\n<li>\u00c9liminer vos bouchons et pour installer vos robinets.<\/li>\n<li>Inspecter et r\u00e9parer vos tuyaux.<\/li>\n<li>L\u2019hydrocurage (jet d&rsquo;eau \u00e0 haute pression) de vos tuyaux de canalisations.<\/li>\n<li>Installer de nouveaux dispositifs dans votre plomberie.<\/li>\n<li>La vidange, le nettoyage, le remplacement ou la r\u00e9paration de bac d\u00e9graisseur.<\/li>\n<li>L\u2019installation, l\u2019entretien et la r\u00e9paration de votre chauffe-eau ou chauffage.<\/li>\n<li>R\u00e9parer votre tuyauterie.<\/li>\n<li>D\u00e9panner vos appareils sanitaires.<\/li>\n<li>Inspecter vos canalisations par cam\u00e9ra.<\/li>\n<\/ul>\n<h2>Entretien de votre tuyauterie en urgence \u00e0 Carouge GE<\/h2>\n<p>Si vous \u00eates un Carouge GEois, notre entreprise intervient \u00e0 votre domicile pour enlever les bouchons pr\u00e9sents dans vos canalisations et corriger les probl\u00e8mes de refoulement de vos \u00e9viers, douches ou WC, de plus, notre plombier intervient rapidement sur vos :<\/p>\n<ul>\n<li>Toitures.<\/li>\n<li>\u00c9gouts.<\/li>\n<li>Canalisations.<\/li>\n<li>Lavabos.<\/li>\n<li>Toilettes.<\/li>\n<\/ul>\n<h2>Service de nettoyage d&rsquo;\u00e9gouts \u00e0 Carouge GE<\/h2>\n<p>Les \u00e9gouts constituent le r\u00e9seau central de la plomberie. Il transporte les eaux us\u00e9es des lavabos, des toilettes et des autres appareils sanitaires. Si votre \u00e9gout est bouch\u00e9 ou que l&rsquo;eau remonte, cela peut endommager votre maison, et compromettre votre s\u00e9curit\u00e9.<\/p>\n<p>Un entretien r\u00e9gulier permet d&#8217;emp\u00eacher les refoulements des eaux us\u00e9es et la cr\u00e9ation de bouchons. Nos plombiers \u00e0 Carouge GE utilisent des technologies de pointes et techniques classiques pour v\u00e9rifier, assainir et assurer le bon \u00e9coulement de l&rsquo;eau dans vos canalisations.<\/p>\n<p>Notre entreprise r\u00e9nove vos canalisations en cas de dommage important. Artisanlocal peut aussi nettoyer votre logement ou votre maison \u00e0 la suite d&rsquo;un d\u00e9g\u00e2t des eaux. Nous d\u00e9shumidifions et s\u00e9chons les zones touch\u00e9es dans le but de minimiser les dangers d&rsquo;apparition de moisissures.<\/p>\n<h2>Services de d\u00e9pannage et de mise en place de chauffe-eau \u00e0 Carouge GE<\/h2>\n<p>Il n&rsquo;y a que de l&rsquo;eau froide dans votre logement ? Il se peut que vous ayez des probl\u00e8mes de chauffe-eau. Notre soci\u00e9t\u00e9 r\u00e9pare aussi votre chauffe-eau en urgence. Voici les signaux qui indiquent un probl\u00e8me :<\/p>\n<ul>\n<li>Un d\u00e9bit r\u00e9duit d&rsquo;eau chaude, vous avez probablement une fuite dans votre chauffe-eau, un \u00e9l\u00e9ment chauffant qui ne marche pas ou une accumulation de s\u00e9diments au fond du r\u00e9servoir.<\/li>\n<li>La pr\u00e9sence d&rsquo;eau \u00e0 proximit\u00e9 de votre chauffe-eau : elle peut indiquer un probl\u00e8me, comme la pr\u00e9sence d&rsquo;une fissure dans le r\u00e9servoir.<\/li>\n<li>Des bruits bizarres proviennent du chauffe-eau : elles peuvent r\u00e9v\u00e9ler un d\u00e9p\u00f4t de s\u00e9diments, un dysfonctionnement de l&rsquo;\u00e9l\u00e9ment chauffant ou une fuite d&rsquo;eau.<\/li>\n<li>La d\u00e9coloration de l&rsquo;eau : cela peut \u00eatre caus\u00e9 par des contaminants ou par la rouille.<\/li>\n<li>Le cumulus reste en marche : cela peut \u00eatre d\u00fb \u00e0 une panne.<\/li>\n<\/ul>\n<p>En appelant un de nos plombiers d\u00e8s les premiers signaux d&rsquo;alertes, il est possible pour vous d&rsquo;\u00e9viter les r\u00e9parations couteuses.<\/p>\n<h2>Nettoyage apr\u00e8s un d\u00e9g\u00e2t des eaux<\/h2>\n<p>Si vous \u00eates un habitant de Carouge GE nos plombiers peuvent nettoyer votre domicile apr\u00e8s un d\u00e9g\u00e2t des eaux, nous sommes disponibles pour vous aider en cas de caves submerg\u00e9es, de fortes pluies, de ruptures de canalisations, de refoulements d&rsquo;\u00e9gouts, de d\u00e9bordements de baignoires et de toilettes et d&rsquo;autres soucis de plomberie.<\/p>\n<h2>Questions habituellement pos\u00e9es<\/h2>\n<h3>Quel est le prix d&rsquo;une intervention \u00e0 Carouge GE ?<\/h3>\n<p>Apr\u00e8s avoir examin\u00e9 votre plomberie, nos plombiers \u00e9valuent le prix votre intervention. Voici les montants \u00e0 titre informatif \u00e0 Carouge GE :<\/p>\n<table border=\"1\">\n<tbody>\n<tr>\n<th>Services<\/th>\n<th>Prix CHF<\/th>\n<\/tr>\n<tr>\n<td>Mise en place d\u2019un lavabo<\/td>\n<td>280.00<\/td>\n<\/tr>\n<tr>\n<td>Taux horaire : installation sanitaire<\/td>\n<td>110.00 \u00e0 129.00<\/td>\n<\/tr>\n<tr>\n<td>Pose et raccordement, d\u2019un siphon \u00e0 un \u00e9vier<\/td>\n<td>70.00<\/td>\n<\/tr>\n<tr>\n<td>Montage meuble de salle de bain<\/td>\n<td>95.00<\/td>\n<\/tr>\n<tr>\n<td>Mise en place et raccordement, d\u2019une douche \u00e0 la tuyauterie<\/td>\n<td>86.00<\/td>\n<\/tr>\n<tr>\n<td>Pose d\u2019un r\u00e9servoir de WC<\/td>\n<td>112.00<\/td>\n<\/tr>\n<tr>\n<td>Pose d\u2019accessoires de salle de bain<\/td>\n<td>60.00<\/td>\n<\/tr>\n<tr>\n<td>Mise en place d\u2019un toilette suspendu<\/td>\n<td>170.00<\/td>\n<\/tr>\n<tr>\n<td>D\u00e9placement du plombier aller-retour<\/td>\n<td>100.00<\/td>\n<\/tr>\n<\/tbody>\n<\/table>\n<h3>Votre soci\u00e9t\u00e9 de plomberie \u00e0 Carouge GE est ouverte le dimanche et le samedi ?<\/h3>\n<p>Oui, notre soci\u00e9t\u00e9 propose un service de d\u00e9pannage de votre plomberie 24 heures sur 24 et 7 jours sur 7 et m\u00eame les jours f\u00e9ri\u00e9s.<\/p>\n<h3>Vos plombiers effectuent des interventions \u00e0 Carouge GE et dans les localit\u00e9s proches ?<\/h3>\n<p>Oui, les plombiers de notre entreprise op\u00e8rent \u00e0 Carouge GE, et \u00e9galement dans les villes \u00e0 proximit\u00e9, comme : Gen\u00e8ve, Grand-Lancy, Petit-Lancy, Onex, A\u00efre, V\u00e9senaz, Cologny, Ch\u00eane-Bougeries, Ch\u00eane-Bourg, Th\u00f4nex, Les Acacias, Plan-les-Ouates, Conches, Confignon, Bernex, Vessy, Cartigny, Avully, Puplinge, Presinge, Choulex, Collonge-Bellerive, Corsier GE, Ani\u00e8res, Hermance, Gy, Meinier, Vandoeuvres, Jussy, Veyrier, Troinex, La Croix-de-Rozon, Perly, Chancy, Athenaz (Avusy), Soral, Laconnex, Aire-la-Ville.<\/p>\n","protected":false},"excerpt":{"rendered":"<p>Vous habitez \u00e0 Carouge GE et vous avez besoin d&rsquo;un plombier ? Artisanlocal se d\u00e9place chez vous en urgence. Quels sont les avantages de choisir Artisanlocal \u00e0 Carouge GE ? Nous proposons des prix comp\u00e9titifs. Nos plombiers sont assur\u00e9s. Avant d&rsquo;effectuer nos travaux de plomberie, nous inspections votre tuyauterie. Nous r\u00e9alisons tous vos travaux de [&hellip;]<\/p>\n","protected":false},"author":4,"featured_media":2758,"parent":0,"menu_order":0,"comment_status":"closed","ping_status":"closed","template":"","meta":{"footnotes":""},"profession":[123],"location":[96],"canton":[112],"class_list":["post-1001","page","type-page","status-publish","has-post-thumbnail","hentry","profession-sanitaire","location-carouge-ge","canton-ge"],"yoast_head":"<!-- This site is optimized with the Yoast SEO Premium plugin v25.7.1 (Yoast SEO v27.4) - https:\/\/yoast.com\/product\/yoast-seo-premium-wordpress\/ -->\n<title>Plombier \u00e0 Carouge GE : fiable et comp\u00e9tent - Artisanlocal<\/title>\n<meta name=\"robots\" content=\"index, follow, max-snippet:-1, max-image-preview:large, max-video-preview:-1\" \/>\n<link rel=\"canonical\" href=\"https:\/\/www.artisanlocal.ch\/c\/vos-experts-en-plomberie-a-carouge\/\" \/>\n<meta property=\"og:locale\" content=\"fr_FR\" \/>\n<meta property=\"og:type\" content=\"article\" \/>\n<meta property=\"og:title\" content=\"Plombier \u00e0 Carouge GE : fiable et comp\u00e9tent\" \/>\n<meta property=\"og:description\" content=\"Vous habitez \u00e0 Carouge GE et vous avez besoin d&rsquo;un plombier ? Artisanlocal se d\u00e9place chez vous en urgence. Quels sont les avantages de choisir Artisanlocal \u00e0 Carouge GE ? Nous proposons des prix comp\u00e9titifs. Nos plombiers sont assur\u00e9s. Avant d&rsquo;effectuer nos travaux de plomberie, nous inspections votre tuyauterie. Nous r\u00e9alisons tous vos travaux de [&hellip;]\" \/>\n<meta property=\"og:url\" content=\"https:\/\/www.artisanlocal.ch\/c\/vos-experts-en-plomberie-a-carouge\/\" \/>\n<meta property=\"og:site_name\" content=\"Artisanlocal\" \/>\n<meta property=\"article:modified_time\" content=\"2025-08-26T17:26:53+00:00\" \/>\n<meta property=\"og:image\" content=\"https:\/\/www.artisanlocal.ch\/c\/wp-content\/uploads\/2024\/10\/plombier.jpg\" \/>\n\t<meta property=\"og:image:width\" content=\"1920\" \/>\n\t<meta property=\"og:image:height\" content=\"300\" \/>\n\t<meta property=\"og:image:type\" content=\"image\/jpeg\" \/>\n<meta name=\"twitter:card\" content=\"summary_large_image\" \/>\n<meta name=\"twitter:label1\" content=\"Dur\u00e9e de lecture estim\u00e9e\" \/>\n\t<meta name=\"twitter:data1\" content=\"6 minutes\" \/>\n<script type=\"application\/ld+json\" class=\"yoast-schema-graph\">{\"@context\":\"https:\\\/\\\/schema.org\",\"@graph\":[{\"@type\":\"WebPage\",\"@id\":\"https:\\\/\\\/www.artisanlocal.ch\\\/c\\\/vos-experts-en-plomberie-a-carouge\\\/\",\"url\":\"https:\\\/\\\/www.artisanlocal.ch\\\/c\\\/vos-experts-en-plomberie-a-carouge\\\/\",\"name\":\"Plombier \u00e0 Carouge GE : fiable et comp\u00e9tent - Artisanlocal\",\"isPartOf\":{\"@id\":\"https:\\\/\\\/www.artisanlocal.ch\\\/c\\\/#website\"},\"primaryImageOfPage\":{\"@id\":\"https:\\\/\\\/www.artisanlocal.ch\\\/c\\\/vos-experts-en-plomberie-a-carouge\\\/#primaryimage\"},\"image\":{\"@id\":\"https:\\\/\\\/www.artisanlocal.ch\\\/c\\\/vos-experts-en-plomberie-a-carouge\\\/#primaryimage\"},\"thumbnailUrl\":\"https:\\\/\\\/www.artisanlocal.ch\\\/c\\\/wp-content\\\/uploads\\\/2024\\\/10\\\/plombier.jpg\",\"datePublished\":\"2024-05-19T21:53:09+00:00\",\"dateModified\":\"2025-08-26T17:26:53+00:00\",\"breadcrumb\":{\"@id\":\"https:\\\/\\\/www.artisanlocal.ch\\\/c\\\/vos-experts-en-plomberie-a-carouge\\\/#breadcrumb\"},\"inLanguage\":\"fr-FR\",\"potentialAction\":[{\"@type\":\"ReadAction\",\"target\":[\"https:\\\/\\\/www.artisanlocal.ch\\\/c\\\/vos-experts-en-plomberie-a-carouge\\\/\"]}]},{\"@type\":\"ImageObject\",\"inLanguage\":\"fr-FR\",\"@id\":\"https:\\\/\\\/www.artisanlocal.ch\\\/c\\\/vos-experts-en-plomberie-a-carouge\\\/#primaryimage\",\"url\":\"https:\\\/\\\/www.artisanlocal.ch\\\/c\\\/wp-content\\\/uploads\\\/2024\\\/10\\\/plombier.jpg\",\"contentUrl\":\"https:\\\/\\\/www.artisanlocal.ch\\\/c\\\/wp-content\\\/uploads\\\/2024\\\/10\\\/plombier.jpg\",\"width\":1920,\"height\":300},{\"@type\":\"BreadcrumbList\",\"@id\":\"https:\\\/\\\/www.artisanlocal.ch\\\/c\\\/vos-experts-en-plomberie-a-carouge\\\/#breadcrumb\",\"itemListElement\":[{\"@type\":\"ListItem\",\"position\":1,\"name\":\"Accueil\",\"item\":\"https:\\\/\\\/www.artisanlocal.ch\\\/c\\\/\"},{\"@type\":\"ListItem\",\"position\":2,\"name\":\"Plombier \u00e0 Carouge : fiable et comp\u00e9tent\"}]},{\"@type\":\"WebSite\",\"@id\":\"https:\\\/\\\/www.artisanlocal.ch\\\/c\\\/#website\",\"url\":\"https:\\\/\\\/www.artisanlocal.ch\\\/c\\\/\",\"name\":\"Artisanlocal\",\"description\":\"\",\"publisher\":{\"@id\":\"https:\\\/\\\/www.artisanlocal.ch\\\/c\\\/#organization\"},\"potentialAction\":[{\"@type\":\"SearchAction\",\"target\":{\"@type\":\"EntryPoint\",\"urlTemplate\":\"https:\\\/\\\/www.artisanlocal.ch\\\/c\\\/?s={search_term_string}\"},\"query-input\":{\"@type\":\"PropertyValueSpecification\",\"valueRequired\":true,\"valueName\":\"search_term_string\"}}],\"inLanguage\":\"fr-FR\"},{\"@type\":\"Organization\",\"@id\":\"https:\\\/\\\/www.artisanlocal.ch\\\/c\\\/#organization\",\"name\":\"Artisanlocal\",\"url\":\"https:\\\/\\\/www.artisanlocal.ch\\\/c\\\/\",\"logo\":{\"@type\":\"ImageObject\",\"inLanguage\":\"fr-FR\",\"@id\":\"https:\\\/\\\/www.artisanlocal.ch\\\/c\\\/#\\\/schema\\\/logo\\\/image\\\/\",\"url\":\"https:\\\/\\\/www.artisanlocal.ch\\\/c\\\/wp-content\\\/uploads\\\/2024\\\/02\\\/logo-artisanlocal-h.svg\",\"contentUrl\":\"https:\\\/\\\/www.artisanlocal.ch\\\/c\\\/wp-content\\\/uploads\\\/2024\\\/02\\\/logo-artisanlocal-h.svg\",\"caption\":\"Artisanlocal\"},\"image\":{\"@id\":\"https:\\\/\\\/www.artisanlocal.ch\\\/c\\\/#\\\/schema\\\/logo\\\/image\\\/\"}}]}<\/script>\n<!-- \/ Yoast SEO Premium plugin. -->","yoast_head_json":{"title":"Plombier \u00e0 Carouge GE : fiable et comp\u00e9tent - Artisanlocal","robots":{"index":"index","follow":"follow","max-snippet":"max-snippet:-1","max-image-preview":"max-image-preview:large","max-video-preview":"max-video-preview:-1"},"canonical":"https:\/\/www.artisanlocal.ch\/c\/vos-experts-en-plomberie-a-carouge\/","og_locale":"fr_FR","og_type":"article","og_title":"Plombier \u00e0 Carouge GE : fiable et comp\u00e9tent","og_description":"Vous habitez \u00e0 Carouge GE et vous avez besoin d&rsquo;un plombier ? Artisanlocal se d\u00e9place chez vous en urgence. Quels sont les avantages de choisir Artisanlocal \u00e0 Carouge GE ? Nous proposons des prix comp\u00e9titifs. Nos plombiers sont assur\u00e9s. Avant d&rsquo;effectuer nos travaux de plomberie, nous inspections votre tuyauterie. Nous r\u00e9alisons tous vos travaux de [&hellip;]","og_url":"https:\/\/www.artisanlocal.ch\/c\/vos-experts-en-plomberie-a-carouge\/","og_site_name":"Artisanlocal","article_modified_time":"2025-08-26T17:26:53+00:00","og_image":[{"width":1920,"height":300,"url":"https:\/\/www.artisanlocal.ch\/c\/wp-content\/uploads\/2024\/10\/plombier.jpg","type":"image\/jpeg"}],"twitter_card":"summary_large_image","twitter_misc":{"Dur\u00e9e de lecture estim\u00e9e":"6 minutes"},"schema":{"@context":"https:\/\/schema.org","@graph":[{"@type":"WebPage","@id":"https:\/\/www.artisanlocal.ch\/c\/vos-experts-en-plomberie-a-carouge\/","url":"https:\/\/www.artisanlocal.ch\/c\/vos-experts-en-plomberie-a-carouge\/","name":"Plombier \u00e0 Carouge GE : fiable et comp\u00e9tent - Artisanlocal","isPartOf":{"@id":"https:\/\/www.artisanlocal.ch\/c\/#website"},"primaryImageOfPage":{"@id":"https:\/\/www.artisanlocal.ch\/c\/vos-experts-en-plomberie-a-carouge\/#primaryimage"},"image":{"@id":"https:\/\/www.artisanlocal.ch\/c\/vos-experts-en-plomberie-a-carouge\/#primaryimage"},"thumbnailUrl":"https:\/\/www.artisanlocal.ch\/c\/wp-content\/uploads\/2024\/10\/plombier.jpg","datePublished":"2024-05-19T21:53:09+00:00","dateModified":"2025-08-26T17:26:53+00:00","breadcrumb":{"@id":"https:\/\/www.artisanlocal.ch\/c\/vos-experts-en-plomberie-a-carouge\/#breadcrumb"},"inLanguage":"fr-FR","potentialAction":[{"@type":"ReadAction","target":["https:\/\/www.artisanlocal.ch\/c\/vos-experts-en-plomberie-a-carouge\/"]}]},{"@type":"ImageObject","inLanguage":"fr-FR","@id":"https:\/\/www.artisanlocal.ch\/c\/vos-experts-en-plomberie-a-carouge\/#primaryimage","url":"https:\/\/www.artisanlocal.ch\/c\/wp-content\/uploads\/2024\/10\/plombier.jpg","contentUrl":"https:\/\/www.artisanlocal.ch\/c\/wp-content\/uploads\/2024\/10\/plombier.jpg","width":1920,"height":300},{"@type":"BreadcrumbList","@id":"https:\/\/www.artisanlocal.ch\/c\/vos-experts-en-plomberie-a-carouge\/#breadcrumb","itemListElement":[{"@type":"ListItem","position":1,"name":"Accueil","item":"https:\/\/www.artisanlocal.ch\/c\/"},{"@type":"ListItem","position":2,"name":"Plombier \u00e0 Carouge : fiable et comp\u00e9tent"}]},{"@type":"WebSite","@id":"https:\/\/www.artisanlocal.ch\/c\/#website","url":"https:\/\/www.artisanlocal.ch\/c\/","name":"Artisanlocal","description":"","publisher":{"@id":"https:\/\/www.artisanlocal.ch\/c\/#organization"},"potentialAction":[{"@type":"SearchAction","target":{"@type":"EntryPoint","urlTemplate":"https:\/\/www.artisanlocal.ch\/c\/?s={search_term_string}"},"query-input":{"@type":"PropertyValueSpecification","valueRequired":true,"valueName":"search_term_string"}}],"inLanguage":"fr-FR"},{"@type":"Organization","@id":"https:\/\/www.artisanlocal.ch\/c\/#organization","name":"Artisanlocal","url":"https:\/\/www.artisanlocal.ch\/c\/","logo":{"@type":"ImageObject","inLanguage":"fr-FR","@id":"https:\/\/www.artisanlocal.ch\/c\/#\/schema\/logo\/image\/","url":"https:\/\/www.artisanlocal.ch\/c\/wp-content\/uploads\/2024\/02\/logo-artisanlocal-h.svg","contentUrl":"https:\/\/www.artisanlocal.ch\/c\/wp-content\/uploads\/2024\/02\/logo-artisanlocal-h.svg","caption":"Artisanlocal"},"image":{"@id":"https:\/\/www.artisanlocal.ch\/c\/#\/schema\/logo\/image\/"}}]}},"_links":{"self":[{"href":"https:\/\/www.artisanlocal.ch\/c\/wp-json\/wp\/v2\/pages\/1001","targetHints":{"allow":["GET"]}}],"collection":[{"href":"https:\/\/www.artisanlocal.ch\/c\/wp-json\/wp\/v2\/pages"}],"about":[{"href":"https:\/\/www.artisanlocal.ch\/c\/wp-json\/wp\/v2\/types\/page"}],"author":[{"embeddable":true,"href":"https:\/\/www.artisanlocal.ch\/c\/wp-json\/wp\/v2\/users\/4"}],"replies":[{"embeddable":true,"href":"https:\/\/www.artisanlocal.ch\/c\/wp-json\/wp\/v2\/comments?post=1001"}],"version-history":[{"count":0,"href":"https:\/\/www.artisanlocal.ch\/c\/wp-json\/wp\/v2\/pages\/1001\/revisions"}],"wp:featuredmedia":[{"embeddable":true,"href":"https:\/\/www.artisanlocal.ch\/c\/wp-json\/wp\/v2\/media\/2758"}],"wp:attachment":[{"href":"https:\/\/www.artisanlocal.ch\/c\/wp-json\/wp\/v2\/media?parent=1001"}],"wp:term":[{"taxonomy":"profession","embeddable":true,"href":"https:\/\/www.artisanlocal.ch\/c\/wp-json\/wp\/v2\/profession?post=1001"},{"taxonomy":"location","embeddable":true,"href":"https:\/\/www.artisanlocal.ch\/c\/wp-json\/wp\/v2\/location?post=1001"},{"taxonomy":"canton","embeddable":true,"href":"https:\/\/www.artisanlocal.ch\/c\/wp-json\/wp\/v2\/canton?post=1001"}],"curies":[{"name":"wp","href":"https:\/\/api.w.org\/{rel}","templated":true}]}}