{"id":1426,"date":"2024-08-13T17:01:46","date_gmt":"2024-08-13T15:01:46","guid":{"rendered":"https:\/\/www.artisanlocal.ch\/c\/?page_id=1426"},"modified":"2025-09-18T19:39:53","modified_gmt":"2025-09-18T17:39:53","slug":"peintre-a-saignelegier","status":"publish","type":"page","link":"https:\/\/www.artisanlocal.ch\/c\/peintre-a-saignelegier\/","title":{"rendered":"Peintre \u00e0 Saignel\u00e9gier"},"content":{"rendered":"\n<p>Vos murs et vos plafonds ont besoin d\u2019une nouvelle couche de peinture ? Artisanlocal r\u00e9alise tous vos travaux de peinture int\u00e9rieure ou ext\u00e9rieure \u00e0 Saignel\u00e9gier. Nos artisans s\u2019adaptent \u00e0 vos horaires et peuvent intervenir rapidement \u00e0 Saignel\u00e9gier et dans les villes proches.<\/p>\n\n\n\r\n<div class=\"box\">\r\n            <div class=\"company-info\">\r\n            <img decoding=\"async\" class=\"company-info__logo\" src=\"https:\/\/www.artisanlocal.ch\/media\/cache\/thumb\/images\/companies\/69c26182d7df4725016303.png\" alt=\"Logo\">\r\n            <h2 class=\"company-info__name\">David Miguel Peinture S\u00e0rl<\/h2>\r\n            <p class=\"company-info__business\">Peinture - Pl\u00e2trerie - R\u00e9novation - Papiers peints - Fa\u00e7ades - Isolation - D\u00e9coration d'int\u00e9rieur<\/p>\r\n        <\/div>\r\n        <div class=\"company-contact\">\r\n            <p class=\"company-info__address\">Chemin du Patinage 1<\/p>\r\n                            <div class=\"links\">\r\n                                            <a class=\"btn has-accent-background-color js-phoneNumber\" href=\"tel:0794630748\" title=\"Appelez\" data-id=\"38820\" data-type=\"11\">079 463 07 48<\/a>\r\n                                                                <a class=\"btn has-accent-background-color\" href=\"https:\/\/www.miguel-peinture.ch\/\" target=\"_blank\" title=\"Voir le site internet\" data-id=\"38820\" data-type=\"20\">Site internet<\/a>\r\n                                    <\/div>\r\n                    <\/div>\r\n    \r\n            \r\n<form action=\"https:\/\/www.artisanlocal.ch\/c\/wp-admin\/admin-ajax.php\" method=\"post\" class=\"form-contact\" id=\"artisan_form_contact_company_inline\">\r\n    <div><input type=\"hidden\" name=\"action\" value=\"company_contact\"><\/div>\r\n    <div><input type=\"hidden\" name=\"nonce\" value=\"85ec494698\"><\/div>\r\n    <div><input type=\"hidden\" name=\"company_id\" value=\"38820\"><\/div>\r\n    <div><input type=\"hidden\" name=\"form_id\" value=\"artisan_form_contact_company_inline\"><\/div>\r\n    <div class=\"gglcptch gglcptch_v3 gglcptch_custom\"><input type=\"hidden\" id=\"g-recaptcha-response\" name=\"g-recaptcha-response\" \/><br \/><div class=\"gglcptch_error_text\">La p\u00e9riode de v\u00e9rification reCAPTCHA a expir\u00e9. Veuillez recharger la page.<\/div><\/div>    <div class=\"form-content\">\r\n        <div class=\"form-group\">\r\n            <label for=\"contact_firstName\" class=\"required\">Pr\u00e9nom<\/label>\r\n            <input type=\"text\" name=\"firstName\" class=\"form-control\" required>\r\n        <\/div>\r\n        <div class=\"form-group\">\r\n            <label for=\"contact_lastName\" class=\"required\">Nom<\/label>\r\n            <input type=\"text\" name=\"lastName\" class=\"form-control\" required>\r\n        <\/div>\r\n        <div class=\"form-group\">\r\n            <label for=\"contact_email\" class=\"required\">Email<\/label>\r\n            <input type=\"email\" name=\"email\" class=\"form-control\" required>\r\n        <\/div>\r\n        <div class=\"form-group\">\r\n            <label for=\"contact_phone\" class=\"required\">Num\u00e9ro de t\u00e9l\u00e9phone<\/label>\r\n            <input type=\"tel\" name=\"phone\" class=\"form-control\" placeholder=\"0787117165\" pattern=\"^[0-9]{10}$\" required>\r\n        <\/div>\r\n        <div class=\"form-group\">\r\n            <label for=\"contact_postalCode\" class=\"required\">Code postal et localit\u00e9<\/label>\r\n            <input type=\"text\" name=\"postalCode\" class=\"form-control\" required>\r\n        <\/div>\r\n        <div class=\"form-group\">\r\n            <label for=\"contact_address\" class=\"required\">Adresse<\/label>\r\n            <input type=\"text\" name=\"address\" class=\"form-control\" required>\r\n        <\/div>\r\n        <div class=\"full-width topic\">\r\n            <p class=\"required\">Je souhaite \u00eatre contact\u00e9 pour :<\/p>\r\n            <div class=\"form-check\">\r\n                <input type=\"radio\" name=\"topic\" value=\"D\u00e9pannage\" class=\"form-control\" required>\r\n                <label for=\"d\u00e9pannage\">D\u00e9pannage<\/label>\r\n            <\/div>\r\n            <div class=\"form-check\">\r\n                <input type=\"radio\" name=\"topic\" value=\"Entretien\" class=\"form-control\" required>\r\n                <label for=\"entretien\">Entretien<\/label>\r\n            <\/div>\r\n            <div class=\"form-check\">\r\n                <input type=\"radio\" name=\"topic\" value=\"R\u00e9novation\" class=\"form-control\" required>\r\n                <label for=\"r\u00e9novation\">R\u00e9novation<\/label>\r\n            <\/div>\r\n            <div class=\"form-check\">\r\n                <input type=\"radio\" name=\"topic\" value=\"Autre\" class=\"form-control\" required>\r\n                <label for=\"autre\">Autre<\/label>\r\n            <\/div>\r\n        <\/div>\r\n        <div class=\"form-group full-width\">\r\n            <label for=\"contact_message\">Message<\/label>\r\n            <textarea name=\"message\" rows=\"3\" class=\"form-control\"><\/textarea>\r\n        <\/div>\r\n    <\/div>\r\n    <div class=\"form-actions\">\r\n        <button class=\"wp-block-button__link has-accent-background-color\">Contacter<\/button>\r\n    <\/div>\r\n<\/form>\r\n<div class=\"form-feedback\"><\/div>    <\/div>\n\n\n<p>Nos peintres vous proposent des services sur mesure pour r\u00e9nover votre logement, par exemple :&nbsp;&nbsp;<\/p>\n\n\n\n<ul class=\"wp-block-list\">\n<li>La peinture int\u00e9rieure : sur portes, moulures, murs, plafonds, chambres, salons, ou salles d&rsquo;eau.<\/li>\n\n\n\n<li>La peinture ext\u00e9rieure : pour cl\u00f4tures, terrasses, bardages, portes de garage, briques et stucs.<\/li>\n\n\n\n<li>La peinture d\u00e9corative : avec des effets faux marbre, effet vieilli, patines,&nbsp;faux bois, et effet oxyd\u00e9.<\/li>\n\n\n\n<li>La peinture de cuisine : d\u00e9coratives, ou finition satin\u00e9e.<\/li>\n\n\n\n<li>L&rsquo;enduit d\u00e9coratif : tels que le b\u00e9ton cir\u00e9 ou le tadelakt.<\/li>\n\n\n\n<li>La peinture artistique : fresques murales, artistiques et d\u00e9coratives.<\/li>\n\n\n\n<li>Ravalement de fa\u00e7ade : avec enduit, bardage, cr\u00e9pi ou peinture.<\/li>\n\n\n\n<li>Peinture en hauteur : dans les lieux difficiles d&rsquo;acc\u00e8s comme les usines, tours, ou ponts.<\/li>\n\n\n\n<li>Peinture de finition : sur le mobilier de cuisine ou dans la salle d&rsquo;eau.<\/li>\n\n\n\n<li>Remise en \u00e9tat et installation : colmatage des fissures, comblement des trous dans les murs, et installation de cloisons s\u00e8ches neuves.<\/li>\n\n\n\n<li>D\u00e9collage et pose de papier peint : enl\u00e8vement et mise en place de rev\u00eatements muraux.<\/li>\n\n\n\n<li>Peinture pour les entreprises : pour \u00e9coles, locaux commerciaux, b\u00e2timents d&rsquo;affaires, restaurants et salles de sport.<\/li>\n\n\n\n<li>Peinture en b\u00e2timent : pr\u00e9paration des surfaces, r\u00e9alisation des travaux de finition et application de rev\u00eatements\/peintures dans les b\u00e2timents.<\/li>\n<\/ul>\n\n\n<h2 class=\"wp-block-heading\" id=\"h-comment-votre-entreprise-fonctionne\">Comment votre entreprise fonctionne ?<\/h2>\n\n\n<p>Chez Artisanlocal, nous avons cr\u00e9\u00e9 des \u00e9tapes pour r\u00e9pondre aux attentes de nos clients.<\/p>\n\n\n<h3 class=\"wp-block-heading\" id=\"h-etape-1-nbsp-devis\">\u00c9tape 1  : devis<\/h3>\n\n\n<p>Demandez \u00e0 notre entreprise un devis gratuit par mail ou par t\u00e9l\u00e9phone.<\/p>\n\n\n<h3 class=\"wp-block-heading\" id=\"h-etape-2-nbsp-analyser-votre-devis\">\u00c9tape 2  : analyser votre devis<\/h3>\n\n\n<p>Nous vous recommandons d\u2019analyser le devis minutieusement. Si vous avez une question, contacter un de nos plombiers.<\/p>\n\n\n<h3 class=\"wp-block-heading\" id=\"h-etape-3-nbsp-definir-la-date-du-debut\">\u00c9tape 3  : d\u00e9finir la date du d\u00e9but<\/h3>\n\n\n<p>D\u00e8s que vous avez valid\u00e9 le devis, nous d\u00e9cidons de la date de d\u00e9marrage de votre projet. Pour atteindre vos objectifs, nous mettons \u00e0 disposition un chef de projet.<\/p>\n\n\n<h2 class=\"wp-block-heading\" id=\"h-quel-est-le-tarif-des-prestations-de-peinture-a-saignelegier\">Quel est le tarif des prestations de peinture \u00e0 Saignel\u00e9gier ?<\/h2>\n\n\n<p>Le tarif de nos prestations de peinture est influenc\u00e9 par l\u2019\u00e9tat g\u00e9n\u00e9ral de la surface \u00e0 peindre. En g\u00e9n\u00e9ral, les prix sont compris entre 60 et 70 francs par heure. Environ 80% \u00e0 90% du prix total est li\u00e9 \u00e0 la main-d\u2019\u0153uvre, alors que la peinture ne repr\u00e9sente que 10% \u00e0 20% du prix total.<\/p>\n\n\n<h2 class=\"wp-block-heading\" id=\"h-pourquoi-choisir-notre-entreprise-de-peinture-a-saignelegier-nbsp\">Pourquoi choisir notre entreprise de peinture \u00e0 Saignel\u00e9gier ? <\/h2>\n\n\n<ul class=\"wp-block-list\">\n<li><strong>Disponibilit\u00e9&nbsp;:<\/strong> notre entreprise est situ\u00e9e \u00e0 Saignel\u00e9gier, ce qui nous permet d\u2019intervenir rapidement.<\/li>\n\n\n\n<li><strong>Qualit\u00e9&nbsp;:<\/strong> nos artisans ont une grande exp\u00e9rience, en choisissant notre entreprise, vous b\u00e9n\u00e9ficiez de prestations de qualit\u00e9.<\/li>\n\n\n\n<li><strong>Prix sur mesure&nbsp;:<\/strong> nos prix sont sur mesure, il est d\u00e9fini en fonction de vos besoins.<\/li>\n\n\n\n<li><strong>Prestations sur mesure&nbsp;:<\/strong> en fonction de vos attentes, nous concevons des prestations sur mesure.<\/li>\n\n\n\n<li><strong>Savoir-faire&nbsp;:<\/strong> notre entreprise propose une large gamme de services, comme : la pr\u00e9paration des surfaces, l&rsquo;application de nouvelles couches de peinture et la r\u00e9alisation des finitions.<\/li>\n<\/ul>\n\n\n<h2 class=\"wp-block-heading\" id=\"h-faq\">FAQ<\/h2>\n\n<h3 class=\"wp-block-heading\" id=\"h-quelle-peinture-utilisez-vous\">Quelle peinture utilisez-vous ?<\/h3>\n\n\n<p>Nous s\u00e9lectionnons et utilisons des peintures de haute qualit\u00e9. Nous pouvons aussi utiliser les pots de peinture que vous avez achet\u00e9s.<\/p>\n\n\n<h3 class=\"wp-block-heading\" id=\"h-votre-entreprise-est-elle-joignable-le-week-end\">Votre entreprise est-elle joignable le week-end ?<\/h3>\n\n\n<p>Oui, notre soci\u00e9t\u00e9 intervient aussi les week-ends.<\/p>\n\n\n<h3 class=\"wp-block-heading\" id=\"h-protegez-vous-les-meubles\">Prot\u00e9gez-vous les meubles ?<\/h3>\n\n\n<p>Oui, nous prot\u00e9geons vos meubles et votre \u00e9lectrom\u00e9nager durant notre intervention. Si vous avez des objets fragiles, nous vous recommandons de nous en informer avant les travaux afin que nous prenions des pr\u00e9cautions suppl\u00e9mentaires.<\/p>\n\n\n<h3 class=\"wp-block-heading\" id=\"h-quelles-sont-les-solutions-si-je-considere-le-travail-accompli-insuffisant\">Quelles sont les solutions si je consid\u00e8re le travail accompli insuffisant ?<\/h3>\n\n\n<p>Si notre travail ne vous satisfait pas, nous nous engageons \u00e0 effectuer les modifications n\u00e9cessaires jusqu&rsquo;\u00e0 ce que vous soyez pleinement satisfait.<\/p>\n\n\n<h3 class=\"wp-block-heading\" id=\"h-vos-devis-sont-ils-gratuits\">Vos devis sont-ils gratuits ?<\/h3>\n\n\n<p>Oui, nos devis sont 100 % gratuits et sans engagement. De plus, nos artisans peuvent se d\u00e9placer chez vous pour r\u00e9pondre \u00e0 toutes vos questions.<\/p>\n\n\n<h3 class=\"wp-block-heading\" id=\"h-vos-services-s-etendent-ils-aux-villes-proches-de-saignelegier\">Vos services s\u2019\u00e9tendent-ils aux villes proches de Saignel\u00e9gier ?<\/h3>\n\n\n<p>Oui, nous intervenons \u00e0 Saignel\u00e9gier et aussi dans les villes, telles que :<\/p>\n\n\nLes Bois, Muriaux, Le Noirmont, Les Breuleux, La Chaux-des-Breuleux, Le B\u00e9mont JU, Montfaucon, Les Enfers, St-Brais, Le Pr\u00e9dame, Les Genevez JU, Fornet-Dessus, Lajoux JU, Soubey.\n","protected":false},"excerpt":{"rendered":"<p>Vos murs et vos plafonds ont besoin d\u2019une nouvelle couche de peinture ? Artisanlocal r\u00e9alise tous vos travaux de peinture int\u00e9rieure ou ext\u00e9rieure \u00e0 Saignel\u00e9gier. Nos artisans s\u2019adaptent \u00e0 vos horaires et peuvent intervenir rapidement \u00e0 Saignel\u00e9gier et dans les villes proches. Quels sont les services d\u2019Artisanlocal ? Nos peintres vous proposent des services sur [&hellip;]<\/p>\n","protected":false},"author":4,"featured_media":2756,"parent":0,"menu_order":0,"comment_status":"closed","ping_status":"closed","template":"","meta":{"footnotes":""},"profession":[121],"location":[125],"canton":[111],"class_list":["post-1426","page","type-page","status-publish","has-post-thumbnail","hentry","profession-peintre","location-saignelegier","canton-ju"],"yoast_head":"<!-- This site is optimized with the Yoast SEO Premium plugin v25.7.1 (Yoast SEO v27.3) - https:\/\/yoast.com\/product\/yoast-seo-premium-wordpress\/ -->\n<title>Peintre \u00e0 Saignel\u00e9gier - Artisanlocal<\/title>\n<meta name=\"robots\" content=\"index, follow, max-snippet:-1, max-image-preview:large, max-video-preview:-1\" \/>\n<link rel=\"canonical\" href=\"https:\/\/www.artisanlocal.ch\/c\/peintre-a-saignelegier\/\" \/>\n<meta property=\"og:locale\" content=\"fr_FR\" \/>\n<meta property=\"og:type\" content=\"article\" \/>\n<meta property=\"og:title\" content=\"Peintre \u00e0 Saignel\u00e9gier\" \/>\n<meta property=\"og:description\" content=\"Vos murs et vos plafonds ont besoin d\u2019une nouvelle couche de peinture ? Artisanlocal r\u00e9alise tous vos travaux de peinture int\u00e9rieure ou ext\u00e9rieure \u00e0 Saignel\u00e9gier. Nos artisans s\u2019adaptent \u00e0 vos horaires et peuvent intervenir rapidement \u00e0 Saignel\u00e9gier et dans les villes proches. Quels sont les services d\u2019Artisanlocal ? Nos peintres vous proposent des services sur [&hellip;]\" \/>\n<meta property=\"og:url\" content=\"https:\/\/www.artisanlocal.ch\/c\/peintre-a-saignelegier\/\" \/>\n<meta property=\"og:site_name\" content=\"Artisanlocal\" \/>\n<meta property=\"article:modified_time\" content=\"2025-09-18T17:39:53+00:00\" \/>\n<meta property=\"og:image\" content=\"https:\/\/www.artisanlocal.ch\/c\/wp-content\/uploads\/2024\/10\/peintre.jpg\" \/>\n\t<meta property=\"og:image:width\" content=\"1920\" \/>\n\t<meta property=\"og:image:height\" content=\"300\" \/>\n\t<meta property=\"og:image:type\" content=\"image\/jpeg\" \/>\n<meta name=\"twitter:card\" content=\"summary_large_image\" \/>\n<meta name=\"twitter:label1\" content=\"Dur\u00e9e de lecture estim\u00e9e\" \/>\n\t<meta name=\"twitter:data1\" content=\"4 minutes\" \/>\n<script type=\"application\/ld+json\" class=\"yoast-schema-graph\">{\"@context\":\"https:\\\/\\\/schema.org\",\"@graph\":[{\"@type\":\"WebPage\",\"@id\":\"https:\\\/\\\/www.artisanlocal.ch\\\/c\\\/peintre-a-saignelegier\\\/\",\"url\":\"https:\\\/\\\/www.artisanlocal.ch\\\/c\\\/peintre-a-saignelegier\\\/\",\"name\":\"Peintre \u00e0 Saignel\u00e9gier - Artisanlocal\",\"isPartOf\":{\"@id\":\"https:\\\/\\\/www.artisanlocal.ch\\\/c\\\/#website\"},\"primaryImageOfPage\":{\"@id\":\"https:\\\/\\\/www.artisanlocal.ch\\\/c\\\/peintre-a-saignelegier\\\/#primaryimage\"},\"image\":{\"@id\":\"https:\\\/\\\/www.artisanlocal.ch\\\/c\\\/peintre-a-saignelegier\\\/#primaryimage\"},\"thumbnailUrl\":\"https:\\\/\\\/www.artisanlocal.ch\\\/c\\\/wp-content\\\/uploads\\\/2024\\\/10\\\/peintre.jpg\",\"datePublished\":\"2024-08-13T15:01:46+00:00\",\"dateModified\":\"2025-09-18T17:39:53+00:00\",\"breadcrumb\":{\"@id\":\"https:\\\/\\\/www.artisanlocal.ch\\\/c\\\/peintre-a-saignelegier\\\/#breadcrumb\"},\"inLanguage\":\"fr-FR\",\"potentialAction\":[{\"@type\":\"ReadAction\",\"target\":[\"https:\\\/\\\/www.artisanlocal.ch\\\/c\\\/peintre-a-saignelegier\\\/\"]}]},{\"@type\":\"ImageObject\",\"inLanguage\":\"fr-FR\",\"@id\":\"https:\\\/\\\/www.artisanlocal.ch\\\/c\\\/peintre-a-saignelegier\\\/#primaryimage\",\"url\":\"https:\\\/\\\/www.artisanlocal.ch\\\/c\\\/wp-content\\\/uploads\\\/2024\\\/10\\\/peintre.jpg\",\"contentUrl\":\"https:\\\/\\\/www.artisanlocal.ch\\\/c\\\/wp-content\\\/uploads\\\/2024\\\/10\\\/peintre.jpg\",\"width\":1920,\"height\":300},{\"@type\":\"BreadcrumbList\",\"@id\":\"https:\\\/\\\/www.artisanlocal.ch\\\/c\\\/peintre-a-saignelegier\\\/#breadcrumb\",\"itemListElement\":[{\"@type\":\"ListItem\",\"position\":1,\"name\":\"Accueil\",\"item\":\"https:\\\/\\\/www.artisanlocal.ch\\\/c\\\/\"},{\"@type\":\"ListItem\",\"position\":2,\"name\":\"Peintre \u00e0 Saignel\u00e9gier\"}]},{\"@type\":\"WebSite\",\"@id\":\"https:\\\/\\\/www.artisanlocal.ch\\\/c\\\/#website\",\"url\":\"https:\\\/\\\/www.artisanlocal.ch\\\/c\\\/\",\"name\":\"Artisanlocal\",\"description\":\"\",\"publisher\":{\"@id\":\"https:\\\/\\\/www.artisanlocal.ch\\\/c\\\/#organization\"},\"potentialAction\":[{\"@type\":\"SearchAction\",\"target\":{\"@type\":\"EntryPoint\",\"urlTemplate\":\"https:\\\/\\\/www.artisanlocal.ch\\\/c\\\/?s={search_term_string}\"},\"query-input\":{\"@type\":\"PropertyValueSpecification\",\"valueRequired\":true,\"valueName\":\"search_term_string\"}}],\"inLanguage\":\"fr-FR\"},{\"@type\":\"Organization\",\"@id\":\"https:\\\/\\\/www.artisanlocal.ch\\\/c\\\/#organization\",\"name\":\"Artisanlocal\",\"url\":\"https:\\\/\\\/www.artisanlocal.ch\\\/c\\\/\",\"logo\":{\"@type\":\"ImageObject\",\"inLanguage\":\"fr-FR\",\"@id\":\"https:\\\/\\\/www.artisanlocal.ch\\\/c\\\/#\\\/schema\\\/logo\\\/image\\\/\",\"url\":\"https:\\\/\\\/www.artisanlocal.ch\\\/c\\\/wp-content\\\/uploads\\\/2024\\\/02\\\/logo-artisanlocal-h.svg\",\"contentUrl\":\"https:\\\/\\\/www.artisanlocal.ch\\\/c\\\/wp-content\\\/uploads\\\/2024\\\/02\\\/logo-artisanlocal-h.svg\",\"caption\":\"Artisanlocal\"},\"image\":{\"@id\":\"https:\\\/\\\/www.artisanlocal.ch\\\/c\\\/#\\\/schema\\\/logo\\\/image\\\/\"}}]}<\/script>\n<!-- \/ Yoast SEO Premium plugin. -->","yoast_head_json":{"title":"Peintre \u00e0 Saignel\u00e9gier - Artisanlocal","robots":{"index":"index","follow":"follow","max-snippet":"max-snippet:-1","max-image-preview":"max-image-preview:large","max-video-preview":"max-video-preview:-1"},"canonical":"https:\/\/www.artisanlocal.ch\/c\/peintre-a-saignelegier\/","og_locale":"fr_FR","og_type":"article","og_title":"Peintre \u00e0 Saignel\u00e9gier","og_description":"Vos murs et vos plafonds ont besoin d\u2019une nouvelle couche de peinture ? Artisanlocal r\u00e9alise tous vos travaux de peinture int\u00e9rieure ou ext\u00e9rieure \u00e0 Saignel\u00e9gier. Nos artisans s\u2019adaptent \u00e0 vos horaires et peuvent intervenir rapidement \u00e0 Saignel\u00e9gier et dans les villes proches. Quels sont les services d\u2019Artisanlocal ? Nos peintres vous proposent des services sur [&hellip;]","og_url":"https:\/\/www.artisanlocal.ch\/c\/peintre-a-saignelegier\/","og_site_name":"Artisanlocal","article_modified_time":"2025-09-18T17:39:53+00:00","og_image":[{"width":1920,"height":300,"url":"https:\/\/www.artisanlocal.ch\/c\/wp-content\/uploads\/2024\/10\/peintre.jpg","type":"image\/jpeg"}],"twitter_card":"summary_large_image","twitter_misc":{"Dur\u00e9e de lecture estim\u00e9e":"4 minutes"},"schema":{"@context":"https:\/\/schema.org","@graph":[{"@type":"WebPage","@id":"https:\/\/www.artisanlocal.ch\/c\/peintre-a-saignelegier\/","url":"https:\/\/www.artisanlocal.ch\/c\/peintre-a-saignelegier\/","name":"Peintre \u00e0 Saignel\u00e9gier - Artisanlocal","isPartOf":{"@id":"https:\/\/www.artisanlocal.ch\/c\/#website"},"primaryImageOfPage":{"@id":"https:\/\/www.artisanlocal.ch\/c\/peintre-a-saignelegier\/#primaryimage"},"image":{"@id":"https:\/\/www.artisanlocal.ch\/c\/peintre-a-saignelegier\/#primaryimage"},"thumbnailUrl":"https:\/\/www.artisanlocal.ch\/c\/wp-content\/uploads\/2024\/10\/peintre.jpg","datePublished":"2024-08-13T15:01:46+00:00","dateModified":"2025-09-18T17:39:53+00:00","breadcrumb":{"@id":"https:\/\/www.artisanlocal.ch\/c\/peintre-a-saignelegier\/#breadcrumb"},"inLanguage":"fr-FR","potentialAction":[{"@type":"ReadAction","target":["https:\/\/www.artisanlocal.ch\/c\/peintre-a-saignelegier\/"]}]},{"@type":"ImageObject","inLanguage":"fr-FR","@id":"https:\/\/www.artisanlocal.ch\/c\/peintre-a-saignelegier\/#primaryimage","url":"https:\/\/www.artisanlocal.ch\/c\/wp-content\/uploads\/2024\/10\/peintre.jpg","contentUrl":"https:\/\/www.artisanlocal.ch\/c\/wp-content\/uploads\/2024\/10\/peintre.jpg","width":1920,"height":300},{"@type":"BreadcrumbList","@id":"https:\/\/www.artisanlocal.ch\/c\/peintre-a-saignelegier\/#breadcrumb","itemListElement":[{"@type":"ListItem","position":1,"name":"Accueil","item":"https:\/\/www.artisanlocal.ch\/c\/"},{"@type":"ListItem","position":2,"name":"Peintre \u00e0 Saignel\u00e9gier"}]},{"@type":"WebSite","@id":"https:\/\/www.artisanlocal.ch\/c\/#website","url":"https:\/\/www.artisanlocal.ch\/c\/","name":"Artisanlocal","description":"","publisher":{"@id":"https:\/\/www.artisanlocal.ch\/c\/#organization"},"potentialAction":[{"@type":"SearchAction","target":{"@type":"EntryPoint","urlTemplate":"https:\/\/www.artisanlocal.ch\/c\/?s={search_term_string}"},"query-input":{"@type":"PropertyValueSpecification","valueRequired":true,"valueName":"search_term_string"}}],"inLanguage":"fr-FR"},{"@type":"Organization","@id":"https:\/\/www.artisanlocal.ch\/c\/#organization","name":"Artisanlocal","url":"https:\/\/www.artisanlocal.ch\/c\/","logo":{"@type":"ImageObject","inLanguage":"fr-FR","@id":"https:\/\/www.artisanlocal.ch\/c\/#\/schema\/logo\/image\/","url":"https:\/\/www.artisanlocal.ch\/c\/wp-content\/uploads\/2024\/02\/logo-artisanlocal-h.svg","contentUrl":"https:\/\/www.artisanlocal.ch\/c\/wp-content\/uploads\/2024\/02\/logo-artisanlocal-h.svg","caption":"Artisanlocal"},"image":{"@id":"https:\/\/www.artisanlocal.ch\/c\/#\/schema\/logo\/image\/"}}]}},"_links":{"self":[{"href":"https:\/\/www.artisanlocal.ch\/c\/wp-json\/wp\/v2\/pages\/1426","targetHints":{"allow":["GET"]}}],"collection":[{"href":"https:\/\/www.artisanlocal.ch\/c\/wp-json\/wp\/v2\/pages"}],"about":[{"href":"https:\/\/www.artisanlocal.ch\/c\/wp-json\/wp\/v2\/types\/page"}],"author":[{"embeddable":true,"href":"https:\/\/www.artisanlocal.ch\/c\/wp-json\/wp\/v2\/users\/4"}],"replies":[{"embeddable":true,"href":"https:\/\/www.artisanlocal.ch\/c\/wp-json\/wp\/v2\/comments?post=1426"}],"version-history":[{"count":0,"href":"https:\/\/www.artisanlocal.ch\/c\/wp-json\/wp\/v2\/pages\/1426\/revisions"}],"wp:featuredmedia":[{"embeddable":true,"href":"https:\/\/www.artisanlocal.ch\/c\/wp-json\/wp\/v2\/media\/2756"}],"wp:attachment":[{"href":"https:\/\/www.artisanlocal.ch\/c\/wp-json\/wp\/v2\/media?parent=1426"}],"wp:term":[{"taxonomy":"profession","embeddable":true,"href":"https:\/\/www.artisanlocal.ch\/c\/wp-json\/wp\/v2\/profession?post=1426"},{"taxonomy":"location","embeddable":true,"href":"https:\/\/www.artisanlocal.ch\/c\/wp-json\/wp\/v2\/location?post=1426"},{"taxonomy":"canton","embeddable":true,"href":"https:\/\/www.artisanlocal.ch\/c\/wp-json\/wp\/v2\/canton?post=1426"}],"curies":[{"name":"wp","href":"https:\/\/api.w.org\/{rel}","templated":true}]}}