{"id":1434,"date":"2024-08-13T17:15:13","date_gmt":"2024-08-13T15:15:13","guid":{"rendered":"https:\/\/www.artisanlocal.ch\/c\/?page_id=1434"},"modified":"2025-08-26T19:26:50","modified_gmt":"2025-08-26T17:26:50","slug":"entreprise-de-carrelage-a-saignelegier","status":"publish","type":"page","link":"https:\/\/www.artisanlocal.ch\/c\/entreprise-de-carrelage-a-saignelegier\/","title":{"rendered":"Entreprise de carrelage \u00e0 Saignel\u00e9gier"},"content":{"rendered":"\n<p>Besoin d\u2019une entreprise pose de carrelage \u00e0 Saignel\u00e9gier ? Vous pouvez nous contacter. Nous proposons une large gamme de services, comme : la pose de carrelage classique, de dosseret, pour salle de bain et sol. <\/p>\n\n\n\r\n<div class=\"box\">\r\n            <div class=\"company-info\">\r\n            <img decoding=\"async\" class=\"company-info__logo\" src=\"https:\/\/www.artisanlocal.ch\/media\/cache\/thumb\/images\/companies\/670cbba258904660141069.png\" alt=\"Logo\">\r\n            <h2 class=\"company-info__name\">LE CARRELEUR. Sajelschnik<\/h2>\r\n            <p class=\"company-info__business\">Entreprise de carrelage<\/p>\r\n        <\/div>\r\n        <div class=\"company-contact\">\r\n            <p class=\"company-info__address\">Rue Vaillant 4<\/p>\r\n                            <div class=\"links\">\r\n                                            <a class=\"btn has-accent-background-color js-phoneNumber\" href=\"tel:0793583326\" title=\"Appelez\" data-id=\"13661\" data-type=\"11\">079 358 33 26<\/a>\r\n                                                                <a class=\"btn has-accent-background-color\" href=\"https:\/\/www.lecarreleur.ch\/\" target=\"_blank\" title=\"Voir le site internet\" data-id=\"13661\" data-type=\"20\">Site internet<\/a>\r\n                                    <\/div>\r\n                    <\/div>\r\n    \r\n            \r\n<form action=\"https:\/\/www.artisanlocal.ch\/c\/wp-admin\/admin-ajax.php\" method=\"post\" class=\"form-contact\" id=\"artisan_form_contact_company_inline\">\r\n    <div><input type=\"hidden\" name=\"action\" value=\"company_contact\"><\/div>\r\n    <div><input type=\"hidden\" name=\"nonce\" value=\"85ec494698\"><\/div>\r\n    <div><input type=\"hidden\" name=\"company_id\" value=\"13661\"><\/div>\r\n    <div><input type=\"hidden\" name=\"form_id\" value=\"artisan_form_contact_company_inline\"><\/div>\r\n    <div class=\"gglcptch gglcptch_v3 gglcptch_custom\"><input type=\"hidden\" id=\"g-recaptcha-response\" name=\"g-recaptcha-response\" \/><br \/><div class=\"gglcptch_error_text\">La p\u00e9riode de v\u00e9rification reCAPTCHA a expir\u00e9. Veuillez recharger la page.<\/div><\/div>    <div class=\"form-content\">\r\n        <div class=\"form-group\">\r\n            <label for=\"contact_firstName\" class=\"required\">Pr\u00e9nom<\/label>\r\n            <input type=\"text\" name=\"firstName\" class=\"form-control\" required>\r\n        <\/div>\r\n        <div class=\"form-group\">\r\n            <label for=\"contact_lastName\" class=\"required\">Nom<\/label>\r\n            <input type=\"text\" name=\"lastName\" class=\"form-control\" required>\r\n        <\/div>\r\n        <div class=\"form-group\">\r\n            <label for=\"contact_email\" class=\"required\">Email<\/label>\r\n            <input type=\"email\" name=\"email\" class=\"form-control\" required>\r\n        <\/div>\r\n        <div class=\"form-group\">\r\n            <label for=\"contact_phone\" class=\"required\">Num\u00e9ro de t\u00e9l\u00e9phone<\/label>\r\n            <input type=\"tel\" name=\"phone\" class=\"form-control\" placeholder=\"0787117165\" pattern=\"^[0-9]{10}$\" required>\r\n        <\/div>\r\n        <div class=\"form-group\">\r\n            <label for=\"contact_postalCode\" class=\"required\">Code postal et localit\u00e9<\/label>\r\n            <input type=\"text\" name=\"postalCode\" class=\"form-control\" required>\r\n        <\/div>\r\n        <div class=\"form-group\">\r\n            <label for=\"contact_address\" class=\"required\">Adresse<\/label>\r\n            <input type=\"text\" name=\"address\" class=\"form-control\" required>\r\n        <\/div>\r\n        <div class=\"full-width topic\">\r\n            <p class=\"required\">Je souhaite \u00eatre contact\u00e9 pour :<\/p>\r\n            <div class=\"form-check\">\r\n                <input type=\"radio\" name=\"topic\" value=\"D\u00e9pannage\" class=\"form-control\" required>\r\n                <label for=\"d\u00e9pannage\">D\u00e9pannage<\/label>\r\n            <\/div>\r\n            <div class=\"form-check\">\r\n                <input type=\"radio\" name=\"topic\" value=\"Entretien\" class=\"form-control\" required>\r\n                <label for=\"entretien\">Entretien<\/label>\r\n            <\/div>\r\n            <div class=\"form-check\">\r\n                <input type=\"radio\" name=\"topic\" value=\"R\u00e9novation\" class=\"form-control\" required>\r\n                <label for=\"r\u00e9novation\">R\u00e9novation<\/label>\r\n            <\/div>\r\n            <div class=\"form-check\">\r\n                <input type=\"radio\" name=\"topic\" value=\"Autre\" class=\"form-control\" required>\r\n                <label for=\"autre\">Autre<\/label>\r\n            <\/div>\r\n        <\/div>\r\n        <div class=\"form-group full-width\">\r\n            <label for=\"contact_message\">Message<\/label>\r\n            <textarea name=\"message\" rows=\"3\" class=\"form-control\"><\/textarea>\r\n        <\/div>\r\n    <\/div>\r\n    <div class=\"form-actions\">\r\n        <button class=\"wp-block-button__link has-accent-background-color\">Contacter<\/button>\r\n    <\/div>\r\n<\/form>\r\n<div class=\"form-feedback\"><\/div>    <\/div>\n\n\n<p><\/p>\n\n\n\n<ul class=\"wp-block-list\">\n<li>Localis\u00e9 \u00e0 Saignel\u00e9gier : nos techniciens interviennent en urgence chez vous.<\/li>\n\n\n\n<li>Devis gratuits : vous obtenez une estimation gratuite et sans frais.<\/li>\n\n\n\n<li>Nous posons du carrelage haut de gamme.<\/li>\n\n\n\n<li>Nos tarifs sont comp\u00e9titifs.<\/li>\n\n\n\n<li>Nos conseils sont sur mesure en fonction de vos besoins et votre budget.<\/li>\n\n\n\n<li>Nos techniciens ont de l&rsquo;exp\u00e9rience.<\/li>\n\n\n\n<li>Un partenaire s\u00fbr et fiable : nous intervenons dans de grands groupes et cabinets d\u2019architectes pour r\u00e9aliser l\u2019installation de parquet, fa\u00efence, carrelage, et de rev\u00eatements vari\u00e9s.<\/li>\n<\/ul>\n\n\n<h2 class=\"wp-block-heading\" id=\"h-demandez-votre-estimation-maintenant\">Demandez votre estimation maintenant<\/h2>\n\n\n<p>Contactez-nous si vous voulez obtenir un devis, nous r\u00e9pondrons le plus rapidement possible pour \u00e9valuer le prix de la pose de votre carrelage.<\/p>\n\n\n<h2 class=\"wp-block-heading\" id=\"h-nos-services\">Nos services<\/h2>\n\n\n<p><\/p>\n\n\n\n<ul class=\"wp-block-list\">\n<li>La pose de carrelage ext\u00e9rieur et int\u00e9rieur.<\/li>\n\n\n\n<li>L\u2019enl\u00e8vement de votre ancien carrelage.<\/li>\n\n\n\n<li>Large choix de carrelage, comme\u00a0: le carrelage traditionnel, la fa\u00efence et le parquet.<\/li>\n\n\n\n<li>Le scellement du carrelage.<\/li>\n\n\n\n<li>Des conseils pour vous aider \u00e0 choisir votre carrelage.<\/li>\n\n\n\n<li>L&rsquo;installation du carrelage sur les sols et les parois.<\/li>\n\n\n\n<li>L&rsquo;enl\u00e8vement de votre parquet flottant.<\/li>\n\n\n\n<li>L\u2019installation du carrelage sur votre balcon ou terrasse.<\/li>\n\n\n\n<li>La pose de carrelage et des finitions.<\/li>\n<\/ul>\n\n\n<h2 class=\"wp-block-heading\" id=\"h-comment-selectionner-le-meilleur-carrelage\">Comment s\u00e9lectionner le meilleur carrelage ?<\/h2>\n\n\n<p><strong>Consid\u00e9rer le milieu :<\/strong> l\u2019emplacement et la fr\u00e9quence d\u2019utilisation du carrelage. Marchera-t-on dessus en chaussettes ou en chaussures ? Est-il soumis \u00e0 l\u2019humidit\u00e9 ? Tenez \u00e9galement compte des surfaces \u00e0 couvrir, comme les murs, les sols et les plans de travail.<\/p>\n\n\n\n<p><strong>S\u00e9lectionnez le mat\u00e9riau&nbsp;:<\/strong> les carreaux sont disponibles dans de nombreux types de mat\u00e9riaux qui affectent :&nbsp; l\u2019apparence, la r\u00e9sistance et le prix. Consid\u00e9rer aussi la texture et les finitions pour choisir le meilleur carrelage pour votre projet.<\/p>\n\n\n\n<p><strong>D\u00e9terminez la quantit\u00e9 de carrelage :<\/strong> la quantit\u00e9 en m\u00b2 de carrelage peut \u00eatre trouv\u00e9 en multipliant la largeur par la longueur de la zone \u00e0 couvrir, puis ajoutez environ 5 % pour pr\u00e9voir une marge de s\u00e9curit\u00e9. Gardez aussi quelques carreaux en plus pour anticiper des futurs dommages.<\/p>\n\n\n\n<p><strong>Nettoyage&nbsp;:<\/strong> il faut aussi prendre en compte l\u2019entretien de vos carreaux lors de votre choix. Par exemple, les carreaux avec des joints clairs n\u00e9cessitent plus de temps de nettoyage en raison de leur tendance \u00e0 accumuler la salet\u00e9.<\/p>\n\n\n\n<p><strong>Prenez un rendez-vous avec un de nos experts<\/strong> : notre \u00e9quipe d\u2019experts comprend la complexit\u00e9 de chaque projet. Nous sommes disponibles du lundi au samedi pour r\u00e9pondre \u00e0 vos questions et vous guider.<\/p>\n\n\n<h2 class=\"wp-block-heading\" id=\"h-faq\">FAQ<\/h2>\n\n<h3 class=\"wp-block-heading\" id=\"h-comment-fonctionne-votre-societe\">Comment fonctionne votre soci\u00e9t\u00e9 ?<\/h3>\n\n\n<ol class=\"wp-block-list\">\n<li>Prise de rendez-vous par email ou par t\u00e9l\u00e9phone : contactez-nous maintenant pour fixer un rendez-vous.<\/li>\n\n\n\n<li>Planification du rendez-vous : nous convenons ensemble d&rsquo;une date et d&rsquo;une heure qui vous conviennent.<\/li>\n\n\n\n<li>Visite du carreleur \u00e0 votre logement : un de nos poseurs se rend chez vous pour \u00e9valuer les travaux \u00e0 r\u00e9aliser.<\/li>\n\n\n\n<li>Lancement de votre projet : apr\u00e8s le devis sign\u00e9, nous commen\u00e7ons les travaux en fonction de vos disponibilit\u00e9s et imp\u00e9ratifs.<\/li>\n<\/ol>\n\n\n<h3 class=\"wp-block-heading\" id=\"h-artisanlocal-intervient-a-saignelegier-et-dans-les-villes-proches\">Artisanlocal intervient \u00e0 Saignel\u00e9gier et dans les villes proches ?<\/h3>\n\n\n<p>Oui, Artisanlocal intervient \u00e0 Saignel\u00e9gier, mais aussi dans les villes aux proches, telles que&nbsp;:<\/p>\n\n\nLes Bois, Muriaux, Le Noirmont, Les Breuleux, La Chaux-des-Breuleux, Le B\u00e9mont JU, Montfaucon, Les Enfers, St-Brais, Le Pr\u00e9dame, Les Genevez JU, Fornet-Dessus, Lajoux JU, Soubey.\n\n\n<h3 class=\"wp-block-heading\" id=\"h-quels-sont-les-types-de-carrelage-les-plus-repandus\">Quels sont les types de carrelage les plus r\u00e9pandus\u202f?<\/h3>\n\n\n<p>Voici les carrelages les plus r\u00e9pandus&nbsp;:<\/p>\n\n\n\n<ul class=\"wp-block-list\">\n<li>Le carrelage c\u00e9ramique : peu co\u00fbteux et disponibles dans une grande vari\u00e9t\u00e9 de teintes, ils sont simples \u00e0 nettoyer et offrent de nombreux avantages.<\/li>\n\n\n\n<li>Le carrelage marbre : ils ajoutent une touche \u00e9l\u00e9gante \u00e0 n\u2019importe quelle pi\u00e8ce.<\/li>\n\n\n\n<li>Le carrelage mosa\u00efque : best-seller, ils apportent un style unique.<\/li>\n\n\n\n<li>Le carrelage ciment : traditionnels, ils adoucissent une d\u00e9coration.<\/li>\n\n\n\n<li>Le carrelage de m\u00e9tro blanc : r\u00e9tro et \u00e9l\u00e9gant, nous les recommandons particuli\u00e8rement pour la r\u00e9novation de salles de bains ou de cuisines.<\/li>\n\n\n\n<li>Le carrelage porcelaine : ils sont r\u00e9sistants aux chocs et aux variations de temp\u00e9rature, ils sont durables et esth\u00e9tiques.<\/li>\n<\/ul>\n","protected":false},"excerpt":{"rendered":"<p>Besoin d\u2019une entreprise pose de carrelage \u00e0 Saignel\u00e9gier ? Vous pouvez nous contacter. Nous proposons une large gamme de services, comme : la pose de carrelage classique, de dosseret, pour salle de bain et sol. Pourquoi travailler avec notre entreprise ? Demandez votre estimation maintenant Contactez-nous si vous voulez obtenir un devis, nous r\u00e9pondrons le [&hellip;]<\/p>\n","protected":false},"author":4,"featured_media":2804,"parent":0,"menu_order":0,"comment_status":"closed","ping_status":"closed","template":"","meta":{"footnotes":""},"profession":[119],"location":[125],"canton":[111],"class_list":["post-1434","page","type-page","status-publish","has-post-thumbnail","hentry","profession-carreleur","location-saignelegier","canton-ju"],"yoast_head":"<!-- This site is optimized with the Yoast SEO Premium plugin v25.7.1 (Yoast SEO v27.3) - https:\/\/yoast.com\/product\/yoast-seo-premium-wordpress\/ -->\n<title>Entreprise de carrelage \u00e0 Saignel\u00e9gier - Artisanlocal<\/title>\n<meta name=\"robots\" content=\"index, follow, max-snippet:-1, max-image-preview:large, max-video-preview:-1\" \/>\n<link rel=\"canonical\" href=\"https:\/\/www.artisanlocal.ch\/c\/entreprise-de-carrelage-a-saignelegier\/\" \/>\n<meta property=\"og:locale\" content=\"fr_FR\" \/>\n<meta property=\"og:type\" content=\"article\" \/>\n<meta property=\"og:title\" content=\"Entreprise de carrelage \u00e0 Saignel\u00e9gier\" \/>\n<meta property=\"og:description\" content=\"Besoin d\u2019une entreprise pose de carrelage \u00e0 Saignel\u00e9gier ? Vous pouvez nous contacter. Nous proposons une large gamme de services, comme : la pose de carrelage classique, de dosseret, pour salle de bain et sol. Pourquoi travailler avec notre entreprise ? Demandez votre estimation maintenant Contactez-nous si vous voulez obtenir un devis, nous r\u00e9pondrons le [&hellip;]\" \/>\n<meta property=\"og:url\" content=\"https:\/\/www.artisanlocal.ch\/c\/entreprise-de-carrelage-a-saignelegier\/\" \/>\n<meta property=\"og:site_name\" content=\"Artisanlocal\" \/>\n<meta property=\"article:modified_time\" content=\"2025-08-26T17:26:50+00:00\" \/>\n<meta property=\"og:image\" content=\"https:\/\/www.artisanlocal.ch\/c\/wp-content\/uploads\/2024\/11\/carreleur.jpg\" \/>\n\t<meta property=\"og:image:width\" content=\"1920\" \/>\n\t<meta property=\"og:image:height\" content=\"300\" \/>\n\t<meta property=\"og:image:type\" content=\"image\/jpeg\" \/>\n<meta name=\"twitter:card\" content=\"summary_large_image\" \/>\n<meta name=\"twitter:label1\" content=\"Dur\u00e9e de lecture estim\u00e9e\" \/>\n\t<meta name=\"twitter:data1\" content=\"4 minutes\" \/>\n<script type=\"application\/ld+json\" class=\"yoast-schema-graph\">{\"@context\":\"https:\\\/\\\/schema.org\",\"@graph\":[{\"@type\":\"WebPage\",\"@id\":\"https:\\\/\\\/www.artisanlocal.ch\\\/c\\\/entreprise-de-carrelage-a-saignelegier\\\/\",\"url\":\"https:\\\/\\\/www.artisanlocal.ch\\\/c\\\/entreprise-de-carrelage-a-saignelegier\\\/\",\"name\":\"Entreprise de carrelage \u00e0 Saignel\u00e9gier - Artisanlocal\",\"isPartOf\":{\"@id\":\"https:\\\/\\\/www.artisanlocal.ch\\\/c\\\/#website\"},\"primaryImageOfPage\":{\"@id\":\"https:\\\/\\\/www.artisanlocal.ch\\\/c\\\/entreprise-de-carrelage-a-saignelegier\\\/#primaryimage\"},\"image\":{\"@id\":\"https:\\\/\\\/www.artisanlocal.ch\\\/c\\\/entreprise-de-carrelage-a-saignelegier\\\/#primaryimage\"},\"thumbnailUrl\":\"https:\\\/\\\/www.artisanlocal.ch\\\/c\\\/wp-content\\\/uploads\\\/2024\\\/11\\\/carreleur.jpg\",\"datePublished\":\"2024-08-13T15:15:13+00:00\",\"dateModified\":\"2025-08-26T17:26:50+00:00\",\"breadcrumb\":{\"@id\":\"https:\\\/\\\/www.artisanlocal.ch\\\/c\\\/entreprise-de-carrelage-a-saignelegier\\\/#breadcrumb\"},\"inLanguage\":\"fr-FR\",\"potentialAction\":[{\"@type\":\"ReadAction\",\"target\":[\"https:\\\/\\\/www.artisanlocal.ch\\\/c\\\/entreprise-de-carrelage-a-saignelegier\\\/\"]}]},{\"@type\":\"ImageObject\",\"inLanguage\":\"fr-FR\",\"@id\":\"https:\\\/\\\/www.artisanlocal.ch\\\/c\\\/entreprise-de-carrelage-a-saignelegier\\\/#primaryimage\",\"url\":\"https:\\\/\\\/www.artisanlocal.ch\\\/c\\\/wp-content\\\/uploads\\\/2024\\\/11\\\/carreleur.jpg\",\"contentUrl\":\"https:\\\/\\\/www.artisanlocal.ch\\\/c\\\/wp-content\\\/uploads\\\/2024\\\/11\\\/carreleur.jpg\",\"width\":1920,\"height\":300},{\"@type\":\"BreadcrumbList\",\"@id\":\"https:\\\/\\\/www.artisanlocal.ch\\\/c\\\/entreprise-de-carrelage-a-saignelegier\\\/#breadcrumb\",\"itemListElement\":[{\"@type\":\"ListItem\",\"position\":1,\"name\":\"Accueil\",\"item\":\"https:\\\/\\\/www.artisanlocal.ch\\\/c\\\/\"},{\"@type\":\"ListItem\",\"position\":2,\"name\":\"Entreprise de carrelage \u00e0 Saignel\u00e9gier\"}]},{\"@type\":\"WebSite\",\"@id\":\"https:\\\/\\\/www.artisanlocal.ch\\\/c\\\/#website\",\"url\":\"https:\\\/\\\/www.artisanlocal.ch\\\/c\\\/\",\"name\":\"Artisanlocal\",\"description\":\"\",\"publisher\":{\"@id\":\"https:\\\/\\\/www.artisanlocal.ch\\\/c\\\/#organization\"},\"potentialAction\":[{\"@type\":\"SearchAction\",\"target\":{\"@type\":\"EntryPoint\",\"urlTemplate\":\"https:\\\/\\\/www.artisanlocal.ch\\\/c\\\/?s={search_term_string}\"},\"query-input\":{\"@type\":\"PropertyValueSpecification\",\"valueRequired\":true,\"valueName\":\"search_term_string\"}}],\"inLanguage\":\"fr-FR\"},{\"@type\":\"Organization\",\"@id\":\"https:\\\/\\\/www.artisanlocal.ch\\\/c\\\/#organization\",\"name\":\"Artisanlocal\",\"url\":\"https:\\\/\\\/www.artisanlocal.ch\\\/c\\\/\",\"logo\":{\"@type\":\"ImageObject\",\"inLanguage\":\"fr-FR\",\"@id\":\"https:\\\/\\\/www.artisanlocal.ch\\\/c\\\/#\\\/schema\\\/logo\\\/image\\\/\",\"url\":\"https:\\\/\\\/www.artisanlocal.ch\\\/c\\\/wp-content\\\/uploads\\\/2024\\\/02\\\/logo-artisanlocal-h.svg\",\"contentUrl\":\"https:\\\/\\\/www.artisanlocal.ch\\\/c\\\/wp-content\\\/uploads\\\/2024\\\/02\\\/logo-artisanlocal-h.svg\",\"caption\":\"Artisanlocal\"},\"image\":{\"@id\":\"https:\\\/\\\/www.artisanlocal.ch\\\/c\\\/#\\\/schema\\\/logo\\\/image\\\/\"}}]}<\/script>\n<!-- \/ Yoast SEO Premium plugin. -->","yoast_head_json":{"title":"Entreprise de carrelage \u00e0 Saignel\u00e9gier - Artisanlocal","robots":{"index":"index","follow":"follow","max-snippet":"max-snippet:-1","max-image-preview":"max-image-preview:large","max-video-preview":"max-video-preview:-1"},"canonical":"https:\/\/www.artisanlocal.ch\/c\/entreprise-de-carrelage-a-saignelegier\/","og_locale":"fr_FR","og_type":"article","og_title":"Entreprise de carrelage \u00e0 Saignel\u00e9gier","og_description":"Besoin d\u2019une entreprise pose de carrelage \u00e0 Saignel\u00e9gier ? Vous pouvez nous contacter. Nous proposons une large gamme de services, comme : la pose de carrelage classique, de dosseret, pour salle de bain et sol. Pourquoi travailler avec notre entreprise ? Demandez votre estimation maintenant Contactez-nous si vous voulez obtenir un devis, nous r\u00e9pondrons le [&hellip;]","og_url":"https:\/\/www.artisanlocal.ch\/c\/entreprise-de-carrelage-a-saignelegier\/","og_site_name":"Artisanlocal","article_modified_time":"2025-08-26T17:26:50+00:00","og_image":[{"width":1920,"height":300,"url":"https:\/\/www.artisanlocal.ch\/c\/wp-content\/uploads\/2024\/11\/carreleur.jpg","type":"image\/jpeg"}],"twitter_card":"summary_large_image","twitter_misc":{"Dur\u00e9e de lecture estim\u00e9e":"4 minutes"},"schema":{"@context":"https:\/\/schema.org","@graph":[{"@type":"WebPage","@id":"https:\/\/www.artisanlocal.ch\/c\/entreprise-de-carrelage-a-saignelegier\/","url":"https:\/\/www.artisanlocal.ch\/c\/entreprise-de-carrelage-a-saignelegier\/","name":"Entreprise de carrelage \u00e0 Saignel\u00e9gier - Artisanlocal","isPartOf":{"@id":"https:\/\/www.artisanlocal.ch\/c\/#website"},"primaryImageOfPage":{"@id":"https:\/\/www.artisanlocal.ch\/c\/entreprise-de-carrelage-a-saignelegier\/#primaryimage"},"image":{"@id":"https:\/\/www.artisanlocal.ch\/c\/entreprise-de-carrelage-a-saignelegier\/#primaryimage"},"thumbnailUrl":"https:\/\/www.artisanlocal.ch\/c\/wp-content\/uploads\/2024\/11\/carreleur.jpg","datePublished":"2024-08-13T15:15:13+00:00","dateModified":"2025-08-26T17:26:50+00:00","breadcrumb":{"@id":"https:\/\/www.artisanlocal.ch\/c\/entreprise-de-carrelage-a-saignelegier\/#breadcrumb"},"inLanguage":"fr-FR","potentialAction":[{"@type":"ReadAction","target":["https:\/\/www.artisanlocal.ch\/c\/entreprise-de-carrelage-a-saignelegier\/"]}]},{"@type":"ImageObject","inLanguage":"fr-FR","@id":"https:\/\/www.artisanlocal.ch\/c\/entreprise-de-carrelage-a-saignelegier\/#primaryimage","url":"https:\/\/www.artisanlocal.ch\/c\/wp-content\/uploads\/2024\/11\/carreleur.jpg","contentUrl":"https:\/\/www.artisanlocal.ch\/c\/wp-content\/uploads\/2024\/11\/carreleur.jpg","width":1920,"height":300},{"@type":"BreadcrumbList","@id":"https:\/\/www.artisanlocal.ch\/c\/entreprise-de-carrelage-a-saignelegier\/#breadcrumb","itemListElement":[{"@type":"ListItem","position":1,"name":"Accueil","item":"https:\/\/www.artisanlocal.ch\/c\/"},{"@type":"ListItem","position":2,"name":"Entreprise de carrelage \u00e0 Saignel\u00e9gier"}]},{"@type":"WebSite","@id":"https:\/\/www.artisanlocal.ch\/c\/#website","url":"https:\/\/www.artisanlocal.ch\/c\/","name":"Artisanlocal","description":"","publisher":{"@id":"https:\/\/www.artisanlocal.ch\/c\/#organization"},"potentialAction":[{"@type":"SearchAction","target":{"@type":"EntryPoint","urlTemplate":"https:\/\/www.artisanlocal.ch\/c\/?s={search_term_string}"},"query-input":{"@type":"PropertyValueSpecification","valueRequired":true,"valueName":"search_term_string"}}],"inLanguage":"fr-FR"},{"@type":"Organization","@id":"https:\/\/www.artisanlocal.ch\/c\/#organization","name":"Artisanlocal","url":"https:\/\/www.artisanlocal.ch\/c\/","logo":{"@type":"ImageObject","inLanguage":"fr-FR","@id":"https:\/\/www.artisanlocal.ch\/c\/#\/schema\/logo\/image\/","url":"https:\/\/www.artisanlocal.ch\/c\/wp-content\/uploads\/2024\/02\/logo-artisanlocal-h.svg","contentUrl":"https:\/\/www.artisanlocal.ch\/c\/wp-content\/uploads\/2024\/02\/logo-artisanlocal-h.svg","caption":"Artisanlocal"},"image":{"@id":"https:\/\/www.artisanlocal.ch\/c\/#\/schema\/logo\/image\/"}}]}},"_links":{"self":[{"href":"https:\/\/www.artisanlocal.ch\/c\/wp-json\/wp\/v2\/pages\/1434","targetHints":{"allow":["GET"]}}],"collection":[{"href":"https:\/\/www.artisanlocal.ch\/c\/wp-json\/wp\/v2\/pages"}],"about":[{"href":"https:\/\/www.artisanlocal.ch\/c\/wp-json\/wp\/v2\/types\/page"}],"author":[{"embeddable":true,"href":"https:\/\/www.artisanlocal.ch\/c\/wp-json\/wp\/v2\/users\/4"}],"replies":[{"embeddable":true,"href":"https:\/\/www.artisanlocal.ch\/c\/wp-json\/wp\/v2\/comments?post=1434"}],"version-history":[{"count":0,"href":"https:\/\/www.artisanlocal.ch\/c\/wp-json\/wp\/v2\/pages\/1434\/revisions"}],"wp:featuredmedia":[{"embeddable":true,"href":"https:\/\/www.artisanlocal.ch\/c\/wp-json\/wp\/v2\/media\/2804"}],"wp:attachment":[{"href":"https:\/\/www.artisanlocal.ch\/c\/wp-json\/wp\/v2\/media?parent=1434"}],"wp:term":[{"taxonomy":"profession","embeddable":true,"href":"https:\/\/www.artisanlocal.ch\/c\/wp-json\/wp\/v2\/profession?post=1434"},{"taxonomy":"location","embeddable":true,"href":"https:\/\/www.artisanlocal.ch\/c\/wp-json\/wp\/v2\/location?post=1434"},{"taxonomy":"canton","embeddable":true,"href":"https:\/\/www.artisanlocal.ch\/c\/wp-json\/wp\/v2\/canton?post=1434"}],"curies":[{"name":"wp","href":"https:\/\/api.w.org\/{rel}","templated":true}]}}