{"id":2959,"date":"2024-09-29T16:52:09","date_gmt":"2024-09-29T14:52:09","guid":{"rendered":"https:\/\/www.artisanlocal.ch\/c\/paysagistes-dans-le-canton-du-valais\/"},"modified":"2025-11-06T12:39:42","modified_gmt":"2025-11-06T11:39:42","slug":"paysagistes-dans-le-canton-du-valais","status":"publish","type":"page","link":"https:\/\/www.artisanlocal.ch\/c\/paysagistes-dans-le-canton-du-valais\/","title":{"rendered":"Paysagistes dans le canton du Valais"},"content":{"rendered":"<p>Artisanlocal r\u00e9alise la conception, l&rsquo;am\u00e9nagement et l&rsquo;entretien de vos espaces verts. Dans le canton du Valais, nos jardiniers paysagistes interviennent chez les professionnels, les copropri\u00e9t\u00e9s et les particuliers. Nos jardiniers pr\u00eatent attention \u00e0 vos besoins et vous proposent des services adapt\u00e9s tout en pr\u00e9servant la biodiversit\u00e9 locale.<\/p>\n<h2>Des services sur mesure<\/h2>\n<ul>\n<li>Cr\u00e9ation personnalis\u00e9e et cr\u00e9ation de votre jardin : nous r\u00e9alisons la cr\u00e9ation et l&rsquo;am\u00e9nagement de votre jardin en fonction de vos attentes.<\/li>\n<li>Service d&rsquo;entretien pour vos espaces verts : nous op\u00e9rons sous contrat ou \u00e0 la prestation selon vos besoins.<\/li>\n<li> Am\u00e9nagement de votre terrasse : nous cr\u00e9ons un espace vert sur votre terrasse ou votre balcon pour le m\u00e9tamorphoser en un lieu de vie.<\/li>\n<li> Conception-r\u00e9alisation d&rsquo;espaces verts : nous r\u00e9alisons la cr\u00e9ation de vos espaces verts dans votre immeuble, restaurant, centre commercial ou soci\u00e9t\u00e9. R\u00e9habilitation et r\u00e9novation des espaces verts : nous nous chargeons de l&rsquo;int\u00e9gralit\u00e9 de la r\u00e9novation de vos espaces verts pour les b\u00e2timents, maisons et appartements.<\/li>\n<li> Entretien des zones vertes en ville : nous restaurons les berges, les ruelles, les bords de route, les parcs et les jardins.<\/li>\n<\/ul>\n<h2>Nos services en am\u00e9nagement paysager<\/h2>\n<ul>\n<li>\u00c9lagage, abattement d&rsquo;arbre<\/li>\n<li>Broyage et \u00e9vacuation des d\u00e9bris<\/li>\n<li>D\u00e9broussaillage, fauchage<\/li>\n<li>Agencement, pose de v\u00e9g\u00e9taux<\/li>\n<li>R\u00e9alisation de massif <\/li>\n<li>Pose de pelouse <\/li>\n<li>Fleurissement et plantations<\/li>\n<li>Installation de panneaux en bois et de cl\u00f4tures<\/li>\n<li>Tonte de pelouse<\/li>\n<li>Tailles de arbustes, haies et rosiers<\/li>\n<li>Installation de syst\u00e8mes d\u2019arrosage automatique<\/li>\n<li>R\u00e9novation de gazon<\/li>\n<li>Arrachage de racines<\/li>\n<li>Aplanissement de terrain<\/li>\n<li>Terrassement<\/li>\n<li>Installation de terrasse en bois<\/li>\n<li>Mise en place de pav\u00e9s<\/li>\n<\/ul>\n<h2>Pourquoi faire confiance \u00e0 Artisanlocal<\/h2>\n<p>Nos paysagistes dans le canton du Valais respectent l&rsquo;environnement. Nous op\u00e9rons chez les collectivit\u00e9s, les professionnels et les particuliers. Nous utilisons que des produits \u00e9cologiques. Notre soci\u00e9t\u00e9 est situ\u00e9e au c\u0153ur de canton du Valais. Les jardiniers qui interviennent chez vous veillent \u00e0 votre satisfaction. Nos jardiniers paysagistes s&rsquo;engagent \u00e0 satisfaire vos besoins le plus vite possible. Nos prix sont attractifs. L&rsquo;estimation de vos travaux est offerte.<\/p>\n<h2>Une seule soci\u00e9t\u00e9 pour r\u00e9pondre \u00e0 tous vos besoins paysager<\/h2>\n<p>Situ\u00e9e dans le centre ville de canton du Valais, Artisanlocal est sp\u00e9cialis\u00e9e dans l\u2019am\u00e9nagement paysager et r\u00e9alise aussi la cr\u00e9ation et l\u2019entretien de vos ext\u00e9rieurs. En passant par Artisanlocal, vous avez un interlocuteur unique pour vous faciliter la vie et vous faire gagner de l&rsquo;argent et du temps.<\/p>\n<h2>Quels sont les types de clients qu&rsquo;Artisanlocal accompagne ?<\/h2>\n<p>Notre soci\u00e9t\u00e9 assiste:<\/p>\n<ul>\n<li>Les caf\u00e9s et les restaurants.<\/li>\n<li>Les h\u00f4tels et chambres d&rsquo;h\u00f4tes.<\/li>\n<li> Les copropri\u00e9t\u00e9s et logements.<\/li>\n<li> Les particuliers.<\/li>\n<li> Les domaines agricoles et ch\u00e2teaux. <\/li>\n<li>Les entreprises.<\/li>\n<\/ul>\n<h2>Cr\u00e9ateurs d&rsquo;espaces verts dans le canton du Valais et dans les villes proches<\/h2>\n<p>Nous r\u00e9alisons votre jardin. Notre \u00e9quipe s&rsquo;adapte au type de votre jardin et des exigences (comme la qualit\u00e9 du terrain). Apr\u00e8s \u00e9tude des contraintes de votre sol et de vos attentes, nous effectuons la totalit\u00e9 de votre projet. Nos paysagistes interviennent dans le canton du Valais, et \u00e9galement dans les villes proches, telles que :&nbsp;<\/p>\n","protected":false},"excerpt":{"rendered":"<p>Artisanlocal r\u00e9alise la conception, l&rsquo;am\u00e9nagement et l&rsquo;entretien de vos espaces verts. Dans le canton du Valais, nos jardiniers paysagistes interviennent chez les professionnels, les copropri\u00e9t\u00e9s et les particuliers. Nos jardiniers pr\u00eatent attention \u00e0 vos besoins et vous proposent des services adapt\u00e9s tout en pr\u00e9servant la biodiversit\u00e9 locale. Des services sur mesure Cr\u00e9ation personnalis\u00e9e et cr\u00e9ation [&hellip;]<\/p>\n","protected":false},"author":4,"featured_media":2962,"parent":0,"menu_order":0,"comment_status":"closed","ping_status":"closed","template":"wp-custom-template-page-canton","meta":{"footnotes":""},"profession":[128],"location":[],"canton":[110],"class_list":["post-2959","page","type-page","status-publish","has-post-thumbnail","hentry","profession-jardinier-paysagiste","canton-vs"],"yoast_head":"<!-- This site is optimized with the Yoast SEO Premium plugin v25.7.1 (Yoast SEO v27.4) - https:\/\/yoast.com\/product\/yoast-seo-premium-wordpress\/ -->\n<title>Paysagistes dans le canton du Valais - Artisanlocal<\/title>\n<meta name=\"robots\" content=\"index, follow, max-snippet:-1, max-image-preview:large, max-video-preview:-1\" \/>\n<link rel=\"canonical\" href=\"https:\/\/www.artisanlocal.ch\/c\/paysagistes-dans-le-canton-du-valais\/\" \/>\n<meta property=\"og:locale\" content=\"fr_FR\" \/>\n<meta property=\"og:type\" content=\"article\" \/>\n<meta property=\"og:title\" content=\"Paysagistes dans le canton du Valais\" \/>\n<meta property=\"og:description\" content=\"Artisanlocal r\u00e9alise la conception, l&rsquo;am\u00e9nagement et l&rsquo;entretien de vos espaces verts. Dans le canton du Valais, nos jardiniers paysagistes interviennent chez les professionnels, les copropri\u00e9t\u00e9s et les particuliers. Nos jardiniers pr\u00eatent attention \u00e0 vos besoins et vous proposent des services adapt\u00e9s tout en pr\u00e9servant la biodiversit\u00e9 locale. Des services sur mesure Cr\u00e9ation personnalis\u00e9e et cr\u00e9ation [&hellip;]\" \/>\n<meta property=\"og:url\" content=\"https:\/\/www.artisanlocal.ch\/c\/paysagistes-dans-le-canton-du-valais\/\" \/>\n<meta property=\"og:site_name\" content=\"Artisanlocal\" \/>\n<meta property=\"article:modified_time\" content=\"2025-11-06T11:39:42+00:00\" \/>\n<meta property=\"og:image\" content=\"https:\/\/www.artisanlocal.ch\/c\/wp-content\/uploads\/2024\/11\/paysagiste-jardinier.jpg\" \/>\n\t<meta property=\"og:image:width\" content=\"1920\" \/>\n\t<meta property=\"og:image:height\" content=\"300\" \/>\n\t<meta property=\"og:image:type\" content=\"image\/jpeg\" \/>\n<meta name=\"twitter:card\" content=\"summary_large_image\" \/>\n<meta name=\"twitter:label1\" content=\"Dur\u00e9e de lecture estim\u00e9e\" \/>\n\t<meta name=\"twitter:data1\" content=\"3 minutes\" \/>\n<script type=\"application\/ld+json\" class=\"yoast-schema-graph\">{\"@context\":\"https:\\\/\\\/schema.org\",\"@graph\":[{\"@type\":\"WebPage\",\"@id\":\"https:\\\/\\\/www.artisanlocal.ch\\\/c\\\/paysagistes-dans-le-canton-du-valais\\\/\",\"url\":\"https:\\\/\\\/www.artisanlocal.ch\\\/c\\\/paysagistes-dans-le-canton-du-valais\\\/\",\"name\":\"Paysagistes dans le canton du Valais - Artisanlocal\",\"isPartOf\":{\"@id\":\"https:\\\/\\\/www.artisanlocal.ch\\\/c\\\/#website\"},\"primaryImageOfPage\":{\"@id\":\"https:\\\/\\\/www.artisanlocal.ch\\\/c\\\/paysagistes-dans-le-canton-du-valais\\\/#primaryimage\"},\"image\":{\"@id\":\"https:\\\/\\\/www.artisanlocal.ch\\\/c\\\/paysagistes-dans-le-canton-du-valais\\\/#primaryimage\"},\"thumbnailUrl\":\"https:\\\/\\\/www.artisanlocal.ch\\\/c\\\/wp-content\\\/uploads\\\/2024\\\/11\\\/paysagiste-jardinier.jpg\",\"datePublished\":\"2024-09-29T14:52:09+00:00\",\"dateModified\":\"2025-11-06T11:39:42+00:00\",\"breadcrumb\":{\"@id\":\"https:\\\/\\\/www.artisanlocal.ch\\\/c\\\/paysagistes-dans-le-canton-du-valais\\\/#breadcrumb\"},\"inLanguage\":\"fr-FR\",\"potentialAction\":[{\"@type\":\"ReadAction\",\"target\":[\"https:\\\/\\\/www.artisanlocal.ch\\\/c\\\/paysagistes-dans-le-canton-du-valais\\\/\"]}]},{\"@type\":\"ImageObject\",\"inLanguage\":\"fr-FR\",\"@id\":\"https:\\\/\\\/www.artisanlocal.ch\\\/c\\\/paysagistes-dans-le-canton-du-valais\\\/#primaryimage\",\"url\":\"https:\\\/\\\/www.artisanlocal.ch\\\/c\\\/wp-content\\\/uploads\\\/2024\\\/11\\\/paysagiste-jardinier.jpg\",\"contentUrl\":\"https:\\\/\\\/www.artisanlocal.ch\\\/c\\\/wp-content\\\/uploads\\\/2024\\\/11\\\/paysagiste-jardinier.jpg\",\"width\":1920,\"height\":300},{\"@type\":\"BreadcrumbList\",\"@id\":\"https:\\\/\\\/www.artisanlocal.ch\\\/c\\\/paysagistes-dans-le-canton-du-valais\\\/#breadcrumb\",\"itemListElement\":[{\"@type\":\"ListItem\",\"position\":1,\"name\":\"Accueil\",\"item\":\"https:\\\/\\\/www.artisanlocal.ch\\\/c\\\/\"},{\"@type\":\"ListItem\",\"position\":2,\"name\":\"Paysagistes dans le canton du Valais\"}]},{\"@type\":\"WebSite\",\"@id\":\"https:\\\/\\\/www.artisanlocal.ch\\\/c\\\/#website\",\"url\":\"https:\\\/\\\/www.artisanlocal.ch\\\/c\\\/\",\"name\":\"Artisanlocal\",\"description\":\"\",\"publisher\":{\"@id\":\"https:\\\/\\\/www.artisanlocal.ch\\\/c\\\/#organization\"},\"potentialAction\":[{\"@type\":\"SearchAction\",\"target\":{\"@type\":\"EntryPoint\",\"urlTemplate\":\"https:\\\/\\\/www.artisanlocal.ch\\\/c\\\/?s={search_term_string}\"},\"query-input\":{\"@type\":\"PropertyValueSpecification\",\"valueRequired\":true,\"valueName\":\"search_term_string\"}}],\"inLanguage\":\"fr-FR\"},{\"@type\":\"Organization\",\"@id\":\"https:\\\/\\\/www.artisanlocal.ch\\\/c\\\/#organization\",\"name\":\"Artisanlocal\",\"url\":\"https:\\\/\\\/www.artisanlocal.ch\\\/c\\\/\",\"logo\":{\"@type\":\"ImageObject\",\"inLanguage\":\"fr-FR\",\"@id\":\"https:\\\/\\\/www.artisanlocal.ch\\\/c\\\/#\\\/schema\\\/logo\\\/image\\\/\",\"url\":\"https:\\\/\\\/www.artisanlocal.ch\\\/c\\\/wp-content\\\/uploads\\\/2024\\\/02\\\/logo-artisanlocal-h.svg\",\"contentUrl\":\"https:\\\/\\\/www.artisanlocal.ch\\\/c\\\/wp-content\\\/uploads\\\/2024\\\/02\\\/logo-artisanlocal-h.svg\",\"caption\":\"Artisanlocal\"},\"image\":{\"@id\":\"https:\\\/\\\/www.artisanlocal.ch\\\/c\\\/#\\\/schema\\\/logo\\\/image\\\/\"}}]}<\/script>\n<!-- \/ Yoast SEO Premium plugin. -->","yoast_head_json":{"title":"Paysagistes dans le canton du Valais - Artisanlocal","robots":{"index":"index","follow":"follow","max-snippet":"max-snippet:-1","max-image-preview":"max-image-preview:large","max-video-preview":"max-video-preview:-1"},"canonical":"https:\/\/www.artisanlocal.ch\/c\/paysagistes-dans-le-canton-du-valais\/","og_locale":"fr_FR","og_type":"article","og_title":"Paysagistes dans le canton du Valais","og_description":"Artisanlocal r\u00e9alise la conception, l&rsquo;am\u00e9nagement et l&rsquo;entretien de vos espaces verts. Dans le canton du Valais, nos jardiniers paysagistes interviennent chez les professionnels, les copropri\u00e9t\u00e9s et les particuliers. Nos jardiniers pr\u00eatent attention \u00e0 vos besoins et vous proposent des services adapt\u00e9s tout en pr\u00e9servant la biodiversit\u00e9 locale. Des services sur mesure Cr\u00e9ation personnalis\u00e9e et cr\u00e9ation [&hellip;]","og_url":"https:\/\/www.artisanlocal.ch\/c\/paysagistes-dans-le-canton-du-valais\/","og_site_name":"Artisanlocal","article_modified_time":"2025-11-06T11:39:42+00:00","og_image":[{"width":1920,"height":300,"url":"https:\/\/www.artisanlocal.ch\/c\/wp-content\/uploads\/2024\/11\/paysagiste-jardinier.jpg","type":"image\/jpeg"}],"twitter_card":"summary_large_image","twitter_misc":{"Dur\u00e9e de lecture estim\u00e9e":"3 minutes"},"schema":{"@context":"https:\/\/schema.org","@graph":[{"@type":"WebPage","@id":"https:\/\/www.artisanlocal.ch\/c\/paysagistes-dans-le-canton-du-valais\/","url":"https:\/\/www.artisanlocal.ch\/c\/paysagistes-dans-le-canton-du-valais\/","name":"Paysagistes dans le canton du Valais - Artisanlocal","isPartOf":{"@id":"https:\/\/www.artisanlocal.ch\/c\/#website"},"primaryImageOfPage":{"@id":"https:\/\/www.artisanlocal.ch\/c\/paysagistes-dans-le-canton-du-valais\/#primaryimage"},"image":{"@id":"https:\/\/www.artisanlocal.ch\/c\/paysagistes-dans-le-canton-du-valais\/#primaryimage"},"thumbnailUrl":"https:\/\/www.artisanlocal.ch\/c\/wp-content\/uploads\/2024\/11\/paysagiste-jardinier.jpg","datePublished":"2024-09-29T14:52:09+00:00","dateModified":"2025-11-06T11:39:42+00:00","breadcrumb":{"@id":"https:\/\/www.artisanlocal.ch\/c\/paysagistes-dans-le-canton-du-valais\/#breadcrumb"},"inLanguage":"fr-FR","potentialAction":[{"@type":"ReadAction","target":["https:\/\/www.artisanlocal.ch\/c\/paysagistes-dans-le-canton-du-valais\/"]}]},{"@type":"ImageObject","inLanguage":"fr-FR","@id":"https:\/\/www.artisanlocal.ch\/c\/paysagistes-dans-le-canton-du-valais\/#primaryimage","url":"https:\/\/www.artisanlocal.ch\/c\/wp-content\/uploads\/2024\/11\/paysagiste-jardinier.jpg","contentUrl":"https:\/\/www.artisanlocal.ch\/c\/wp-content\/uploads\/2024\/11\/paysagiste-jardinier.jpg","width":1920,"height":300},{"@type":"BreadcrumbList","@id":"https:\/\/www.artisanlocal.ch\/c\/paysagistes-dans-le-canton-du-valais\/#breadcrumb","itemListElement":[{"@type":"ListItem","position":1,"name":"Accueil","item":"https:\/\/www.artisanlocal.ch\/c\/"},{"@type":"ListItem","position":2,"name":"Paysagistes dans le canton du Valais"}]},{"@type":"WebSite","@id":"https:\/\/www.artisanlocal.ch\/c\/#website","url":"https:\/\/www.artisanlocal.ch\/c\/","name":"Artisanlocal","description":"","publisher":{"@id":"https:\/\/www.artisanlocal.ch\/c\/#organization"},"potentialAction":[{"@type":"SearchAction","target":{"@type":"EntryPoint","urlTemplate":"https:\/\/www.artisanlocal.ch\/c\/?s={search_term_string}"},"query-input":{"@type":"PropertyValueSpecification","valueRequired":true,"valueName":"search_term_string"}}],"inLanguage":"fr-FR"},{"@type":"Organization","@id":"https:\/\/www.artisanlocal.ch\/c\/#organization","name":"Artisanlocal","url":"https:\/\/www.artisanlocal.ch\/c\/","logo":{"@type":"ImageObject","inLanguage":"fr-FR","@id":"https:\/\/www.artisanlocal.ch\/c\/#\/schema\/logo\/image\/","url":"https:\/\/www.artisanlocal.ch\/c\/wp-content\/uploads\/2024\/02\/logo-artisanlocal-h.svg","contentUrl":"https:\/\/www.artisanlocal.ch\/c\/wp-content\/uploads\/2024\/02\/logo-artisanlocal-h.svg","caption":"Artisanlocal"},"image":{"@id":"https:\/\/www.artisanlocal.ch\/c\/#\/schema\/logo\/image\/"}}]}},"_links":{"self":[{"href":"https:\/\/www.artisanlocal.ch\/c\/wp-json\/wp\/v2\/pages\/2959","targetHints":{"allow":["GET"]}}],"collection":[{"href":"https:\/\/www.artisanlocal.ch\/c\/wp-json\/wp\/v2\/pages"}],"about":[{"href":"https:\/\/www.artisanlocal.ch\/c\/wp-json\/wp\/v2\/types\/page"}],"author":[{"embeddable":true,"href":"https:\/\/www.artisanlocal.ch\/c\/wp-json\/wp\/v2\/users\/4"}],"replies":[{"embeddable":true,"href":"https:\/\/www.artisanlocal.ch\/c\/wp-json\/wp\/v2\/comments?post=2959"}],"version-history":[{"count":0,"href":"https:\/\/www.artisanlocal.ch\/c\/wp-json\/wp\/v2\/pages\/2959\/revisions"}],"wp:featuredmedia":[{"embeddable":true,"href":"https:\/\/www.artisanlocal.ch\/c\/wp-json\/wp\/v2\/media\/2962"}],"wp:attachment":[{"href":"https:\/\/www.artisanlocal.ch\/c\/wp-json\/wp\/v2\/media?parent=2959"}],"wp:term":[{"taxonomy":"profession","embeddable":true,"href":"https:\/\/www.artisanlocal.ch\/c\/wp-json\/wp\/v2\/profession?post=2959"},{"taxonomy":"location","embeddable":true,"href":"https:\/\/www.artisanlocal.ch\/c\/wp-json\/wp\/v2\/location?post=2959"},{"taxonomy":"canton","embeddable":true,"href":"https:\/\/www.artisanlocal.ch\/c\/wp-json\/wp\/v2\/canton?post=2959"}],"curies":[{"name":"wp","href":"https:\/\/api.w.org\/{rel}","templated":true}]}}