{"id":2987,"date":"2024-12-03T02:44:41","date_gmt":"2024-12-03T01:44:41","guid":{"rendered":"https:\/\/www.artisanlocal.ch\/c\/artisanlocal-le-specialiste-stores-et-fermetures-sur-mesure-a-geneve\/"},"modified":"2025-08-26T19:24:06","modified_gmt":"2025-08-26T17:24:06","slug":"artisanlocal-le-specialiste-stores-et-fermetures-sur-mesure-a-geneve","status":"publish","type":"page","link":"https:\/\/www.artisanlocal.ch\/c\/artisanlocal-le-specialiste-stores-et-fermetures-sur-mesure-a-geneve\/","title":{"rendered":"Artisanlocal le sp\u00e9cialiste stores et fermetures sur mesure \u00e0 Gen\u00e8ve"},"content":{"rendered":"<p>Notre entreprise est expert dans l&rsquo;installation de enseignes, stores, accessoires pour terrasses et lambrequins lumineux, intervient \u00e0 Gen\u00e8ve et dans les localit\u00e9s \u00e0 proximit\u00e9s.<\/p>\n\r\n<div class=\"company-partners\">\r\n    <h3>Nos soci\u00e9t\u00e9s<\/h3>\r\n    <ul>\r\n                    <li>\r\n                <p class=\"company-partners__name\">\r\n                    <a href=\"https:\/\/www.artisanlocal.ch\/c\/artisanlocal-le-specialiste-stores-et-fermetures-sur-mesure-a-geneve\/?geo=Rive+Gauche\" target=\"_blank\" class=\"has-accent-color\" title=\"Voir les coordonn\u00e9es de notre partenaire\">Arce Stores SA<\/a>\r\n                <\/p>\r\n                <p class=\"company-partners__address\">1213\u00a0Petit-Lancy<\/p>\r\n            <\/li>\r\n                    <li>\r\n                <p class=\"company-partners__name\">\r\n                    <a href=\"https:\/\/www.artisanlocal.ch\/c\/artisanlocal-le-specialiste-stores-et-fermetures-sur-mesure-a-geneve\/?geo=Rive+Droite\" target=\"_blank\" class=\"has-accent-color\" title=\"Voir les coordonn\u00e9es de notre partenaire\">COSTA STORES S\u00e0rl<\/a>\r\n                <\/p>\r\n                <p class=\"company-partners__address\">1214\u00a0Vernier<\/p>\r\n            <\/li>\r\n            <\/ul>\r\n<\/div>\n<h2>Diverses gammes de stores int\u00e9rieurs<\/h2>\n<p>Nos stores int\u00e9rieurs sont d\u00e9velopp\u00e9s pour embellir l&rsquo;apparence de vos fen\u00eatres, limiter la lumi\u00e8re et pr\u00e9servez votre confidentialit\u00e9. Nous offrons une large gamme de stores : v\u00e9nitiens, textiles, pliss\u00e9s, bandes verticales, enrouleurs, enrouleurs avec coffre, rideaux, parois japonaises, bateaux et bateaux voilage.<\/p>\n<h2>Stores ext\u00e9rieurs<\/h2>\n<p>Nos stores ext\u00e9rieurs cr\u00e9ent des espaces ombrag\u00e9s sur votre balcon ou terrasse. D\u00e9couvrez notre large choix de stores ext\u00e9rieurs : bannes et coffres, ou semi-coffres, \u00e0 bras t\u00e9lescopiques ou articul\u00e9s, de fen\u00eatre, \u00e9galement des loggias, v\u00e9randas ainsi que des verri\u00e8res.<\/p>\n<h2>Pergolas<\/h2>\n<p>Si vous cherchez une protection contre la pluie, nous vous sugg\u00e9rons de s\u00e9lectionner une pergola. Nous avons une gamme de pergolas : \u00e0 lames r\u00e9tractables, toiles de protection solaire verticale, \u00e0 toits fixes ou avec panneaux verticaux.<\/p>\n<h2>Lambrequin lumineux \u00e0 Gen\u00e8ve<\/h2>\n<p>\u00c0 l&rsquo;aide de nos lambrequins lumineux, votre \u00e9tablissement sera vu m\u00eame la nuit ou par temps de pluie.&nbsp;<\/p>\n<h2>Rentoilage de toiles du store banne ou pergola<\/h2>\n<p>Le rentoilage de stores banne est une alternative \u00e9conomique au changement du store.<\/p>\n<h2>Fen\u00eatre bois aluminium \u00e0 Gen\u00e8ve<\/h2>\n<p>Si vous souhaitez r\u00e9nover vos fen\u00eatres. Nous construisons et mettons en place vos fen\u00eatres coulissantes et battantes : PVC, en bois ou aluminium.<\/p>\n<h2>Volets roulants avec ou sans motorisation<\/h2>\n<p>Les volets roulants permettent d&rsquo;obtenir une meilleure isolation thermique, et une protection solaire et phonique. Ils diminuent les d\u00e9perditions \u00e9nerg\u00e9tiques : m\u00e9talliques, aluminium, persiennes, solaires ou bois.<\/p>\n<h2>Films de protection solaire<\/h2>\n<p>Le film de protection solaire sur mesure pour fen\u00eatre permet de baisser la temp\u00e9rature ambiante de votre int\u00e9rieur, de renforcer votre s\u00e9curit\u00e9 en pr\u00e9servant votre intimit\u00e9, et r\u00e9duit l&rsquo;impact de l&rsquo;exposition aux UV.<\/p>\n<h2>Menuiserie Gen\u00e8ve : Alu, PVC, Bois<\/h2>\n<p>Nous avons aussi d&rsquo;autres produits \u00e0 vous proposer, comme les :<\/p>\n<ul>\n<li>Fen\u00eatres.<\/li>\n<li>Volets.<\/li>\n<li>Portails et portes.<\/li>\n<li>Alarmes.<\/li>\n<li>Domotiques.<\/li>\n<li>Portes de garage.<\/li>\n<li>Carport.<\/li>\n<li>Garde-corps ext\u00e9rieurs.<\/li>\n<\/ul>\n<h2>Nos secteurs d&rsquo;activit\u00e9<\/h2>\n<h3>Les soci\u00e9t\u00e9s : caf\u00e9s, brasseries, boutiques et restaurants<\/h3>\n<p>Artisanlocal \u00e9labore, fabrique, et installe des stores pour les soci\u00e9t\u00e9s \u00e0 Gen\u00e8ve, tels que : les restaurants, bureaux et boutiques.&nbsp;<\/p>\n<h3>Pour les copropri\u00e9t\u00e9s et particuliers<\/h3>\n<p>Intervention dans les copropri\u00e9t\u00e9s et chez les particuliers, nous mettons en place vos fen\u00eatres, stores de terrasse, stores int\u00e9rieurs, v\u00e9randa, volets roulants, volets battants, pergolas et pergolas bioclimatiques.<\/p>\n<h2>D\u00e9couvrez nos services<\/h2>\n<h3>Conception technique<\/h3>\n<p>Nous \u00e9laborons des stores personnalis\u00e9s en fonction de vos besoins et probl\u00e9matiques.<\/p>\n<h3>Pose sur mesure<\/h3>\n<p>Nos techniciens se d\u00e9placent \u00e0 Gen\u00e8ve pour prendre les mesures et installer vos stores en fonction de vos attentes et vos contraintes.<\/p>\n<h3>Service de r\u00e9paration de stores<\/h3>\n<p>Les storistes d&rsquo;Artisanlocal changent les pi\u00e8ces de vos stores, lors de leur intervention, ils remplacent les pi\u00e8ces endommag\u00e9es.<\/p>\n<h3>Entretien de store \u00e0 Gen\u00e8ve<\/h3>\n<p>Un entretien effectu\u00e9 habituellement permet d\u2019augmenter la dur\u00e9e de vie de vos stores. Un storiste doit intervenir chez vous pour contr\u00f4ler l\u2019\u00e9tat de votre store et si n\u00e9cessaire r\u00e9aliser la r\u00e9paration, le remplacement ou le rentoilage.<\/p>\n<h3>Options<\/h3>\n<p>Nous proposons diff\u00e9rents types d\u2019ouverture (manuelle ou \u00e9lectrique) pour les stores, volets et portes de garage.<\/p>\n<h2>Pourquoi choisir Artisanlocal ?<\/h2>\n<p>Artisanlocal est sp\u00e9cialis\u00e9 dans l\u2019installation et l\u2019entretien de stores \u00e0 Gen\u00e8ve. Nous vous accompagnons de A \u00e0 Z, de l&rsquo;\u00e9tude de votre besoin \u00e0 la mise en place.<\/p>\n<h3>Grand choix de stores<\/h3>\n<p>Notre soci\u00e9t\u00e9 propose un large choix de stores.<\/p>\n<h3>Devis gratuits<\/h3>\n<p>Recevez nos estimations gratuites. Nos estimations sont d\u00e9taill\u00e9es.&nbsp;<\/p>\n<h3>Diagnostic<\/h3>\n<p>Nous regardons toujours la faisabilit\u00e9 des projets, et nous concevons des plans sur mesures pour associer de la meilleure fa\u00e7on vos stores en consid\u00e9rant vos d\u00e9sirs et vos probl\u00e9matiques.<\/p>\n<h3>Faire le choix de la qualit\u00e9<\/h3>\n<p>Les stores que nous installons sont cr\u00e9\u00e9s avec des mat\u00e9riaux haut de gamme pour garantir une bonne durabilit\u00e9.<\/p>\n<h3>Intervention imm\u00e9diate \u00e0 Gen\u00e8ve<\/h3>\n<p>Notre entreprise est install\u00e9e au coeur de Gen\u00e8ve pour intervenir d\u00e8s que possible \u00e0 votre domicile.<\/p>\n<h2>FAQ<\/h2>\n<h3>Est-il possible de motoriser des stores install\u00e9s ?<\/h3>\n<p>Oui, nous pouvons motoriser vos stores \u00e0 condition que certains \u00e9l\u00e9ments soient respect\u00e9s. Un de nos storistes se d\u00e9place \u00e0 votre domicile pour \u00e9valuer la viabilit\u00e9 du projet.<\/p>\n<h3>Votre entreprise intervient-elle dans les communes \u00e0 proximit\u00e9 de Gen\u00e8ve ? ?<\/h3>\n<p>Oui, nous op\u00e9rons \u00e0 Gen\u00e8ve et dans les communes \u00e0 proximit\u00e9, comme : Grand-Lancy, Petit-Lancy, Onex, A\u00efre, V\u00e9senaz, Cologny, Ch\u00eane-Bougeries, Ch\u00eane-Bourg, Th\u00f4nex, Carouge GE, Les Acacias, Plan-les-Ouates, Conches, Confignon, Bernex, Vessy, Cartigny, Avully, Puplinge, Presinge, Choulex, Collonge-Bellerive, Corsier GE, Ani\u00e8res, Hermance, Gy, Meinier, Vandoeuvres, Jussy, Veyrier, Troinex, La Croix-de-Rozon, Perly, Chancy, Athenaz (Avusy), Soral, Laconnex, Aire-la-Ville, Vernier, Cointrin, Meyrin, Le Grand-Saconnex, Ch\u00e2telaine, Le Lignon, Les Avanchets, Collex, Satigny, Russin, Dardagny, La Plaine, Chamb\u00e9sy.<\/p>\n","protected":false},"excerpt":{"rendered":"<p>Notre entreprise est expert dans l&rsquo;installation de enseignes, stores, accessoires pour terrasses et lambrequins lumineux, intervient \u00e0 Gen\u00e8ve et dans les localit\u00e9s \u00e0 proximit\u00e9s. Diverses gammes de stores int\u00e9rieurs Nos stores int\u00e9rieurs sont d\u00e9velopp\u00e9s pour embellir l&rsquo;apparence de vos fen\u00eatres, limiter la lumi\u00e8re et pr\u00e9servez votre confidentialit\u00e9. Nous offrons une large gamme de stores : [&hellip;]<\/p>\n","protected":false},"author":4,"featured_media":3071,"parent":0,"menu_order":0,"comment_status":"closed","ping_status":"closed","template":"","meta":{"footnotes":""},"profession":[130],"location":[35],"canton":[112],"class_list":["post-2987","page","type-page","status-publish","has-post-thumbnail","hentry","profession-storiste","location-geneve","canton-ge"],"yoast_head":"<!-- This site is optimized with the Yoast SEO Premium plugin v25.7.1 (Yoast SEO v27.4) - https:\/\/yoast.com\/product\/yoast-seo-premium-wordpress\/ -->\n<title>Artisanlocal le sp\u00e9cialiste stores et fermetures sur mesure \u00e0 Gen\u00e8ve - Artisanlocal<\/title>\n<meta name=\"robots\" content=\"index, follow, max-snippet:-1, max-image-preview:large, max-video-preview:-1\" \/>\n<link rel=\"canonical\" href=\"https:\/\/www.artisanlocal.ch\/c\/artisanlocal-le-specialiste-stores-et-fermetures-sur-mesure-a-geneve\/\" \/>\n<meta property=\"og:locale\" content=\"fr_FR\" \/>\n<meta property=\"og:type\" content=\"article\" \/>\n<meta property=\"og:title\" content=\"Artisanlocal le sp\u00e9cialiste stores et fermetures sur mesure \u00e0 Gen\u00e8ve\" \/>\n<meta property=\"og:description\" content=\"Notre entreprise est expert dans l&rsquo;installation de enseignes, stores, accessoires pour terrasses et lambrequins lumineux, intervient \u00e0 Gen\u00e8ve et dans les localit\u00e9s \u00e0 proximit\u00e9s. Diverses gammes de stores int\u00e9rieurs Nos stores int\u00e9rieurs sont d\u00e9velopp\u00e9s pour embellir l&rsquo;apparence de vos fen\u00eatres, limiter la lumi\u00e8re et pr\u00e9servez votre confidentialit\u00e9. Nous offrons une large gamme de stores : [&hellip;]\" \/>\n<meta property=\"og:url\" content=\"https:\/\/www.artisanlocal.ch\/c\/artisanlocal-le-specialiste-stores-et-fermetures-sur-mesure-a-geneve\/\" \/>\n<meta property=\"og:site_name\" content=\"Artisanlocal\" \/>\n<meta property=\"article:modified_time\" content=\"2025-08-26T17:24:06+00:00\" \/>\n<meta property=\"og:image\" content=\"https:\/\/www.artisanlocal.ch\/c\/wp-content\/uploads\/2024\/12\/storiste.jpg\" \/>\n\t<meta property=\"og:image:width\" content=\"1920\" \/>\n\t<meta property=\"og:image:height\" content=\"300\" \/>\n\t<meta property=\"og:image:type\" content=\"image\/jpeg\" \/>\n<meta name=\"twitter:card\" content=\"summary_large_image\" \/>\n<meta name=\"twitter:label1\" content=\"Dur\u00e9e de lecture estim\u00e9e\" \/>\n\t<meta name=\"twitter:data1\" content=\"4 minutes\" \/>\n<script type=\"application\/ld+json\" class=\"yoast-schema-graph\">{\"@context\":\"https:\\\/\\\/schema.org\",\"@graph\":[{\"@type\":\"WebPage\",\"@id\":\"https:\\\/\\\/www.artisanlocal.ch\\\/c\\\/artisanlocal-le-specialiste-stores-et-fermetures-sur-mesure-a-geneve\\\/\",\"url\":\"https:\\\/\\\/www.artisanlocal.ch\\\/c\\\/artisanlocal-le-specialiste-stores-et-fermetures-sur-mesure-a-geneve\\\/\",\"name\":\"Artisanlocal le sp\u00e9cialiste stores et fermetures sur mesure \u00e0 Gen\u00e8ve - Artisanlocal\",\"isPartOf\":{\"@id\":\"https:\\\/\\\/www.artisanlocal.ch\\\/c\\\/#website\"},\"primaryImageOfPage\":{\"@id\":\"https:\\\/\\\/www.artisanlocal.ch\\\/c\\\/artisanlocal-le-specialiste-stores-et-fermetures-sur-mesure-a-geneve\\\/#primaryimage\"},\"image\":{\"@id\":\"https:\\\/\\\/www.artisanlocal.ch\\\/c\\\/artisanlocal-le-specialiste-stores-et-fermetures-sur-mesure-a-geneve\\\/#primaryimage\"},\"thumbnailUrl\":\"https:\\\/\\\/www.artisanlocal.ch\\\/c\\\/wp-content\\\/uploads\\\/2024\\\/12\\\/storiste.jpg\",\"datePublished\":\"2024-12-03T01:44:41+00:00\",\"dateModified\":\"2025-08-26T17:24:06+00:00\",\"breadcrumb\":{\"@id\":\"https:\\\/\\\/www.artisanlocal.ch\\\/c\\\/artisanlocal-le-specialiste-stores-et-fermetures-sur-mesure-a-geneve\\\/#breadcrumb\"},\"inLanguage\":\"fr-FR\",\"potentialAction\":[{\"@type\":\"ReadAction\",\"target\":[\"https:\\\/\\\/www.artisanlocal.ch\\\/c\\\/artisanlocal-le-specialiste-stores-et-fermetures-sur-mesure-a-geneve\\\/\"]}]},{\"@type\":\"ImageObject\",\"inLanguage\":\"fr-FR\",\"@id\":\"https:\\\/\\\/www.artisanlocal.ch\\\/c\\\/artisanlocal-le-specialiste-stores-et-fermetures-sur-mesure-a-geneve\\\/#primaryimage\",\"url\":\"https:\\\/\\\/www.artisanlocal.ch\\\/c\\\/wp-content\\\/uploads\\\/2024\\\/12\\\/storiste.jpg\",\"contentUrl\":\"https:\\\/\\\/www.artisanlocal.ch\\\/c\\\/wp-content\\\/uploads\\\/2024\\\/12\\\/storiste.jpg\",\"width\":1920,\"height\":300},{\"@type\":\"BreadcrumbList\",\"@id\":\"https:\\\/\\\/www.artisanlocal.ch\\\/c\\\/artisanlocal-le-specialiste-stores-et-fermetures-sur-mesure-a-geneve\\\/#breadcrumb\",\"itemListElement\":[{\"@type\":\"ListItem\",\"position\":1,\"name\":\"Accueil\",\"item\":\"https:\\\/\\\/www.artisanlocal.ch\\\/c\\\/\"},{\"@type\":\"ListItem\",\"position\":2,\"name\":\"Artisanlocal le sp\u00e9cialiste stores et fermetures sur mesure \u00e0 Gen\u00e8ve\"}]},{\"@type\":\"WebSite\",\"@id\":\"https:\\\/\\\/www.artisanlocal.ch\\\/c\\\/#website\",\"url\":\"https:\\\/\\\/www.artisanlocal.ch\\\/c\\\/\",\"name\":\"Artisanlocal\",\"description\":\"\",\"publisher\":{\"@id\":\"https:\\\/\\\/www.artisanlocal.ch\\\/c\\\/#organization\"},\"potentialAction\":[{\"@type\":\"SearchAction\",\"target\":{\"@type\":\"EntryPoint\",\"urlTemplate\":\"https:\\\/\\\/www.artisanlocal.ch\\\/c\\\/?s={search_term_string}\"},\"query-input\":{\"@type\":\"PropertyValueSpecification\",\"valueRequired\":true,\"valueName\":\"search_term_string\"}}],\"inLanguage\":\"fr-FR\"},{\"@type\":\"Organization\",\"@id\":\"https:\\\/\\\/www.artisanlocal.ch\\\/c\\\/#organization\",\"name\":\"Artisanlocal\",\"url\":\"https:\\\/\\\/www.artisanlocal.ch\\\/c\\\/\",\"logo\":{\"@type\":\"ImageObject\",\"inLanguage\":\"fr-FR\",\"@id\":\"https:\\\/\\\/www.artisanlocal.ch\\\/c\\\/#\\\/schema\\\/logo\\\/image\\\/\",\"url\":\"https:\\\/\\\/www.artisanlocal.ch\\\/c\\\/wp-content\\\/uploads\\\/2024\\\/02\\\/logo-artisanlocal-h.svg\",\"contentUrl\":\"https:\\\/\\\/www.artisanlocal.ch\\\/c\\\/wp-content\\\/uploads\\\/2024\\\/02\\\/logo-artisanlocal-h.svg\",\"caption\":\"Artisanlocal\"},\"image\":{\"@id\":\"https:\\\/\\\/www.artisanlocal.ch\\\/c\\\/#\\\/schema\\\/logo\\\/image\\\/\"}}]}<\/script>\n<!-- \/ Yoast SEO Premium plugin. -->","yoast_head_json":{"title":"Artisanlocal le sp\u00e9cialiste stores et fermetures sur mesure \u00e0 Gen\u00e8ve - Artisanlocal","robots":{"index":"index","follow":"follow","max-snippet":"max-snippet:-1","max-image-preview":"max-image-preview:large","max-video-preview":"max-video-preview:-1"},"canonical":"https:\/\/www.artisanlocal.ch\/c\/artisanlocal-le-specialiste-stores-et-fermetures-sur-mesure-a-geneve\/","og_locale":"fr_FR","og_type":"article","og_title":"Artisanlocal le sp\u00e9cialiste stores et fermetures sur mesure \u00e0 Gen\u00e8ve","og_description":"Notre entreprise est expert dans l&rsquo;installation de enseignes, stores, accessoires pour terrasses et lambrequins lumineux, intervient \u00e0 Gen\u00e8ve et dans les localit\u00e9s \u00e0 proximit\u00e9s. Diverses gammes de stores int\u00e9rieurs Nos stores int\u00e9rieurs sont d\u00e9velopp\u00e9s pour embellir l&rsquo;apparence de vos fen\u00eatres, limiter la lumi\u00e8re et pr\u00e9servez votre confidentialit\u00e9. Nous offrons une large gamme de stores : [&hellip;]","og_url":"https:\/\/www.artisanlocal.ch\/c\/artisanlocal-le-specialiste-stores-et-fermetures-sur-mesure-a-geneve\/","og_site_name":"Artisanlocal","article_modified_time":"2025-08-26T17:24:06+00:00","og_image":[{"width":1920,"height":300,"url":"https:\/\/www.artisanlocal.ch\/c\/wp-content\/uploads\/2024\/12\/storiste.jpg","type":"image\/jpeg"}],"twitter_card":"summary_large_image","twitter_misc":{"Dur\u00e9e de lecture estim\u00e9e":"4 minutes"},"schema":{"@context":"https:\/\/schema.org","@graph":[{"@type":"WebPage","@id":"https:\/\/www.artisanlocal.ch\/c\/artisanlocal-le-specialiste-stores-et-fermetures-sur-mesure-a-geneve\/","url":"https:\/\/www.artisanlocal.ch\/c\/artisanlocal-le-specialiste-stores-et-fermetures-sur-mesure-a-geneve\/","name":"Artisanlocal le sp\u00e9cialiste stores et fermetures sur mesure \u00e0 Gen\u00e8ve - Artisanlocal","isPartOf":{"@id":"https:\/\/www.artisanlocal.ch\/c\/#website"},"primaryImageOfPage":{"@id":"https:\/\/www.artisanlocal.ch\/c\/artisanlocal-le-specialiste-stores-et-fermetures-sur-mesure-a-geneve\/#primaryimage"},"image":{"@id":"https:\/\/www.artisanlocal.ch\/c\/artisanlocal-le-specialiste-stores-et-fermetures-sur-mesure-a-geneve\/#primaryimage"},"thumbnailUrl":"https:\/\/www.artisanlocal.ch\/c\/wp-content\/uploads\/2024\/12\/storiste.jpg","datePublished":"2024-12-03T01:44:41+00:00","dateModified":"2025-08-26T17:24:06+00:00","breadcrumb":{"@id":"https:\/\/www.artisanlocal.ch\/c\/artisanlocal-le-specialiste-stores-et-fermetures-sur-mesure-a-geneve\/#breadcrumb"},"inLanguage":"fr-FR","potentialAction":[{"@type":"ReadAction","target":["https:\/\/www.artisanlocal.ch\/c\/artisanlocal-le-specialiste-stores-et-fermetures-sur-mesure-a-geneve\/"]}]},{"@type":"ImageObject","inLanguage":"fr-FR","@id":"https:\/\/www.artisanlocal.ch\/c\/artisanlocal-le-specialiste-stores-et-fermetures-sur-mesure-a-geneve\/#primaryimage","url":"https:\/\/www.artisanlocal.ch\/c\/wp-content\/uploads\/2024\/12\/storiste.jpg","contentUrl":"https:\/\/www.artisanlocal.ch\/c\/wp-content\/uploads\/2024\/12\/storiste.jpg","width":1920,"height":300},{"@type":"BreadcrumbList","@id":"https:\/\/www.artisanlocal.ch\/c\/artisanlocal-le-specialiste-stores-et-fermetures-sur-mesure-a-geneve\/#breadcrumb","itemListElement":[{"@type":"ListItem","position":1,"name":"Accueil","item":"https:\/\/www.artisanlocal.ch\/c\/"},{"@type":"ListItem","position":2,"name":"Artisanlocal le sp\u00e9cialiste stores et fermetures sur mesure \u00e0 Gen\u00e8ve"}]},{"@type":"WebSite","@id":"https:\/\/www.artisanlocal.ch\/c\/#website","url":"https:\/\/www.artisanlocal.ch\/c\/","name":"Artisanlocal","description":"","publisher":{"@id":"https:\/\/www.artisanlocal.ch\/c\/#organization"},"potentialAction":[{"@type":"SearchAction","target":{"@type":"EntryPoint","urlTemplate":"https:\/\/www.artisanlocal.ch\/c\/?s={search_term_string}"},"query-input":{"@type":"PropertyValueSpecification","valueRequired":true,"valueName":"search_term_string"}}],"inLanguage":"fr-FR"},{"@type":"Organization","@id":"https:\/\/www.artisanlocal.ch\/c\/#organization","name":"Artisanlocal","url":"https:\/\/www.artisanlocal.ch\/c\/","logo":{"@type":"ImageObject","inLanguage":"fr-FR","@id":"https:\/\/www.artisanlocal.ch\/c\/#\/schema\/logo\/image\/","url":"https:\/\/www.artisanlocal.ch\/c\/wp-content\/uploads\/2024\/02\/logo-artisanlocal-h.svg","contentUrl":"https:\/\/www.artisanlocal.ch\/c\/wp-content\/uploads\/2024\/02\/logo-artisanlocal-h.svg","caption":"Artisanlocal"},"image":{"@id":"https:\/\/www.artisanlocal.ch\/c\/#\/schema\/logo\/image\/"}}]}},"_links":{"self":[{"href":"https:\/\/www.artisanlocal.ch\/c\/wp-json\/wp\/v2\/pages\/2987","targetHints":{"allow":["GET"]}}],"collection":[{"href":"https:\/\/www.artisanlocal.ch\/c\/wp-json\/wp\/v2\/pages"}],"about":[{"href":"https:\/\/www.artisanlocal.ch\/c\/wp-json\/wp\/v2\/types\/page"}],"author":[{"embeddable":true,"href":"https:\/\/www.artisanlocal.ch\/c\/wp-json\/wp\/v2\/users\/4"}],"replies":[{"embeddable":true,"href":"https:\/\/www.artisanlocal.ch\/c\/wp-json\/wp\/v2\/comments?post=2987"}],"version-history":[{"count":0,"href":"https:\/\/www.artisanlocal.ch\/c\/wp-json\/wp\/v2\/pages\/2987\/revisions"}],"wp:featuredmedia":[{"embeddable":true,"href":"https:\/\/www.artisanlocal.ch\/c\/wp-json\/wp\/v2\/media\/3071"}],"wp:attachment":[{"href":"https:\/\/www.artisanlocal.ch\/c\/wp-json\/wp\/v2\/media?parent=2987"}],"wp:term":[{"taxonomy":"profession","embeddable":true,"href":"https:\/\/www.artisanlocal.ch\/c\/wp-json\/wp\/v2\/profession?post=2987"},{"taxonomy":"location","embeddable":true,"href":"https:\/\/www.artisanlocal.ch\/c\/wp-json\/wp\/v2\/location?post=2987"},{"taxonomy":"canton","embeddable":true,"href":"https:\/\/www.artisanlocal.ch\/c\/wp-json\/wp\/v2\/canton?post=2987"}],"curies":[{"name":"wp","href":"https:\/\/api.w.org\/{rel}","templated":true}]}}