{"id":402,"date":"2024-04-16T18:38:11","date_gmt":"2024-04-16T16:38:11","guid":{"rendered":"https:\/\/www.artisanlocal.ch\/c\/service-de-nettoyage-professionnel-pour-habitation-et-bureau-a-coppet\/"},"modified":"2025-09-04T14:27:24","modified_gmt":"2025-09-04T12:27:24","slug":"service-de-nettoyage-professionnel-pour-habitation-et-bureau-a-coppet","status":"publish","type":"page","link":"https:\/\/www.artisanlocal.ch\/c\/service-de-nettoyage-professionnel-pour-habitation-et-bureau-a-coppet\/","title":{"rendered":"Entreprise de nettoyage \u00e0 Coppet"},"content":{"rendered":"<p>Vous avez besoin d&rsquo;une entreprise de nettoyage \u00e0 Coppet ? Artisanlocal propose des services sur mesures pour nettoyer votre int\u00e9rieur.<br \/>\n\r\n<div class=\"box\">\r\n            <div class=\"company-info\">\r\n            <img decoding=\"async\" class=\"company-info__logo\" src=\"https:\/\/www.artisanlocal.ch\/media\/cache\/thumb\/images\/companies\/670cbeddc6143946011685.png\" alt=\"Logo\">\r\n            <h2 class=\"company-info__name\">GREEN SERVICES<\/h2>\r\n            <p class=\"company-info__business\">Services et maintenances : Conciergerie, nettoyage (toitures, haute pression, moquette, stores, d\u00e9m\u00e9nagement) - Entretien des espace verts : Installation d'arrosage, tonte, semis, scarification, taille, cr\u00e9ation de terrasses, cl\u00f4ture, plantations)<\/p>\r\n        <\/div>\r\n        <div class=\"company-contact\">\r\n            <p class=\"company-info__address\">Chemin Riamoz 2<\/p>\r\n                            <div class=\"links\">\r\n                                            <a class=\"btn has-accent-background-color js-phoneNumber\" href=\"tel:0793068907\" title=\"Appelez\" data-id=\"25268\" data-type=\"11\">079 306 89 07<\/a>\r\n                                                        <\/div>\r\n                    <\/div>\r\n    \r\n            \r\n<form action=\"https:\/\/www.artisanlocal.ch\/c\/wp-admin\/admin-ajax.php\" method=\"post\" class=\"form-contact\" id=\"artisan_form_contact_company_inline\">\r\n    <div><input type=\"hidden\" name=\"action\" value=\"company_contact\"><\/div>\r\n    <div><input type=\"hidden\" name=\"nonce\" value=\"1dbf28e6f0\"><\/div>\r\n    <div><input type=\"hidden\" name=\"company_id\" value=\"25268\"><\/div>\r\n    <div><input type=\"hidden\" name=\"form_id\" value=\"artisan_form_contact_company_inline\"><\/div>\r\n    <div class=\"gglcptch gglcptch_v3 gglcptch_custom\"><input type=\"hidden\" id=\"g-recaptcha-response\" name=\"g-recaptcha-response\" \/><br \/><div class=\"gglcptch_error_text\">La p\u00e9riode de v\u00e9rification reCAPTCHA a expir\u00e9. Veuillez recharger la page.<\/div><\/div>    <div class=\"form-content\">\r\n        <div class=\"form-group\">\r\n            <label for=\"contact_firstName\" class=\"required\">Pr\u00e9nom<\/label>\r\n            <input type=\"text\" name=\"firstName\" class=\"form-control\" required>\r\n        <\/div>\r\n        <div class=\"form-group\">\r\n            <label for=\"contact_lastName\" class=\"required\">Nom<\/label>\r\n            <input type=\"text\" name=\"lastName\" class=\"form-control\" required>\r\n        <\/div>\r\n        <div class=\"form-group\">\r\n            <label for=\"contact_email\" class=\"required\">Email<\/label>\r\n            <input type=\"email\" name=\"email\" class=\"form-control\" required>\r\n        <\/div>\r\n        <div class=\"form-group\">\r\n            <label for=\"contact_phone\" class=\"required\">Num\u00e9ro de t\u00e9l\u00e9phone<\/label>\r\n            <input type=\"tel\" name=\"phone\" class=\"form-control\" placeholder=\"0787117165\" pattern=\"^[0-9]{10}$\" required>\r\n        <\/div>\r\n        <div class=\"form-group\">\r\n            <label for=\"contact_postalCode\" class=\"required\">Code postal et localit\u00e9<\/label>\r\n            <input type=\"text\" name=\"postalCode\" class=\"form-control\" required>\r\n        <\/div>\r\n        <div class=\"form-group\">\r\n            <label for=\"contact_address\" class=\"required\">Adresse<\/label>\r\n            <input type=\"text\" name=\"address\" class=\"form-control\" required>\r\n        <\/div>\r\n        <div class=\"full-width topic\">\r\n            <p class=\"required\">Je souhaite \u00eatre contact\u00e9 pour :<\/p>\r\n            <div class=\"form-check\">\r\n                <input type=\"radio\" name=\"topic\" value=\"D\u00e9pannage\" class=\"form-control\" required>\r\n                <label for=\"d\u00e9pannage\">D\u00e9pannage<\/label>\r\n            <\/div>\r\n            <div class=\"form-check\">\r\n                <input type=\"radio\" name=\"topic\" value=\"Entretien\" class=\"form-control\" required>\r\n                <label for=\"entretien\">Entretien<\/label>\r\n            <\/div>\r\n            <div class=\"form-check\">\r\n                <input type=\"radio\" name=\"topic\" value=\"R\u00e9novation\" class=\"form-control\" required>\r\n                <label for=\"r\u00e9novation\">R\u00e9novation<\/label>\r\n            <\/div>\r\n            <div class=\"form-check\">\r\n                <input type=\"radio\" name=\"topic\" value=\"Autre\" class=\"form-control\" required>\r\n                <label for=\"autre\">Autre<\/label>\r\n            <\/div>\r\n        <\/div>\r\n        <div class=\"form-group full-width\">\r\n            <label for=\"contact_message\">Message<\/label>\r\n            <textarea name=\"message\" rows=\"3\" class=\"form-control\"><\/textarea>\r\n        <\/div>\r\n    <\/div>\r\n    <div class=\"form-actions\">\r\n        <button class=\"wp-block-button__link has-accent-background-color\">Contacter<\/button>\r\n    <\/div>\r\n<\/form>\r\n<div class=\"form-feedback\"><\/div>    <\/div><\/p>\n<h2>Pourquoi choisir notre Artisanloca.ch ?<\/h2>\n<ul>\n<li>Planification rapide de notre intervention.<\/li>\n<li>Techniciens form\u00e9s avec les derni\u00e8res techniques.<\/li>\n<li>Utilisation de produits \u00e9cologiques.<\/li>\n<li>Devis gratuits.<\/li>\n<\/ul>\n<h2>Quelles sont les prestations de nettoyage d&rsquo;Artisanlocal.ch\u202f?<\/h2>\n<ul>\n<li>Service de nettoyage pour les conciergeries d&rsquo;appartements et maisons Airbnb,<\/li>\n<li>service de nettoyage et de m\u00e9nage d&rsquo;appartements,<\/li>\n<li>entretien et nettoyage des appareils m\u00e9nagers,<\/li>\n<li>nettoyage de l&rsquo;ext\u00e9rieur,<\/li>\n<li>service de m\u00e9nage apr\u00e8s d\u00e9m\u00e9nagement\/avant emm\u00e9nagement.<\/li>\n<li>nettoyage de logement Airbnb.<\/li>\n<li>nettoyage des bureaux et des locaux commerciaux.<\/li>\n<li>nettoyage professionnel apr\u00e8s une r\u00e9novation de logement.<\/li>\n<li>services de m\u00e9nage pour les caves,<\/li>\n<li>assainissement des surfaces pour lutter contre les pathog\u00e8nes,<\/li>\n<li>nettoyage de la vaisselle,<\/li>\n<li>nettoyage des installations sportives,<\/li>\n<li>lavage des sols,<\/li>\n<li>nettoyage des h\u00f4pitaux,<\/li>\n<li>nettoyage apr\u00e8s un d\u00e9m\u00e9nagement,<\/li>\n<li>nettoyage des espaces de coworking,<\/li>\n<li>nettoyage apr\u00e8s travaux de r\u00e9novation,<\/li>\n<li>m\u00e9nage des salles d&rsquo;eau,<\/li>\n<li>nettoyage des petits commerces,<\/li>\n<li>nettoyage des \u00e9coles,<\/li>\n<li>nettoyage de vitres.<\/li>\n<\/ul>\n<h2>M\u00e9nage pour appartement \u00e0 Coppet<\/h2>\n<p>Nous effectuons le nettoyage d\u2019appartement \u00e0 Coppet, g\u00e9n\u00e9ralement, nous intervenons \u00e0 Coppet pour nettoyer l&rsquo;int\u00e9rieur d&rsquo;appartement avant la remise des cl\u00e9s en fin de bail.<\/p>\n<p>Il est n\u00e9cessaire de comprendre que si le m\u00e9nage de votre int\u00e9rieur n&rsquo;est pas r\u00e9alis\u00e9 correctement, le propri\u00e9taire peut faire appel \u00e0 une entreprise de nettoyage et retenir une part de votre d\u00e9p\u00f4t de caution.<\/p>\n<p>Ce nettoyage avant l&rsquo;\u00e9tat des lieux inclut en particulier les services suivants :<\/p>\n<ul>\n<li>L&rsquo;entretien et le nettoyage des espaces : les murs, les sols, les parquets, les moquettes et les carrelages.<\/li>\n<li>Service de nettoyage des fen\u00eatres et des vitres.<\/li>\n<li>L&rsquo;entretien et le nettoyage de la salle d&rsquo;eau et des toilettes.<\/li>\n<li>Le nettoyage de la cuisine et de la h\u00f4te de cuisine.<\/li>\n<li>Le nettoyage des poussi\u00e8res sur le mobilier.<\/li>\n<\/ul>\n<h3>Vous avez besoin d&rsquo;un service de nettoyage r\u00e9gulier de votre logement\u202f?<\/h3>\n<p>Artisanlocal propose des services de nettoyage sur mesure, adapt\u00e9s \u00e0 vos exigences, nous pouvons intervenir de mani\u00e8res hebdomadaires, bihebdomadaires ou mensuelles.<\/p>\n<h3>Service pour un m\u00e9nage m\u00e9ticuleux de votre propri\u00e9t\u00e9 \u00e0 Coppet<\/h3>\n<p>Nous proposons aussi des services pour nettoyer en profondeur votre propri\u00e9t\u00e9 ou votre appartement, en compl\u00e9ment de notre service de m\u00e9nage classique.<\/p>\n<h3>Quels sont les avantages d\u2019un m\u00e9nage en profondeur ?<\/h3>\n<p>L\u2019avantage principal du nettoyage en profondeur est d\u2019\u00e9liminer en profondeur les poussi\u00e8res qui se sont entass\u00e9es au fil du temps, pour rendre l&rsquo;air int\u00e9rieur sain. Un grand nettoyage est par ailleurs un excellent moyen d&rsquo;\u00e9liminer les odeurs persistantes.<\/p>\n<h3>Service de nettoyage de bureaux \u00e0 Coppet<\/h3>\n<p>Pour le m\u00e9nage de vos espaces de travail, faites confiance aux professionnels d&rsquo;Artisanlocal. Avec notre entreprise, vous \u00e9conomisez du temps et de l&rsquo;\u00e9nergie ! Nous proposons des contrats de nettoyage adapt\u00e9s \u00e0 votre budget et \u00e0 vos besoins, voici les prestations que nous r\u00e9alisons pour les bureaux :<\/p>\n<ul>\n<li>Lavage de vos tapis et des vitres.<\/li>\n<li>Service d&rsquo;entretien des meubles de bureau en cuir ou tissu (des chaises, des bureaux, des divans).<\/li>\n<li>Gestion des d\u00e9chets m\u00e9nagers.<\/li>\n<li>\u00c9limination de la poussi\u00e8re sur toutes les surfaces et mobilier.<\/li>\n<li>Passage de l&rsquo;aspirateur et nettoyage des sols.<\/li>\n<\/ul>\n<h3>Service de m\u00e9nage de maison \u00e0 Coppet<\/h3>\n<p>Pour que votre propri\u00e9t\u00e9 reste tout le temps impeccable, un nettoyage quotidien doit faire partie de votre routine. De nos jours, la plupart des suisses ont un planning charg\u00e9 et cela complique la r\u00e9alisation des t\u00e2ches m\u00e9nag\u00e8res, c&rsquo;est ici que notre entreprise peut vous seconder dans votre m\u00e9nage de tous les jours.<\/p>\n<h2>Pourquoi faire appel \u00e0 notre entreprise de nettoyage \u00e0 Coppet ?<\/h2>\n<p>Si vous \u00eates un Cop\u00e9tan, vous rencontrez sans doute des difficult\u00e9s \u00e0 conserver votre habitat int\u00e9rieur propre et en ordre. Nos prestations de service sont adapt\u00e9es \u00e0 vos besoins, avec notre entreprise, vous avez la possibilit\u00e9 de :<\/p>\n<h3>Mieux organiser votre espace<\/h3>\n<p>Un int\u00e9rieur mal organis\u00e9 peut \u00eatre une cause de probl\u00e8mes dans votre quotidien (perte de temps, tensions avec votre conjoint). C&rsquo;est pour cela qu&rsquo;Artisanlocal vous propose des services de m\u00e9nage pour votre habitation de fa\u00e7on a mieux ranger votre lieu de vie, ce qui vous permet, de :<\/p>\n<h3>Construire un milieu plus accueillant<\/h3>\n<p>Une habitation bien rang\u00e9e vous aidera ainsi que vos invit\u00e9s \u00e0 vous sentir mieux.<\/p>\n<h3>Pr\u00e9server sa sant\u00e9 et rester heureux<\/h3>\n<p>Laisser la poussi\u00e8re et la salet\u00e9 s&rsquo;entasser dans votre int\u00e9rieur peut provoquer des dangers pour votre sant\u00e9, comme d\u00e9clencher des r\u00e9actions allergiques ou exacerber celles d\u00e9j\u00e0 pr\u00e9sentes. En engageant notre soci\u00e9t\u00e9 de m\u00e9nage, vous r\u00e9duisez le nombre d&rsquo;allerg\u00e8nes pr\u00e9sent dans l&rsquo;air.<\/p>\n<h3>Intervention \u00e0 Coppet et dans les villes aux alentours<\/h3>\n<p>Nous intervenons \u00e0 Coppet, mais aussi dans les villes aux alentours, comme : Bogis-Bossey, Chavannes-de-Bogis, Chavannes-des-Bois, Versoix, Commugny, Bellevue, Genthod, Mies, Tannay, Founex, C\u00e9ligny.<\/p>\n","protected":false},"excerpt":{"rendered":"<p>Vous avez besoin d&rsquo;une entreprise de nettoyage \u00e0 Coppet ? Artisanlocal propose des services sur mesures pour nettoyer votre int\u00e9rieur. Pourquoi choisir notre Artisanloca.ch ? Planification rapide de notre intervention. Techniciens form\u00e9s avec les derni\u00e8res techniques. Utilisation de produits \u00e9cologiques. Devis gratuits. Quelles sont les prestations de nettoyage d&rsquo;Artisanlocal.ch\u202f? Service de nettoyage pour les conciergeries [&hellip;]<\/p>\n","protected":false},"author":4,"featured_media":2754,"parent":0,"menu_order":0,"comment_status":"closed","ping_status":"closed","template":"","meta":{"footnotes":""},"profession":[108],"location":[45],"canton":[113],"class_list":["post-402","page","type-page","status-publish","has-post-thumbnail","hentry","profession-agent-de-proprete","location-coppet","canton-vd"],"yoast_head":"<!-- This site is optimized with the Yoast SEO Premium plugin v25.7.1 (Yoast SEO v27.3) - https:\/\/yoast.com\/product\/yoast-seo-premium-wordpress\/ -->\n<title>Entreprise de nettoyage \u00e0 Coppet - Artisanlocal<\/title>\n<meta name=\"robots\" content=\"index, follow, max-snippet:-1, max-image-preview:large, max-video-preview:-1\" \/>\n<link rel=\"canonical\" href=\"https:\/\/www.artisanlocal.ch\/c\/service-de-nettoyage-professionnel-pour-habitation-et-bureau-a-coppet\/\" \/>\n<meta property=\"og:locale\" content=\"fr_FR\" \/>\n<meta property=\"og:type\" content=\"article\" \/>\n<meta property=\"og:title\" content=\"Entreprise de nettoyage \u00e0 Coppet\" \/>\n<meta property=\"og:description\" content=\"Vous avez besoin d&rsquo;une entreprise de nettoyage \u00e0 Coppet ? Artisanlocal propose des services sur mesures pour nettoyer votre int\u00e9rieur. Pourquoi choisir notre Artisanloca.ch ? Planification rapide de notre intervention. Techniciens form\u00e9s avec les derni\u00e8res techniques. Utilisation de produits \u00e9cologiques. Devis gratuits. Quelles sont les prestations de nettoyage d&rsquo;Artisanlocal.ch\u202f? Service de nettoyage pour les conciergeries [&hellip;]\" \/>\n<meta property=\"og:url\" content=\"https:\/\/www.artisanlocal.ch\/c\/service-de-nettoyage-professionnel-pour-habitation-et-bureau-a-coppet\/\" \/>\n<meta property=\"og:site_name\" content=\"Artisanlocal\" \/>\n<meta property=\"article:modified_time\" content=\"2025-09-04T12:27:24+00:00\" \/>\n<meta property=\"og:image\" content=\"https:\/\/www.artisanlocal.ch\/c\/wp-content\/uploads\/2024\/10\/agent-proprete.jpg\" \/>\n\t<meta property=\"og:image:width\" content=\"1920\" \/>\n\t<meta property=\"og:image:height\" content=\"300\" \/>\n\t<meta property=\"og:image:type\" content=\"image\/jpeg\" \/>\n<meta name=\"twitter:card\" content=\"summary_large_image\" \/>\n<meta name=\"twitter:label1\" content=\"Dur\u00e9e de lecture estim\u00e9e\" \/>\n\t<meta name=\"twitter:data1\" content=\"4 minutes\" \/>\n<script type=\"application\/ld+json\" class=\"yoast-schema-graph\">{\"@context\":\"https:\\\/\\\/schema.org\",\"@graph\":[{\"@type\":\"WebPage\",\"@id\":\"https:\\\/\\\/www.artisanlocal.ch\\\/c\\\/service-de-nettoyage-professionnel-pour-habitation-et-bureau-a-coppet\\\/\",\"url\":\"https:\\\/\\\/www.artisanlocal.ch\\\/c\\\/service-de-nettoyage-professionnel-pour-habitation-et-bureau-a-coppet\\\/\",\"name\":\"Entreprise de nettoyage \u00e0 Coppet - Artisanlocal\",\"isPartOf\":{\"@id\":\"https:\\\/\\\/www.artisanlocal.ch\\\/c\\\/#website\"},\"primaryImageOfPage\":{\"@id\":\"https:\\\/\\\/www.artisanlocal.ch\\\/c\\\/service-de-nettoyage-professionnel-pour-habitation-et-bureau-a-coppet\\\/#primaryimage\"},\"image\":{\"@id\":\"https:\\\/\\\/www.artisanlocal.ch\\\/c\\\/service-de-nettoyage-professionnel-pour-habitation-et-bureau-a-coppet\\\/#primaryimage\"},\"thumbnailUrl\":\"https:\\\/\\\/www.artisanlocal.ch\\\/c\\\/wp-content\\\/uploads\\\/2024\\\/10\\\/agent-proprete.jpg\",\"datePublished\":\"2024-04-16T16:38:11+00:00\",\"dateModified\":\"2025-09-04T12:27:24+00:00\",\"breadcrumb\":{\"@id\":\"https:\\\/\\\/www.artisanlocal.ch\\\/c\\\/service-de-nettoyage-professionnel-pour-habitation-et-bureau-a-coppet\\\/#breadcrumb\"},\"inLanguage\":\"fr-FR\",\"potentialAction\":[{\"@type\":\"ReadAction\",\"target\":[\"https:\\\/\\\/www.artisanlocal.ch\\\/c\\\/service-de-nettoyage-professionnel-pour-habitation-et-bureau-a-coppet\\\/\"]}]},{\"@type\":\"ImageObject\",\"inLanguage\":\"fr-FR\",\"@id\":\"https:\\\/\\\/www.artisanlocal.ch\\\/c\\\/service-de-nettoyage-professionnel-pour-habitation-et-bureau-a-coppet\\\/#primaryimage\",\"url\":\"https:\\\/\\\/www.artisanlocal.ch\\\/c\\\/wp-content\\\/uploads\\\/2024\\\/10\\\/agent-proprete.jpg\",\"contentUrl\":\"https:\\\/\\\/www.artisanlocal.ch\\\/c\\\/wp-content\\\/uploads\\\/2024\\\/10\\\/agent-proprete.jpg\",\"width\":1920,\"height\":300},{\"@type\":\"BreadcrumbList\",\"@id\":\"https:\\\/\\\/www.artisanlocal.ch\\\/c\\\/service-de-nettoyage-professionnel-pour-habitation-et-bureau-a-coppet\\\/#breadcrumb\",\"itemListElement\":[{\"@type\":\"ListItem\",\"position\":1,\"name\":\"Accueil\",\"item\":\"https:\\\/\\\/www.artisanlocal.ch\\\/c\\\/\"},{\"@type\":\"ListItem\",\"position\":2,\"name\":\"Entreprise de nettoyage \u00e0 Coppet\"}]},{\"@type\":\"WebSite\",\"@id\":\"https:\\\/\\\/www.artisanlocal.ch\\\/c\\\/#website\",\"url\":\"https:\\\/\\\/www.artisanlocal.ch\\\/c\\\/\",\"name\":\"Artisanlocal\",\"description\":\"\",\"publisher\":{\"@id\":\"https:\\\/\\\/www.artisanlocal.ch\\\/c\\\/#organization\"},\"potentialAction\":[{\"@type\":\"SearchAction\",\"target\":{\"@type\":\"EntryPoint\",\"urlTemplate\":\"https:\\\/\\\/www.artisanlocal.ch\\\/c\\\/?s={search_term_string}\"},\"query-input\":{\"@type\":\"PropertyValueSpecification\",\"valueRequired\":true,\"valueName\":\"search_term_string\"}}],\"inLanguage\":\"fr-FR\"},{\"@type\":\"Organization\",\"@id\":\"https:\\\/\\\/www.artisanlocal.ch\\\/c\\\/#organization\",\"name\":\"Artisanlocal\",\"url\":\"https:\\\/\\\/www.artisanlocal.ch\\\/c\\\/\",\"logo\":{\"@type\":\"ImageObject\",\"inLanguage\":\"fr-FR\",\"@id\":\"https:\\\/\\\/www.artisanlocal.ch\\\/c\\\/#\\\/schema\\\/logo\\\/image\\\/\",\"url\":\"https:\\\/\\\/www.artisanlocal.ch\\\/c\\\/wp-content\\\/uploads\\\/2024\\\/02\\\/logo-artisanlocal-h.svg\",\"contentUrl\":\"https:\\\/\\\/www.artisanlocal.ch\\\/c\\\/wp-content\\\/uploads\\\/2024\\\/02\\\/logo-artisanlocal-h.svg\",\"caption\":\"Artisanlocal\"},\"image\":{\"@id\":\"https:\\\/\\\/www.artisanlocal.ch\\\/c\\\/#\\\/schema\\\/logo\\\/image\\\/\"}}]}<\/script>\n<!-- \/ Yoast SEO Premium plugin. -->","yoast_head_json":{"title":"Entreprise de nettoyage \u00e0 Coppet - Artisanlocal","robots":{"index":"index","follow":"follow","max-snippet":"max-snippet:-1","max-image-preview":"max-image-preview:large","max-video-preview":"max-video-preview:-1"},"canonical":"https:\/\/www.artisanlocal.ch\/c\/service-de-nettoyage-professionnel-pour-habitation-et-bureau-a-coppet\/","og_locale":"fr_FR","og_type":"article","og_title":"Entreprise de nettoyage \u00e0 Coppet","og_description":"Vous avez besoin d&rsquo;une entreprise de nettoyage \u00e0 Coppet ? Artisanlocal propose des services sur mesures pour nettoyer votre int\u00e9rieur. Pourquoi choisir notre Artisanloca.ch ? Planification rapide de notre intervention. Techniciens form\u00e9s avec les derni\u00e8res techniques. Utilisation de produits \u00e9cologiques. Devis gratuits. Quelles sont les prestations de nettoyage d&rsquo;Artisanlocal.ch\u202f? Service de nettoyage pour les conciergeries [&hellip;]","og_url":"https:\/\/www.artisanlocal.ch\/c\/service-de-nettoyage-professionnel-pour-habitation-et-bureau-a-coppet\/","og_site_name":"Artisanlocal","article_modified_time":"2025-09-04T12:27:24+00:00","og_image":[{"width":1920,"height":300,"url":"https:\/\/www.artisanlocal.ch\/c\/wp-content\/uploads\/2024\/10\/agent-proprete.jpg","type":"image\/jpeg"}],"twitter_card":"summary_large_image","twitter_misc":{"Dur\u00e9e de lecture estim\u00e9e":"4 minutes"},"schema":{"@context":"https:\/\/schema.org","@graph":[{"@type":"WebPage","@id":"https:\/\/www.artisanlocal.ch\/c\/service-de-nettoyage-professionnel-pour-habitation-et-bureau-a-coppet\/","url":"https:\/\/www.artisanlocal.ch\/c\/service-de-nettoyage-professionnel-pour-habitation-et-bureau-a-coppet\/","name":"Entreprise de nettoyage \u00e0 Coppet - Artisanlocal","isPartOf":{"@id":"https:\/\/www.artisanlocal.ch\/c\/#website"},"primaryImageOfPage":{"@id":"https:\/\/www.artisanlocal.ch\/c\/service-de-nettoyage-professionnel-pour-habitation-et-bureau-a-coppet\/#primaryimage"},"image":{"@id":"https:\/\/www.artisanlocal.ch\/c\/service-de-nettoyage-professionnel-pour-habitation-et-bureau-a-coppet\/#primaryimage"},"thumbnailUrl":"https:\/\/www.artisanlocal.ch\/c\/wp-content\/uploads\/2024\/10\/agent-proprete.jpg","datePublished":"2024-04-16T16:38:11+00:00","dateModified":"2025-09-04T12:27:24+00:00","breadcrumb":{"@id":"https:\/\/www.artisanlocal.ch\/c\/service-de-nettoyage-professionnel-pour-habitation-et-bureau-a-coppet\/#breadcrumb"},"inLanguage":"fr-FR","potentialAction":[{"@type":"ReadAction","target":["https:\/\/www.artisanlocal.ch\/c\/service-de-nettoyage-professionnel-pour-habitation-et-bureau-a-coppet\/"]}]},{"@type":"ImageObject","inLanguage":"fr-FR","@id":"https:\/\/www.artisanlocal.ch\/c\/service-de-nettoyage-professionnel-pour-habitation-et-bureau-a-coppet\/#primaryimage","url":"https:\/\/www.artisanlocal.ch\/c\/wp-content\/uploads\/2024\/10\/agent-proprete.jpg","contentUrl":"https:\/\/www.artisanlocal.ch\/c\/wp-content\/uploads\/2024\/10\/agent-proprete.jpg","width":1920,"height":300},{"@type":"BreadcrumbList","@id":"https:\/\/www.artisanlocal.ch\/c\/service-de-nettoyage-professionnel-pour-habitation-et-bureau-a-coppet\/#breadcrumb","itemListElement":[{"@type":"ListItem","position":1,"name":"Accueil","item":"https:\/\/www.artisanlocal.ch\/c\/"},{"@type":"ListItem","position":2,"name":"Entreprise de nettoyage \u00e0 Coppet"}]},{"@type":"WebSite","@id":"https:\/\/www.artisanlocal.ch\/c\/#website","url":"https:\/\/www.artisanlocal.ch\/c\/","name":"Artisanlocal","description":"","publisher":{"@id":"https:\/\/www.artisanlocal.ch\/c\/#organization"},"potentialAction":[{"@type":"SearchAction","target":{"@type":"EntryPoint","urlTemplate":"https:\/\/www.artisanlocal.ch\/c\/?s={search_term_string}"},"query-input":{"@type":"PropertyValueSpecification","valueRequired":true,"valueName":"search_term_string"}}],"inLanguage":"fr-FR"},{"@type":"Organization","@id":"https:\/\/www.artisanlocal.ch\/c\/#organization","name":"Artisanlocal","url":"https:\/\/www.artisanlocal.ch\/c\/","logo":{"@type":"ImageObject","inLanguage":"fr-FR","@id":"https:\/\/www.artisanlocal.ch\/c\/#\/schema\/logo\/image\/","url":"https:\/\/www.artisanlocal.ch\/c\/wp-content\/uploads\/2024\/02\/logo-artisanlocal-h.svg","contentUrl":"https:\/\/www.artisanlocal.ch\/c\/wp-content\/uploads\/2024\/02\/logo-artisanlocal-h.svg","caption":"Artisanlocal"},"image":{"@id":"https:\/\/www.artisanlocal.ch\/c\/#\/schema\/logo\/image\/"}}]}},"_links":{"self":[{"href":"https:\/\/www.artisanlocal.ch\/c\/wp-json\/wp\/v2\/pages\/402","targetHints":{"allow":["GET"]}}],"collection":[{"href":"https:\/\/www.artisanlocal.ch\/c\/wp-json\/wp\/v2\/pages"}],"about":[{"href":"https:\/\/www.artisanlocal.ch\/c\/wp-json\/wp\/v2\/types\/page"}],"author":[{"embeddable":true,"href":"https:\/\/www.artisanlocal.ch\/c\/wp-json\/wp\/v2\/users\/4"}],"replies":[{"embeddable":true,"href":"https:\/\/www.artisanlocal.ch\/c\/wp-json\/wp\/v2\/comments?post=402"}],"version-history":[{"count":0,"href":"https:\/\/www.artisanlocal.ch\/c\/wp-json\/wp\/v2\/pages\/402\/revisions"}],"wp:featuredmedia":[{"embeddable":true,"href":"https:\/\/www.artisanlocal.ch\/c\/wp-json\/wp\/v2\/media\/2754"}],"wp:attachment":[{"href":"https:\/\/www.artisanlocal.ch\/c\/wp-json\/wp\/v2\/media?parent=402"}],"wp:term":[{"taxonomy":"profession","embeddable":true,"href":"https:\/\/www.artisanlocal.ch\/c\/wp-json\/wp\/v2\/profession?post=402"},{"taxonomy":"location","embeddable":true,"href":"https:\/\/www.artisanlocal.ch\/c\/wp-json\/wp\/v2\/location?post=402"},{"taxonomy":"canton","embeddable":true,"href":"https:\/\/www.artisanlocal.ch\/c\/wp-json\/wp\/v2\/canton?post=402"}],"curies":[{"name":"wp","href":"https:\/\/api.w.org\/{rel}","templated":true}]}}