{"id":403,"date":"2024-04-16T18:38:11","date_gmt":"2024-04-16T16:38:11","guid":{"rendered":"https:\/\/www.artisanlocal.ch\/c\/nettoyage-pour-habitation-et-bureau-a-cossonay-ville\/"},"modified":"2025-08-27T01:33:59","modified_gmt":"2025-08-26T23:33:59","slug":"nettoyage-pour-habitation-et-bureau-a-cossonay-ville","status":"publish","type":"page","link":"https:\/\/www.artisanlocal.ch\/c\/nettoyage-pour-habitation-et-bureau-a-cossonay-ville\/","title":{"rendered":"Nettoyage pour habitation et bureau \u00e0 Cossonay-Ville"},"content":{"rendered":"<p>Nous proposons un nettoyage complet de votre studio ou de vos locaux commerciaux \u00e0 Cossonay-Ville. Notre soci\u00e9t\u00e9 est constitu\u00e9e d&rsquo;experts qualifi\u00e9s qui s&rsquo;efforcent d&rsquo;apporter \u00e0 notre client\u00e8le des services de la meilleure qualit\u00e9 possible.<br \/>\n\r\n<div class=\"box\">\r\n            <div class=\"company-info\">\r\n            <img decoding=\"async\" class=\"company-info__logo\" src=\"https:\/\/www.artisanlocal.ch\/media\/cache\/thumb\/images\/companies\/6900951481eb7418519901.png\" alt=\"Logo\">\r\n            <h2 class=\"company-info__name\">Absolute Clean Sinomema<\/h2>\r\n            <p class=\"company-info__business\">Entreprise de nettoyage - Entretien - Conciergerie priv\u00e9e<\/p>\r\n        <\/div>\r\n        <div class=\"company-contact\">\r\n            <p class=\"company-info__address\">Chemin des Lilas 1<\/p>\r\n                            <div class=\"links\">\r\n                                            <a class=\"btn has-accent-background-color js-phoneNumber\" href=\"tel:0779988069\" title=\"Appelez\" data-id=\"25347\" data-type=\"11\">077 998 80 69<\/a>\r\n                                                                <a class=\"btn has-accent-background-color\" href=\"https:\/\/absolute-clean-sinomema.digitalone.site\/\" target=\"_blank\" title=\"Voir le site internet\" data-id=\"25347\" data-type=\"20\">Site internet<\/a>\r\n                                    <\/div>\r\n                    <\/div>\r\n    \r\n            \r\n<form action=\"https:\/\/www.artisanlocal.ch\/c\/wp-admin\/admin-ajax.php\" method=\"post\" class=\"form-contact\" id=\"artisan_form_contact_company_inline\">\r\n    <div><input type=\"hidden\" name=\"action\" value=\"company_contact\"><\/div>\r\n    <div><input type=\"hidden\" name=\"nonce\" value=\"622c770a9c\"><\/div>\r\n    <div><input type=\"hidden\" name=\"company_id\" value=\"25347\"><\/div>\r\n    <div><input type=\"hidden\" name=\"form_id\" value=\"artisan_form_contact_company_inline\"><\/div>\r\n    <div class=\"gglcptch gglcptch_v3 gglcptch_custom\"><input type=\"hidden\" id=\"g-recaptcha-response\" name=\"g-recaptcha-response\" \/><br \/><div class=\"gglcptch_error_text\">La p\u00e9riode de v\u00e9rification reCAPTCHA a expir\u00e9. Veuillez recharger la page.<\/div><\/div>    <div class=\"form-content\">\r\n        <div class=\"form-group\">\r\n            <label for=\"contact_firstName\" class=\"required\">Pr\u00e9nom<\/label>\r\n            <input type=\"text\" name=\"firstName\" class=\"form-control\" required>\r\n        <\/div>\r\n        <div class=\"form-group\">\r\n            <label for=\"contact_lastName\" class=\"required\">Nom<\/label>\r\n            <input type=\"text\" name=\"lastName\" class=\"form-control\" required>\r\n        <\/div>\r\n        <div class=\"form-group\">\r\n            <label for=\"contact_email\" class=\"required\">Email<\/label>\r\n            <input type=\"email\" name=\"email\" class=\"form-control\" required>\r\n        <\/div>\r\n        <div class=\"form-group\">\r\n            <label for=\"contact_phone\" class=\"required\">Num\u00e9ro de t\u00e9l\u00e9phone<\/label>\r\n            <input type=\"tel\" name=\"phone\" class=\"form-control\" placeholder=\"0787117165\" pattern=\"^[0-9]{10}$\" required>\r\n        <\/div>\r\n        <div class=\"form-group\">\r\n            <label for=\"contact_postalCode\" class=\"required\">Code postal et localit\u00e9<\/label>\r\n            <input type=\"text\" name=\"postalCode\" class=\"form-control\" required>\r\n        <\/div>\r\n        <div class=\"form-group\">\r\n            <label for=\"contact_address\" class=\"required\">Adresse<\/label>\r\n            <input type=\"text\" name=\"address\" class=\"form-control\" required>\r\n        <\/div>\r\n        <div class=\"full-width topic\">\r\n            <p class=\"required\">Je souhaite \u00eatre contact\u00e9 pour :<\/p>\r\n            <div class=\"form-check\">\r\n                <input type=\"radio\" name=\"topic\" value=\"D\u00e9pannage\" class=\"form-control\" required>\r\n                <label for=\"d\u00e9pannage\">D\u00e9pannage<\/label>\r\n            <\/div>\r\n            <div class=\"form-check\">\r\n                <input type=\"radio\" name=\"topic\" value=\"Entretien\" class=\"form-control\" required>\r\n                <label for=\"entretien\">Entretien<\/label>\r\n            <\/div>\r\n            <div class=\"form-check\">\r\n                <input type=\"radio\" name=\"topic\" value=\"R\u00e9novation\" class=\"form-control\" required>\r\n                <label for=\"r\u00e9novation\">R\u00e9novation<\/label>\r\n            <\/div>\r\n            <div class=\"form-check\">\r\n                <input type=\"radio\" name=\"topic\" value=\"Autre\" class=\"form-control\" required>\r\n                <label for=\"autre\">Autre<\/label>\r\n            <\/div>\r\n        <\/div>\r\n        <div class=\"form-group full-width\">\r\n            <label for=\"contact_message\">Message<\/label>\r\n            <textarea name=\"message\" rows=\"3\" class=\"form-control\"><\/textarea>\r\n        <\/div>\r\n    <\/div>\r\n    <div class=\"form-actions\">\r\n        <button class=\"wp-block-button__link has-accent-background-color\">Contacter<\/button>\r\n    <\/div>\r\n<\/form>\r\n<div class=\"form-feedback\"><\/div>    <\/div><\/p>\n<h2>Pourquoi collaborer avec notre soci\u00e9t\u00e9 ?<\/h2>\n<ul>\n<li>Vous pouvez planifier un rendez-vous aujourd&rsquo;hui avec notre entreprise.<\/li>\n<li>Nous utilisons les derni\u00e8res m\u00e9thodes de nettoyage.<\/li>\n<li>Notre service de nettoyage est r\u00e9alis\u00e9 avec des produits \u00e9cologiques.<\/li>\n<li>Nous vous fournissons une estimation gratuite.<\/li>\n<\/ul>\n<h2>Nettoyage de votre habitation ou de votre bureau \u00e0 Cossonay-Ville<\/h2>\n<p>Nous offrons une large gamme de prestations de nettoyage personnalis\u00e9 pour satisfaire les attentes de nos clients.<\/p>\n<p>Dans le cas d&rsquo;un nettoyage en profondeur, d\u2019un m\u00e9nage r\u00e9gulier ou d&rsquo;un entretien continu, nous pouvons \u00e9tablir des solutions sur mesure, voici les interventions que nous pratiquons le plus souvent \u00e0 Cossonay-Ville, vous pouvez b\u00e9n\u00e9ficier :<\/p>\n<ul>\n<li>D&rsquo;un nettoyage avant emm\u00e9nagement\/apr\u00e8s d\u00e9m\u00e9nagement pour les occupants.<\/li>\n<li>D&rsquo;un nettoyage d&rsquo;h\u00e9bergements Airbnb.<\/li>\n<li>D&rsquo;un nettoyage professionnel de bureaux et locaux commerciaux.<\/li>\n<li>D&rsquo;un service de nettoyage apr\u00e8s une r\u00e9novation.<\/li>\n<\/ul>\n<h2>Quelles sont les prestations d&rsquo;entretien d&rsquo;artisanlocal\u202f?<\/h2>\n<ul>\n<li>Service de nettoyage pour les locations temporaires,<\/li>\n<li>service de nettoyage et de m\u00e9nage de studios,<\/li>\n<li>entretien et nettoyage des appareils m\u00e9nagers,<\/li>\n<li>nettoyage et entretien du jardin,<\/li>\n<li>nettoyage de sous-sols,<\/li>\n<li>d\u00e9sinfection des surfaces pour lutter contre les virus,<\/li>\n<li>service de lavage de la vaisselle,<\/li>\n<li>nettoyage et entretien des installations sportives,<\/li>\n<li>lavage des sols,<\/li>\n<li>nettoyage sanitaire en milieu hospitalier,<\/li>\n<li>nettoyage apr\u00e8s un changement de domicile,<\/li>\n<li>nettoyage des lieux de travail,<\/li>\n<li>nettoyage apr\u00e8s travaux de r\u00e9novation,<\/li>\n<li>nettoyage de salles de bains,<\/li>\n<li>nettoyage de magasins de proximit\u00e9,<\/li>\n<li>nettoyage des \u00e9coles,<\/li>\n<li>lavage de vitres.<\/li>\n<\/ul>\n<h2>Une soci\u00e9t\u00e9 de confiance en Suisse<\/h2>\n<h3>M\u00e9nage d&rsquo;appartement \u00e0 Cossonay-Ville<\/h3>\n<p>Nous effectuons le m\u00e9nage des appartements \u00e0 Cossonay-Ville, par exemple, nous pouvons nettoyer votre appartement, avant votre \u00e9tat des lieux.<\/p>\n<p>Il faut comprendre que si le m\u00e9nage int\u00e9rieur de l&rsquo;appartement n&rsquo;est pas r\u00e9alis\u00e9 correctement, le propri\u00e9taire a le droit de faire appel \u00e0 une soci\u00e9t\u00e9 de m\u00e9nage et retenir une part de votre d\u00e9p\u00f4t de garantie.<\/p>\n<p>Les services de nettoyage pour l&rsquo;\u00e9tat des lieux incluent :<\/p>\n<p>&#8211; L&rsquo;entretien des surfaces : murs, sols, moquettes, parquets et carrelages.<\/p>\n<p>&#8211; Service de nettoyage des fen\u00eatres et des vitres.<\/p>\n<p>&#8211; Nettoyage des toilettes et de la salle d&rsquo;eau.<\/p>\n<p>&#8211; L&rsquo;entretien de l&rsquo;espace de cuisson et du syst\u00e8me de ventilation de la cuisine.<\/p>\n<p>&#8211; Le nettoyage des amas de poussi\u00e8re sur le mobilier d&rsquo;int\u00e9rieur.<\/p>\n<h3>Vous avez besoin d&rsquo;un entretien continu de votre appartement?<\/h3>\n<p>Notre entreprise offre des services de propret\u00e9 personnalis\u00e9s, adapt\u00e9s \u00e0 vos exigences, nous pouvons intervenir de fa\u00e7ons mensuelles, bihebdomadaires ou hebdomadaires.<\/p>\n<h3>Nettoyage en profondeur de votre propri\u00e9t\u00e9 et de votre studio \u00e0 Cossonay-Ville<\/h3>\n<p>Artisanlocal offre des services pour nettoyer en profondeur votre villa ou votre studio, en plus de notre prestation de nettoyage classique.<\/p>\n<h3>Quels sont les b\u00e9n\u00e9fices d&rsquo;effectuer un nettoyage en profondeur avec notre entreprise ?<\/h3>\n<p>L\u2019avantage principal du nettoyage approfondi est d\u2019\u00e9liminer les amas de poussi\u00e8res qui se sont empil\u00e9es au fil du temps, pour rendre votre logement sans danger pour la sant\u00e9. Un grand nettoyage est aussi un excellent moyen d&rsquo;\u00e9liminer les odeurs d\u00e9sagr\u00e9ables.<\/p>\n<h3>Nettoyage de bureaux \u00e0 Cossonay-Ville<\/h3>\n<p>Pour le nettoyage de vos bureaux, comptez sur Artisanlocal. Gagnez du temps et de l&rsquo;\u00e9nergie gr\u00e2ce \u00e0 nos prestations ! Nous proposons des prestations de nettoyage \u00e0 l&rsquo;ann\u00e9e qui s&rsquo;ajustera \u00e0 vos besoins et \u00e0 votre enveloppe budg\u00e9taire. Voici les prestations que nous proposons pour le m\u00e9nage de vos espaces de travail :<\/p>\n<ul>\n<li>Entretien de moquettes et lavage de vitres de bureau.<\/li>\n<li>Entretien du mobilier de bureau en cuir ou tissu (des canap\u00e9s, des espaces de travail et des fauteuils).<\/li>\n<li>Enl\u00e8vement des d\u00e9chets m\u00e9nagers.<\/li>\n<li>\u00c9limination de la poussi\u00e8re sur toutes les surfaces et mobilier.<\/li>\n<li>Nettoyage des sols et utilisation de l&rsquo;aspirateur.<\/li>\n<\/ul>\n<h3>Service de nettoyage de propri\u00e9t\u00e9 \u00e0 Cossonay-Ville<\/h3>\n<p>Pour que votre propri\u00e9t\u00e9 soit toujours aussi bien entretenu, un m\u00e9nage fr\u00e9quent n\u00e9cessite d&rsquo;\u00eatre inclus dans votre routine. \u00c0 notre \u00e9poque, la majorit\u00e9 des suisses ont un agenda rempli et cela complique la r\u00e9alisation des corv\u00e9es m\u00e9nag\u00e8res courantes, c&rsquo;est ici que notre entreprise peut vous assister dans votre entretien de tous les jours.<\/p>\n<h2>Quel est l&rsquo;int\u00e9r\u00eat de recourir \u00e0 une entreprise pour nettoyer sa propri\u00e9t\u00e9 \u00e0 Cossonay-Ville ?<\/h2>\n<p>Si vous \u00eates un Cossonay-Villesan, vous avez peut-\u00eatre des difficult\u00e9s \u00e0 tenir votre habitat int\u00e9rieur propre et en ordre. Notre gamme de services vous aidera \u00e0 pr\u00e9server votre habitation dans un \u00e9tat irr\u00e9prochable. En ayant recours \u00e0 notre entreprise, vous allez pouvoir :<\/p>\n<h3>Mieux g\u00e9rer l&rsquo;int\u00e9rieur de votre habitation<\/h3>\n<p>Un h\u00e9bergement mal rang\u00e9 peut \u00eatre une source de difficult\u00e9s dans votre quotidien (perte de temps, discordes avec son conjoint, etc.). Artisanlocal offre des services professionnels de nettoyage pour votre habitation de mani\u00e8re \u00e0 mieux organiser votre lieu de vie, ce qui vous donne la possibilit\u00e9, de :<\/p>\n<h3>Mettre en place un milieu plus convivial<\/h3>\n<p>En effet, une maison bien organis\u00e9e permet \u00e0 vos invit\u00e9s de vous sentir mieux.<\/p>\n<h3>Vivre en bonne forme et heureux<\/h3>\n<p>L&rsquo;accumulation des poussi\u00e8res dans votre maison peut engendrer des dangers pour la sant\u00e9, et causer des allergies ou exacerber celles qui existent d\u00e9j\u00e0. En engageant une entreprise de m\u00e9nage, vous r\u00e9duisez les allerg\u00e8nes.<\/p>\n<h3>Optimiser la disposition globale de votre propri\u00e9t\u00e9<\/h3>\n<p>Il est banal que l&rsquo;int\u00e9rieur des maisons soit mal rang\u00e9, ce qui peut rendre difficile la vie quotidienne. Opter pour notre service de nettoyage pour vous garantir la bonne organisation et propret\u00e9 de votre propri\u00e9t\u00e9. Par ailleurs, nous pouvons aussi op\u00e9rer \u00e0 : Mex VD, Boussens, Bournens, Sullens, Bettens, Cottens VD, Grancy, Gollion, S\u00e9very, Pampigny, Montricher, Chavannes-le-Veyron, Cuarnens, L'Isle, La Coudre, Villars-Bozon, Mauraz, Moiry VD, Mont-la-Ville, Vufflens-la-Ville, Penthaz, Allens, Dizy, Senarclens, Penthalaz, Daillens, Lussery-Villars, La Chaux (Cossonay), Ecl\u00e9pens, Ferreyres, La Sarraz, Chevilly, Orny, Pompaples.<\/p>\n","protected":false},"excerpt":{"rendered":"<p>Nous proposons un nettoyage complet de votre studio ou de vos locaux commerciaux \u00e0 Cossonay-Ville. Notre soci\u00e9t\u00e9 est constitu\u00e9e d&rsquo;experts qualifi\u00e9s qui s&rsquo;efforcent d&rsquo;apporter \u00e0 notre client\u00e8le des services de la meilleure qualit\u00e9 possible. Pourquoi collaborer avec notre soci\u00e9t\u00e9 ? Vous pouvez planifier un rendez-vous aujourd&rsquo;hui avec notre entreprise. Nous utilisons les derni\u00e8res m\u00e9thodes de [&hellip;]<\/p>\n","protected":false},"author":4,"featured_media":2754,"parent":0,"menu_order":0,"comment_status":"closed","ping_status":"closed","template":"","meta":{"footnotes":""},"profession":[108],"location":[116],"canton":[113],"class_list":["post-403","page","type-page","status-publish","has-post-thumbnail","hentry","profession-agent-de-proprete","location-cossonay-ville","canton-vd"],"yoast_head":"<!-- This site is optimized with the Yoast SEO Premium plugin v25.7.1 (Yoast SEO v27.4) - https:\/\/yoast.com\/product\/yoast-seo-premium-wordpress\/ -->\n<title>Nettoyage pour habitation et bureau \u00e0 Cossonay-Ville - Artisanlocal<\/title>\n<meta name=\"robots\" content=\"index, follow, max-snippet:-1, max-image-preview:large, max-video-preview:-1\" \/>\n<link rel=\"canonical\" href=\"https:\/\/www.artisanlocal.ch\/c\/nettoyage-pour-habitation-et-bureau-a-cossonay-ville\/\" \/>\n<meta property=\"og:locale\" content=\"fr_FR\" \/>\n<meta property=\"og:type\" content=\"article\" \/>\n<meta property=\"og:title\" content=\"Nettoyage pour habitation et bureau \u00e0 Cossonay-Ville\" \/>\n<meta property=\"og:description\" content=\"Nous proposons un nettoyage complet de votre studio ou de vos locaux commerciaux \u00e0 Cossonay-Ville. Notre soci\u00e9t\u00e9 est constitu\u00e9e d&rsquo;experts qualifi\u00e9s qui s&rsquo;efforcent d&rsquo;apporter \u00e0 notre client\u00e8le des services de la meilleure qualit\u00e9 possible. Pourquoi collaborer avec notre soci\u00e9t\u00e9 ? Vous pouvez planifier un rendez-vous aujourd&rsquo;hui avec notre entreprise. Nous utilisons les derni\u00e8res m\u00e9thodes de [&hellip;]\" \/>\n<meta property=\"og:url\" content=\"https:\/\/www.artisanlocal.ch\/c\/nettoyage-pour-habitation-et-bureau-a-cossonay-ville\/\" \/>\n<meta property=\"og:site_name\" content=\"Artisanlocal\" \/>\n<meta property=\"article:modified_time\" content=\"2025-08-26T23:33:59+00:00\" \/>\n<meta property=\"og:image\" content=\"https:\/\/www.artisanlocal.ch\/c\/wp-content\/uploads\/2024\/10\/agent-proprete.jpg\" \/>\n\t<meta property=\"og:image:width\" content=\"1920\" \/>\n\t<meta property=\"og:image:height\" content=\"300\" \/>\n\t<meta property=\"og:image:type\" content=\"image\/jpeg\" \/>\n<meta name=\"twitter:card\" content=\"summary_large_image\" \/>\n<meta name=\"twitter:label1\" content=\"Dur\u00e9e de lecture estim\u00e9e\" \/>\n\t<meta name=\"twitter:data1\" content=\"5 minutes\" \/>\n<script type=\"application\/ld+json\" class=\"yoast-schema-graph\">{\"@context\":\"https:\\\/\\\/schema.org\",\"@graph\":[{\"@type\":\"WebPage\",\"@id\":\"https:\\\/\\\/www.artisanlocal.ch\\\/c\\\/nettoyage-pour-habitation-et-bureau-a-cossonay-ville\\\/\",\"url\":\"https:\\\/\\\/www.artisanlocal.ch\\\/c\\\/nettoyage-pour-habitation-et-bureau-a-cossonay-ville\\\/\",\"name\":\"Nettoyage pour habitation et bureau \u00e0 Cossonay-Ville - Artisanlocal\",\"isPartOf\":{\"@id\":\"https:\\\/\\\/www.artisanlocal.ch\\\/c\\\/#website\"},\"primaryImageOfPage\":{\"@id\":\"https:\\\/\\\/www.artisanlocal.ch\\\/c\\\/nettoyage-pour-habitation-et-bureau-a-cossonay-ville\\\/#primaryimage\"},\"image\":{\"@id\":\"https:\\\/\\\/www.artisanlocal.ch\\\/c\\\/nettoyage-pour-habitation-et-bureau-a-cossonay-ville\\\/#primaryimage\"},\"thumbnailUrl\":\"https:\\\/\\\/www.artisanlocal.ch\\\/c\\\/wp-content\\\/uploads\\\/2024\\\/10\\\/agent-proprete.jpg\",\"datePublished\":\"2024-04-16T16:38:11+00:00\",\"dateModified\":\"2025-08-26T23:33:59+00:00\",\"breadcrumb\":{\"@id\":\"https:\\\/\\\/www.artisanlocal.ch\\\/c\\\/nettoyage-pour-habitation-et-bureau-a-cossonay-ville\\\/#breadcrumb\"},\"inLanguage\":\"fr-FR\",\"potentialAction\":[{\"@type\":\"ReadAction\",\"target\":[\"https:\\\/\\\/www.artisanlocal.ch\\\/c\\\/nettoyage-pour-habitation-et-bureau-a-cossonay-ville\\\/\"]}]},{\"@type\":\"ImageObject\",\"inLanguage\":\"fr-FR\",\"@id\":\"https:\\\/\\\/www.artisanlocal.ch\\\/c\\\/nettoyage-pour-habitation-et-bureau-a-cossonay-ville\\\/#primaryimage\",\"url\":\"https:\\\/\\\/www.artisanlocal.ch\\\/c\\\/wp-content\\\/uploads\\\/2024\\\/10\\\/agent-proprete.jpg\",\"contentUrl\":\"https:\\\/\\\/www.artisanlocal.ch\\\/c\\\/wp-content\\\/uploads\\\/2024\\\/10\\\/agent-proprete.jpg\",\"width\":1920,\"height\":300},{\"@type\":\"BreadcrumbList\",\"@id\":\"https:\\\/\\\/www.artisanlocal.ch\\\/c\\\/nettoyage-pour-habitation-et-bureau-a-cossonay-ville\\\/#breadcrumb\",\"itemListElement\":[{\"@type\":\"ListItem\",\"position\":1,\"name\":\"Accueil\",\"item\":\"https:\\\/\\\/www.artisanlocal.ch\\\/c\\\/\"},{\"@type\":\"ListItem\",\"position\":2,\"name\":\"Nettoyage pour habitation et bureau \u00e0 Cossonay-Ville\"}]},{\"@type\":\"WebSite\",\"@id\":\"https:\\\/\\\/www.artisanlocal.ch\\\/c\\\/#website\",\"url\":\"https:\\\/\\\/www.artisanlocal.ch\\\/c\\\/\",\"name\":\"Artisanlocal\",\"description\":\"\",\"publisher\":{\"@id\":\"https:\\\/\\\/www.artisanlocal.ch\\\/c\\\/#organization\"},\"potentialAction\":[{\"@type\":\"SearchAction\",\"target\":{\"@type\":\"EntryPoint\",\"urlTemplate\":\"https:\\\/\\\/www.artisanlocal.ch\\\/c\\\/?s={search_term_string}\"},\"query-input\":{\"@type\":\"PropertyValueSpecification\",\"valueRequired\":true,\"valueName\":\"search_term_string\"}}],\"inLanguage\":\"fr-FR\"},{\"@type\":\"Organization\",\"@id\":\"https:\\\/\\\/www.artisanlocal.ch\\\/c\\\/#organization\",\"name\":\"Artisanlocal\",\"url\":\"https:\\\/\\\/www.artisanlocal.ch\\\/c\\\/\",\"logo\":{\"@type\":\"ImageObject\",\"inLanguage\":\"fr-FR\",\"@id\":\"https:\\\/\\\/www.artisanlocal.ch\\\/c\\\/#\\\/schema\\\/logo\\\/image\\\/\",\"url\":\"https:\\\/\\\/www.artisanlocal.ch\\\/c\\\/wp-content\\\/uploads\\\/2024\\\/02\\\/logo-artisanlocal-h.svg\",\"contentUrl\":\"https:\\\/\\\/www.artisanlocal.ch\\\/c\\\/wp-content\\\/uploads\\\/2024\\\/02\\\/logo-artisanlocal-h.svg\",\"caption\":\"Artisanlocal\"},\"image\":{\"@id\":\"https:\\\/\\\/www.artisanlocal.ch\\\/c\\\/#\\\/schema\\\/logo\\\/image\\\/\"}}]}<\/script>\n<!-- \/ Yoast SEO Premium plugin. -->","yoast_head_json":{"title":"Nettoyage pour habitation et bureau \u00e0 Cossonay-Ville - Artisanlocal","robots":{"index":"index","follow":"follow","max-snippet":"max-snippet:-1","max-image-preview":"max-image-preview:large","max-video-preview":"max-video-preview:-1"},"canonical":"https:\/\/www.artisanlocal.ch\/c\/nettoyage-pour-habitation-et-bureau-a-cossonay-ville\/","og_locale":"fr_FR","og_type":"article","og_title":"Nettoyage pour habitation et bureau \u00e0 Cossonay-Ville","og_description":"Nous proposons un nettoyage complet de votre studio ou de vos locaux commerciaux \u00e0 Cossonay-Ville. Notre soci\u00e9t\u00e9 est constitu\u00e9e d&rsquo;experts qualifi\u00e9s qui s&rsquo;efforcent d&rsquo;apporter \u00e0 notre client\u00e8le des services de la meilleure qualit\u00e9 possible. Pourquoi collaborer avec notre soci\u00e9t\u00e9 ? Vous pouvez planifier un rendez-vous aujourd&rsquo;hui avec notre entreprise. Nous utilisons les derni\u00e8res m\u00e9thodes de [&hellip;]","og_url":"https:\/\/www.artisanlocal.ch\/c\/nettoyage-pour-habitation-et-bureau-a-cossonay-ville\/","og_site_name":"Artisanlocal","article_modified_time":"2025-08-26T23:33:59+00:00","og_image":[{"width":1920,"height":300,"url":"https:\/\/www.artisanlocal.ch\/c\/wp-content\/uploads\/2024\/10\/agent-proprete.jpg","type":"image\/jpeg"}],"twitter_card":"summary_large_image","twitter_misc":{"Dur\u00e9e de lecture estim\u00e9e":"5 minutes"},"schema":{"@context":"https:\/\/schema.org","@graph":[{"@type":"WebPage","@id":"https:\/\/www.artisanlocal.ch\/c\/nettoyage-pour-habitation-et-bureau-a-cossonay-ville\/","url":"https:\/\/www.artisanlocal.ch\/c\/nettoyage-pour-habitation-et-bureau-a-cossonay-ville\/","name":"Nettoyage pour habitation et bureau \u00e0 Cossonay-Ville - Artisanlocal","isPartOf":{"@id":"https:\/\/www.artisanlocal.ch\/c\/#website"},"primaryImageOfPage":{"@id":"https:\/\/www.artisanlocal.ch\/c\/nettoyage-pour-habitation-et-bureau-a-cossonay-ville\/#primaryimage"},"image":{"@id":"https:\/\/www.artisanlocal.ch\/c\/nettoyage-pour-habitation-et-bureau-a-cossonay-ville\/#primaryimage"},"thumbnailUrl":"https:\/\/www.artisanlocal.ch\/c\/wp-content\/uploads\/2024\/10\/agent-proprete.jpg","datePublished":"2024-04-16T16:38:11+00:00","dateModified":"2025-08-26T23:33:59+00:00","breadcrumb":{"@id":"https:\/\/www.artisanlocal.ch\/c\/nettoyage-pour-habitation-et-bureau-a-cossonay-ville\/#breadcrumb"},"inLanguage":"fr-FR","potentialAction":[{"@type":"ReadAction","target":["https:\/\/www.artisanlocal.ch\/c\/nettoyage-pour-habitation-et-bureau-a-cossonay-ville\/"]}]},{"@type":"ImageObject","inLanguage":"fr-FR","@id":"https:\/\/www.artisanlocal.ch\/c\/nettoyage-pour-habitation-et-bureau-a-cossonay-ville\/#primaryimage","url":"https:\/\/www.artisanlocal.ch\/c\/wp-content\/uploads\/2024\/10\/agent-proprete.jpg","contentUrl":"https:\/\/www.artisanlocal.ch\/c\/wp-content\/uploads\/2024\/10\/agent-proprete.jpg","width":1920,"height":300},{"@type":"BreadcrumbList","@id":"https:\/\/www.artisanlocal.ch\/c\/nettoyage-pour-habitation-et-bureau-a-cossonay-ville\/#breadcrumb","itemListElement":[{"@type":"ListItem","position":1,"name":"Accueil","item":"https:\/\/www.artisanlocal.ch\/c\/"},{"@type":"ListItem","position":2,"name":"Nettoyage pour habitation et bureau \u00e0 Cossonay-Ville"}]},{"@type":"WebSite","@id":"https:\/\/www.artisanlocal.ch\/c\/#website","url":"https:\/\/www.artisanlocal.ch\/c\/","name":"Artisanlocal","description":"","publisher":{"@id":"https:\/\/www.artisanlocal.ch\/c\/#organization"},"potentialAction":[{"@type":"SearchAction","target":{"@type":"EntryPoint","urlTemplate":"https:\/\/www.artisanlocal.ch\/c\/?s={search_term_string}"},"query-input":{"@type":"PropertyValueSpecification","valueRequired":true,"valueName":"search_term_string"}}],"inLanguage":"fr-FR"},{"@type":"Organization","@id":"https:\/\/www.artisanlocal.ch\/c\/#organization","name":"Artisanlocal","url":"https:\/\/www.artisanlocal.ch\/c\/","logo":{"@type":"ImageObject","inLanguage":"fr-FR","@id":"https:\/\/www.artisanlocal.ch\/c\/#\/schema\/logo\/image\/","url":"https:\/\/www.artisanlocal.ch\/c\/wp-content\/uploads\/2024\/02\/logo-artisanlocal-h.svg","contentUrl":"https:\/\/www.artisanlocal.ch\/c\/wp-content\/uploads\/2024\/02\/logo-artisanlocal-h.svg","caption":"Artisanlocal"},"image":{"@id":"https:\/\/www.artisanlocal.ch\/c\/#\/schema\/logo\/image\/"}}]}},"_links":{"self":[{"href":"https:\/\/www.artisanlocal.ch\/c\/wp-json\/wp\/v2\/pages\/403","targetHints":{"allow":["GET"]}}],"collection":[{"href":"https:\/\/www.artisanlocal.ch\/c\/wp-json\/wp\/v2\/pages"}],"about":[{"href":"https:\/\/www.artisanlocal.ch\/c\/wp-json\/wp\/v2\/types\/page"}],"author":[{"embeddable":true,"href":"https:\/\/www.artisanlocal.ch\/c\/wp-json\/wp\/v2\/users\/4"}],"replies":[{"embeddable":true,"href":"https:\/\/www.artisanlocal.ch\/c\/wp-json\/wp\/v2\/comments?post=403"}],"version-history":[{"count":0,"href":"https:\/\/www.artisanlocal.ch\/c\/wp-json\/wp\/v2\/pages\/403\/revisions"}],"wp:featuredmedia":[{"embeddable":true,"href":"https:\/\/www.artisanlocal.ch\/c\/wp-json\/wp\/v2\/media\/2754"}],"wp:attachment":[{"href":"https:\/\/www.artisanlocal.ch\/c\/wp-json\/wp\/v2\/media?parent=403"}],"wp:term":[{"taxonomy":"profession","embeddable":true,"href":"https:\/\/www.artisanlocal.ch\/c\/wp-json\/wp\/v2\/profession?post=403"},{"taxonomy":"location","embeddable":true,"href":"https:\/\/www.artisanlocal.ch\/c\/wp-json\/wp\/v2\/location?post=403"},{"taxonomy":"canton","embeddable":true,"href":"https:\/\/www.artisanlocal.ch\/c\/wp-json\/wp\/v2\/canton?post=403"}],"curies":[{"name":"wp","href":"https:\/\/api.w.org\/{rel}","templated":true}]}}