{"id":418,"date":"2024-04-16T18:38:23","date_gmt":"2024-04-16T16:38:23","guid":{"rendered":"https:\/\/www.artisanlocal.ch\/c\/nettoyage-pour-domicile-et-bureau-dentreprise-a-chatel-st-denis\/"},"modified":"2025-08-27T01:33:43","modified_gmt":"2025-08-26T23:33:43","slug":"nettoyage-pour-domicile-et-bureau-dentreprise-a-chatel-st-denis","status":"publish","type":"page","link":"https:\/\/www.artisanlocal.ch\/c\/nettoyage-pour-domicile-et-bureau-dentreprise-a-chatel-st-denis\/","title":{"rendered":"Entreprise de Nettoyage \u00e0 Ch\u00e2tel-St-Denis"},"content":{"rendered":"<p>Besoin d&rsquo;une entreprise de nettoyage de logement ou de bureaux \u00e0 Ch\u00e2tel-St-Denis ? Artisanlocal est votre soci\u00e9t\u00e9 de confiance, nous intervenons rapidement chez vous.<br \/>\n\r\n<div class=\"box\">\r\n            <div class=\"company-info\">\r\n            <img decoding=\"async\" class=\"company-info__logo\" src=\"https:\/\/www.artisanlocal.ch\/media\/cache\/thumb\/images\/companies\/6728952836316878471088.png\" alt=\"Logo\">\r\n            <h2 class=\"company-info__name\">ZeiNet Services<\/h2>\r\n            <p class=\"company-info__business\">Tonte gazon, arrosage, \u00e9limination des d\u00e9chets verts - Nettoyage terrasse - Conciergerie immeuble et bureaux - Nettoyage particuliers - Nettoyage fin de bail - Nettoyage fin de travaux - D\u00e9barras - D\u00e9neigement<\/p>\r\n        <\/div>\r\n        <div class=\"company-contact\">\r\n            <p class=\"company-info__address\">Rue de Corcelles 17<\/p>\r\n                            <div class=\"links\">\r\n                                            <a class=\"btn has-accent-background-color js-phoneNumber\" href=\"tel:0763440929\" title=\"Appelez\" data-id=\"25331\" data-type=\"11\">076 344 09 29<\/a>\r\n                                                                <a class=\"btn has-accent-background-color\" href=\"https:\/\/zeinet.ch\/\" target=\"_blank\" title=\"Voir le site internet\" data-id=\"25331\" data-type=\"20\">Site internet<\/a>\r\n                                    <\/div>\r\n                    <\/div>\r\n    \r\n            \r\n<form action=\"https:\/\/www.artisanlocal.ch\/c\/wp-admin\/admin-ajax.php\" method=\"post\" class=\"form-contact\" id=\"artisan_form_contact_company_inline\">\r\n    <div><input type=\"hidden\" name=\"action\" value=\"company_contact\"><\/div>\r\n    <div><input type=\"hidden\" name=\"nonce\" value=\"086cf01f96\"><\/div>\r\n    <div><input type=\"hidden\" name=\"company_id\" value=\"25331\"><\/div>\r\n    <div><input type=\"hidden\" name=\"form_id\" value=\"artisan_form_contact_company_inline\"><\/div>\r\n    <div class=\"gglcptch gglcptch_v3 gglcptch_custom\"><input type=\"hidden\" id=\"g-recaptcha-response\" name=\"g-recaptcha-response\" \/><br \/><div class=\"gglcptch_error_text\">La p\u00e9riode de v\u00e9rification reCAPTCHA a expir\u00e9. Veuillez recharger la page.<\/div><\/div>    <div class=\"form-content\">\r\n        <div class=\"form-group\">\r\n            <label for=\"contact_firstName\" class=\"required\">Pr\u00e9nom<\/label>\r\n            <input type=\"text\" name=\"firstName\" class=\"form-control\" required>\r\n        <\/div>\r\n        <div class=\"form-group\">\r\n            <label for=\"contact_lastName\" class=\"required\">Nom<\/label>\r\n            <input type=\"text\" name=\"lastName\" class=\"form-control\" required>\r\n        <\/div>\r\n        <div class=\"form-group\">\r\n            <label for=\"contact_email\" class=\"required\">Email<\/label>\r\n            <input type=\"email\" name=\"email\" class=\"form-control\" required>\r\n        <\/div>\r\n        <div class=\"form-group\">\r\n            <label for=\"contact_phone\" class=\"required\">Num\u00e9ro de t\u00e9l\u00e9phone<\/label>\r\n            <input type=\"tel\" name=\"phone\" class=\"form-control\" placeholder=\"0787117165\" pattern=\"^[0-9]{10}$\" required>\r\n        <\/div>\r\n        <div class=\"form-group\">\r\n            <label for=\"contact_postalCode\" class=\"required\">Code postal et localit\u00e9<\/label>\r\n            <input type=\"text\" name=\"postalCode\" class=\"form-control\" required>\r\n        <\/div>\r\n        <div class=\"form-group\">\r\n            <label for=\"contact_address\" class=\"required\">Adresse<\/label>\r\n            <input type=\"text\" name=\"address\" class=\"form-control\" required>\r\n        <\/div>\r\n        <div class=\"full-width topic\">\r\n            <p class=\"required\">Je souhaite \u00eatre contact\u00e9 pour :<\/p>\r\n            <div class=\"form-check\">\r\n                <input type=\"radio\" name=\"topic\" value=\"D\u00e9pannage\" class=\"form-control\" required>\r\n                <label for=\"d\u00e9pannage\">D\u00e9pannage<\/label>\r\n            <\/div>\r\n            <div class=\"form-check\">\r\n                <input type=\"radio\" name=\"topic\" value=\"Entretien\" class=\"form-control\" required>\r\n                <label for=\"entretien\">Entretien<\/label>\r\n            <\/div>\r\n            <div class=\"form-check\">\r\n                <input type=\"radio\" name=\"topic\" value=\"R\u00e9novation\" class=\"form-control\" required>\r\n                <label for=\"r\u00e9novation\">R\u00e9novation<\/label>\r\n            <\/div>\r\n            <div class=\"form-check\">\r\n                <input type=\"radio\" name=\"topic\" value=\"Autre\" class=\"form-control\" required>\r\n                <label for=\"autre\">Autre<\/label>\r\n            <\/div>\r\n        <\/div>\r\n        <div class=\"form-group full-width\">\r\n            <label for=\"contact_message\">Message<\/label>\r\n            <textarea name=\"message\" rows=\"3\" class=\"form-control\"><\/textarea>\r\n        <\/div>\r\n    <\/div>\r\n    <div class=\"form-actions\">\r\n        <button class=\"wp-block-button__link has-accent-background-color\">Contacter<\/button>\r\n    <\/div>\r\n<\/form>\r\n<div class=\"form-feedback\"><\/div>    <\/div><\/p>\n<h2>Pourquoi choisir notre soci\u00e9t\u00e9 ?<\/h2>\n<ul>\n<li>Nous sommes joignables rapidement.<\/li>\n<li>Nous utilisons les derni\u00e8res techniques de nettoyage.<\/li>\n<li>Nous utilisons des produits durables pour l&rsquo;environnement.<\/li>\n<li>Nos devis sont gratuits.<\/li>\n<\/ul>\n<h2>Services de m\u00e9nage \u00e0 Ch\u00e2tel-St-Denis<\/h2>\n<p>Nous proposons des services de nettoyage pour r\u00e9pondre aux besoins de chacun de nos clients.<\/p>\n<p>Si vous avez besoin d&rsquo;un service de nettoyage complet, d&rsquo;un m\u00e9nage occasionnel ou d&rsquo;un service d&rsquo;entretien continu, nous sommes l\u00e0 pour vous. Voici les services les plus souvent r\u00e9alis\u00e9s \u00e0 Ch\u00e2tel-St-Denis :<\/p>\n<ul>\n<li>M\u00e9nage pour le changement de domicile.<\/li>\n<li>Nettoyage pour vos locations Airbnb.<\/li>\n<li>Nettoyage des bureaux et des espaces commerciaux.<\/li>\n<li>Nettoyage professionnel apr\u00e8s des travaux de r\u00e9novation.<\/li>\n<\/ul>\n<h2>Quelles sont les solutions de nettoyage qu&rsquo;artisanlocal propose\u202f?<\/h2>\n<ul>\n<li>Service de nettoyage pour les conciergeries Airbnb,<\/li>\n<li>nettoyage d&rsquo;appartements,<\/li>\n<li>entretien d&rsquo;appareils \u00e9lectrom\u00e9nagers,<\/li>\n<li>nettoyage de terrasse,<\/li>\n<li>services de propret\u00e9 pour les greniers,<\/li>\n<li>assainissement des surfaces pour lutter contre les virus,<\/li>\n<li>lavage de la vaisselle,<\/li>\n<li>nettoyage des installations sportives,<\/li>\n<li>lavage des sols,<\/li>\n<li>nettoyage sanitaire en milieu hospitalier,<\/li>\n<li>m\u00e9nage et nettoyage apr\u00e8s un changement de domicile,<\/li>\n<li>nettoyage des espaces de coworking,<\/li>\n<li>service de m\u00e9nage apr\u00e8s des travaux,<\/li>\n<li>nettoyage des salles d&rsquo;eau,<\/li>\n<li>nettoyage des petits commerces,<\/li>\n<li>service de m\u00e9nage et entretien des \u00e9coles,<\/li>\n<li>lavage de vitres.<\/li>\n<\/ul>\n<h2>Une entreprise Helv\u00e9tique de confiance<\/h2>\n<h3>M\u00e9nage d&rsquo;int\u00e9rieur pour appartement \u00e0 Ch\u00e2tel-St-Denis<\/h3>\n<p>Si vous habitez \u00e0 Ch\u00e2tel-St-Denis, nous pouvons r\u00e9aliser le m\u00e9nage de votre logement en amont de l&rsquo;\u00e9tat des lieux.<\/p>\n<p>Il faut savoir que si le m\u00e9nage n&rsquo;est pas r\u00e9alis\u00e9 correctement, le bailleur peut faire appel \u00e0 une soci\u00e9t\u00e9 priv\u00e9e de nettoyage et conserver une partie de votre caution.<\/p>\n<p>Les services de m\u00e9nage pour la remise des cl\u00e9s incluent :<\/p>\n<p>&#8211; L&rsquo;entretien des surfaces : murs, sols, moquettes, parquets et carrelages.<\/p>\n<p>&#8211; Le lavage des fen\u00eatres et vitres.<\/p>\n<p>&#8211; Entretien de la salle de bains et des w.c.<\/p>\n<p>&#8211; L&rsquo;entretien de l&rsquo;espace de cuisson et du syst\u00e8me d&rsquo;a\u00e9ration de la cuisine.<\/p>\n<p>&#8211; Le d\u00e9poussi\u00e9rage du mobilier.<\/p>\n<h3>Vous avez besoin d&rsquo;un service de nettoyage p\u00e9riodique ?<\/h3>\n<p>Notre entreprise propose des services de nettoyage personnalis\u00e9s, adapt\u00e9s \u00e0 vos exigences, nous pouvons intervenir de mani\u00e8res mensuelles, bihebdomadaires ou hebdomadaires.<\/p>\n<h3>Nettoyage m\u00e9ticuleux de votre habitation \u00e0 Ch\u00e2tel-St-Denis<\/h3>\n<p>Artisanlocal offre des services pour nettoyer en profondeur votre propri\u00e9t\u00e9 ou votre appartement, en plus de notre service de nettoyage classique.<\/p>\n<h3>Quels sont les b\u00e9n\u00e9fices de faire un nettoyage approfondi ?<\/h3>\n<p>L\u2019avantage principal du m\u00e9nage approfondi est d&rsquo;enlever la salet\u00e9, la poussi\u00e8re et la crasse qui se sont accumul\u00e9es au fil du temps, afin de rendre votre domicile sans poussi\u00e8re. Un grand nettoyage est \u00e9galement un moyen d&rsquo;\u00e9liminer les mauvaises odeurs.<\/p>\n<h3>Service de m\u00e9nage pour les professionnels \u00e0 Ch\u00e2tel-St-Denis<\/h3>\n<p>Pour le m\u00e9nage de vos bureaux, faites confiance \u00e0 Artisanlocal. \u00c9conomisez du temps, de l&rsquo;\u00e9nergie gr\u00e2ce \u00e0 nos services ! D\u00e9couvrez nos contrats d&rsquo;entretien pour les bureaux et locaux commerciaux. Nos contrats s&rsquo;adaptent \u00e0 vos besoins et \u00e0 votre budget. Voici les prestations que nous offrons pour le m\u00e9nage de vos espaces de travail :<\/p>\n<ul>\n<li>Nettoyage de vos tapis et des vitres.<\/li>\n<li>Service d&rsquo;entretien des meubles de bureau en cuir ou tissu (des fauteuils, des locaux professionnels, des divans).<\/li>\n<li>Gestion des poubelles.<\/li>\n<li>D\u00e9poussi\u00e9rage de tous les ameublements et espaces de travail.<\/li>\n<li>Nettoyage des surfaces au sol et utilisation de l&rsquo;aspirateur.<\/li>\n<\/ul>\n<h3>Soci\u00e9t\u00e9 de nettoyage pour votre propri\u00e9t\u00e9 \u00e0 Ch\u00e2tel-St-Denis<\/h3>\n<p>Afin que votre propri\u00e9t\u00e9 reste toujours propre, un nettoyage fr\u00e9quent doit faire partie de vos habitudes. \u00c0 notre \u00e9poque, la plupart des Suisses ont un agenda charg\u00e9 et cela rend difficile la r\u00e9alisation des corv\u00e9es m\u00e9nag\u00e8res, c&rsquo;est l\u00e0 que notre soci\u00e9t\u00e9 peut vous assister dans vos t\u00e2ches m\u00e9nag\u00e8res.<\/p>\n<h2>Pourquoi engager artisanlocal pour r\u00e9aliser le nettoyage \u00e0 Ch\u00e2tel-St-Denis ?<\/h2>\n<p>Si vous \u00eates un Ch\u00e2telois, vous rencontrez sans doute des difficult\u00e9s \u00e0 conserver votre habitat int\u00e9rieur propre et en ordre. Notre gamme de services vous aidera \u00e0 garder votre r\u00e9sidence aussi propre que possible. En ayant recours \u00e0 notre soci\u00e9t\u00e9, vous allez pouvoir :<\/p>\n<h3>Mieux g\u00e9rer votre lieu de vie<\/h3>\n<p>Un appartement ou une maison en d\u00e9sordre peut \u00eatre une source de probl\u00e8mes (perte de temps, discordes avec son conjoint, etc.). Artisanlocal met \u00e0 disposition des services de nettoyage d&rsquo;int\u00e9rieur pour les appartements et les maisons. Afin de :<\/p>\n<h3>Cr\u00e9er une ambiance plus accueillante<\/h3>\n<p>En effet, une habitation bien rang\u00e9e vous aidera ainsi que vos invit\u00e9s \u00e0 vous sentir mieux.<\/p>\n<h3>Conserver sa sant\u00e9 et son bien-\u00eatre \u00e9motionnel<\/h3>\n<p>La concentration de poussi\u00e8re et de salet\u00e9 dans votre propri\u00e9t\u00e9 peut engendrer des risques pour la sant\u00e9, et entra\u00eener des r\u00e9actions allergiques ou intensifier celles qui existent d\u00e9j\u00e0. En faisant appel \u00e0 une entreprise de m\u00e9nage, vous diminuez les risques d&rsquo;allergies.<\/p>\n<h3>Am\u00e9liorer la disposition globale de votre r\u00e9sidence<\/h3>\n<p>Il est courant que l&rsquo;int\u00e9rieur des maisons soit mal rang\u00e9, ce qui peut compliquer la vie quotidienne. Notre service de m\u00e9nage peut s&rsquo;av\u00e9rer utile pour maintenir votre int\u00e9rieur en ordre. Par ailleurs, nous pouvons aussi intervenir \u00e0 : Besencens, Fiaug\u00e8res, St-Martin FR, Granges (Veveyse), Bossonnens, Attalens, Tatroz, Remaufens, Les Paccots, Semsales, Grattavache, La Verrerie, Progens, Bouloz, Pont (Veveyse), Porsel.<\/p>\n","protected":false},"excerpt":{"rendered":"<p>Besoin d&rsquo;une entreprise de nettoyage de logement ou de bureaux \u00e0 Ch\u00e2tel-St-Denis ? Artisanlocal est votre soci\u00e9t\u00e9 de confiance, nous intervenons rapidement chez vous. Pourquoi choisir notre soci\u00e9t\u00e9 ? Nous sommes joignables rapidement. Nous utilisons les derni\u00e8res techniques de nettoyage. Nous utilisons des produits durables pour l&rsquo;environnement. Nos devis sont gratuits. Services de m\u00e9nage \u00e0 [&hellip;]<\/p>\n","protected":false},"author":4,"featured_media":2754,"parent":0,"menu_order":0,"comment_status":"closed","ping_status":"closed","template":"","meta":{"footnotes":""},"profession":[108],"location":[52],"canton":[109],"class_list":["post-418","page","type-page","status-publish","has-post-thumbnail","hentry","profession-agent-de-proprete","location-chatel-st-denis","canton-fr"],"yoast_head":"<!-- This site is optimized with the Yoast SEO Premium plugin v25.7.1 (Yoast SEO v27.3) - https:\/\/yoast.com\/product\/yoast-seo-premium-wordpress\/ -->\n<title>Entreprise de Nettoyage \u00e0 Ch\u00e2tel-St-Denis - Artisanlocal<\/title>\n<meta name=\"robots\" content=\"index, follow, max-snippet:-1, max-image-preview:large, max-video-preview:-1\" \/>\n<link rel=\"canonical\" href=\"https:\/\/www.artisanlocal.ch\/c\/nettoyage-pour-domicile-et-bureau-dentreprise-a-chatel-st-denis\/\" \/>\n<meta property=\"og:locale\" content=\"fr_FR\" \/>\n<meta property=\"og:type\" content=\"article\" \/>\n<meta property=\"og:title\" content=\"Entreprise de Nettoyage \u00e0 Ch\u00e2tel-St-Denis\" \/>\n<meta property=\"og:description\" content=\"Besoin d&rsquo;une entreprise de nettoyage de logement ou de bureaux \u00e0 Ch\u00e2tel-St-Denis ? Artisanlocal est votre soci\u00e9t\u00e9 de confiance, nous intervenons rapidement chez vous. Pourquoi choisir notre soci\u00e9t\u00e9 ? Nous sommes joignables rapidement. Nous utilisons les derni\u00e8res techniques de nettoyage. Nous utilisons des produits durables pour l&rsquo;environnement. Nos devis sont gratuits. Services de m\u00e9nage \u00e0 [&hellip;]\" \/>\n<meta property=\"og:url\" content=\"https:\/\/www.artisanlocal.ch\/c\/nettoyage-pour-domicile-et-bureau-dentreprise-a-chatel-st-denis\/\" \/>\n<meta property=\"og:site_name\" content=\"Artisanlocal\" \/>\n<meta property=\"article:modified_time\" content=\"2025-08-26T23:33:43+00:00\" \/>\n<meta property=\"og:image\" content=\"https:\/\/www.artisanlocal.ch\/c\/wp-content\/uploads\/2024\/10\/agent-proprete.jpg\" \/>\n\t<meta property=\"og:image:width\" content=\"1920\" \/>\n\t<meta property=\"og:image:height\" content=\"300\" \/>\n\t<meta property=\"og:image:type\" content=\"image\/jpeg\" \/>\n<meta name=\"twitter:card\" content=\"summary_large_image\" \/>\n<meta name=\"twitter:label1\" content=\"Dur\u00e9e de lecture estim\u00e9e\" \/>\n\t<meta name=\"twitter:data1\" content=\"5 minutes\" \/>\n<script type=\"application\/ld+json\" class=\"yoast-schema-graph\">{\"@context\":\"https:\\\/\\\/schema.org\",\"@graph\":[{\"@type\":\"WebPage\",\"@id\":\"https:\\\/\\\/www.artisanlocal.ch\\\/c\\\/nettoyage-pour-domicile-et-bureau-dentreprise-a-chatel-st-denis\\\/\",\"url\":\"https:\\\/\\\/www.artisanlocal.ch\\\/c\\\/nettoyage-pour-domicile-et-bureau-dentreprise-a-chatel-st-denis\\\/\",\"name\":\"Entreprise de Nettoyage \u00e0 Ch\u00e2tel-St-Denis - Artisanlocal\",\"isPartOf\":{\"@id\":\"https:\\\/\\\/www.artisanlocal.ch\\\/c\\\/#website\"},\"primaryImageOfPage\":{\"@id\":\"https:\\\/\\\/www.artisanlocal.ch\\\/c\\\/nettoyage-pour-domicile-et-bureau-dentreprise-a-chatel-st-denis\\\/#primaryimage\"},\"image\":{\"@id\":\"https:\\\/\\\/www.artisanlocal.ch\\\/c\\\/nettoyage-pour-domicile-et-bureau-dentreprise-a-chatel-st-denis\\\/#primaryimage\"},\"thumbnailUrl\":\"https:\\\/\\\/www.artisanlocal.ch\\\/c\\\/wp-content\\\/uploads\\\/2024\\\/10\\\/agent-proprete.jpg\",\"datePublished\":\"2024-04-16T16:38:23+00:00\",\"dateModified\":\"2025-08-26T23:33:43+00:00\",\"breadcrumb\":{\"@id\":\"https:\\\/\\\/www.artisanlocal.ch\\\/c\\\/nettoyage-pour-domicile-et-bureau-dentreprise-a-chatel-st-denis\\\/#breadcrumb\"},\"inLanguage\":\"fr-FR\",\"potentialAction\":[{\"@type\":\"ReadAction\",\"target\":[\"https:\\\/\\\/www.artisanlocal.ch\\\/c\\\/nettoyage-pour-domicile-et-bureau-dentreprise-a-chatel-st-denis\\\/\"]}]},{\"@type\":\"ImageObject\",\"inLanguage\":\"fr-FR\",\"@id\":\"https:\\\/\\\/www.artisanlocal.ch\\\/c\\\/nettoyage-pour-domicile-et-bureau-dentreprise-a-chatel-st-denis\\\/#primaryimage\",\"url\":\"https:\\\/\\\/www.artisanlocal.ch\\\/c\\\/wp-content\\\/uploads\\\/2024\\\/10\\\/agent-proprete.jpg\",\"contentUrl\":\"https:\\\/\\\/www.artisanlocal.ch\\\/c\\\/wp-content\\\/uploads\\\/2024\\\/10\\\/agent-proprete.jpg\",\"width\":1920,\"height\":300},{\"@type\":\"BreadcrumbList\",\"@id\":\"https:\\\/\\\/www.artisanlocal.ch\\\/c\\\/nettoyage-pour-domicile-et-bureau-dentreprise-a-chatel-st-denis\\\/#breadcrumb\",\"itemListElement\":[{\"@type\":\"ListItem\",\"position\":1,\"name\":\"Accueil\",\"item\":\"https:\\\/\\\/www.artisanlocal.ch\\\/c\\\/\"},{\"@type\":\"ListItem\",\"position\":2,\"name\":\"Entreprise de Nettoyage \u00e0 Ch\u00e2tel-St-Denis\"}]},{\"@type\":\"WebSite\",\"@id\":\"https:\\\/\\\/www.artisanlocal.ch\\\/c\\\/#website\",\"url\":\"https:\\\/\\\/www.artisanlocal.ch\\\/c\\\/\",\"name\":\"Artisanlocal\",\"description\":\"\",\"publisher\":{\"@id\":\"https:\\\/\\\/www.artisanlocal.ch\\\/c\\\/#organization\"},\"potentialAction\":[{\"@type\":\"SearchAction\",\"target\":{\"@type\":\"EntryPoint\",\"urlTemplate\":\"https:\\\/\\\/www.artisanlocal.ch\\\/c\\\/?s={search_term_string}\"},\"query-input\":{\"@type\":\"PropertyValueSpecification\",\"valueRequired\":true,\"valueName\":\"search_term_string\"}}],\"inLanguage\":\"fr-FR\"},{\"@type\":\"Organization\",\"@id\":\"https:\\\/\\\/www.artisanlocal.ch\\\/c\\\/#organization\",\"name\":\"Artisanlocal\",\"url\":\"https:\\\/\\\/www.artisanlocal.ch\\\/c\\\/\",\"logo\":{\"@type\":\"ImageObject\",\"inLanguage\":\"fr-FR\",\"@id\":\"https:\\\/\\\/www.artisanlocal.ch\\\/c\\\/#\\\/schema\\\/logo\\\/image\\\/\",\"url\":\"https:\\\/\\\/www.artisanlocal.ch\\\/c\\\/wp-content\\\/uploads\\\/2024\\\/02\\\/logo-artisanlocal-h.svg\",\"contentUrl\":\"https:\\\/\\\/www.artisanlocal.ch\\\/c\\\/wp-content\\\/uploads\\\/2024\\\/02\\\/logo-artisanlocal-h.svg\",\"caption\":\"Artisanlocal\"},\"image\":{\"@id\":\"https:\\\/\\\/www.artisanlocal.ch\\\/c\\\/#\\\/schema\\\/logo\\\/image\\\/\"}}]}<\/script>\n<!-- \/ Yoast SEO Premium plugin. -->","yoast_head_json":{"title":"Entreprise de Nettoyage \u00e0 Ch\u00e2tel-St-Denis - Artisanlocal","robots":{"index":"index","follow":"follow","max-snippet":"max-snippet:-1","max-image-preview":"max-image-preview:large","max-video-preview":"max-video-preview:-1"},"canonical":"https:\/\/www.artisanlocal.ch\/c\/nettoyage-pour-domicile-et-bureau-dentreprise-a-chatel-st-denis\/","og_locale":"fr_FR","og_type":"article","og_title":"Entreprise de Nettoyage \u00e0 Ch\u00e2tel-St-Denis","og_description":"Besoin d&rsquo;une entreprise de nettoyage de logement ou de bureaux \u00e0 Ch\u00e2tel-St-Denis ? Artisanlocal est votre soci\u00e9t\u00e9 de confiance, nous intervenons rapidement chez vous. Pourquoi choisir notre soci\u00e9t\u00e9 ? Nous sommes joignables rapidement. Nous utilisons les derni\u00e8res techniques de nettoyage. Nous utilisons des produits durables pour l&rsquo;environnement. Nos devis sont gratuits. Services de m\u00e9nage \u00e0 [&hellip;]","og_url":"https:\/\/www.artisanlocal.ch\/c\/nettoyage-pour-domicile-et-bureau-dentreprise-a-chatel-st-denis\/","og_site_name":"Artisanlocal","article_modified_time":"2025-08-26T23:33:43+00:00","og_image":[{"width":1920,"height":300,"url":"https:\/\/www.artisanlocal.ch\/c\/wp-content\/uploads\/2024\/10\/agent-proprete.jpg","type":"image\/jpeg"}],"twitter_card":"summary_large_image","twitter_misc":{"Dur\u00e9e de lecture estim\u00e9e":"5 minutes"},"schema":{"@context":"https:\/\/schema.org","@graph":[{"@type":"WebPage","@id":"https:\/\/www.artisanlocal.ch\/c\/nettoyage-pour-domicile-et-bureau-dentreprise-a-chatel-st-denis\/","url":"https:\/\/www.artisanlocal.ch\/c\/nettoyage-pour-domicile-et-bureau-dentreprise-a-chatel-st-denis\/","name":"Entreprise de Nettoyage \u00e0 Ch\u00e2tel-St-Denis - Artisanlocal","isPartOf":{"@id":"https:\/\/www.artisanlocal.ch\/c\/#website"},"primaryImageOfPage":{"@id":"https:\/\/www.artisanlocal.ch\/c\/nettoyage-pour-domicile-et-bureau-dentreprise-a-chatel-st-denis\/#primaryimage"},"image":{"@id":"https:\/\/www.artisanlocal.ch\/c\/nettoyage-pour-domicile-et-bureau-dentreprise-a-chatel-st-denis\/#primaryimage"},"thumbnailUrl":"https:\/\/www.artisanlocal.ch\/c\/wp-content\/uploads\/2024\/10\/agent-proprete.jpg","datePublished":"2024-04-16T16:38:23+00:00","dateModified":"2025-08-26T23:33:43+00:00","breadcrumb":{"@id":"https:\/\/www.artisanlocal.ch\/c\/nettoyage-pour-domicile-et-bureau-dentreprise-a-chatel-st-denis\/#breadcrumb"},"inLanguage":"fr-FR","potentialAction":[{"@type":"ReadAction","target":["https:\/\/www.artisanlocal.ch\/c\/nettoyage-pour-domicile-et-bureau-dentreprise-a-chatel-st-denis\/"]}]},{"@type":"ImageObject","inLanguage":"fr-FR","@id":"https:\/\/www.artisanlocal.ch\/c\/nettoyage-pour-domicile-et-bureau-dentreprise-a-chatel-st-denis\/#primaryimage","url":"https:\/\/www.artisanlocal.ch\/c\/wp-content\/uploads\/2024\/10\/agent-proprete.jpg","contentUrl":"https:\/\/www.artisanlocal.ch\/c\/wp-content\/uploads\/2024\/10\/agent-proprete.jpg","width":1920,"height":300},{"@type":"BreadcrumbList","@id":"https:\/\/www.artisanlocal.ch\/c\/nettoyage-pour-domicile-et-bureau-dentreprise-a-chatel-st-denis\/#breadcrumb","itemListElement":[{"@type":"ListItem","position":1,"name":"Accueil","item":"https:\/\/www.artisanlocal.ch\/c\/"},{"@type":"ListItem","position":2,"name":"Entreprise de Nettoyage \u00e0 Ch\u00e2tel-St-Denis"}]},{"@type":"WebSite","@id":"https:\/\/www.artisanlocal.ch\/c\/#website","url":"https:\/\/www.artisanlocal.ch\/c\/","name":"Artisanlocal","description":"","publisher":{"@id":"https:\/\/www.artisanlocal.ch\/c\/#organization"},"potentialAction":[{"@type":"SearchAction","target":{"@type":"EntryPoint","urlTemplate":"https:\/\/www.artisanlocal.ch\/c\/?s={search_term_string}"},"query-input":{"@type":"PropertyValueSpecification","valueRequired":true,"valueName":"search_term_string"}}],"inLanguage":"fr-FR"},{"@type":"Organization","@id":"https:\/\/www.artisanlocal.ch\/c\/#organization","name":"Artisanlocal","url":"https:\/\/www.artisanlocal.ch\/c\/","logo":{"@type":"ImageObject","inLanguage":"fr-FR","@id":"https:\/\/www.artisanlocal.ch\/c\/#\/schema\/logo\/image\/","url":"https:\/\/www.artisanlocal.ch\/c\/wp-content\/uploads\/2024\/02\/logo-artisanlocal-h.svg","contentUrl":"https:\/\/www.artisanlocal.ch\/c\/wp-content\/uploads\/2024\/02\/logo-artisanlocal-h.svg","caption":"Artisanlocal"},"image":{"@id":"https:\/\/www.artisanlocal.ch\/c\/#\/schema\/logo\/image\/"}}]}},"_links":{"self":[{"href":"https:\/\/www.artisanlocal.ch\/c\/wp-json\/wp\/v2\/pages\/418","targetHints":{"allow":["GET"]}}],"collection":[{"href":"https:\/\/www.artisanlocal.ch\/c\/wp-json\/wp\/v2\/pages"}],"about":[{"href":"https:\/\/www.artisanlocal.ch\/c\/wp-json\/wp\/v2\/types\/page"}],"author":[{"embeddable":true,"href":"https:\/\/www.artisanlocal.ch\/c\/wp-json\/wp\/v2\/users\/4"}],"replies":[{"embeddable":true,"href":"https:\/\/www.artisanlocal.ch\/c\/wp-json\/wp\/v2\/comments?post=418"}],"version-history":[{"count":0,"href":"https:\/\/www.artisanlocal.ch\/c\/wp-json\/wp\/v2\/pages\/418\/revisions"}],"wp:featuredmedia":[{"embeddable":true,"href":"https:\/\/www.artisanlocal.ch\/c\/wp-json\/wp\/v2\/media\/2754"}],"wp:attachment":[{"href":"https:\/\/www.artisanlocal.ch\/c\/wp-json\/wp\/v2\/media?parent=418"}],"wp:term":[{"taxonomy":"profession","embeddable":true,"href":"https:\/\/www.artisanlocal.ch\/c\/wp-json\/wp\/v2\/profession?post=418"},{"taxonomy":"location","embeddable":true,"href":"https:\/\/www.artisanlocal.ch\/c\/wp-json\/wp\/v2\/location?post=418"},{"taxonomy":"canton","embeddable":true,"href":"https:\/\/www.artisanlocal.ch\/c\/wp-json\/wp\/v2\/canton?post=418"}],"curies":[{"name":"wp","href":"https:\/\/api.w.org\/{rel}","templated":true}]}}