{"id":425,"date":"2024-04-16T18:38:23","date_gmt":"2024-04-16T16:38:23","guid":{"rendered":"https:\/\/www.artisanlocal.ch\/c\/nettoyage-de-bureaux-et-de-logements-a-payerne\/"},"modified":"2025-08-27T01:33:38","modified_gmt":"2025-08-26T23:33:38","slug":"nettoyage-de-bureaux-et-de-logements-a-payerne","status":"publish","type":"page","link":"https:\/\/www.artisanlocal.ch\/c\/nettoyage-de-bureaux-et-de-logements-a-payerne\/","title":{"rendered":"Entreprise de Nettoyage \u00e0 Payerne"},"content":{"rendered":"<p>Besoin d&rsquo;une entreprise de nettoyage \u00e0 Payerne ? Artisanlocal vous propose un nettoyage d&rsquo;int\u00e9rieur pour les professionnels et les particuliers. Notre \u00e9quipe d&rsquo;experts chevronn\u00e9s s&rsquo;engage \u00e0 r\u00e9aliser des prestations de qualit\u00e9 et sur mesure.<br \/>\n\r\n<div class=\"box\">\r\n            <div class=\"company-info\">\r\n            <img decoding=\"async\" class=\"company-info__logo\" src=\"https:\/\/www.artisanlocal.ch\/media\/cache\/thumb\/images\/companies\/64c376034a608904694498.png\" alt=\"Logo\">\r\n            <h2 class=\"company-info__name\">HB NETTOYAGE & SERVICE A LA PERSONNE<\/h2>\r\n            <p class=\"company-info__business\">Entreprise de nettoyage - Entretien - Babysitting<\/p>\r\n        <\/div>\r\n        <div class=\"company-contact\">\r\n            <p class=\"company-info__address\">Route de Rontemard 2A<\/p>\r\n                            <div class=\"links\">\r\n                                            <a class=\"btn has-accent-background-color js-phoneNumber\" href=\"tel:0799164460\" title=\"Appelez\" data-id=\"12718\" data-type=\"11\">079 916 44 60<\/a>\r\n                                                                <a class=\"btn has-accent-background-color\" href=\"https:\/\/nettoyageservice.ch\/\" target=\"_blank\" title=\"Voir le site internet\" data-id=\"12718\" data-type=\"20\">Site internet<\/a>\r\n                                    <\/div>\r\n                    <\/div>\r\n    \r\n            \r\n<form action=\"https:\/\/www.artisanlocal.ch\/c\/wp-admin\/admin-ajax.php\" method=\"post\" class=\"form-contact\" id=\"artisan_form_contact_company_inline\">\r\n    <div><input type=\"hidden\" name=\"action\" value=\"company_contact\"><\/div>\r\n    <div><input type=\"hidden\" name=\"nonce\" value=\"972bc58192\"><\/div>\r\n    <div><input type=\"hidden\" name=\"company_id\" value=\"12718\"><\/div>\r\n    <div><input type=\"hidden\" name=\"form_id\" value=\"artisan_form_contact_company_inline\"><\/div>\r\n    <div class=\"gglcptch gglcptch_v3 gglcptch_custom\"><input type=\"hidden\" id=\"g-recaptcha-response\" name=\"g-recaptcha-response\" \/><br \/><div class=\"gglcptch_error_text\">La p\u00e9riode de v\u00e9rification reCAPTCHA a expir\u00e9. Veuillez recharger la page.<\/div><\/div>    <div class=\"form-content\">\r\n        <div class=\"form-group\">\r\n            <label for=\"contact_firstName\" class=\"required\">Pr\u00e9nom<\/label>\r\n            <input type=\"text\" name=\"firstName\" class=\"form-control\" required>\r\n        <\/div>\r\n        <div class=\"form-group\">\r\n            <label for=\"contact_lastName\" class=\"required\">Nom<\/label>\r\n            <input type=\"text\" name=\"lastName\" class=\"form-control\" required>\r\n        <\/div>\r\n        <div class=\"form-group\">\r\n            <label for=\"contact_email\" class=\"required\">Email<\/label>\r\n            <input type=\"email\" name=\"email\" class=\"form-control\" required>\r\n        <\/div>\r\n        <div class=\"form-group\">\r\n            <label for=\"contact_phone\" class=\"required\">Num\u00e9ro de t\u00e9l\u00e9phone<\/label>\r\n            <input type=\"tel\" name=\"phone\" class=\"form-control\" placeholder=\"0787117165\" pattern=\"^[0-9]{10}$\" required>\r\n        <\/div>\r\n        <div class=\"form-group\">\r\n            <label for=\"contact_postalCode\" class=\"required\">Code postal et localit\u00e9<\/label>\r\n            <input type=\"text\" name=\"postalCode\" class=\"form-control\" required>\r\n        <\/div>\r\n        <div class=\"form-group\">\r\n            <label for=\"contact_address\" class=\"required\">Adresse<\/label>\r\n            <input type=\"text\" name=\"address\" class=\"form-control\" required>\r\n        <\/div>\r\n        <div class=\"full-width topic\">\r\n            <p class=\"required\">Je souhaite \u00eatre contact\u00e9 pour :<\/p>\r\n            <div class=\"form-check\">\r\n                <input type=\"radio\" name=\"topic\" value=\"D\u00e9pannage\" class=\"form-control\" required>\r\n                <label for=\"d\u00e9pannage\">D\u00e9pannage<\/label>\r\n            <\/div>\r\n            <div class=\"form-check\">\r\n                <input type=\"radio\" name=\"topic\" value=\"Entretien\" class=\"form-control\" required>\r\n                <label for=\"entretien\">Entretien<\/label>\r\n            <\/div>\r\n            <div class=\"form-check\">\r\n                <input type=\"radio\" name=\"topic\" value=\"R\u00e9novation\" class=\"form-control\" required>\r\n                <label for=\"r\u00e9novation\">R\u00e9novation<\/label>\r\n            <\/div>\r\n            <div class=\"form-check\">\r\n                <input type=\"radio\" name=\"topic\" value=\"Autre\" class=\"form-control\" required>\r\n                <label for=\"autre\">Autre<\/label>\r\n            <\/div>\r\n        <\/div>\r\n        <div class=\"form-group full-width\">\r\n            <label for=\"contact_message\">Message<\/label>\r\n            <textarea name=\"message\" rows=\"3\" class=\"form-control\"><\/textarea>\r\n        <\/div>\r\n    <\/div>\r\n    <div class=\"form-actions\">\r\n        <button class=\"wp-block-button__link has-accent-background-color\">Contacter<\/button>\r\n    <\/div>\r\n<\/form>\r\n<div class=\"form-feedback\"><\/div>    <\/div><\/p>\n<h2>Pourquoi collaborer avec notre soci\u00e9t\u00e9 ?<\/h2>\n<ul>\n<li>Vous pouvez planifier un rendez-vous aujourd&rsquo;hui avec notre soci\u00e9t\u00e9.<\/li>\n<li>Nos sp\u00e9cialistes en nettoyage sont tous familiaris\u00e9s avec les derni\u00e8res techniques.<\/li>\n<li>Le nettoyage est effectu\u00e9 avec des produits respectueux de l&rsquo;environnement.<\/li>\n<li>Nous vous fournissons un devis gratuit.<\/li>\n<\/ul>\n<h2>Service de nettoyage \u00e0 Payerne<\/h2>\n<p>Nous proposons des solutions de nettoyage pour r\u00e9pondre aux besoins de chacun de nos clients.<\/p>\n<p>Si vous avez besoin d&rsquo;un service de nettoyage complet, d&rsquo;un m\u00e9nage occasionnel ou d&rsquo;un service de nettoyage fr\u00e9quent, nous sommes l\u00e0 pour vous. D\u00e9couvrez nos services les plus fr\u00e9quemment r\u00e9alis\u00e9s \u00e0 Payerne :<\/p>\n<ul>\n<li>M\u00e9nage avant emm\u00e9nagement\/apr\u00e8s d\u00e9m\u00e9nagement.<\/li>\n<li>Nettoyage pour les propri\u00e9taires Airbnb.<\/li>\n<li>Nettoyage de bureaux et de locaux commerciaux.<\/li>\n<li>Nettoyage apr\u00e8s une r\u00e9novation.<\/li>\n<\/ul>\n<h2>Quelles sont les solutions de nettoyage qu&rsquo;artisanlocal propose\u202f?<\/h2>\n<ul>\n<li>Service de nettoyage pour les locations courtes,<\/li>\n<li>service de nettoyage d&rsquo;appartements,<\/li>\n<li>nettoyage et entretien des appareils m\u00e9nagers,<\/li>\n<li>nettoyage du jardin,<\/li>\n<li>services de propret\u00e9 pour les sous-sols,<\/li>\n<li>d\u00e9sinfection des surfaces pour lutter contre les virus,<\/li>\n<li>service de lavage de la vaisselle,<\/li>\n<li>nettoyage des salles de gym,<\/li>\n<li>entretien des sols,<\/li>\n<li>nettoyage des \u00e9tablissements de sant\u00e9,<\/li>\n<li>nettoyage apr\u00e8s un d\u00e9m\u00e9nagement,<\/li>\n<li>nettoyage de bureaux,<\/li>\n<li>service de m\u00e9nage apr\u00e8s travaux de r\u00e9novation,<\/li>\n<li>entretien des salles d&rsquo;eau,<\/li>\n<li>nettoyage de magasins de proximit\u00e9,<\/li>\n<li>service de nettoyage des \u00e9tablissements scolaires,<\/li>\n<li>nettoyage des fen\u00eatres.<\/li>\n<\/ul>\n<h2>M\u00e9nage d&rsquo;appartement \u00e0 Payerne<\/h2>\n<p>Si vous r\u00e9sidez \u00e0 Payerne, nous pouvons r\u00e9aliser le m\u00e9nage de votre appartement avant l&rsquo;\u00e9tat des lieux.<\/p>\n<p>Il faut savoir que si le m\u00e9nage int\u00e9rieur de l&rsquo;appartement n&rsquo;est pas effectu\u00e9 correctement, le propri\u00e9taire est autoris\u00e9 \u00e0 faire appel \u00e0 une soci\u00e9t\u00e9 de m\u00e9nage et retenir une partie de votre d\u00e9p\u00f4t de garantie.<\/p>\n<p>Le m\u00e9nage avant l&rsquo;\u00e9tat des lieux inclut en particulier les services suivants :<\/p>\n<p>&#8211; L&rsquo;entretien des surfaces : murs, sols, moquettes, parquets et carrelages.<\/p>\n<p>&#8211; Le nettoyage des vitres et fen\u00eatres.<\/p>\n<p>&#8211; Le nettoyage de la salle de bain et des toilettes.<\/p>\n<p>&#8211; L&rsquo;entretien de l&rsquo;espace de cuisson et du syst\u00e8me de ventilation de la cuisine.<\/p>\n<p>&#8211; Le service de d\u00e9poussi\u00e9rage des meubles.<\/p>\n<h3>Vous d\u00e9sirez un nettoyage ponctuel de votre appartement\u202f?<\/h3>\n<p>Notre soci\u00e9t\u00e9 propose des services de nettoyage sur mesure, adapt\u00e9s \u00e0 vos besoins, avec des interventions hebdomadaires, bihebdomadaires ou chaque mois.<\/p>\n<h3>Service pour un nettoyage approfondi de votre habitation \u00e0 Payerne<\/h3>\n<p>Nous vous proposons aussi des services pour nettoyer en profondeur votre propri\u00e9t\u00e9 ou votre studio, en plus de notre service de nettoyage classique.<\/p>\n<h3>Quels sont les avantages d&rsquo;un m\u00e9nage approfondi ?<\/h3>\n<p>L&rsquo;avantage de l&rsquo;entretien approfondi est de supprimer les poussi\u00e8res, les salet\u00e9s et les salissures qui se sont entass\u00e9es progressivement, ce qui permet d&rsquo;am\u00e9liorer la qualit\u00e9 de l&rsquo;air et d&rsquo;\u00e9liminer les mauvaises odeurs.<\/p>\n<h3>Nettoyage de bureaux \u00e0 Payerne<\/h3>\n<p>Pour le nettoyage de vos bureaux, comptez sur Artisanlocal. \u00c9conomisez du temps, de l&rsquo;\u00e9nergie gr\u00e2ce \u00e0 nos prestations ! Nous proposons des prestations de nettoyage \u00e0 l&rsquo;ann\u00e9e qui s&rsquo;adaptera \u00e0 vos exigences et \u00e0 votre budget. Voici les services que nous proposons :<\/p>\n<ul>\n<li>Traitement des tapis et lavage de vitres de bureau.<\/li>\n<li>Nettoyage de sofas, de si\u00e8ges de travail, de canap\u00e9 en tissu ou en cuir.<\/li>\n<li>Enl\u00e8vement des d\u00e9chets m\u00e9nagers.<\/li>\n<li>Service de nettoyage des poussi\u00e8res.<\/li>\n<li>Lavement des parquets et utilisation de l&rsquo;aspirateur.<\/li>\n<\/ul>\n<h3>Nettoyage de maison \u00e0 Payerne<\/h3>\n<p>Pour que votre r\u00e9sidence soit tout le temps aussi propre que possible, vous devez r\u00e9aliser un m\u00e9nage fr\u00e9quent. N\u00e9anmoins, \u00e0 notre \u00e9poque, la grande majorit\u00e9 des gens ont un agenda rempli et cela rend compliqu\u00e9 la r\u00e9alisation des t\u00e2ches m\u00e9nag\u00e8res, c&rsquo;est ici que notre soci\u00e9t\u00e9 peut vous aider dans vos corv\u00e9es m\u00e9nag\u00e8res.<\/p>\n<h2>Pourquoi faire appel \u00e0 une entreprise pour r\u00e9aliser le nettoyage de son domicile \u00e0 Payerne ?<\/h2>\n<p>Si vous vivez \u00e0 Payerne, vous avez peut-\u00eatre du mal \u00e0 conserver votre habitat bien rang\u00e9 et nettoy\u00e9. Notre gamme de services vous aidera \u00e0 pr\u00e9server votre propri\u00e9t\u00e9 aussi propre que possible. En faisant appel \u00e0 notre entreprise, vous allez pouvoir :<\/p>\n<h3>Mieux g\u00e9rer votre espace<\/h3>\n<p>Un logement en d\u00e9sordre peut \u00eatre une cause de probl\u00e8mes (perte de temps ou dispute avec votre conjoint). Artisanlocal propose des services de nettoyage qui vous permettent de mieux organiser votre lieu de vie, ce qui vous donne la possibilit\u00e9, de :<\/p>\n<h3>Construire un cadre plus zen<\/h3>\n<p>Une propri\u00e9t\u00e9 bien organis\u00e9e et nettoy\u00e9e vous aidera ainsi que vos invit\u00e9s \u00e0 vous sentir zen.<\/p>\n<h3>Vivre en bonne forme et content<\/h3>\n<p>Ne pas enlever la salet\u00e9 et la poussi\u00e8re dans votre int\u00e9rieur peut causer des risques pour votre sant\u00e9, comme d\u00e9clencher des r\u00e9actions allergiques ou intensifier celles d\u00e9j\u00e0 pr\u00e9sentes. En engageant les services de notre entreprise de m\u00e9nage, vous r\u00e9duisez les potentiels risques d&rsquo;allergies.<\/p>\n<h3>M\u00e9nage \u00e0 Payerne et dans les environs<\/h3>\n<p>Nous intervenons \u00e0 Payerne et aussi \u00e0 : Cheyres, Estavayer-le-Lac, Bollion, Lully FR, Seiry, Ch\u00e2tillon FR, Font, Ch\u00e2bles FR, Autavaux, Forel FR, Montbrelloz, Cugy FR, Vesin, Frasses, Montet (Broye), Aumont, Granges-de-Vesin, Nuvilly, Murist, F\u00e9tigny, M\u00e9ni\u00e8res, Treytorrens (Payerne), Bussy FR, Morens FR, S\u00e9vaz, Rueyres-les-Pr\u00e9s, Grandcour, Chevroux, Vers-chez-Perrin, Trey, Ch\u00e2tonnaye, Corcelles-pr\u00e8s-Payerne, Missy, Cerniat FR, Middes, Cousset, Montagny-les-Monts, Grandsivaz, Mannens, Montagny-la-Ville.<\/p>\n","protected":false},"excerpt":{"rendered":"<p>Besoin d&rsquo;une entreprise de nettoyage \u00e0 Payerne ? Artisanlocal vous propose un nettoyage d&rsquo;int\u00e9rieur pour les professionnels et les particuliers. Notre \u00e9quipe d&rsquo;experts chevronn\u00e9s s&rsquo;engage \u00e0 r\u00e9aliser des prestations de qualit\u00e9 et sur mesure. Pourquoi collaborer avec notre soci\u00e9t\u00e9 ? Vous pouvez planifier un rendez-vous aujourd&rsquo;hui avec notre soci\u00e9t\u00e9. Nos sp\u00e9cialistes en nettoyage sont tous [&hellip;]<\/p>\n","protected":false},"author":4,"featured_media":2754,"parent":0,"menu_order":0,"comment_status":"closed","ping_status":"closed","template":"","meta":{"footnotes":""},"profession":[108],"location":[13],"canton":[113],"class_list":["post-425","page","type-page","status-publish","has-post-thumbnail","hentry","profession-agent-de-proprete","location-payerne","canton-vd"],"yoast_head":"<!-- This site is optimized with the Yoast SEO Premium plugin v25.7.1 (Yoast SEO v27.4) - https:\/\/yoast.com\/product\/yoast-seo-premium-wordpress\/ -->\n<title>Entreprise de Nettoyage \u00e0 Payerne - Artisanlocal<\/title>\n<meta name=\"robots\" content=\"index, follow, max-snippet:-1, max-image-preview:large, max-video-preview:-1\" \/>\n<link rel=\"canonical\" href=\"https:\/\/www.artisanlocal.ch\/c\/nettoyage-de-bureaux-et-de-logements-a-payerne\/\" \/>\n<meta property=\"og:locale\" content=\"fr_FR\" \/>\n<meta property=\"og:type\" content=\"article\" \/>\n<meta property=\"og:title\" content=\"Entreprise de Nettoyage \u00e0 Payerne\" \/>\n<meta property=\"og:description\" content=\"Besoin d&rsquo;une entreprise de nettoyage \u00e0 Payerne ? Artisanlocal vous propose un nettoyage d&rsquo;int\u00e9rieur pour les professionnels et les particuliers. Notre \u00e9quipe d&rsquo;experts chevronn\u00e9s s&rsquo;engage \u00e0 r\u00e9aliser des prestations de qualit\u00e9 et sur mesure. Pourquoi collaborer avec notre soci\u00e9t\u00e9 ? Vous pouvez planifier un rendez-vous aujourd&rsquo;hui avec notre soci\u00e9t\u00e9. Nos sp\u00e9cialistes en nettoyage sont tous [&hellip;]\" \/>\n<meta property=\"og:url\" content=\"https:\/\/www.artisanlocal.ch\/c\/nettoyage-de-bureaux-et-de-logements-a-payerne\/\" \/>\n<meta property=\"og:site_name\" content=\"Artisanlocal\" \/>\n<meta property=\"article:modified_time\" content=\"2025-08-26T23:33:38+00:00\" \/>\n<meta property=\"og:image\" content=\"https:\/\/www.artisanlocal.ch\/c\/wp-content\/uploads\/2024\/10\/agent-proprete.jpg\" \/>\n\t<meta property=\"og:image:width\" content=\"1920\" \/>\n\t<meta property=\"og:image:height\" content=\"300\" \/>\n\t<meta property=\"og:image:type\" content=\"image\/jpeg\" \/>\n<meta name=\"twitter:card\" content=\"summary_large_image\" \/>\n<meta name=\"twitter:label1\" content=\"Dur\u00e9e de lecture estim\u00e9e\" \/>\n\t<meta name=\"twitter:data1\" content=\"5 minutes\" \/>\n<script type=\"application\/ld+json\" class=\"yoast-schema-graph\">{\"@context\":\"https:\\\/\\\/schema.org\",\"@graph\":[{\"@type\":\"WebPage\",\"@id\":\"https:\\\/\\\/www.artisanlocal.ch\\\/c\\\/nettoyage-de-bureaux-et-de-logements-a-payerne\\\/\",\"url\":\"https:\\\/\\\/www.artisanlocal.ch\\\/c\\\/nettoyage-de-bureaux-et-de-logements-a-payerne\\\/\",\"name\":\"Entreprise de Nettoyage \u00e0 Payerne - Artisanlocal\",\"isPartOf\":{\"@id\":\"https:\\\/\\\/www.artisanlocal.ch\\\/c\\\/#website\"},\"primaryImageOfPage\":{\"@id\":\"https:\\\/\\\/www.artisanlocal.ch\\\/c\\\/nettoyage-de-bureaux-et-de-logements-a-payerne\\\/#primaryimage\"},\"image\":{\"@id\":\"https:\\\/\\\/www.artisanlocal.ch\\\/c\\\/nettoyage-de-bureaux-et-de-logements-a-payerne\\\/#primaryimage\"},\"thumbnailUrl\":\"https:\\\/\\\/www.artisanlocal.ch\\\/c\\\/wp-content\\\/uploads\\\/2024\\\/10\\\/agent-proprete.jpg\",\"datePublished\":\"2024-04-16T16:38:23+00:00\",\"dateModified\":\"2025-08-26T23:33:38+00:00\",\"breadcrumb\":{\"@id\":\"https:\\\/\\\/www.artisanlocal.ch\\\/c\\\/nettoyage-de-bureaux-et-de-logements-a-payerne\\\/#breadcrumb\"},\"inLanguage\":\"fr-FR\",\"potentialAction\":[{\"@type\":\"ReadAction\",\"target\":[\"https:\\\/\\\/www.artisanlocal.ch\\\/c\\\/nettoyage-de-bureaux-et-de-logements-a-payerne\\\/\"]}]},{\"@type\":\"ImageObject\",\"inLanguage\":\"fr-FR\",\"@id\":\"https:\\\/\\\/www.artisanlocal.ch\\\/c\\\/nettoyage-de-bureaux-et-de-logements-a-payerne\\\/#primaryimage\",\"url\":\"https:\\\/\\\/www.artisanlocal.ch\\\/c\\\/wp-content\\\/uploads\\\/2024\\\/10\\\/agent-proprete.jpg\",\"contentUrl\":\"https:\\\/\\\/www.artisanlocal.ch\\\/c\\\/wp-content\\\/uploads\\\/2024\\\/10\\\/agent-proprete.jpg\",\"width\":1920,\"height\":300},{\"@type\":\"BreadcrumbList\",\"@id\":\"https:\\\/\\\/www.artisanlocal.ch\\\/c\\\/nettoyage-de-bureaux-et-de-logements-a-payerne\\\/#breadcrumb\",\"itemListElement\":[{\"@type\":\"ListItem\",\"position\":1,\"name\":\"Accueil\",\"item\":\"https:\\\/\\\/www.artisanlocal.ch\\\/c\\\/\"},{\"@type\":\"ListItem\",\"position\":2,\"name\":\"Entreprise de Nettoyage \u00e0 Payerne\"}]},{\"@type\":\"WebSite\",\"@id\":\"https:\\\/\\\/www.artisanlocal.ch\\\/c\\\/#website\",\"url\":\"https:\\\/\\\/www.artisanlocal.ch\\\/c\\\/\",\"name\":\"Artisanlocal\",\"description\":\"\",\"publisher\":{\"@id\":\"https:\\\/\\\/www.artisanlocal.ch\\\/c\\\/#organization\"},\"potentialAction\":[{\"@type\":\"SearchAction\",\"target\":{\"@type\":\"EntryPoint\",\"urlTemplate\":\"https:\\\/\\\/www.artisanlocal.ch\\\/c\\\/?s={search_term_string}\"},\"query-input\":{\"@type\":\"PropertyValueSpecification\",\"valueRequired\":true,\"valueName\":\"search_term_string\"}}],\"inLanguage\":\"fr-FR\"},{\"@type\":\"Organization\",\"@id\":\"https:\\\/\\\/www.artisanlocal.ch\\\/c\\\/#organization\",\"name\":\"Artisanlocal\",\"url\":\"https:\\\/\\\/www.artisanlocal.ch\\\/c\\\/\",\"logo\":{\"@type\":\"ImageObject\",\"inLanguage\":\"fr-FR\",\"@id\":\"https:\\\/\\\/www.artisanlocal.ch\\\/c\\\/#\\\/schema\\\/logo\\\/image\\\/\",\"url\":\"https:\\\/\\\/www.artisanlocal.ch\\\/c\\\/wp-content\\\/uploads\\\/2024\\\/02\\\/logo-artisanlocal-h.svg\",\"contentUrl\":\"https:\\\/\\\/www.artisanlocal.ch\\\/c\\\/wp-content\\\/uploads\\\/2024\\\/02\\\/logo-artisanlocal-h.svg\",\"caption\":\"Artisanlocal\"},\"image\":{\"@id\":\"https:\\\/\\\/www.artisanlocal.ch\\\/c\\\/#\\\/schema\\\/logo\\\/image\\\/\"}}]}<\/script>\n<!-- \/ Yoast SEO Premium plugin. -->","yoast_head_json":{"title":"Entreprise de Nettoyage \u00e0 Payerne - Artisanlocal","robots":{"index":"index","follow":"follow","max-snippet":"max-snippet:-1","max-image-preview":"max-image-preview:large","max-video-preview":"max-video-preview:-1"},"canonical":"https:\/\/www.artisanlocal.ch\/c\/nettoyage-de-bureaux-et-de-logements-a-payerne\/","og_locale":"fr_FR","og_type":"article","og_title":"Entreprise de Nettoyage \u00e0 Payerne","og_description":"Besoin d&rsquo;une entreprise de nettoyage \u00e0 Payerne ? Artisanlocal vous propose un nettoyage d&rsquo;int\u00e9rieur pour les professionnels et les particuliers. Notre \u00e9quipe d&rsquo;experts chevronn\u00e9s s&rsquo;engage \u00e0 r\u00e9aliser des prestations de qualit\u00e9 et sur mesure. Pourquoi collaborer avec notre soci\u00e9t\u00e9 ? Vous pouvez planifier un rendez-vous aujourd&rsquo;hui avec notre soci\u00e9t\u00e9. Nos sp\u00e9cialistes en nettoyage sont tous [&hellip;]","og_url":"https:\/\/www.artisanlocal.ch\/c\/nettoyage-de-bureaux-et-de-logements-a-payerne\/","og_site_name":"Artisanlocal","article_modified_time":"2025-08-26T23:33:38+00:00","og_image":[{"width":1920,"height":300,"url":"https:\/\/www.artisanlocal.ch\/c\/wp-content\/uploads\/2024\/10\/agent-proprete.jpg","type":"image\/jpeg"}],"twitter_card":"summary_large_image","twitter_misc":{"Dur\u00e9e de lecture estim\u00e9e":"5 minutes"},"schema":{"@context":"https:\/\/schema.org","@graph":[{"@type":"WebPage","@id":"https:\/\/www.artisanlocal.ch\/c\/nettoyage-de-bureaux-et-de-logements-a-payerne\/","url":"https:\/\/www.artisanlocal.ch\/c\/nettoyage-de-bureaux-et-de-logements-a-payerne\/","name":"Entreprise de Nettoyage \u00e0 Payerne - Artisanlocal","isPartOf":{"@id":"https:\/\/www.artisanlocal.ch\/c\/#website"},"primaryImageOfPage":{"@id":"https:\/\/www.artisanlocal.ch\/c\/nettoyage-de-bureaux-et-de-logements-a-payerne\/#primaryimage"},"image":{"@id":"https:\/\/www.artisanlocal.ch\/c\/nettoyage-de-bureaux-et-de-logements-a-payerne\/#primaryimage"},"thumbnailUrl":"https:\/\/www.artisanlocal.ch\/c\/wp-content\/uploads\/2024\/10\/agent-proprete.jpg","datePublished":"2024-04-16T16:38:23+00:00","dateModified":"2025-08-26T23:33:38+00:00","breadcrumb":{"@id":"https:\/\/www.artisanlocal.ch\/c\/nettoyage-de-bureaux-et-de-logements-a-payerne\/#breadcrumb"},"inLanguage":"fr-FR","potentialAction":[{"@type":"ReadAction","target":["https:\/\/www.artisanlocal.ch\/c\/nettoyage-de-bureaux-et-de-logements-a-payerne\/"]}]},{"@type":"ImageObject","inLanguage":"fr-FR","@id":"https:\/\/www.artisanlocal.ch\/c\/nettoyage-de-bureaux-et-de-logements-a-payerne\/#primaryimage","url":"https:\/\/www.artisanlocal.ch\/c\/wp-content\/uploads\/2024\/10\/agent-proprete.jpg","contentUrl":"https:\/\/www.artisanlocal.ch\/c\/wp-content\/uploads\/2024\/10\/agent-proprete.jpg","width":1920,"height":300},{"@type":"BreadcrumbList","@id":"https:\/\/www.artisanlocal.ch\/c\/nettoyage-de-bureaux-et-de-logements-a-payerne\/#breadcrumb","itemListElement":[{"@type":"ListItem","position":1,"name":"Accueil","item":"https:\/\/www.artisanlocal.ch\/c\/"},{"@type":"ListItem","position":2,"name":"Entreprise de Nettoyage \u00e0 Payerne"}]},{"@type":"WebSite","@id":"https:\/\/www.artisanlocal.ch\/c\/#website","url":"https:\/\/www.artisanlocal.ch\/c\/","name":"Artisanlocal","description":"","publisher":{"@id":"https:\/\/www.artisanlocal.ch\/c\/#organization"},"potentialAction":[{"@type":"SearchAction","target":{"@type":"EntryPoint","urlTemplate":"https:\/\/www.artisanlocal.ch\/c\/?s={search_term_string}"},"query-input":{"@type":"PropertyValueSpecification","valueRequired":true,"valueName":"search_term_string"}}],"inLanguage":"fr-FR"},{"@type":"Organization","@id":"https:\/\/www.artisanlocal.ch\/c\/#organization","name":"Artisanlocal","url":"https:\/\/www.artisanlocal.ch\/c\/","logo":{"@type":"ImageObject","inLanguage":"fr-FR","@id":"https:\/\/www.artisanlocal.ch\/c\/#\/schema\/logo\/image\/","url":"https:\/\/www.artisanlocal.ch\/c\/wp-content\/uploads\/2024\/02\/logo-artisanlocal-h.svg","contentUrl":"https:\/\/www.artisanlocal.ch\/c\/wp-content\/uploads\/2024\/02\/logo-artisanlocal-h.svg","caption":"Artisanlocal"},"image":{"@id":"https:\/\/www.artisanlocal.ch\/c\/#\/schema\/logo\/image\/"}}]}},"_links":{"self":[{"href":"https:\/\/www.artisanlocal.ch\/c\/wp-json\/wp\/v2\/pages\/425","targetHints":{"allow":["GET"]}}],"collection":[{"href":"https:\/\/www.artisanlocal.ch\/c\/wp-json\/wp\/v2\/pages"}],"about":[{"href":"https:\/\/www.artisanlocal.ch\/c\/wp-json\/wp\/v2\/types\/page"}],"author":[{"embeddable":true,"href":"https:\/\/www.artisanlocal.ch\/c\/wp-json\/wp\/v2\/users\/4"}],"replies":[{"embeddable":true,"href":"https:\/\/www.artisanlocal.ch\/c\/wp-json\/wp\/v2\/comments?post=425"}],"version-history":[{"count":0,"href":"https:\/\/www.artisanlocal.ch\/c\/wp-json\/wp\/v2\/pages\/425\/revisions"}],"wp:featuredmedia":[{"embeddable":true,"href":"https:\/\/www.artisanlocal.ch\/c\/wp-json\/wp\/v2\/media\/2754"}],"wp:attachment":[{"href":"https:\/\/www.artisanlocal.ch\/c\/wp-json\/wp\/v2\/media?parent=425"}],"wp:term":[{"taxonomy":"profession","embeddable":true,"href":"https:\/\/www.artisanlocal.ch\/c\/wp-json\/wp\/v2\/profession?post=425"},{"taxonomy":"location","embeddable":true,"href":"https:\/\/www.artisanlocal.ch\/c\/wp-json\/wp\/v2\/location?post=425"},{"taxonomy":"canton","embeddable":true,"href":"https:\/\/www.artisanlocal.ch\/c\/wp-json\/wp\/v2\/canton?post=425"}],"curies":[{"name":"wp","href":"https:\/\/api.w.org\/{rel}","templated":true}]}}