{"id":432,"date":"2024-04-16T18:38:34","date_gmt":"2024-04-16T16:38:34","guid":{"rendered":"https:\/\/www.artisanlocal.ch\/c\/nettoyage-professionnel-pour-domicile-et-local-dentreprise-a-grandson\/"},"modified":"2025-08-27T01:33:32","modified_gmt":"2025-08-26T23:33:32","slug":"nettoyage-professionnel-pour-domicile-et-local-dentreprise-a-grandson","status":"publish","type":"page","link":"https:\/\/www.artisanlocal.ch\/c\/nettoyage-professionnel-pour-domicile-et-local-dentreprise-a-grandson\/","title":{"rendered":"Entreprise de nettoyage \u00e0 Grandson"},"content":{"rendered":"<p>Besoin d&rsquo;une entreprise de nettoyage \u00e0 Grandson ? Notre entreprise propose des prestations sur mesure pour nettoyer votre int\u00e9rieur.<br \/>\n\r\n<div class=\"box\">\r\n    <h2 class=\"text-dark\">Nous cherchons un <em class=\"text-primary\">Agent de propret\u00e9<\/em> dans la r\u00e9gion de <em class=\"text-primary\">Grandson<\/em>  en exclusivit\u00e9, afin de proposer vos services \u00e0 nos clients propri\u00e9taires.<\/h2>\r\n    <p>Une opportunit\u00e9 unique pour booster votre activit\u00e9 \u00e0 <strong>Grandson<\/strong> et aux alentours dans votre domaine (Agent de propret\u00e9).<\/p>\r\n    <p>Nous travaillons en exclusivit\u00e9 avec qu'une soci\u00e9t\u00e9 par m\u00e9tier et par r\u00e9gion. <br>Votre entreprise est pr\u00e9sente sur tous les documents immobiliers. Afin d'\u00eatre mieux vu sur le net, vous \u00eates \u00e9galement visible sur nos deux sites et sur les pages de r\u00e9f\u00e9rencement de votre r\u00e9gion.<\/p>\r\n    <a href=\"\/contact\" class=\"wp-block-button__link has-accent-background-color has-text-align-center wp-element-button\">R\u00e9server<\/a>\r\n<\/div><\/p>\n<h2>Pourquoi choisir notre soci\u00e9t\u00e9 ?<\/h2>\n<ul>\n<li>Vous pouvez r\u00e9server un rendez-vous avec notre soci\u00e9t\u00e9 en moins de 24 heures.<\/li>\n<li>Nos experts en nettoyage sont form\u00e9s avec les derni\u00e8res techniques.<\/li>\n<li>Le nettoyage est r\u00e9alis\u00e9 avec des produits \u00e9cologiques.<\/li>\n<li>Nos devis sont sans frais.<\/li>\n<\/ul>\n<h2>Services de m\u00e9nage \u00e0 Grandson<\/h2>\n<p>Nous proposons une large gamme de services de nettoyage sur mesure pour satisfaire les attentes de tous nos clients.<\/p>\n<p>Si vous avez besoin d&rsquo;un service de nettoyage complet, d&rsquo;un m\u00e9nage occasionnel ou d&rsquo;un service d&rsquo;entretien fr\u00e9quent, nous sommes l\u00e0 pour vous aider. D\u00e9couvrez les services les plus g\u00e9n\u00e9ralement r\u00e9alis\u00e9s \u00e0 Grandson :<\/p>\n<ul>\n<li>M\u00e9nage lors d&rsquo;un changement de domicile.<\/li>\n<li>Nettoyage d&rsquo;appartements Airbnb.<\/li>\n<li>Nettoyage des bureaux<\/li>\n<li>Nettoyage des espaces commerciaux.<\/li>\n<li>Nettoyage apr\u00e8s une r\u00e9novation.<\/li>\n<\/ul>\n<h2>Quelles sont les solutions d&rsquo;entretien d&rsquo;artisanlocal\u202f?<\/h2>\n<ul>\n<li>Services de propret\u00e9 pour les conciergeries d&rsquo;appartements et maisons Airbnb,<\/li>\n<li>service de m\u00e9nage et de nettoyage d&rsquo;appartements,<\/li>\n<li>entretien et nettoyage des appareils m\u00e9nagers,<\/li>\n<li>nettoyage de terrasse,<\/li>\n<li>nettoyage des espaces souterrains,<\/li>\n<li>d\u00e9sinfection des surfaces pour lutter contre les agents pathog\u00e8nes,<\/li>\n<li>nettoyage de la vaisselle,<\/li>\n<li>nettoyage des installations sportives,<\/li>\n<li>entretien des sols,<\/li>\n<li>nettoyage sanitaire en milieu hospitalier,<\/li>\n<li>m\u00e9nage et nettoyage apr\u00e8s un changement de logement,<\/li>\n<li>nettoyage des lieux de travail,<\/li>\n<li>nettoyage apr\u00e8s une r\u00e9novation,<\/li>\n<li>nettoyage des salles d&rsquo;eau,<\/li>\n<li>nettoyage de magasins de proximit\u00e9,<\/li>\n<li>nettoyage des \u00e9coles,<\/li>\n<li>nettoyage des fen\u00eatres.<\/li>\n<\/ul>\n<h2>Nettoyage d&rsquo;appartement \u00e0 Grandson<\/h2>\n<p>Si vous r\u00e9sidez \u00e0 Grandson, nous pouvons r\u00e9aliser le m\u00e9nage de votre appartement.<\/p>\n<p>G\u00e9n\u00e9ralement \u00e0 Grandson, nous r\u00e9alisons le m\u00e9nage avant l&rsquo;\u00e9tat des lieux de sortie. Il est n\u00e9cessaire de comprendre que si le m\u00e9nage de l&rsquo;appartement n&rsquo;est pas r\u00e9alis\u00e9 correctement, le bailleur peut solliciter une soci\u00e9t\u00e9 de m\u00e9nage et retenir une partie de votre caution.<\/p>\n<p>Ce nettoyage avant l&rsquo;\u00e9tat des lieux inclut en particulier les services suivants :<\/p>\n<p>&#8211; L&rsquo;entretien des surfaces : murs, sols, moquettes, parquets et carrelages.<\/p>\n<p>&#8211; Le nettoyage des fen\u00eatres et vitres.<\/p>\n<p>&#8211; Le nettoyage de la salle d&rsquo;eau et des WC.<\/p>\n<p>&#8211; L&rsquo;entretien de l&rsquo;espace de cuisson et du syst\u00e8me d&rsquo;a\u00e9ration de la cuisine.<\/p>\n<p>&#8211; L&rsquo;\u00e9limination des amas de poussi\u00e8re sur le mobilier d&rsquo;int\u00e9rieur.<\/p>\n<h3>Vous avez besoin d&rsquo;un service de nettoyage ponctuel de votre logement\u202f?<\/h3>\n<p>Artisanlocal propose des solutions d&rsquo;entretien adapt\u00e9es \u00e0 vos besoins, avec des interventions hebdomadaires, toutes les deux semaines ou chaque mois.<\/p>\n<h3>Entretien en profondeur de votre villa et de votre appartement \u00e0 Grandson<\/h3>\n<p>Artisanlocal propose des services de nettoyage en profondeur pour votre maison ou studio, en plus de notre service de nettoyage standard.<\/p>\n<h3>Quels sont les avantages d\u2019un entretien approfondi avec Artisanlocal ?<\/h3>\n<p>Le principal avantage du nettoyage en profondeur est d&rsquo;\u00e9liminer les particules fines, la salet\u00e9 et les t\u00e2ches qui se sont empil\u00e9es avec le temps. Un m\u00e9nage bien r\u00e9alis\u00e9 am\u00e9liore la qualit\u00e9 de l&rsquo;aire int\u00e9rieure et \u00e9limine les mauvaises odeurs.<\/p>\n<h3>M\u00e9nage de bureaux \u00e0 Grandson<\/h3>\n<p>Pour le m\u00e9nage de vos espaces de travail, faites confiance \u00e0 Artisanlocal. Avec nous, vous \u00e9conomisez du temps et de l&rsquo;\u00e9nergie ! Nous proposons des services de nettoyage \u00e0 l&rsquo;ann\u00e9e qui s&rsquo;adapte \u00e0 vos besoins et \u00e0 votre budget. Voici les services que nous offrons pour le m\u00e9nage de vos espaces de travail :<\/p>\n<ul>\n<li>Lavage de vos moquettes et des vitres.<\/li>\n<li>Service de nettoyage du mobilier de bureau en tissu ou cuir (des chaises, des locaux professionnels, des divans).<\/li>\n<li>Gestion des d\u00e9tritus.<\/li>\n<li>\u00c9limination des poussi\u00e8res.<\/li>\n<li>Nettoyage des parquets et passage de l&rsquo;aspirateur.<\/li>\n<\/ul>\n<h3>Nettoyage pour votre maison \u00e0 Grandson<\/h3>\n<p>Pour garder l&rsquo;int\u00e9rieur de votre maison propre, il est n\u00e9cessaire de r\u00e9aliser un m\u00e9nage journalier. Malheureusement, un agenda charg\u00e9 peut rendre cette mission compliqu\u00e9e, voire impossible, d\u00e9l\u00e9guez \u00e0 notre soci\u00e9t\u00e9 le m\u00e9nage de votre villa.<\/p>\n<h2>Quel est l&rsquo;int\u00e9r\u00eat de recourir \u00e0 une soci\u00e9t\u00e9 pour r\u00e9aliser le nettoyage de son habitation \u00e0 Grandson ?<\/h2>\n<p>Si vous vivez \u00e0 Grandson, vous avez peut-\u00eatre du mal \u00e0 garder votre appartement bien rang\u00e9 et nettoy\u00e9. Notre entreprise vous aide \u00e0 garder votre maison aussi propre que possible. En faisant appel \u00e0 notre entreprise, vous serez en mesure de :<\/p>\n<h3>Mieux g\u00e9rer votre espace<\/h3>\n<p>Si votre habitat est en d\u00e9sordre, il est difficile de se sentir bien. Artisanlocal propose des services de m\u00e9nage pour garder votre int\u00e9rieur organis\u00e9, ce qui vous permet :<\/p>\n<h3>D&rsquo;avoir un int\u00e9rieur organis\u00e9<\/h3>\n<p>Une maison bien organis\u00e9e vous aidera ainsi que vos invit\u00e9s \u00e0 vous sentir plus \u00e0 l&rsquo;aise.<\/p>\n<h3>De prot\u00e9ger sa sant\u00e9 et rester heureux<\/h3>\n<p>L&rsquo;accumulation de poussi\u00e8re et de salet\u00e9 peut cr\u00e9er des risques pour la sant\u00e9, et causer des r\u00e9actions allergiques ou augmenter celles qui sont d\u00e9j\u00e0 pr\u00e9sentes. En faisant appel \u00e0 une soci\u00e9t\u00e9 de m\u00e9nage, vous r\u00e9duisez le nombre d&rsquo;allerg\u00e8nes pr\u00e9sent dans votre int\u00e9rieur.<\/p>\n<h2>Artisanlocal.ch op\u00e8re \u00e0 Grandson et dans les villes aux alentours<\/h2>\n<p>Nos techniciens interviennent \u00e0 Grandson et dans les villes \u00e0 proximit\u00e9, comme : Fiez, Fontaines-sur-Grandson, Grandevent, Fontanezier, Romairon, Vaugondry, Villars-Burquin, Champagne, Onnens VD, Concise, Corcelles-pr\u00e8s-Concise, Bonvillars, Mutrux, Provence, Giez, Orges, Novalles, Vugelles-La Mothe, Vuiteboeuf, La Sagne (Ste-croix), Le Ch\u00e2teau-de-Ste-Croix, Ste-Croix, Les Rasses, Bullet, Mauborget, L'Auberson, La Vraconnaz.<\/p>\n","protected":false},"excerpt":{"rendered":"<p>Besoin d&rsquo;une entreprise de nettoyage \u00e0 Grandson ? Notre entreprise propose des prestations sur mesure pour nettoyer votre int\u00e9rieur. Pourquoi choisir notre soci\u00e9t\u00e9 ? Vous pouvez r\u00e9server un rendez-vous avec notre soci\u00e9t\u00e9 en moins de 24 heures. Nos experts en nettoyage sont form\u00e9s avec les derni\u00e8res techniques. Le nettoyage est r\u00e9alis\u00e9 avec des produits \u00e9cologiques. [&hellip;]<\/p>\n","protected":false},"author":4,"featured_media":2754,"parent":0,"menu_order":0,"comment_status":"closed","ping_status":"closed","template":"","meta":{"footnotes":""},"profession":[108],"location":[66],"canton":[113],"class_list":["post-432","page","type-page","status-publish","has-post-thumbnail","hentry","profession-agent-de-proprete","location-grandson","canton-vd"],"yoast_head":"<!-- This site is optimized with the Yoast SEO Premium plugin v25.7.1 (Yoast SEO v27.3) - https:\/\/yoast.com\/product\/yoast-seo-premium-wordpress\/ -->\n<title>Entreprise de nettoyage \u00e0 Grandson - Artisanlocal<\/title>\n<meta name=\"robots\" content=\"index, follow, max-snippet:-1, max-image-preview:large, max-video-preview:-1\" \/>\n<link rel=\"canonical\" href=\"https:\/\/www.artisanlocal.ch\/c\/nettoyage-professionnel-pour-domicile-et-local-dentreprise-a-grandson\/\" \/>\n<meta property=\"og:locale\" content=\"fr_FR\" \/>\n<meta property=\"og:type\" content=\"article\" \/>\n<meta property=\"og:title\" content=\"Entreprise de nettoyage \u00e0 Grandson\" \/>\n<meta property=\"og:description\" content=\"Besoin d&rsquo;une entreprise de nettoyage \u00e0 Grandson ? Notre entreprise propose des prestations sur mesure pour nettoyer votre int\u00e9rieur. Pourquoi choisir notre soci\u00e9t\u00e9 ? Vous pouvez r\u00e9server un rendez-vous avec notre soci\u00e9t\u00e9 en moins de 24 heures. Nos experts en nettoyage sont form\u00e9s avec les derni\u00e8res techniques. Le nettoyage est r\u00e9alis\u00e9 avec des produits \u00e9cologiques. [&hellip;]\" \/>\n<meta property=\"og:url\" content=\"https:\/\/www.artisanlocal.ch\/c\/nettoyage-professionnel-pour-domicile-et-local-dentreprise-a-grandson\/\" \/>\n<meta property=\"og:site_name\" content=\"Artisanlocal\" \/>\n<meta property=\"article:modified_time\" content=\"2025-08-26T23:33:32+00:00\" \/>\n<meta property=\"og:image\" content=\"https:\/\/www.artisanlocal.ch\/c\/wp-content\/uploads\/2024\/10\/agent-proprete.jpg\" \/>\n\t<meta property=\"og:image:width\" content=\"1920\" \/>\n\t<meta property=\"og:image:height\" content=\"300\" \/>\n\t<meta property=\"og:image:type\" content=\"image\/jpeg\" \/>\n<meta name=\"twitter:card\" content=\"summary_large_image\" \/>\n<meta name=\"twitter:label1\" content=\"Dur\u00e9e de lecture estim\u00e9e\" \/>\n\t<meta name=\"twitter:data1\" content=\"5 minutes\" \/>\n<script type=\"application\/ld+json\" class=\"yoast-schema-graph\">{\"@context\":\"https:\\\/\\\/schema.org\",\"@graph\":[{\"@type\":\"WebPage\",\"@id\":\"https:\\\/\\\/www.artisanlocal.ch\\\/c\\\/nettoyage-professionnel-pour-domicile-et-local-dentreprise-a-grandson\\\/\",\"url\":\"https:\\\/\\\/www.artisanlocal.ch\\\/c\\\/nettoyage-professionnel-pour-domicile-et-local-dentreprise-a-grandson\\\/\",\"name\":\"Entreprise de nettoyage \u00e0 Grandson - Artisanlocal\",\"isPartOf\":{\"@id\":\"https:\\\/\\\/www.artisanlocal.ch\\\/c\\\/#website\"},\"primaryImageOfPage\":{\"@id\":\"https:\\\/\\\/www.artisanlocal.ch\\\/c\\\/nettoyage-professionnel-pour-domicile-et-local-dentreprise-a-grandson\\\/#primaryimage\"},\"image\":{\"@id\":\"https:\\\/\\\/www.artisanlocal.ch\\\/c\\\/nettoyage-professionnel-pour-domicile-et-local-dentreprise-a-grandson\\\/#primaryimage\"},\"thumbnailUrl\":\"https:\\\/\\\/www.artisanlocal.ch\\\/c\\\/wp-content\\\/uploads\\\/2024\\\/10\\\/agent-proprete.jpg\",\"datePublished\":\"2024-04-16T16:38:34+00:00\",\"dateModified\":\"2025-08-26T23:33:32+00:00\",\"breadcrumb\":{\"@id\":\"https:\\\/\\\/www.artisanlocal.ch\\\/c\\\/nettoyage-professionnel-pour-domicile-et-local-dentreprise-a-grandson\\\/#breadcrumb\"},\"inLanguage\":\"fr-FR\",\"potentialAction\":[{\"@type\":\"ReadAction\",\"target\":[\"https:\\\/\\\/www.artisanlocal.ch\\\/c\\\/nettoyage-professionnel-pour-domicile-et-local-dentreprise-a-grandson\\\/\"]}]},{\"@type\":\"ImageObject\",\"inLanguage\":\"fr-FR\",\"@id\":\"https:\\\/\\\/www.artisanlocal.ch\\\/c\\\/nettoyage-professionnel-pour-domicile-et-local-dentreprise-a-grandson\\\/#primaryimage\",\"url\":\"https:\\\/\\\/www.artisanlocal.ch\\\/c\\\/wp-content\\\/uploads\\\/2024\\\/10\\\/agent-proprete.jpg\",\"contentUrl\":\"https:\\\/\\\/www.artisanlocal.ch\\\/c\\\/wp-content\\\/uploads\\\/2024\\\/10\\\/agent-proprete.jpg\",\"width\":1920,\"height\":300},{\"@type\":\"BreadcrumbList\",\"@id\":\"https:\\\/\\\/www.artisanlocal.ch\\\/c\\\/nettoyage-professionnel-pour-domicile-et-local-dentreprise-a-grandson\\\/#breadcrumb\",\"itemListElement\":[{\"@type\":\"ListItem\",\"position\":1,\"name\":\"Accueil\",\"item\":\"https:\\\/\\\/www.artisanlocal.ch\\\/c\\\/\"},{\"@type\":\"ListItem\",\"position\":2,\"name\":\"Entreprise de nettoyage \u00e0 Grandson\"}]},{\"@type\":\"WebSite\",\"@id\":\"https:\\\/\\\/www.artisanlocal.ch\\\/c\\\/#website\",\"url\":\"https:\\\/\\\/www.artisanlocal.ch\\\/c\\\/\",\"name\":\"Artisanlocal\",\"description\":\"\",\"publisher\":{\"@id\":\"https:\\\/\\\/www.artisanlocal.ch\\\/c\\\/#organization\"},\"potentialAction\":[{\"@type\":\"SearchAction\",\"target\":{\"@type\":\"EntryPoint\",\"urlTemplate\":\"https:\\\/\\\/www.artisanlocal.ch\\\/c\\\/?s={search_term_string}\"},\"query-input\":{\"@type\":\"PropertyValueSpecification\",\"valueRequired\":true,\"valueName\":\"search_term_string\"}}],\"inLanguage\":\"fr-FR\"},{\"@type\":\"Organization\",\"@id\":\"https:\\\/\\\/www.artisanlocal.ch\\\/c\\\/#organization\",\"name\":\"Artisanlocal\",\"url\":\"https:\\\/\\\/www.artisanlocal.ch\\\/c\\\/\",\"logo\":{\"@type\":\"ImageObject\",\"inLanguage\":\"fr-FR\",\"@id\":\"https:\\\/\\\/www.artisanlocal.ch\\\/c\\\/#\\\/schema\\\/logo\\\/image\\\/\",\"url\":\"https:\\\/\\\/www.artisanlocal.ch\\\/c\\\/wp-content\\\/uploads\\\/2024\\\/02\\\/logo-artisanlocal-h.svg\",\"contentUrl\":\"https:\\\/\\\/www.artisanlocal.ch\\\/c\\\/wp-content\\\/uploads\\\/2024\\\/02\\\/logo-artisanlocal-h.svg\",\"caption\":\"Artisanlocal\"},\"image\":{\"@id\":\"https:\\\/\\\/www.artisanlocal.ch\\\/c\\\/#\\\/schema\\\/logo\\\/image\\\/\"}}]}<\/script>\n<!-- \/ Yoast SEO Premium plugin. -->","yoast_head_json":{"title":"Entreprise de nettoyage \u00e0 Grandson - Artisanlocal","robots":{"index":"index","follow":"follow","max-snippet":"max-snippet:-1","max-image-preview":"max-image-preview:large","max-video-preview":"max-video-preview:-1"},"canonical":"https:\/\/www.artisanlocal.ch\/c\/nettoyage-professionnel-pour-domicile-et-local-dentreprise-a-grandson\/","og_locale":"fr_FR","og_type":"article","og_title":"Entreprise de nettoyage \u00e0 Grandson","og_description":"Besoin d&rsquo;une entreprise de nettoyage \u00e0 Grandson ? Notre entreprise propose des prestations sur mesure pour nettoyer votre int\u00e9rieur. Pourquoi choisir notre soci\u00e9t\u00e9 ? Vous pouvez r\u00e9server un rendez-vous avec notre soci\u00e9t\u00e9 en moins de 24 heures. Nos experts en nettoyage sont form\u00e9s avec les derni\u00e8res techniques. Le nettoyage est r\u00e9alis\u00e9 avec des produits \u00e9cologiques. [&hellip;]","og_url":"https:\/\/www.artisanlocal.ch\/c\/nettoyage-professionnel-pour-domicile-et-local-dentreprise-a-grandson\/","og_site_name":"Artisanlocal","article_modified_time":"2025-08-26T23:33:32+00:00","og_image":[{"width":1920,"height":300,"url":"https:\/\/www.artisanlocal.ch\/c\/wp-content\/uploads\/2024\/10\/agent-proprete.jpg","type":"image\/jpeg"}],"twitter_card":"summary_large_image","twitter_misc":{"Dur\u00e9e de lecture estim\u00e9e":"5 minutes"},"schema":{"@context":"https:\/\/schema.org","@graph":[{"@type":"WebPage","@id":"https:\/\/www.artisanlocal.ch\/c\/nettoyage-professionnel-pour-domicile-et-local-dentreprise-a-grandson\/","url":"https:\/\/www.artisanlocal.ch\/c\/nettoyage-professionnel-pour-domicile-et-local-dentreprise-a-grandson\/","name":"Entreprise de nettoyage \u00e0 Grandson - Artisanlocal","isPartOf":{"@id":"https:\/\/www.artisanlocal.ch\/c\/#website"},"primaryImageOfPage":{"@id":"https:\/\/www.artisanlocal.ch\/c\/nettoyage-professionnel-pour-domicile-et-local-dentreprise-a-grandson\/#primaryimage"},"image":{"@id":"https:\/\/www.artisanlocal.ch\/c\/nettoyage-professionnel-pour-domicile-et-local-dentreprise-a-grandson\/#primaryimage"},"thumbnailUrl":"https:\/\/www.artisanlocal.ch\/c\/wp-content\/uploads\/2024\/10\/agent-proprete.jpg","datePublished":"2024-04-16T16:38:34+00:00","dateModified":"2025-08-26T23:33:32+00:00","breadcrumb":{"@id":"https:\/\/www.artisanlocal.ch\/c\/nettoyage-professionnel-pour-domicile-et-local-dentreprise-a-grandson\/#breadcrumb"},"inLanguage":"fr-FR","potentialAction":[{"@type":"ReadAction","target":["https:\/\/www.artisanlocal.ch\/c\/nettoyage-professionnel-pour-domicile-et-local-dentreprise-a-grandson\/"]}]},{"@type":"ImageObject","inLanguage":"fr-FR","@id":"https:\/\/www.artisanlocal.ch\/c\/nettoyage-professionnel-pour-domicile-et-local-dentreprise-a-grandson\/#primaryimage","url":"https:\/\/www.artisanlocal.ch\/c\/wp-content\/uploads\/2024\/10\/agent-proprete.jpg","contentUrl":"https:\/\/www.artisanlocal.ch\/c\/wp-content\/uploads\/2024\/10\/agent-proprete.jpg","width":1920,"height":300},{"@type":"BreadcrumbList","@id":"https:\/\/www.artisanlocal.ch\/c\/nettoyage-professionnel-pour-domicile-et-local-dentreprise-a-grandson\/#breadcrumb","itemListElement":[{"@type":"ListItem","position":1,"name":"Accueil","item":"https:\/\/www.artisanlocal.ch\/c\/"},{"@type":"ListItem","position":2,"name":"Entreprise de nettoyage \u00e0 Grandson"}]},{"@type":"WebSite","@id":"https:\/\/www.artisanlocal.ch\/c\/#website","url":"https:\/\/www.artisanlocal.ch\/c\/","name":"Artisanlocal","description":"","publisher":{"@id":"https:\/\/www.artisanlocal.ch\/c\/#organization"},"potentialAction":[{"@type":"SearchAction","target":{"@type":"EntryPoint","urlTemplate":"https:\/\/www.artisanlocal.ch\/c\/?s={search_term_string}"},"query-input":{"@type":"PropertyValueSpecification","valueRequired":true,"valueName":"search_term_string"}}],"inLanguage":"fr-FR"},{"@type":"Organization","@id":"https:\/\/www.artisanlocal.ch\/c\/#organization","name":"Artisanlocal","url":"https:\/\/www.artisanlocal.ch\/c\/","logo":{"@type":"ImageObject","inLanguage":"fr-FR","@id":"https:\/\/www.artisanlocal.ch\/c\/#\/schema\/logo\/image\/","url":"https:\/\/www.artisanlocal.ch\/c\/wp-content\/uploads\/2024\/02\/logo-artisanlocal-h.svg","contentUrl":"https:\/\/www.artisanlocal.ch\/c\/wp-content\/uploads\/2024\/02\/logo-artisanlocal-h.svg","caption":"Artisanlocal"},"image":{"@id":"https:\/\/www.artisanlocal.ch\/c\/#\/schema\/logo\/image\/"}}]}},"_links":{"self":[{"href":"https:\/\/www.artisanlocal.ch\/c\/wp-json\/wp\/v2\/pages\/432","targetHints":{"allow":["GET"]}}],"collection":[{"href":"https:\/\/www.artisanlocal.ch\/c\/wp-json\/wp\/v2\/pages"}],"about":[{"href":"https:\/\/www.artisanlocal.ch\/c\/wp-json\/wp\/v2\/types\/page"}],"author":[{"embeddable":true,"href":"https:\/\/www.artisanlocal.ch\/c\/wp-json\/wp\/v2\/users\/4"}],"replies":[{"embeddable":true,"href":"https:\/\/www.artisanlocal.ch\/c\/wp-json\/wp\/v2\/comments?post=432"}],"version-history":[{"count":0,"href":"https:\/\/www.artisanlocal.ch\/c\/wp-json\/wp\/v2\/pages\/432\/revisions"}],"wp:featuredmedia":[{"embeddable":true,"href":"https:\/\/www.artisanlocal.ch\/c\/wp-json\/wp\/v2\/media\/2754"}],"wp:attachment":[{"href":"https:\/\/www.artisanlocal.ch\/c\/wp-json\/wp\/v2\/media?parent=432"}],"wp:term":[{"taxonomy":"profession","embeddable":true,"href":"https:\/\/www.artisanlocal.ch\/c\/wp-json\/wp\/v2\/profession?post=432"},{"taxonomy":"location","embeddable":true,"href":"https:\/\/www.artisanlocal.ch\/c\/wp-json\/wp\/v2\/location?post=432"},{"taxonomy":"canton","embeddable":true,"href":"https:\/\/www.artisanlocal.ch\/c\/wp-json\/wp\/v2\/canton?post=432"}],"curies":[{"name":"wp","href":"https:\/\/api.w.org\/{rel}","templated":true}]}}