{"id":435,"date":"2024-04-16T18:38:34","date_gmt":"2024-04-16T16:38:34","guid":{"rendered":"https:\/\/www.artisanlocal.ch\/c\/nettoyage-pour-logement-et-bureau-dentreprise-a-prilly\/"},"modified":"2025-11-07T11:43:14","modified_gmt":"2025-11-07T10:43:14","slug":"nettoyage-pour-logement-et-bureau-dentreprise-a-prilly","status":"publish","type":"page","link":"https:\/\/www.artisanlocal.ch\/c\/nettoyage-pour-logement-et-bureau-dentreprise-a-prilly\/","title":{"rendered":"Entreprise de nettoyage \u00e0 Prilly"},"content":{"rendered":"<p>Besoin d&rsquo;une entreprise de nettoyage \u00e0 Prilly ? Artisanlocal propose un service de nettoyage complet pour les particuliers et les professionnels vivant \u00e0 Prilly.<\/p>\n\r\n<div class=\"box\">\r\n            <div class=\"company-info\">\r\n            <img decoding=\"async\" class=\"company-info__logo\" src=\"https:\/\/www.artisanlocal.ch\/media\/cache\/thumb\/images\/companies\/bk-lumi-net-eco-sarl.jpg\" alt=\"Logo\">\r\n            <h2 class=\"company-info__name\">BK Lumi-Net Eco S\u00e0rl<\/h2>\r\n            <p class=\"company-info__business\">Entreprise de nettoyage - Entretien - Nettoyage de b\u00e2timents - Nettoyage d'appartements - Conciergerie - Entretien d'immeubles - Nettoyage de fin de chantier \/ de bail - Syndrome de diog\u00e8ne<\/p>\r\n        <\/div>\r\n        <div class=\"company-contact\">\r\n            <p class=\"company-info__address\">Avenue du 14-Avril 2<\/p>\r\n                            <div class=\"links\">\r\n                                            <a class=\"btn has-accent-background-color js-phoneNumber\" href=\"tel:0796798823\" title=\"Appelez\" data-id=\"4961\" data-type=\"11\">079 679 88 23<\/a>\r\n                                                                <a class=\"btn has-accent-background-color\" href=\"https:\/\/www.bk-lumineteco.ch\/\" target=\"_blank\" title=\"Voir le site internet\" data-id=\"4961\" data-type=\"20\">Site internet<\/a>\r\n                                    <\/div>\r\n                    <\/div>\r\n    \r\n            \r\n<form action=\"https:\/\/www.artisanlocal.ch\/c\/wp-admin\/admin-ajax.php\" method=\"post\" class=\"form-contact\" id=\"artisan_form_contact_company_inline\">\r\n    <div><input type=\"hidden\" name=\"action\" value=\"company_contact\"><\/div>\r\n    <div><input type=\"hidden\" name=\"nonce\" value=\"0454b53658\"><\/div>\r\n    <div><input type=\"hidden\" name=\"company_id\" value=\"4961\"><\/div>\r\n    <div><input type=\"hidden\" name=\"form_id\" value=\"artisan_form_contact_company_inline\"><\/div>\r\n    <div class=\"gglcptch gglcptch_v3 gglcptch_custom\"><input type=\"hidden\" id=\"g-recaptcha-response\" name=\"g-recaptcha-response\" \/><br \/><div class=\"gglcptch_error_text\">La p\u00e9riode de v\u00e9rification reCAPTCHA a expir\u00e9. Veuillez recharger la page.<\/div><\/div>    <div class=\"form-content\">\r\n        <div class=\"form-group\">\r\n            <label for=\"contact_firstName\" class=\"required\">Pr\u00e9nom<\/label>\r\n            <input type=\"text\" name=\"firstName\" class=\"form-control\" required>\r\n        <\/div>\r\n        <div class=\"form-group\">\r\n            <label for=\"contact_lastName\" class=\"required\">Nom<\/label>\r\n            <input type=\"text\" name=\"lastName\" class=\"form-control\" required>\r\n        <\/div>\r\n        <div class=\"form-group\">\r\n            <label for=\"contact_email\" class=\"required\">Email<\/label>\r\n            <input type=\"email\" name=\"email\" class=\"form-control\" required>\r\n        <\/div>\r\n        <div class=\"form-group\">\r\n            <label for=\"contact_phone\" class=\"required\">Num\u00e9ro de t\u00e9l\u00e9phone<\/label>\r\n            <input type=\"tel\" name=\"phone\" class=\"form-control\" placeholder=\"0787117165\" pattern=\"^[0-9]{10}$\" required>\r\n        <\/div>\r\n        <div class=\"form-group\">\r\n            <label for=\"contact_postalCode\" class=\"required\">Code postal et localit\u00e9<\/label>\r\n            <input type=\"text\" name=\"postalCode\" class=\"form-control\" required>\r\n        <\/div>\r\n        <div class=\"form-group\">\r\n            <label for=\"contact_address\" class=\"required\">Adresse<\/label>\r\n            <input type=\"text\" name=\"address\" class=\"form-control\" required>\r\n        <\/div>\r\n        <div class=\"full-width topic\">\r\n            <p class=\"required\">Je souhaite \u00eatre contact\u00e9 pour :<\/p>\r\n            <div class=\"form-check\">\r\n                <input type=\"radio\" name=\"topic\" value=\"D\u00e9pannage\" class=\"form-control\" required>\r\n                <label for=\"d\u00e9pannage\">D\u00e9pannage<\/label>\r\n            <\/div>\r\n            <div class=\"form-check\">\r\n                <input type=\"radio\" name=\"topic\" value=\"Entretien\" class=\"form-control\" required>\r\n                <label for=\"entretien\">Entretien<\/label>\r\n            <\/div>\r\n            <div class=\"form-check\">\r\n                <input type=\"radio\" name=\"topic\" value=\"R\u00e9novation\" class=\"form-control\" required>\r\n                <label for=\"r\u00e9novation\">R\u00e9novation<\/label>\r\n            <\/div>\r\n            <div class=\"form-check\">\r\n                <input type=\"radio\" name=\"topic\" value=\"Autre\" class=\"form-control\" required>\r\n                <label for=\"autre\">Autre<\/label>\r\n            <\/div>\r\n        <\/div>\r\n        <div class=\"form-group full-width\">\r\n            <label for=\"contact_message\">Message<\/label>\r\n            <textarea name=\"message\" rows=\"3\" class=\"form-control\"><\/textarea>\r\n        <\/div>\r\n    <\/div>\r\n    <div class=\"form-actions\">\r\n        <button class=\"wp-block-button__link has-accent-background-color\">Contacter<\/button>\r\n    <\/div>\r\n<\/form>\r\n<div class=\"form-feedback\"><\/div>    <\/div>\n<h2>Pourquoi travailler avec Artisanlocal.ch ?<\/h2>\n<ul>\n<li>R\u00e9servation facile et intervention rapide directement \u00e0 votre domicile.<\/li>\n<li>Notre \u00e9quipe utilise les derni\u00e8res m\u00e9thodes et techniques.<\/li>\n<li>Utilisation de produits respectueux de l&rsquo;environnement.<\/li>\n<li>Nos devis sont gratuits.<\/li>\n<\/ul>\n<h2>Quels sont les services que propose Artisanlocal ?<\/h2>\n<ul>\n<li>M\u00e9nage complet avant d\u00e9m\u00e9nagement.<\/li>\n<li>Nettoyage d&rsquo;h\u00e9bergements Airbnb.<\/li>\n<li>Nettoyage de bureaux et d&rsquo;espaces commerciaux.<\/li>\n<li>Nettoyage professionnel apr\u00e8s travaux de r\u00e9novation.<\/li>\n<li>M\u00e9nage de studios, lofts, maisons et appartements.<\/li>\n<li>Nettoyage de vos appareils \u00e9lectrom\u00e9nagers.<\/li>\n<li>Entretien de votre ext\u00e9rieur.<\/li>\n<li>Nettoyage de votre sous-sol.<\/li>\n<li>Lavage de la vaisselle.<\/li>\n<li>Nettoyage des installations sportives.<\/li>\n<li>Nettoyage des sols.<\/li>\n<li>Nettoyage des \u00e9tablissements de sant\u00e9.<\/li>\n<li>Nettoyage de bureaux.<\/li>\n<li>Nettoyage des commerces de proximit\u00e9.<\/li>\n<li>Nettoyage des salles de classe.<\/li>\n<li>Lavage de vitres.<\/li>\n<\/ul>\n<h2>Une soci\u00e9t\u00e9 de m\u00e9nage fiable implant\u00e9e en Suisse<\/h2>\n<h3>Services de nettoyage pour l&rsquo;\u00e9tat des lieux incluent :<\/h3>\n<ul>\n<li>L&rsquo;entretien et le nettoyage des espaces : les murs, les sols, les parquets, les moquettes et les carrelages.<\/li>\n<li>Nettoyage des vitres et des fen\u00eatres.<\/li>\n<li>L&rsquo;entretien et le nettoyage de la salle d&rsquo;eau et des WC.<\/li>\n<li>Le nettoyage de l&rsquo;espace de cuisson et du syst\u00e8me d&rsquo;a\u00e9ration du coin cuisine.<\/li>\n<li>L&rsquo;\u00e9limination des amas de poussi\u00e8re sur le mobilier.<\/li>\n<\/ul>\n<h3>Vous avez besoin d&rsquo;un service de nettoyage fr\u00e9quent de votre logement\u202f?<\/h3>\n<p>Notre soci\u00e9t\u00e9 propose des services adapt\u00e9s \u00e0 vos exigences, nous pouvons intervenir de mani\u00e8re hebdomadaire, bihebdomadaire ou mensuelle.<\/p>\n<h3>M\u00e9nage approfondi de votre propri\u00e9t\u00e9 \u00e0 Prilly<\/h3>\n<p>Artisanlocal propose des services de nettoyage approfondis pour votre propri\u00e9t\u00e9 ou votre studio, en plus de notre prestation de nettoyage standard.<\/p>\n<p><strong>Quels sont les avantages d\u2019un entretien approfondi avec Artisanlocal ?<\/strong><\/p>\n<p>Le principal avantage du m\u00e9nage en profondeur est de supprimer les particules, les salet\u00e9s et les salissures qui se sont regroup\u00e9e au fil du temps, ce qui participe \u00e0 un meilleur environnement int\u00e9rieur de votre appartement. De plus, un m\u00e9nage approfondi permet aussi d&rsquo;\u00e9liminer efficacement les mauvaises odeurs.<\/p>\n<h3>Service d&rsquo;entretien de bureaux \u00e0 Prilly<\/h3>\n<p>S&rsquo;adresser \u00e0 Artisanlocal pour le m\u00e9nage de bureaux \u00e0 Prilly est la solution la plus efficace. Vous ferez des \u00e9conomies de temps et d&rsquo;\u00e9nergie ! D\u00e9couvrez nos services de nettoyage pour les bureaux :<\/p>\n<ul>\n<li>Nettoyage de vos moquettes et des vitres.<\/li>\n<li>Entretien de sofas, de chaises de travail, de divan en tissu ou en cuir.<\/li>\n<li>Enl\u00e8vement des d\u00e9chets m\u00e9nagers et des poubelles.<\/li>\n<li>\u00c9limination de la poussi\u00e8re sur tous les meubles et espaces de travail.<\/li>\n<li>Lavage des parquets.<\/li>\n<\/ul>\n<h3>Nettoyage de maison \u00e0 Prilly<\/h3>\n<p>Pour que votre maison soit tout le temps propre, vous devez r\u00e9aliser un nettoyage fr\u00e9quent. H\u00e9las, un emploi du temps surcharg\u00e9 peut rendre cette t\u00e2che difficile, voire irr\u00e9alisable, confiez \u00e0 Artisanlocal le nettoyage de votre maison et gagnez du temps.<\/p>\n<h2>Pourquoi faire appel \u00e0 une entreprise pour r\u00e9aliser le nettoyage de son domicile \u00e0 Prilly ?<\/h2>\n<p>Si vous \u00eates un Prilli\u00e9ran, vous avez peut-\u00eatre des difficult\u00e9s \u00e0 garder votre int\u00e9rieur propre et en ordre. Nos prestations sont adapt\u00e9es aux habitants de Prilly. Avec notre soci\u00e9t\u00e9, vous avez la possibilit\u00e9 de :<\/p>\n<h3>Mieux contr\u00f4ler votre espace<\/h3>\n<p>Si votre appartement est d\u00e9sorganis\u00e9, il est difficile de se sentir bien. Artisanlocal propose des services de nettoyage d&rsquo;int\u00e9rieur pour les maisons et appartements. Afin de :<\/p>\n<h3>Cr\u00e9er une ambiance plus accueillante<\/h3>\n<p>En effet, une maison bien rang\u00e9e permet \u00e0 vos invit\u00e9s de se sentir mieux.<\/p>\n<h3>Vivre en bonne sant\u00e9<\/h3>\n<p>L&rsquo;accumulation des poussi\u00e8res dans votre propri\u00e9t\u00e9 peut cr\u00e9er des risques pour la sant\u00e9, et causer des r\u00e9actions allergiques ou exacerber celles qui sont d\u00e9j\u00e0 pr\u00e9sentes. En sollicitant les services de notre entreprise de m\u00e9nage, vous limitez les possibles expositions aux allerg\u00e8nes.<\/p>\n<h2>Artisanlocal intervient \u00e0 Prilly et dans les villes proches ?<\/h2>\n<p>Oui, nous intervenons \u00e0 Prilly et aussi dans les villes proches, comme : Jouxtens-M\u00e9zery, Renens VD, Crissier.<\/p>\n","protected":false},"excerpt":{"rendered":"<p>Besoin d&rsquo;une entreprise de nettoyage \u00e0 Prilly ? Artisanlocal propose un service de nettoyage complet pour les particuliers et les professionnels vivant \u00e0 Prilly. Pourquoi travailler avec Artisanlocal.ch ? R\u00e9servation facile et intervention rapide directement \u00e0 votre domicile. Notre \u00e9quipe utilise les derni\u00e8res m\u00e9thodes et techniques. Utilisation de produits respectueux de l&rsquo;environnement. Nos devis sont [&hellip;]<\/p>\n","protected":false},"author":4,"featured_media":2754,"parent":0,"menu_order":0,"comment_status":"closed","ping_status":"closed","template":"","meta":{"footnotes":""},"profession":[108],"location":[68],"canton":[113],"class_list":["post-435","page","type-page","status-publish","has-post-thumbnail","hentry","profession-agent-de-proprete","location-prilly","canton-vd"],"yoast_head":"<!-- This site is optimized with the Yoast SEO Premium plugin v25.7.1 (Yoast SEO v27.4) - https:\/\/yoast.com\/product\/yoast-seo-premium-wordpress\/ -->\n<title>Entreprise de nettoyage \u00e0 Prilly - Artisanlocal<\/title>\n<meta name=\"robots\" content=\"index, follow, max-snippet:-1, max-image-preview:large, max-video-preview:-1\" \/>\n<link rel=\"canonical\" href=\"https:\/\/www.artisanlocal.ch\/c\/nettoyage-pour-logement-et-bureau-dentreprise-a-prilly\/\" \/>\n<meta property=\"og:locale\" content=\"fr_FR\" \/>\n<meta property=\"og:type\" content=\"article\" \/>\n<meta property=\"og:title\" content=\"Entreprise de nettoyage \u00e0 Prilly\" \/>\n<meta property=\"og:description\" content=\"Besoin d&rsquo;une entreprise de nettoyage \u00e0 Prilly ? Artisanlocal propose un service de nettoyage complet pour les particuliers et les professionnels vivant \u00e0 Prilly. Pourquoi travailler avec Artisanlocal.ch ? R\u00e9servation facile et intervention rapide directement \u00e0 votre domicile. Notre \u00e9quipe utilise les derni\u00e8res m\u00e9thodes et techniques. Utilisation de produits respectueux de l&rsquo;environnement. Nos devis sont [&hellip;]\" \/>\n<meta property=\"og:url\" content=\"https:\/\/www.artisanlocal.ch\/c\/nettoyage-pour-logement-et-bureau-dentreprise-a-prilly\/\" \/>\n<meta property=\"og:site_name\" content=\"Artisanlocal\" \/>\n<meta property=\"article:modified_time\" content=\"2025-11-07T10:43:14+00:00\" \/>\n<meta property=\"og:image\" content=\"https:\/\/www.artisanlocal.ch\/c\/wp-content\/uploads\/2024\/10\/agent-proprete.jpg\" \/>\n\t<meta property=\"og:image:width\" content=\"1920\" \/>\n\t<meta property=\"og:image:height\" content=\"300\" \/>\n\t<meta property=\"og:image:type\" content=\"image\/jpeg\" \/>\n<meta name=\"twitter:card\" content=\"summary_large_image\" \/>\n<meta name=\"twitter:label1\" content=\"Dur\u00e9e de lecture estim\u00e9e\" \/>\n\t<meta name=\"twitter:data1\" content=\"4 minutes\" \/>\n<script type=\"application\/ld+json\" class=\"yoast-schema-graph\">{\"@context\":\"https:\\\/\\\/schema.org\",\"@graph\":[{\"@type\":\"WebPage\",\"@id\":\"https:\\\/\\\/www.artisanlocal.ch\\\/c\\\/nettoyage-pour-logement-et-bureau-dentreprise-a-prilly\\\/\",\"url\":\"https:\\\/\\\/www.artisanlocal.ch\\\/c\\\/nettoyage-pour-logement-et-bureau-dentreprise-a-prilly\\\/\",\"name\":\"Entreprise de nettoyage \u00e0 Prilly - Artisanlocal\",\"isPartOf\":{\"@id\":\"https:\\\/\\\/www.artisanlocal.ch\\\/c\\\/#website\"},\"primaryImageOfPage\":{\"@id\":\"https:\\\/\\\/www.artisanlocal.ch\\\/c\\\/nettoyage-pour-logement-et-bureau-dentreprise-a-prilly\\\/#primaryimage\"},\"image\":{\"@id\":\"https:\\\/\\\/www.artisanlocal.ch\\\/c\\\/nettoyage-pour-logement-et-bureau-dentreprise-a-prilly\\\/#primaryimage\"},\"thumbnailUrl\":\"https:\\\/\\\/www.artisanlocal.ch\\\/c\\\/wp-content\\\/uploads\\\/2024\\\/10\\\/agent-proprete.jpg\",\"datePublished\":\"2024-04-16T16:38:34+00:00\",\"dateModified\":\"2025-11-07T10:43:14+00:00\",\"breadcrumb\":{\"@id\":\"https:\\\/\\\/www.artisanlocal.ch\\\/c\\\/nettoyage-pour-logement-et-bureau-dentreprise-a-prilly\\\/#breadcrumb\"},\"inLanguage\":\"fr-FR\",\"potentialAction\":[{\"@type\":\"ReadAction\",\"target\":[\"https:\\\/\\\/www.artisanlocal.ch\\\/c\\\/nettoyage-pour-logement-et-bureau-dentreprise-a-prilly\\\/\"]}]},{\"@type\":\"ImageObject\",\"inLanguage\":\"fr-FR\",\"@id\":\"https:\\\/\\\/www.artisanlocal.ch\\\/c\\\/nettoyage-pour-logement-et-bureau-dentreprise-a-prilly\\\/#primaryimage\",\"url\":\"https:\\\/\\\/www.artisanlocal.ch\\\/c\\\/wp-content\\\/uploads\\\/2024\\\/10\\\/agent-proprete.jpg\",\"contentUrl\":\"https:\\\/\\\/www.artisanlocal.ch\\\/c\\\/wp-content\\\/uploads\\\/2024\\\/10\\\/agent-proprete.jpg\",\"width\":1920,\"height\":300},{\"@type\":\"BreadcrumbList\",\"@id\":\"https:\\\/\\\/www.artisanlocal.ch\\\/c\\\/nettoyage-pour-logement-et-bureau-dentreprise-a-prilly\\\/#breadcrumb\",\"itemListElement\":[{\"@type\":\"ListItem\",\"position\":1,\"name\":\"Accueil\",\"item\":\"https:\\\/\\\/www.artisanlocal.ch\\\/c\\\/\"},{\"@type\":\"ListItem\",\"position\":2,\"name\":\"Entreprise de nettoyage \u00e0 Prilly\"}]},{\"@type\":\"WebSite\",\"@id\":\"https:\\\/\\\/www.artisanlocal.ch\\\/c\\\/#website\",\"url\":\"https:\\\/\\\/www.artisanlocal.ch\\\/c\\\/\",\"name\":\"Artisanlocal\",\"description\":\"\",\"publisher\":{\"@id\":\"https:\\\/\\\/www.artisanlocal.ch\\\/c\\\/#organization\"},\"potentialAction\":[{\"@type\":\"SearchAction\",\"target\":{\"@type\":\"EntryPoint\",\"urlTemplate\":\"https:\\\/\\\/www.artisanlocal.ch\\\/c\\\/?s={search_term_string}\"},\"query-input\":{\"@type\":\"PropertyValueSpecification\",\"valueRequired\":true,\"valueName\":\"search_term_string\"}}],\"inLanguage\":\"fr-FR\"},{\"@type\":\"Organization\",\"@id\":\"https:\\\/\\\/www.artisanlocal.ch\\\/c\\\/#organization\",\"name\":\"Artisanlocal\",\"url\":\"https:\\\/\\\/www.artisanlocal.ch\\\/c\\\/\",\"logo\":{\"@type\":\"ImageObject\",\"inLanguage\":\"fr-FR\",\"@id\":\"https:\\\/\\\/www.artisanlocal.ch\\\/c\\\/#\\\/schema\\\/logo\\\/image\\\/\",\"url\":\"https:\\\/\\\/www.artisanlocal.ch\\\/c\\\/wp-content\\\/uploads\\\/2024\\\/02\\\/logo-artisanlocal-h.svg\",\"contentUrl\":\"https:\\\/\\\/www.artisanlocal.ch\\\/c\\\/wp-content\\\/uploads\\\/2024\\\/02\\\/logo-artisanlocal-h.svg\",\"caption\":\"Artisanlocal\"},\"image\":{\"@id\":\"https:\\\/\\\/www.artisanlocal.ch\\\/c\\\/#\\\/schema\\\/logo\\\/image\\\/\"}}]}<\/script>\n<!-- \/ Yoast SEO Premium plugin. -->","yoast_head_json":{"title":"Entreprise de nettoyage \u00e0 Prilly - Artisanlocal","robots":{"index":"index","follow":"follow","max-snippet":"max-snippet:-1","max-image-preview":"max-image-preview:large","max-video-preview":"max-video-preview:-1"},"canonical":"https:\/\/www.artisanlocal.ch\/c\/nettoyage-pour-logement-et-bureau-dentreprise-a-prilly\/","og_locale":"fr_FR","og_type":"article","og_title":"Entreprise de nettoyage \u00e0 Prilly","og_description":"Besoin d&rsquo;une entreprise de nettoyage \u00e0 Prilly ? Artisanlocal propose un service de nettoyage complet pour les particuliers et les professionnels vivant \u00e0 Prilly. Pourquoi travailler avec Artisanlocal.ch ? R\u00e9servation facile et intervention rapide directement \u00e0 votre domicile. Notre \u00e9quipe utilise les derni\u00e8res m\u00e9thodes et techniques. Utilisation de produits respectueux de l&rsquo;environnement. Nos devis sont [&hellip;]","og_url":"https:\/\/www.artisanlocal.ch\/c\/nettoyage-pour-logement-et-bureau-dentreprise-a-prilly\/","og_site_name":"Artisanlocal","article_modified_time":"2025-11-07T10:43:14+00:00","og_image":[{"width":1920,"height":300,"url":"https:\/\/www.artisanlocal.ch\/c\/wp-content\/uploads\/2024\/10\/agent-proprete.jpg","type":"image\/jpeg"}],"twitter_card":"summary_large_image","twitter_misc":{"Dur\u00e9e de lecture estim\u00e9e":"4 minutes"},"schema":{"@context":"https:\/\/schema.org","@graph":[{"@type":"WebPage","@id":"https:\/\/www.artisanlocal.ch\/c\/nettoyage-pour-logement-et-bureau-dentreprise-a-prilly\/","url":"https:\/\/www.artisanlocal.ch\/c\/nettoyage-pour-logement-et-bureau-dentreprise-a-prilly\/","name":"Entreprise de nettoyage \u00e0 Prilly - Artisanlocal","isPartOf":{"@id":"https:\/\/www.artisanlocal.ch\/c\/#website"},"primaryImageOfPage":{"@id":"https:\/\/www.artisanlocal.ch\/c\/nettoyage-pour-logement-et-bureau-dentreprise-a-prilly\/#primaryimage"},"image":{"@id":"https:\/\/www.artisanlocal.ch\/c\/nettoyage-pour-logement-et-bureau-dentreprise-a-prilly\/#primaryimage"},"thumbnailUrl":"https:\/\/www.artisanlocal.ch\/c\/wp-content\/uploads\/2024\/10\/agent-proprete.jpg","datePublished":"2024-04-16T16:38:34+00:00","dateModified":"2025-11-07T10:43:14+00:00","breadcrumb":{"@id":"https:\/\/www.artisanlocal.ch\/c\/nettoyage-pour-logement-et-bureau-dentreprise-a-prilly\/#breadcrumb"},"inLanguage":"fr-FR","potentialAction":[{"@type":"ReadAction","target":["https:\/\/www.artisanlocal.ch\/c\/nettoyage-pour-logement-et-bureau-dentreprise-a-prilly\/"]}]},{"@type":"ImageObject","inLanguage":"fr-FR","@id":"https:\/\/www.artisanlocal.ch\/c\/nettoyage-pour-logement-et-bureau-dentreprise-a-prilly\/#primaryimage","url":"https:\/\/www.artisanlocal.ch\/c\/wp-content\/uploads\/2024\/10\/agent-proprete.jpg","contentUrl":"https:\/\/www.artisanlocal.ch\/c\/wp-content\/uploads\/2024\/10\/agent-proprete.jpg","width":1920,"height":300},{"@type":"BreadcrumbList","@id":"https:\/\/www.artisanlocal.ch\/c\/nettoyage-pour-logement-et-bureau-dentreprise-a-prilly\/#breadcrumb","itemListElement":[{"@type":"ListItem","position":1,"name":"Accueil","item":"https:\/\/www.artisanlocal.ch\/c\/"},{"@type":"ListItem","position":2,"name":"Entreprise de nettoyage \u00e0 Prilly"}]},{"@type":"WebSite","@id":"https:\/\/www.artisanlocal.ch\/c\/#website","url":"https:\/\/www.artisanlocal.ch\/c\/","name":"Artisanlocal","description":"","publisher":{"@id":"https:\/\/www.artisanlocal.ch\/c\/#organization"},"potentialAction":[{"@type":"SearchAction","target":{"@type":"EntryPoint","urlTemplate":"https:\/\/www.artisanlocal.ch\/c\/?s={search_term_string}"},"query-input":{"@type":"PropertyValueSpecification","valueRequired":true,"valueName":"search_term_string"}}],"inLanguage":"fr-FR"},{"@type":"Organization","@id":"https:\/\/www.artisanlocal.ch\/c\/#organization","name":"Artisanlocal","url":"https:\/\/www.artisanlocal.ch\/c\/","logo":{"@type":"ImageObject","inLanguage":"fr-FR","@id":"https:\/\/www.artisanlocal.ch\/c\/#\/schema\/logo\/image\/","url":"https:\/\/www.artisanlocal.ch\/c\/wp-content\/uploads\/2024\/02\/logo-artisanlocal-h.svg","contentUrl":"https:\/\/www.artisanlocal.ch\/c\/wp-content\/uploads\/2024\/02\/logo-artisanlocal-h.svg","caption":"Artisanlocal"},"image":{"@id":"https:\/\/www.artisanlocal.ch\/c\/#\/schema\/logo\/image\/"}}]}},"_links":{"self":[{"href":"https:\/\/www.artisanlocal.ch\/c\/wp-json\/wp\/v2\/pages\/435","targetHints":{"allow":["GET"]}}],"collection":[{"href":"https:\/\/www.artisanlocal.ch\/c\/wp-json\/wp\/v2\/pages"}],"about":[{"href":"https:\/\/www.artisanlocal.ch\/c\/wp-json\/wp\/v2\/types\/page"}],"author":[{"embeddable":true,"href":"https:\/\/www.artisanlocal.ch\/c\/wp-json\/wp\/v2\/users\/4"}],"replies":[{"embeddable":true,"href":"https:\/\/www.artisanlocal.ch\/c\/wp-json\/wp\/v2\/comments?post=435"}],"version-history":[{"count":0,"href":"https:\/\/www.artisanlocal.ch\/c\/wp-json\/wp\/v2\/pages\/435\/revisions"}],"wp:featuredmedia":[{"embeddable":true,"href":"https:\/\/www.artisanlocal.ch\/c\/wp-json\/wp\/v2\/media\/2754"}],"wp:attachment":[{"href":"https:\/\/www.artisanlocal.ch\/c\/wp-json\/wp\/v2\/media?parent=435"}],"wp:term":[{"taxonomy":"profession","embeddable":true,"href":"https:\/\/www.artisanlocal.ch\/c\/wp-json\/wp\/v2\/profession?post=435"},{"taxonomy":"location","embeddable":true,"href":"https:\/\/www.artisanlocal.ch\/c\/wp-json\/wp\/v2\/location?post=435"},{"taxonomy":"canton","embeddable":true,"href":"https:\/\/www.artisanlocal.ch\/c\/wp-json\/wp\/v2\/canton?post=435"}],"curies":[{"name":"wp","href":"https:\/\/api.w.org\/{rel}","templated":true}]}}