{"id":437,"date":"2024-04-16T18:38:34","date_gmt":"2024-04-16T16:38:34","guid":{"rendered":"https:\/\/www.artisanlocal.ch\/c\/nettoyage-de-bureaux-et-de-logements-a-gland\/"},"modified":"2025-08-27T01:33:25","modified_gmt":"2025-08-26T23:33:25","slug":"nettoyage-de-bureaux-et-de-logements-a-gland","status":"publish","type":"page","link":"https:\/\/www.artisanlocal.ch\/c\/nettoyage-de-bureaux-et-de-logements-a-gland\/","title":{"rendered":"Nettoyage de bureaux et de logements \u00e0 Gland"},"content":{"rendered":"<p>Nous fournissons un nettoyage entier de votre studio ou de vos locaux commerciaux \u00e0 Gland. Notre entreprise est compos\u00e9e d&rsquo;experts form\u00e9s aux derni\u00e8res techniques qui s&rsquo;efforcent de fournir \u00e0 notre client\u00e8le des services de la meilleure qualit\u00e9 possible.<\/p>\n\r\n<div class=\"box\">\r\n            <div class=\"company-info\">\r\n            <img decoding=\"async\" class=\"company-info__logo\" src=\"https:\/\/www.artisanlocal.ch\/media\/cache\/thumb\/images\/companies\/67e3d456ea2a5708534307.png\" alt=\"Logo\">\r\n            <h2 class=\"company-info__name\">A.D.V. Travaux Multisols SARL<\/h2>\r\n            <p class=\"company-info__business\">Entreprise de nettoyage - Entretien - Nettoyage de b\u00e2timents - Entretien et nettoyage de Tapis - Conciergerie - Parquet - Rev\u00eatements de sols - Peinture<\/p>\r\n        <\/div>\r\n        <div class=\"company-contact\">\r\n            <p class=\"company-info__address\">Avenue d'A\u00efre 45<\/p>\r\n                            <div class=\"links\">\r\n                                            <a class=\"btn has-accent-background-color js-phoneNumber\" href=\"tel:0767303991\" title=\"Appelez\" data-id=\"26934\" data-type=\"11\">076 730 39 91<\/a>\r\n                                                                <a class=\"btn has-accent-background-color\" href=\"https:\/\/www.adv-travaux-multisols.ch\/\" target=\"_blank\" title=\"Voir le site internet\" data-id=\"26934\" data-type=\"20\">Site internet<\/a>\r\n                                    <\/div>\r\n                    <\/div>\r\n    \r\n            \r\n<form action=\"https:\/\/www.artisanlocal.ch\/c\/wp-admin\/admin-ajax.php\" method=\"post\" class=\"form-contact\" id=\"artisan_form_contact_company_inline\">\r\n    <div><input type=\"hidden\" name=\"action\" value=\"company_contact\"><\/div>\r\n    <div><input type=\"hidden\" name=\"nonce\" value=\"1289a079ae\"><\/div>\r\n    <div><input type=\"hidden\" name=\"company_id\" value=\"26934\"><\/div>\r\n    <div><input type=\"hidden\" name=\"form_id\" value=\"artisan_form_contact_company_inline\"><\/div>\r\n    <div class=\"gglcptch gglcptch_v3 gglcptch_custom\"><input type=\"hidden\" id=\"g-recaptcha-response\" name=\"g-recaptcha-response\" \/><br \/><div class=\"gglcptch_error_text\">La p\u00e9riode de v\u00e9rification reCAPTCHA a expir\u00e9. Veuillez recharger la page.<\/div><\/div>    <div class=\"form-content\">\r\n        <div class=\"form-group\">\r\n            <label for=\"contact_firstName\" class=\"required\">Pr\u00e9nom<\/label>\r\n            <input type=\"text\" name=\"firstName\" class=\"form-control\" required>\r\n        <\/div>\r\n        <div class=\"form-group\">\r\n            <label for=\"contact_lastName\" class=\"required\">Nom<\/label>\r\n            <input type=\"text\" name=\"lastName\" class=\"form-control\" required>\r\n        <\/div>\r\n        <div class=\"form-group\">\r\n            <label for=\"contact_email\" class=\"required\">Email<\/label>\r\n            <input type=\"email\" name=\"email\" class=\"form-control\" required>\r\n        <\/div>\r\n        <div class=\"form-group\">\r\n            <label for=\"contact_phone\" class=\"required\">Num\u00e9ro de t\u00e9l\u00e9phone<\/label>\r\n            <input type=\"tel\" name=\"phone\" class=\"form-control\" placeholder=\"0787117165\" pattern=\"^[0-9]{10}$\" required>\r\n        <\/div>\r\n        <div class=\"form-group\">\r\n            <label for=\"contact_postalCode\" class=\"required\">Code postal et localit\u00e9<\/label>\r\n            <input type=\"text\" name=\"postalCode\" class=\"form-control\" required>\r\n        <\/div>\r\n        <div class=\"form-group\">\r\n            <label for=\"contact_address\" class=\"required\">Adresse<\/label>\r\n            <input type=\"text\" name=\"address\" class=\"form-control\" required>\r\n        <\/div>\r\n        <div class=\"full-width topic\">\r\n            <p class=\"required\">Je souhaite \u00eatre contact\u00e9 pour :<\/p>\r\n            <div class=\"form-check\">\r\n                <input type=\"radio\" name=\"topic\" value=\"D\u00e9pannage\" class=\"form-control\" required>\r\n                <label for=\"d\u00e9pannage\">D\u00e9pannage<\/label>\r\n            <\/div>\r\n            <div class=\"form-check\">\r\n                <input type=\"radio\" name=\"topic\" value=\"Entretien\" class=\"form-control\" required>\r\n                <label for=\"entretien\">Entretien<\/label>\r\n            <\/div>\r\n            <div class=\"form-check\">\r\n                <input type=\"radio\" name=\"topic\" value=\"R\u00e9novation\" class=\"form-control\" required>\r\n                <label for=\"r\u00e9novation\">R\u00e9novation<\/label>\r\n            <\/div>\r\n            <div class=\"form-check\">\r\n                <input type=\"radio\" name=\"topic\" value=\"Autre\" class=\"form-control\" required>\r\n                <label for=\"autre\">Autre<\/label>\r\n            <\/div>\r\n        <\/div>\r\n        <div class=\"form-group full-width\">\r\n            <label for=\"contact_message\">Message<\/label>\r\n            <textarea name=\"message\" rows=\"3\" class=\"form-control\"><\/textarea>\r\n        <\/div>\r\n    <\/div>\r\n    <div class=\"form-actions\">\r\n        <button class=\"wp-block-button__link has-accent-background-color\">Contacter<\/button>\r\n    <\/div>\r\n<\/form>\r\n<div class=\"form-feedback\"><\/div>    <\/div>\n<h2>Pourquoi collaborer avec notre soci\u00e9t\u00e9 ?<\/h2>\n<ul>\n<li>Vous avez la possibilit\u00e9 de r\u00e9server un rendez-vous le jour m\u00eame.<\/li>\n<li>Nous utilisons les derni\u00e8res techniques de nettoyage.<\/li>\n<li>Nous utilisons des produits \u00e9cologiques.<\/li>\n<li>Nous vous fournissons une estimation gratuite.<\/li>\n<\/ul>\n<h2>Services de m\u00e9nage \u00e0 Gland<\/h2>\n<p>Nous offrons des services de m\u00e9nage pour satisfaire nos clients.<\/p>\n<p>Dans le cas d&rsquo;un nettoyage en profondeur, d\u2019un m\u00e9nage ponctuel ou d&rsquo;un service constant, nous pouvons \u00e9laborer des prestations sur mesure, voici les prestations que nous r\u00e9alisons le plus souvent \u00e0 Gland, vous pouvez profiter :<\/p>\n<ul>\n<li>D&rsquo;un m\u00e9nage complet avant emm\u00e9nagement\/apr\u00e8s d\u00e9m\u00e9nagement pour les locataires.<\/li>\n<li>D&rsquo;une prestation de nettoyage, si vous \u00eates h\u00f4tes Airbnb.<\/li>\n<li>D&rsquo;un service pour le nettoyage de bureaux et locaux commerciaux.<\/li>\n<li>D&rsquo;un service de nettoyage apr\u00e8s une r\u00e9novation d&rsquo;int\u00e9rieur.<\/li>\n<\/ul>\n<h2>Quelles sont les solutions de m\u00e9nage d&rsquo;artisanlocal\u202f?<\/h2>\n<ul>\n<li>Services de m\u00e9nage pour les locations de courte dur\u00e9e,<\/li>\n<li>service de nettoyage et de m\u00e9nage d&rsquo;appartements,<\/li>\n<li>nettoyage d&rsquo;appareils \u00e9lectrom\u00e9nagers,<\/li>\n<li>nettoyage de balcon,<\/li>\n<li>services de propret\u00e9 pour les caves,<\/li>\n<li>assainissement des surfaces pour lutter contre les pathog\u00e8nes,<\/li>\n<li> lavage de la vaisselle,<\/li>\n<li>nettoyage des salles de sports,<\/li>\n<li>nettoyage des sols,<\/li>\n<li>nettoyage sanitaire en milieu m\u00e9dical,<\/li>\n<li>nettoyage apr\u00e8s un changement de domicile,<\/li>\n<li>nettoyage de bureaux,<\/li>\n<li>service de m\u00e9nage apr\u00e8s des travaux,<\/li>\n<li>m\u00e9nage de salles de bains,<\/li>\n<li>nettoyage des commerces locaux,<\/li>\n<li>nettoyage des \u00e9tablissements p\u00e9dagogiques,<\/li>\n<li>lavage de vitres.<\/li>\n<\/ul>\n<h2>Une entreprise de confiance en Suisse<\/h2>\n<h3>M\u00e9nage d&rsquo;appartement \u00e0 Gland<\/h3>\n<p>Nous effectuons le nettoyage d\u2019appartement \u00e0 Gland, par exemple, nous pouvons nettoyer votre appartement, en amont de la remise des cl\u00e9s en fin de bail.<\/p>\n<p>Il est important de savoir que si le m\u00e9nage de votre int\u00e9rieur n&rsquo;est pas effectu\u00e9 proprement, le propri\u00e9taire peut solliciter une entreprise de m\u00e9nage et conserver une partie de votre caution.<\/p>\n<p>Les services de nettoyage pour la remise des cl\u00e9s comprennent :<\/p>\n<p>&#8211; Le nettoyage des espaces : les murs, les sols, les planchers, les moquettes et les carrelages.<\/p>\n<p>&#8211; Le lavage des vitres et fen\u00eatres.<\/p>\n<p>&#8211; Entretien des toilettes et de la salle de bains.<\/p>\n<p>&#8211; Le nettoyage de l&rsquo;espace de cuisson et du syst\u00e8me de ventilation du coin cuisine.<\/p>\n<p>&#8211; Le service de d\u00e9poussi\u00e9rage des meubles.<\/p>\n<h3>Vous d\u00e9sirez un nettoyage fr\u00e9quent de votre appartement?<\/h3>\n<p>Notre soci\u00e9t\u00e9 offre des services d&rsquo;entretien sur mesure, adapt\u00e9s \u00e0 vos exigences, nous pouvons op\u00e9rer de fa\u00e7ons hebdomadaires, bihebdomadaires ou mensuelles.<\/p>\n<h3>Nettoyage en profondeur de votre maison et de votre studio \u00e0 Gland<\/h3>\n<p>Artisanlocal propose des services de m\u00e9nage complet pour votre logement ou maison, en compl\u00e9ment de notre service de nettoyage standard.<\/p>\n<h3>Quels sont les b\u00e9n\u00e9fices d\u2019un entretien approfondi avec Artisanlocal ?<\/h3>\n<p>L\u2019avantage majeur du nettoyage approfondi est d&rsquo;enlever les amas de poussi\u00e8res qui se sont accumul\u00e9es au fil du temps, pour rendre votre domicile sans poussi\u00e8re. Un grand nettoyage est \u00e9galement une tr\u00e8s bonne solution pour enlever les odeurs d\u00e9sagr\u00e9ables.<\/p>\n<h3>Nettoyage de locaux professionnels \u00e0 Gland<\/h3>\n<p>Faire appel \u00e0 Artisanlocal pour le nettoyage de bureaux est la solution la plus efficace. Vous ferez des \u00e9conomies de temps et d&rsquo;\u00e9nergie ! Nous proposons des prestations de m\u00e9nages \u00e0 l&rsquo;ann\u00e9e qui s&rsquo;adaptera \u00e0 vos exigences et \u00e0 votre budget. D\u00e9couvrez nos services de m\u00e9nage pour les lieux de travail :<\/p>\n<ul>\n<li>Lavage de vos moquettes et des vitres.<\/li>\n<li>Service d&rsquo;entretien des meubles de bureau en cuir ou tissu (des canap\u00e9s, des bureaux et des si\u00e8ges).<\/li>\n<li>Enl\u00e8vement des d\u00e9chets.<\/li>\n<li>D\u00e9poussi\u00e9rage de toutes les surfaces et mobilier.<\/li>\n<li>Nettoyage des surfaces au sol et utilisation de l&rsquo;aspirateur.<\/li>\n<\/ul>\n<h3>Service de nettoyage de maison \u00e0 Gland<\/h3>\n<p>Afin que votre habitation reste tout le temps aussi propre, un m\u00e9nage quotidien exige d&rsquo;\u00eatre inclus dans votre routine. De nos jours, la plupart des gens ont un calendrier rempli et cela complique la r\u00e9alisation des corv\u00e9es m\u00e9nag\u00e8res courantes, c&rsquo;est l\u00e0 que notre entreprise peut vous aider dans votre m\u00e9nage de tous les jours.<\/p>\n<h2>Pourquoi faire appel \u00e0 une entreprise de nettoyage \u00e0 Gland ?<\/h2>\n<p>Si vous habitez \u00e0 Gland vous pouvez rencontrer des difficult\u00e9s \u00e0 conserver votre appartement bien rang\u00e9 et propre. Notre gamme de services vous aidera \u00e0 garder votre propri\u00e9t\u00e9 dans un \u00e9tat impeccable. En faisant appel \u00e0 notre entreprise, vous allez pouvoir :<\/p>\n<h3>Mieux g\u00e9rer l&rsquo;int\u00e9rieur de votre maison<\/h3>\n<p>Si votre domicile est d\u00e9sordonn\u00e9, il est difficile de se sentir bien chez soi. Notre soci\u00e9t\u00e9 Artisanlocal offre des services de nettoyage d&rsquo;int\u00e9rieur pour les studios et les maisons. Afin de :<\/p>\n<h3>Cr\u00e9er une ambiance plus accueillante<\/h3>\n<p>En effet, une r\u00e9sidence bien rang\u00e9e permet \u00e0 vos invit\u00e9s de vous sentir plus \u00e0 l&rsquo;aise.<\/p>\n<h3>Rester en bonne sant\u00e9 et content<\/h3>\n<p>Ne pas enlever la salet\u00e9 et la poussi\u00e8re dans votre habitation peut entrainer des dangers pour votre sant\u00e9, comme d\u00e9clencher des allergies ou aggraver celles d\u00e9j\u00e0 pr\u00e9sentes. En engageant les services de notre soci\u00e9t\u00e9 de m\u00e9nage, vous r\u00e9duisez les possibles risques d&rsquo;allergies.<\/p>\n<h3>Avoir une meilleure configuration de votre int\u00e9rieur<\/h3>\n<p>Comme un grand nombre de foyers, votre r\u00e9sidence peut \u00eatre en d\u00e9sordre, ce qui rend la vie difficile. Nos prestations peuvent s&rsquo;av\u00e9rer utiles pour garder votre int\u00e9rieur en ordre. Par ailleurs, nous pouvons aussi intervenir \u00e0 : Prangins, Nyon, Le Vaud, Eysins, Crassier, St-Cergue, La Cure, Duillier, Coinsins, Vich, Begnins, Bassins, Tr\u00e9lex, Givrins, Genolier, Arzier-Le Muids, Grens, Signy, Ch\u00e9serex, Gingins, Arnex-sur-Nyon, Borex, La Rippe, Crans VD.<\/p>\n","protected":false},"excerpt":{"rendered":"<p>Nous fournissons un nettoyage entier de votre studio ou de vos locaux commerciaux \u00e0 Gland. Notre entreprise est compos\u00e9e d&rsquo;experts form\u00e9s aux derni\u00e8res techniques qui s&rsquo;efforcent de fournir \u00e0 notre client\u00e8le des services de la meilleure qualit\u00e9 possible. Pourquoi collaborer avec notre soci\u00e9t\u00e9 ? Vous avez la possibilit\u00e9 de r\u00e9server un rendez-vous le jour m\u00eame. [&hellip;]<\/p>\n","protected":false},"author":4,"featured_media":2754,"parent":0,"menu_order":0,"comment_status":"closed","ping_status":"closed","template":"","meta":{"footnotes":""},"profession":[108],"location":[19],"canton":[113],"class_list":["post-437","page","type-page","status-publish","has-post-thumbnail","hentry","profession-agent-de-proprete","location-gland","canton-vd"],"yoast_head":"<!-- This site is optimized with the Yoast SEO Premium plugin v25.7.1 (Yoast SEO v27.3) - https:\/\/yoast.com\/product\/yoast-seo-premium-wordpress\/ -->\n<title>Nettoyage de bureaux et de logements \u00e0 Gland - Artisanlocal<\/title>\n<meta name=\"robots\" content=\"index, follow, max-snippet:-1, max-image-preview:large, max-video-preview:-1\" \/>\n<link rel=\"canonical\" href=\"https:\/\/www.artisanlocal.ch\/c\/nettoyage-de-bureaux-et-de-logements-a-gland\/\" \/>\n<meta property=\"og:locale\" content=\"fr_FR\" \/>\n<meta property=\"og:type\" content=\"article\" \/>\n<meta property=\"og:title\" content=\"Nettoyage de bureaux et de logements \u00e0 Gland\" \/>\n<meta property=\"og:description\" content=\"Nous fournissons un nettoyage entier de votre studio ou de vos locaux commerciaux \u00e0 Gland. Notre entreprise est compos\u00e9e d&rsquo;experts form\u00e9s aux derni\u00e8res techniques qui s&rsquo;efforcent de fournir \u00e0 notre client\u00e8le des services de la meilleure qualit\u00e9 possible. Pourquoi collaborer avec notre soci\u00e9t\u00e9 ? Vous avez la possibilit\u00e9 de r\u00e9server un rendez-vous le jour m\u00eame. [&hellip;]\" \/>\n<meta property=\"og:url\" content=\"https:\/\/www.artisanlocal.ch\/c\/nettoyage-de-bureaux-et-de-logements-a-gland\/\" \/>\n<meta property=\"og:site_name\" content=\"Artisanlocal\" \/>\n<meta property=\"article:modified_time\" content=\"2025-08-26T23:33:25+00:00\" \/>\n<meta property=\"og:image\" content=\"https:\/\/www.artisanlocal.ch\/c\/wp-content\/uploads\/2024\/10\/agent-proprete.jpg\" \/>\n\t<meta property=\"og:image:width\" content=\"1920\" \/>\n\t<meta property=\"og:image:height\" content=\"300\" \/>\n\t<meta property=\"og:image:type\" content=\"image\/jpeg\" \/>\n<meta name=\"twitter:card\" content=\"summary_large_image\" \/>\n<meta name=\"twitter:label1\" content=\"Dur\u00e9e de lecture estim\u00e9e\" \/>\n\t<meta name=\"twitter:data1\" content=\"5 minutes\" \/>\n<script type=\"application\/ld+json\" class=\"yoast-schema-graph\">{\"@context\":\"https:\\\/\\\/schema.org\",\"@graph\":[{\"@type\":\"WebPage\",\"@id\":\"https:\\\/\\\/www.artisanlocal.ch\\\/c\\\/nettoyage-de-bureaux-et-de-logements-a-gland\\\/\",\"url\":\"https:\\\/\\\/www.artisanlocal.ch\\\/c\\\/nettoyage-de-bureaux-et-de-logements-a-gland\\\/\",\"name\":\"Nettoyage de bureaux et de logements \u00e0 Gland - Artisanlocal\",\"isPartOf\":{\"@id\":\"https:\\\/\\\/www.artisanlocal.ch\\\/c\\\/#website\"},\"primaryImageOfPage\":{\"@id\":\"https:\\\/\\\/www.artisanlocal.ch\\\/c\\\/nettoyage-de-bureaux-et-de-logements-a-gland\\\/#primaryimage\"},\"image\":{\"@id\":\"https:\\\/\\\/www.artisanlocal.ch\\\/c\\\/nettoyage-de-bureaux-et-de-logements-a-gland\\\/#primaryimage\"},\"thumbnailUrl\":\"https:\\\/\\\/www.artisanlocal.ch\\\/c\\\/wp-content\\\/uploads\\\/2024\\\/10\\\/agent-proprete.jpg\",\"datePublished\":\"2024-04-16T16:38:34+00:00\",\"dateModified\":\"2025-08-26T23:33:25+00:00\",\"breadcrumb\":{\"@id\":\"https:\\\/\\\/www.artisanlocal.ch\\\/c\\\/nettoyage-de-bureaux-et-de-logements-a-gland\\\/#breadcrumb\"},\"inLanguage\":\"fr-FR\",\"potentialAction\":[{\"@type\":\"ReadAction\",\"target\":[\"https:\\\/\\\/www.artisanlocal.ch\\\/c\\\/nettoyage-de-bureaux-et-de-logements-a-gland\\\/\"]}]},{\"@type\":\"ImageObject\",\"inLanguage\":\"fr-FR\",\"@id\":\"https:\\\/\\\/www.artisanlocal.ch\\\/c\\\/nettoyage-de-bureaux-et-de-logements-a-gland\\\/#primaryimage\",\"url\":\"https:\\\/\\\/www.artisanlocal.ch\\\/c\\\/wp-content\\\/uploads\\\/2024\\\/10\\\/agent-proprete.jpg\",\"contentUrl\":\"https:\\\/\\\/www.artisanlocal.ch\\\/c\\\/wp-content\\\/uploads\\\/2024\\\/10\\\/agent-proprete.jpg\",\"width\":1920,\"height\":300},{\"@type\":\"BreadcrumbList\",\"@id\":\"https:\\\/\\\/www.artisanlocal.ch\\\/c\\\/nettoyage-de-bureaux-et-de-logements-a-gland\\\/#breadcrumb\",\"itemListElement\":[{\"@type\":\"ListItem\",\"position\":1,\"name\":\"Accueil\",\"item\":\"https:\\\/\\\/www.artisanlocal.ch\\\/c\\\/\"},{\"@type\":\"ListItem\",\"position\":2,\"name\":\"Nettoyage de bureaux et de logements \u00e0 Gland\"}]},{\"@type\":\"WebSite\",\"@id\":\"https:\\\/\\\/www.artisanlocal.ch\\\/c\\\/#website\",\"url\":\"https:\\\/\\\/www.artisanlocal.ch\\\/c\\\/\",\"name\":\"Artisanlocal\",\"description\":\"\",\"publisher\":{\"@id\":\"https:\\\/\\\/www.artisanlocal.ch\\\/c\\\/#organization\"},\"potentialAction\":[{\"@type\":\"SearchAction\",\"target\":{\"@type\":\"EntryPoint\",\"urlTemplate\":\"https:\\\/\\\/www.artisanlocal.ch\\\/c\\\/?s={search_term_string}\"},\"query-input\":{\"@type\":\"PropertyValueSpecification\",\"valueRequired\":true,\"valueName\":\"search_term_string\"}}],\"inLanguage\":\"fr-FR\"},{\"@type\":\"Organization\",\"@id\":\"https:\\\/\\\/www.artisanlocal.ch\\\/c\\\/#organization\",\"name\":\"Artisanlocal\",\"url\":\"https:\\\/\\\/www.artisanlocal.ch\\\/c\\\/\",\"logo\":{\"@type\":\"ImageObject\",\"inLanguage\":\"fr-FR\",\"@id\":\"https:\\\/\\\/www.artisanlocal.ch\\\/c\\\/#\\\/schema\\\/logo\\\/image\\\/\",\"url\":\"https:\\\/\\\/www.artisanlocal.ch\\\/c\\\/wp-content\\\/uploads\\\/2024\\\/02\\\/logo-artisanlocal-h.svg\",\"contentUrl\":\"https:\\\/\\\/www.artisanlocal.ch\\\/c\\\/wp-content\\\/uploads\\\/2024\\\/02\\\/logo-artisanlocal-h.svg\",\"caption\":\"Artisanlocal\"},\"image\":{\"@id\":\"https:\\\/\\\/www.artisanlocal.ch\\\/c\\\/#\\\/schema\\\/logo\\\/image\\\/\"}}]}<\/script>\n<!-- \/ Yoast SEO Premium plugin. -->","yoast_head_json":{"title":"Nettoyage de bureaux et de logements \u00e0 Gland - Artisanlocal","robots":{"index":"index","follow":"follow","max-snippet":"max-snippet:-1","max-image-preview":"max-image-preview:large","max-video-preview":"max-video-preview:-1"},"canonical":"https:\/\/www.artisanlocal.ch\/c\/nettoyage-de-bureaux-et-de-logements-a-gland\/","og_locale":"fr_FR","og_type":"article","og_title":"Nettoyage de bureaux et de logements \u00e0 Gland","og_description":"Nous fournissons un nettoyage entier de votre studio ou de vos locaux commerciaux \u00e0 Gland. Notre entreprise est compos\u00e9e d&rsquo;experts form\u00e9s aux derni\u00e8res techniques qui s&rsquo;efforcent de fournir \u00e0 notre client\u00e8le des services de la meilleure qualit\u00e9 possible. Pourquoi collaborer avec notre soci\u00e9t\u00e9 ? Vous avez la possibilit\u00e9 de r\u00e9server un rendez-vous le jour m\u00eame. [&hellip;]","og_url":"https:\/\/www.artisanlocal.ch\/c\/nettoyage-de-bureaux-et-de-logements-a-gland\/","og_site_name":"Artisanlocal","article_modified_time":"2025-08-26T23:33:25+00:00","og_image":[{"width":1920,"height":300,"url":"https:\/\/www.artisanlocal.ch\/c\/wp-content\/uploads\/2024\/10\/agent-proprete.jpg","type":"image\/jpeg"}],"twitter_card":"summary_large_image","twitter_misc":{"Dur\u00e9e de lecture estim\u00e9e":"5 minutes"},"schema":{"@context":"https:\/\/schema.org","@graph":[{"@type":"WebPage","@id":"https:\/\/www.artisanlocal.ch\/c\/nettoyage-de-bureaux-et-de-logements-a-gland\/","url":"https:\/\/www.artisanlocal.ch\/c\/nettoyage-de-bureaux-et-de-logements-a-gland\/","name":"Nettoyage de bureaux et de logements \u00e0 Gland - Artisanlocal","isPartOf":{"@id":"https:\/\/www.artisanlocal.ch\/c\/#website"},"primaryImageOfPage":{"@id":"https:\/\/www.artisanlocal.ch\/c\/nettoyage-de-bureaux-et-de-logements-a-gland\/#primaryimage"},"image":{"@id":"https:\/\/www.artisanlocal.ch\/c\/nettoyage-de-bureaux-et-de-logements-a-gland\/#primaryimage"},"thumbnailUrl":"https:\/\/www.artisanlocal.ch\/c\/wp-content\/uploads\/2024\/10\/agent-proprete.jpg","datePublished":"2024-04-16T16:38:34+00:00","dateModified":"2025-08-26T23:33:25+00:00","breadcrumb":{"@id":"https:\/\/www.artisanlocal.ch\/c\/nettoyage-de-bureaux-et-de-logements-a-gland\/#breadcrumb"},"inLanguage":"fr-FR","potentialAction":[{"@type":"ReadAction","target":["https:\/\/www.artisanlocal.ch\/c\/nettoyage-de-bureaux-et-de-logements-a-gland\/"]}]},{"@type":"ImageObject","inLanguage":"fr-FR","@id":"https:\/\/www.artisanlocal.ch\/c\/nettoyage-de-bureaux-et-de-logements-a-gland\/#primaryimage","url":"https:\/\/www.artisanlocal.ch\/c\/wp-content\/uploads\/2024\/10\/agent-proprete.jpg","contentUrl":"https:\/\/www.artisanlocal.ch\/c\/wp-content\/uploads\/2024\/10\/agent-proprete.jpg","width":1920,"height":300},{"@type":"BreadcrumbList","@id":"https:\/\/www.artisanlocal.ch\/c\/nettoyage-de-bureaux-et-de-logements-a-gland\/#breadcrumb","itemListElement":[{"@type":"ListItem","position":1,"name":"Accueil","item":"https:\/\/www.artisanlocal.ch\/c\/"},{"@type":"ListItem","position":2,"name":"Nettoyage de bureaux et de logements \u00e0 Gland"}]},{"@type":"WebSite","@id":"https:\/\/www.artisanlocal.ch\/c\/#website","url":"https:\/\/www.artisanlocal.ch\/c\/","name":"Artisanlocal","description":"","publisher":{"@id":"https:\/\/www.artisanlocal.ch\/c\/#organization"},"potentialAction":[{"@type":"SearchAction","target":{"@type":"EntryPoint","urlTemplate":"https:\/\/www.artisanlocal.ch\/c\/?s={search_term_string}"},"query-input":{"@type":"PropertyValueSpecification","valueRequired":true,"valueName":"search_term_string"}}],"inLanguage":"fr-FR"},{"@type":"Organization","@id":"https:\/\/www.artisanlocal.ch\/c\/#organization","name":"Artisanlocal","url":"https:\/\/www.artisanlocal.ch\/c\/","logo":{"@type":"ImageObject","inLanguage":"fr-FR","@id":"https:\/\/www.artisanlocal.ch\/c\/#\/schema\/logo\/image\/","url":"https:\/\/www.artisanlocal.ch\/c\/wp-content\/uploads\/2024\/02\/logo-artisanlocal-h.svg","contentUrl":"https:\/\/www.artisanlocal.ch\/c\/wp-content\/uploads\/2024\/02\/logo-artisanlocal-h.svg","caption":"Artisanlocal"},"image":{"@id":"https:\/\/www.artisanlocal.ch\/c\/#\/schema\/logo\/image\/"}}]}},"_links":{"self":[{"href":"https:\/\/www.artisanlocal.ch\/c\/wp-json\/wp\/v2\/pages\/437","targetHints":{"allow":["GET"]}}],"collection":[{"href":"https:\/\/www.artisanlocal.ch\/c\/wp-json\/wp\/v2\/pages"}],"about":[{"href":"https:\/\/www.artisanlocal.ch\/c\/wp-json\/wp\/v2\/types\/page"}],"author":[{"embeddable":true,"href":"https:\/\/www.artisanlocal.ch\/c\/wp-json\/wp\/v2\/users\/4"}],"replies":[{"embeddable":true,"href":"https:\/\/www.artisanlocal.ch\/c\/wp-json\/wp\/v2\/comments?post=437"}],"version-history":[{"count":0,"href":"https:\/\/www.artisanlocal.ch\/c\/wp-json\/wp\/v2\/pages\/437\/revisions"}],"wp:featuredmedia":[{"embeddable":true,"href":"https:\/\/www.artisanlocal.ch\/c\/wp-json\/wp\/v2\/media\/2754"}],"wp:attachment":[{"href":"https:\/\/www.artisanlocal.ch\/c\/wp-json\/wp\/v2\/media?parent=437"}],"wp:term":[{"taxonomy":"profession","embeddable":true,"href":"https:\/\/www.artisanlocal.ch\/c\/wp-json\/wp\/v2\/profession?post=437"},{"taxonomy":"location","embeddable":true,"href":"https:\/\/www.artisanlocal.ch\/c\/wp-json\/wp\/v2\/location?post=437"},{"taxonomy":"canton","embeddable":true,"href":"https:\/\/www.artisanlocal.ch\/c\/wp-json\/wp\/v2\/canton?post=437"}],"curies":[{"name":"wp","href":"https:\/\/api.w.org\/{rel}","templated":true}]}}