{"id":551,"date":"2024-04-22T05:39:52","date_gmt":"2024-04-22T03:39:52","guid":{"rendered":"https:\/\/www.artisanlocal.ch\/c\/vous-avez-besoin-dun-expert-pour-linstallation-de-votre-carrelage-a-broc\/"},"modified":"2025-08-26T19:29:00","modified_gmt":"2025-08-26T17:29:00","slug":"vous-avez-besoin-dun-expert-pour-linstallation-de-votre-carrelage-a-broc","status":"publish","type":"page","link":"https:\/\/www.artisanlocal.ch\/c\/vous-avez-besoin-dun-expert-pour-linstallation-de-votre-carrelage-a-broc\/","title":{"rendered":"Entreprise de carrelage \u00e0 Le Broc"},"content":{"rendered":"<p>Pour recevoir des estimations de prix sur la pose de carrelage, contactez-nous. Notre entreprise Artisanlocal offre une gamme de services pour l&rsquo;installation de carreaux classiques, de carreaux de dosseret, de carrelage \u00e0 l&rsquo;int\u00e9rieur de votre salle d&rsquo;eau ou sur votre sol ! Nous proposons \u00e0 notre client\u00e8le nos prestations dans les communes proches de Broc.<\/p>\n\r\n<div class=\"box\">\r\n            <div class=\"company-info\">\r\n            <img decoding=\"async\" class=\"company-info__logo\" src=\"https:\/\/www.artisanlocal.ch\/media\/cache\/thumb\/images\/companies\/6967cedfaeb26677418343.png\" alt=\"Logo\">\r\n            <h2 class=\"company-info__name\">Sassi Carrelages Bulle SA<\/h2>\r\n            <p class=\"company-info__business\">Entreprise de carrelage<\/p>\r\n        <\/div>\r\n        <div class=\"company-contact\">\r\n            <p class=\"company-info__address\">Rue de l'Etang 17<\/p>\r\n                            <div class=\"links\">\r\n                                            <a class=\"btn has-accent-background-color js-phoneNumber\" href=\"tel:0269129445\" title=\"Appelez\" data-id=\"6652\" data-type=\"11\">026 912 94 45<\/a>\r\n                                                                <a class=\"btn has-accent-background-color\" href=\"https:\/\/www.carrelages-sassi.ch\/\" target=\"_blank\" title=\"Voir le site internet\" data-id=\"6652\" data-type=\"20\">Site internet<\/a>\r\n                                    <\/div>\r\n                    <\/div>\r\n    \r\n            \r\n<form action=\"https:\/\/www.artisanlocal.ch\/c\/wp-admin\/admin-ajax.php\" method=\"post\" class=\"form-contact\" id=\"artisan_form_contact_company_inline\">\r\n    <div><input type=\"hidden\" name=\"action\" value=\"company_contact\"><\/div>\r\n    <div><input type=\"hidden\" name=\"nonce\" value=\"f071462bb9\"><\/div>\r\n    <div><input type=\"hidden\" name=\"company_id\" value=\"6652\"><\/div>\r\n    <div><input type=\"hidden\" name=\"form_id\" value=\"artisan_form_contact_company_inline\"><\/div>\r\n    <div class=\"gglcptch gglcptch_v3 gglcptch_custom\"><input type=\"hidden\" id=\"g-recaptcha-response\" name=\"g-recaptcha-response\" \/><br \/><div class=\"gglcptch_error_text\">La p\u00e9riode de v\u00e9rification reCAPTCHA a expir\u00e9. Veuillez recharger la page.<\/div><\/div>    <div class=\"form-content\">\r\n        <div class=\"form-group\">\r\n            <label for=\"contact_firstName\" class=\"required\">Pr\u00e9nom<\/label>\r\n            <input type=\"text\" name=\"firstName\" class=\"form-control\" required>\r\n        <\/div>\r\n        <div class=\"form-group\">\r\n            <label for=\"contact_lastName\" class=\"required\">Nom<\/label>\r\n            <input type=\"text\" name=\"lastName\" class=\"form-control\" required>\r\n        <\/div>\r\n        <div class=\"form-group\">\r\n            <label for=\"contact_email\" class=\"required\">Email<\/label>\r\n            <input type=\"email\" name=\"email\" class=\"form-control\" required>\r\n        <\/div>\r\n        <div class=\"form-group\">\r\n            <label for=\"contact_phone\" class=\"required\">Num\u00e9ro de t\u00e9l\u00e9phone<\/label>\r\n            <input type=\"tel\" name=\"phone\" class=\"form-control\" placeholder=\"0787117165\" pattern=\"^[0-9]{10}$\" required>\r\n        <\/div>\r\n        <div class=\"form-group\">\r\n            <label for=\"contact_postalCode\" class=\"required\">Code postal et localit\u00e9<\/label>\r\n            <input type=\"text\" name=\"postalCode\" class=\"form-control\" required>\r\n        <\/div>\r\n        <div class=\"form-group\">\r\n            <label for=\"contact_address\" class=\"required\">Adresse<\/label>\r\n            <input type=\"text\" name=\"address\" class=\"form-control\" required>\r\n        <\/div>\r\n        <div class=\"full-width topic\">\r\n            <p class=\"required\">Je souhaite \u00eatre contact\u00e9 pour :<\/p>\r\n            <div class=\"form-check\">\r\n                <input type=\"radio\" name=\"topic\" value=\"D\u00e9pannage\" class=\"form-control\" required>\r\n                <label for=\"d\u00e9pannage\">D\u00e9pannage<\/label>\r\n            <\/div>\r\n            <div class=\"form-check\">\r\n                <input type=\"radio\" name=\"topic\" value=\"Entretien\" class=\"form-control\" required>\r\n                <label for=\"entretien\">Entretien<\/label>\r\n            <\/div>\r\n            <div class=\"form-check\">\r\n                <input type=\"radio\" name=\"topic\" value=\"R\u00e9novation\" class=\"form-control\" required>\r\n                <label for=\"r\u00e9novation\">R\u00e9novation<\/label>\r\n            <\/div>\r\n            <div class=\"form-check\">\r\n                <input type=\"radio\" name=\"topic\" value=\"Autre\" class=\"form-control\" required>\r\n                <label for=\"autre\">Autre<\/label>\r\n            <\/div>\r\n        <\/div>\r\n        <div class=\"form-group full-width\">\r\n            <label for=\"contact_message\">Message<\/label>\r\n            <textarea name=\"message\" rows=\"3\" class=\"form-control\"><\/textarea>\r\n        <\/div>\r\n    <\/div>\r\n    <div class=\"form-actions\">\r\n        <button class=\"wp-block-button__link has-accent-background-color\">Contacter<\/button>\r\n    <\/div>\r\n<\/form>\r\n<div class=\"form-feedback\"><\/div>    <\/div>\n<h2>Quelle est la plus-value qu&rsquo;offre notre soci\u00e9t\u00e9 ?<\/h2>\n<p>Pour tout projet d&rsquo;installation de carreaux \u00e0 Broc, faites confiance \u00e0 Artisanlocal, contactez-nous parce que :<\/p>\n<ul>\n<li>nous offrons des prix comp\u00e9titifs,<\/li>\n<li>nous installons du carrelage haut de gamme,<\/li>\n<li>notre entreprise est situ\u00e9e \u00e0 Broc, et se d\u00e9place en urgence dans votre foyer,<\/li>\n<li>nous vous conseillons pour acheter le carrelage le plus appropri\u00e9 \u00e0 votre maison,<\/li>\n<li>nous offrons des devis gratuit,<\/li>\n<li>nous avons une \u00e9quipe exp\u00e9riment\u00e9e,<\/li>\n<li>un partenaire s\u00fbr et fiable : nous intervenons dans des grandes entreprises et des cabinets d&rsquo;architectes pour poser du parquet, de la fa\u00efence, du carrelage ou des autres rev\u00eatements pour les sols.<\/li>\n<\/ul>\n<h2>Contactez-nous d\u00e8s aujourd&rsquo;hui pour recevoir votre devis <\/h2>\n<p>N&rsquo;h\u00e9sitez pas \u00e0 nous contacter si vous d\u00e9sirez obtenir un devis, nous vous r\u00e9pondrons d\u00e8s que possible pour estimer le prix de l&rsquo;installation de vos carreaux.<\/p>\n<h2>Nos prestations<\/h2>\n<p>Nos techniciens qui interviennent \u00e0 Broc proposent aux professionnels et aux particuliers, les solutions, tels que :<\/p>\n<ul>\n<li>La mise en place de plusieurs types carreaux tels que le parquet, le carrelage classique et la fa\u00efence,<\/li>\n<li>une aide pour bien choisir vos carreaux,<\/li>\n<li>la pose de carrelage,<\/li>\n<li>la pose de joint pour vos carreaux,<\/li>\n<li>l&rsquo;application de carreaux sur les sols\/murs,<\/li>\n<li>la pose de carrelage int\u00e9rieur et ext\u00e9rieur,<\/li>\n<li>l\u2019enl\u00e8vement du carrelage existant,<\/li>\n<li>l&rsquo;enl\u00e8vement du parquet flottant,<\/li>\n<li>l&rsquo;installation de carrelage pour votre terrasse.<\/li>\n<\/ul>\n<h2>Comment choisir le meilleur carrelage pour votre espace ?<\/h2>\n<h3>Bien d\u00e9terminer la zone de la pose<\/h3>\n<p>\u00c9tudiez bien l&rsquo;endroit et le rythme pendant laquelle le carreau sera expos\u00e9 \u00e0 l&rsquo;usure, sera-t-il dans une zone \u00e0 fort passage ? Par ailleurs, les gens porteront-ils des chaussures ou des chaussettes en marchant dessus? Va-t-il \u00eatre en contact avec l&rsquo;humidit\u00e9? Prenez aussi compte des multiples surfaces qu&rsquo;il va rev\u00eatir, comme : les murs, les sols, les plans de travail, etc.<\/p>\n<h3>\u00c9valuez le volume de carrelage n\u00e9cessaire<\/h3>\n<p>Pour estimer le nombre de carreaux n\u00e9cessaires pour votre habitation, multipliez sa largeur par sa longueur et rajoutez environ 5 % pour garder une marge de s\u00e9curit\u00e9. Nous vous sugg\u00e9rons de conserver en r\u00e9serve des carreaux de mani\u00e8re \u00e0 rattraper d&rsquo;\u00e9ventuels dommages.<\/p>\n<h3>Choisissez le bon mat\u00e9riau<\/h3>\n<p>Les carreaux sont cr\u00e9\u00e9s avec plusieurs sortes de mat\u00e9riaux qui impact : le co\u00fbt de l&rsquo;entretien, l&rsquo;apparence et la long\u00e9vit\u00e9. De plus, la texture et les finitions doivent par ailleurs \u00eatre prises en compte pour trouver le meilleur carrelage pour votre projet.<\/p>\n<h3>Nettoyage<\/h3>\n<p>Nous vous sugg\u00e9rons de prendre en consid\u00e9ration le niveau de difficult\u00e9 d&rsquo;entretien, par exemple : le scellement du carrelage avec un joint de couleur clair n\u00e9cessite un nettoyage qui prend plus de temps, parce qu&rsquo;il agglom\u00e8re \u00e0 toute vitesse la salet\u00e9, le rendent plus d\u00e9licat \u00e0 nettoyer que d&rsquo;autres coloris.<\/p>\n<h2>Obtenez un rendez-vous d\u00e8s aujourd&rsquo;hui<\/h2>\n<p>Notre soci\u00e9t\u00e9 form\u00e9e d&rsquo;experts dans la pose de carreaux \u00e0 Broc savent que la s\u00e9lection de votre carrelage peut-\u00eatre compliqu\u00e9e, c&rsquo;est la raison pour laquelle notre \u00e9quipe est disponible du lundi au samedi pour vous offrir des conseils.<\/p>\n<h2>FAQ<\/h2>\n<h3>Quel est le fonctionnement de votre entreprise ?<\/h3>\n<ol>\n<li>Prise de rendez-vous par t\u00e9l\u00e9phone ou par email.<\/li>\n<li>Puis, nous planifions un rendez-vous avec vous.<\/li>\n<li>Visite \u00e0 votre logement pour d\u00e9limiter le travail \u00e0 faire.<\/li>\n<li>Lancement de votre projet.<\/li>\n<\/ol>\n<h3>Votre entreprise intervient \u00e0 Broc et dans les localit\u00e9s aux environs ?<\/h3>\n<p>Oui, nous nous d\u00e9pla\u00e7ons \u00e0 Broc, mais aussi dans les villes \u00e0 proximit\u00e9, comme:<\/p>\nMaules, S\u00e2les (Gruy\u00e8re), Romanens, Rueyres-Treyfayes, Treyfayes, Vaulruz, Vuadens, Bulle, Riaz, Marsens, Vuippens, La Roche FR, La Tour-de-Tr\u00eame, Charmey (Gruy\u00e8re), Morlon, Sorens, Gumefens, Avry-devant-Pont, Le Bry, Echarlens, Corbi\u00e8res, Hauteville, Pont-la-Ville, Villarvolard, Botterens, Villarbeney, Ch\u00e2tel-sur-Montsalvens, Cr\u00e9suz, Im Fang, Jaun, Abl\u00e4ndschen, Le P\u00e2quier-Montbarry, Epagny, Gruy\u00e8res, Mol\u00e9son-sur-Gruy\u00e8res, Pringy, Estavannens, Grandvillard, Villars-sous-Mont, Enney, Albeuve, Lessoc, Montbovon, Neirivue, Les Sciernes-d'Albeuve.\n<\/p>\n<h3>Vous installez quels mod\u00e8les de carrelages le plus fr\u00e9quemment\u202f?<\/h3>\n<p>Voici les carrelages les plus populaires que nous posons:<\/p>\n<ul>\n<li>Les carrelages mosa\u00efques : v\u00e9ritable succ\u00e8s, ils rajoutent un style inimitable \u00e0 votre foyer.<\/li>\n<li>Les carrelages de m\u00e9tro blancs : retro, il ajoute une touche lumineuse \u00e0 votre salle de bain ou votre cuisine.<\/li>\n<li>Les carreaux de marbre : ils ajoutent un style pr\u00e9cieux \u00e0 n&rsquo;importe quelle pi\u00e8ce de votre r\u00e9sidence.<\/li>\n<li>Les carrelages de c\u00e9ramique : ils sont \u00e9conomiques, faciles \u00e0 nettoyer et ils existent dans de multiples d\u00e9clinaisons.<\/li>\n<li>Le carrelage ciment : ils sont populaires et ils attirent le regard, ils sont souvent utilis\u00e9s dans les centres commerciaux et maisons.<\/li>\n<li>Les carreaux en porcelaine : ressemblant aux surfaces naturelles, il est r\u00e9sistant aux coups, changement de climat.<\/li>\n<\/ul>\n","protected":false},"excerpt":{"rendered":"<p>Pour recevoir des estimations de prix sur la pose de carrelage, contactez-nous. Notre entreprise Artisanlocal offre une gamme de services pour l&rsquo;installation de carreaux classiques, de carreaux de dosseret, de carrelage \u00e0 l&rsquo;int\u00e9rieur de votre salle d&rsquo;eau ou sur votre sol ! Nous proposons \u00e0 notre client\u00e8le nos prestations dans les communes proches de Broc. [&hellip;]<\/p>\n","protected":false},"author":4,"featured_media":2804,"parent":0,"menu_order":0,"comment_status":"closed","ping_status":"closed","template":"","meta":{"footnotes":""},"profession":[119],"location":[115],"canton":[109],"class_list":["post-551","page","type-page","status-publish","has-post-thumbnail","hentry","profession-carreleur","location-broc","canton-fr"],"yoast_head":"<!-- This site is optimized with the Yoast SEO Premium plugin v25.7.1 (Yoast SEO v27.4) - https:\/\/yoast.com\/product\/yoast-seo-premium-wordpress\/ -->\n<title>Entreprise de carrelage \u00e0 Le Broc - Artisanlocal<\/title>\n<meta name=\"robots\" content=\"index, follow, max-snippet:-1, max-image-preview:large, max-video-preview:-1\" \/>\n<link rel=\"canonical\" href=\"https:\/\/www.artisanlocal.ch\/c\/vous-avez-besoin-dun-expert-pour-linstallation-de-votre-carrelage-a-broc\/\" \/>\n<meta property=\"og:locale\" content=\"fr_FR\" \/>\n<meta property=\"og:type\" content=\"article\" \/>\n<meta property=\"og:title\" content=\"Entreprise de carrelage \u00e0 Le Broc\" \/>\n<meta property=\"og:description\" content=\"Pour recevoir des estimations de prix sur la pose de carrelage, contactez-nous. Notre entreprise Artisanlocal offre une gamme de services pour l&rsquo;installation de carreaux classiques, de carreaux de dosseret, de carrelage \u00e0 l&rsquo;int\u00e9rieur de votre salle d&rsquo;eau ou sur votre sol ! Nous proposons \u00e0 notre client\u00e8le nos prestations dans les communes proches de Broc. [&hellip;]\" \/>\n<meta property=\"og:url\" content=\"https:\/\/www.artisanlocal.ch\/c\/vous-avez-besoin-dun-expert-pour-linstallation-de-votre-carrelage-a-broc\/\" \/>\n<meta property=\"og:site_name\" content=\"Artisanlocal\" \/>\n<meta property=\"article:modified_time\" content=\"2025-08-26T17:29:00+00:00\" \/>\n<meta property=\"og:image\" content=\"https:\/\/www.artisanlocal.ch\/c\/wp-content\/uploads\/2024\/11\/carreleur.jpg\" \/>\n\t<meta property=\"og:image:width\" content=\"1920\" \/>\n\t<meta property=\"og:image:height\" content=\"300\" \/>\n\t<meta property=\"og:image:type\" content=\"image\/jpeg\" \/>\n<meta name=\"twitter:card\" content=\"summary_large_image\" \/>\n<meta name=\"twitter:label1\" content=\"Dur\u00e9e de lecture estim\u00e9e\" \/>\n\t<meta name=\"twitter:data1\" content=\"4 minutes\" \/>\n<script type=\"application\/ld+json\" class=\"yoast-schema-graph\">{\"@context\":\"https:\\\/\\\/schema.org\",\"@graph\":[{\"@type\":\"WebPage\",\"@id\":\"https:\\\/\\\/www.artisanlocal.ch\\\/c\\\/vous-avez-besoin-dun-expert-pour-linstallation-de-votre-carrelage-a-broc\\\/\",\"url\":\"https:\\\/\\\/www.artisanlocal.ch\\\/c\\\/vous-avez-besoin-dun-expert-pour-linstallation-de-votre-carrelage-a-broc\\\/\",\"name\":\"Entreprise de carrelage \u00e0 Le Broc - Artisanlocal\",\"isPartOf\":{\"@id\":\"https:\\\/\\\/www.artisanlocal.ch\\\/c\\\/#website\"},\"primaryImageOfPage\":{\"@id\":\"https:\\\/\\\/www.artisanlocal.ch\\\/c\\\/vous-avez-besoin-dun-expert-pour-linstallation-de-votre-carrelage-a-broc\\\/#primaryimage\"},\"image\":{\"@id\":\"https:\\\/\\\/www.artisanlocal.ch\\\/c\\\/vous-avez-besoin-dun-expert-pour-linstallation-de-votre-carrelage-a-broc\\\/#primaryimage\"},\"thumbnailUrl\":\"https:\\\/\\\/www.artisanlocal.ch\\\/c\\\/wp-content\\\/uploads\\\/2024\\\/11\\\/carreleur.jpg\",\"datePublished\":\"2024-04-22T03:39:52+00:00\",\"dateModified\":\"2025-08-26T17:29:00+00:00\",\"breadcrumb\":{\"@id\":\"https:\\\/\\\/www.artisanlocal.ch\\\/c\\\/vous-avez-besoin-dun-expert-pour-linstallation-de-votre-carrelage-a-broc\\\/#breadcrumb\"},\"inLanguage\":\"fr-FR\",\"potentialAction\":[{\"@type\":\"ReadAction\",\"target\":[\"https:\\\/\\\/www.artisanlocal.ch\\\/c\\\/vous-avez-besoin-dun-expert-pour-linstallation-de-votre-carrelage-a-broc\\\/\"]}]},{\"@type\":\"ImageObject\",\"inLanguage\":\"fr-FR\",\"@id\":\"https:\\\/\\\/www.artisanlocal.ch\\\/c\\\/vous-avez-besoin-dun-expert-pour-linstallation-de-votre-carrelage-a-broc\\\/#primaryimage\",\"url\":\"https:\\\/\\\/www.artisanlocal.ch\\\/c\\\/wp-content\\\/uploads\\\/2024\\\/11\\\/carreleur.jpg\",\"contentUrl\":\"https:\\\/\\\/www.artisanlocal.ch\\\/c\\\/wp-content\\\/uploads\\\/2024\\\/11\\\/carreleur.jpg\",\"width\":1920,\"height\":300},{\"@type\":\"BreadcrumbList\",\"@id\":\"https:\\\/\\\/www.artisanlocal.ch\\\/c\\\/vous-avez-besoin-dun-expert-pour-linstallation-de-votre-carrelage-a-broc\\\/#breadcrumb\",\"itemListElement\":[{\"@type\":\"ListItem\",\"position\":1,\"name\":\"Accueil\",\"item\":\"https:\\\/\\\/www.artisanlocal.ch\\\/c\\\/\"},{\"@type\":\"ListItem\",\"position\":2,\"name\":\"Entreprise de carrelage \u00e0 Le Broc\"}]},{\"@type\":\"WebSite\",\"@id\":\"https:\\\/\\\/www.artisanlocal.ch\\\/c\\\/#website\",\"url\":\"https:\\\/\\\/www.artisanlocal.ch\\\/c\\\/\",\"name\":\"Artisanlocal\",\"description\":\"\",\"publisher\":{\"@id\":\"https:\\\/\\\/www.artisanlocal.ch\\\/c\\\/#organization\"},\"potentialAction\":[{\"@type\":\"SearchAction\",\"target\":{\"@type\":\"EntryPoint\",\"urlTemplate\":\"https:\\\/\\\/www.artisanlocal.ch\\\/c\\\/?s={search_term_string}\"},\"query-input\":{\"@type\":\"PropertyValueSpecification\",\"valueRequired\":true,\"valueName\":\"search_term_string\"}}],\"inLanguage\":\"fr-FR\"},{\"@type\":\"Organization\",\"@id\":\"https:\\\/\\\/www.artisanlocal.ch\\\/c\\\/#organization\",\"name\":\"Artisanlocal\",\"url\":\"https:\\\/\\\/www.artisanlocal.ch\\\/c\\\/\",\"logo\":{\"@type\":\"ImageObject\",\"inLanguage\":\"fr-FR\",\"@id\":\"https:\\\/\\\/www.artisanlocal.ch\\\/c\\\/#\\\/schema\\\/logo\\\/image\\\/\",\"url\":\"https:\\\/\\\/www.artisanlocal.ch\\\/c\\\/wp-content\\\/uploads\\\/2024\\\/02\\\/logo-artisanlocal-h.svg\",\"contentUrl\":\"https:\\\/\\\/www.artisanlocal.ch\\\/c\\\/wp-content\\\/uploads\\\/2024\\\/02\\\/logo-artisanlocal-h.svg\",\"caption\":\"Artisanlocal\"},\"image\":{\"@id\":\"https:\\\/\\\/www.artisanlocal.ch\\\/c\\\/#\\\/schema\\\/logo\\\/image\\\/\"}}]}<\/script>\n<!-- \/ Yoast SEO Premium plugin. -->","yoast_head_json":{"title":"Entreprise de carrelage \u00e0 Le Broc - Artisanlocal","robots":{"index":"index","follow":"follow","max-snippet":"max-snippet:-1","max-image-preview":"max-image-preview:large","max-video-preview":"max-video-preview:-1"},"canonical":"https:\/\/www.artisanlocal.ch\/c\/vous-avez-besoin-dun-expert-pour-linstallation-de-votre-carrelage-a-broc\/","og_locale":"fr_FR","og_type":"article","og_title":"Entreprise de carrelage \u00e0 Le Broc","og_description":"Pour recevoir des estimations de prix sur la pose de carrelage, contactez-nous. Notre entreprise Artisanlocal offre une gamme de services pour l&rsquo;installation de carreaux classiques, de carreaux de dosseret, de carrelage \u00e0 l&rsquo;int\u00e9rieur de votre salle d&rsquo;eau ou sur votre sol ! Nous proposons \u00e0 notre client\u00e8le nos prestations dans les communes proches de Broc. [&hellip;]","og_url":"https:\/\/www.artisanlocal.ch\/c\/vous-avez-besoin-dun-expert-pour-linstallation-de-votre-carrelage-a-broc\/","og_site_name":"Artisanlocal","article_modified_time":"2025-08-26T17:29:00+00:00","og_image":[{"width":1920,"height":300,"url":"https:\/\/www.artisanlocal.ch\/c\/wp-content\/uploads\/2024\/11\/carreleur.jpg","type":"image\/jpeg"}],"twitter_card":"summary_large_image","twitter_misc":{"Dur\u00e9e de lecture estim\u00e9e":"4 minutes"},"schema":{"@context":"https:\/\/schema.org","@graph":[{"@type":"WebPage","@id":"https:\/\/www.artisanlocal.ch\/c\/vous-avez-besoin-dun-expert-pour-linstallation-de-votre-carrelage-a-broc\/","url":"https:\/\/www.artisanlocal.ch\/c\/vous-avez-besoin-dun-expert-pour-linstallation-de-votre-carrelage-a-broc\/","name":"Entreprise de carrelage \u00e0 Le Broc - Artisanlocal","isPartOf":{"@id":"https:\/\/www.artisanlocal.ch\/c\/#website"},"primaryImageOfPage":{"@id":"https:\/\/www.artisanlocal.ch\/c\/vous-avez-besoin-dun-expert-pour-linstallation-de-votre-carrelage-a-broc\/#primaryimage"},"image":{"@id":"https:\/\/www.artisanlocal.ch\/c\/vous-avez-besoin-dun-expert-pour-linstallation-de-votre-carrelage-a-broc\/#primaryimage"},"thumbnailUrl":"https:\/\/www.artisanlocal.ch\/c\/wp-content\/uploads\/2024\/11\/carreleur.jpg","datePublished":"2024-04-22T03:39:52+00:00","dateModified":"2025-08-26T17:29:00+00:00","breadcrumb":{"@id":"https:\/\/www.artisanlocal.ch\/c\/vous-avez-besoin-dun-expert-pour-linstallation-de-votre-carrelage-a-broc\/#breadcrumb"},"inLanguage":"fr-FR","potentialAction":[{"@type":"ReadAction","target":["https:\/\/www.artisanlocal.ch\/c\/vous-avez-besoin-dun-expert-pour-linstallation-de-votre-carrelage-a-broc\/"]}]},{"@type":"ImageObject","inLanguage":"fr-FR","@id":"https:\/\/www.artisanlocal.ch\/c\/vous-avez-besoin-dun-expert-pour-linstallation-de-votre-carrelage-a-broc\/#primaryimage","url":"https:\/\/www.artisanlocal.ch\/c\/wp-content\/uploads\/2024\/11\/carreleur.jpg","contentUrl":"https:\/\/www.artisanlocal.ch\/c\/wp-content\/uploads\/2024\/11\/carreleur.jpg","width":1920,"height":300},{"@type":"BreadcrumbList","@id":"https:\/\/www.artisanlocal.ch\/c\/vous-avez-besoin-dun-expert-pour-linstallation-de-votre-carrelage-a-broc\/#breadcrumb","itemListElement":[{"@type":"ListItem","position":1,"name":"Accueil","item":"https:\/\/www.artisanlocal.ch\/c\/"},{"@type":"ListItem","position":2,"name":"Entreprise de carrelage \u00e0 Le Broc"}]},{"@type":"WebSite","@id":"https:\/\/www.artisanlocal.ch\/c\/#website","url":"https:\/\/www.artisanlocal.ch\/c\/","name":"Artisanlocal","description":"","publisher":{"@id":"https:\/\/www.artisanlocal.ch\/c\/#organization"},"potentialAction":[{"@type":"SearchAction","target":{"@type":"EntryPoint","urlTemplate":"https:\/\/www.artisanlocal.ch\/c\/?s={search_term_string}"},"query-input":{"@type":"PropertyValueSpecification","valueRequired":true,"valueName":"search_term_string"}}],"inLanguage":"fr-FR"},{"@type":"Organization","@id":"https:\/\/www.artisanlocal.ch\/c\/#organization","name":"Artisanlocal","url":"https:\/\/www.artisanlocal.ch\/c\/","logo":{"@type":"ImageObject","inLanguage":"fr-FR","@id":"https:\/\/www.artisanlocal.ch\/c\/#\/schema\/logo\/image\/","url":"https:\/\/www.artisanlocal.ch\/c\/wp-content\/uploads\/2024\/02\/logo-artisanlocal-h.svg","contentUrl":"https:\/\/www.artisanlocal.ch\/c\/wp-content\/uploads\/2024\/02\/logo-artisanlocal-h.svg","caption":"Artisanlocal"},"image":{"@id":"https:\/\/www.artisanlocal.ch\/c\/#\/schema\/logo\/image\/"}}]}},"_links":{"self":[{"href":"https:\/\/www.artisanlocal.ch\/c\/wp-json\/wp\/v2\/pages\/551","targetHints":{"allow":["GET"]}}],"collection":[{"href":"https:\/\/www.artisanlocal.ch\/c\/wp-json\/wp\/v2\/pages"}],"about":[{"href":"https:\/\/www.artisanlocal.ch\/c\/wp-json\/wp\/v2\/types\/page"}],"author":[{"embeddable":true,"href":"https:\/\/www.artisanlocal.ch\/c\/wp-json\/wp\/v2\/users\/4"}],"replies":[{"embeddable":true,"href":"https:\/\/www.artisanlocal.ch\/c\/wp-json\/wp\/v2\/comments?post=551"}],"version-history":[{"count":0,"href":"https:\/\/www.artisanlocal.ch\/c\/wp-json\/wp\/v2\/pages\/551\/revisions"}],"wp:featuredmedia":[{"embeddable":true,"href":"https:\/\/www.artisanlocal.ch\/c\/wp-json\/wp\/v2\/media\/2804"}],"wp:attachment":[{"href":"https:\/\/www.artisanlocal.ch\/c\/wp-json\/wp\/v2\/media?parent=551"}],"wp:term":[{"taxonomy":"profession","embeddable":true,"href":"https:\/\/www.artisanlocal.ch\/c\/wp-json\/wp\/v2\/profession?post=551"},{"taxonomy":"location","embeddable":true,"href":"https:\/\/www.artisanlocal.ch\/c\/wp-json\/wp\/v2\/location?post=551"},{"taxonomy":"canton","embeddable":true,"href":"https:\/\/www.artisanlocal.ch\/c\/wp-json\/wp\/v2\/canton?post=551"}],"curies":[{"name":"wp","href":"https:\/\/api.w.org\/{rel}","templated":true}]}}