{"id":571,"date":"2024-04-22T17:34:46","date_gmt":"2024-04-22T15:34:46","guid":{"rendered":"https:\/\/www.artisanlocal.ch\/c\/vous-avez-besoin-dun-expert-pour-linstallation-de-votre-carrelage-a-nyon\/"},"modified":"2025-10-08T13:01:00","modified_gmt":"2025-10-08T11:01:00","slug":"vous-avez-besoin-dun-expert-pour-linstallation-de-votre-carrelage-a-nyon","status":"publish","type":"page","link":"https:\/\/www.artisanlocal.ch\/c\/vous-avez-besoin-dun-expert-pour-linstallation-de-votre-carrelage-a-nyon\/","title":{"rendered":"Entreprise de carrelage \u00e0 Nyon"},"content":{"rendered":"<p>Besoin d&rsquo;une entreprise de carrelage \u00e0 Nyon ? Artisanlocal propose des services d&rsquo;installation de carrelage pour particuliers et entreprises.<br \/>\n\r\n<div class=\"box\">\r\n            <div class=\"company-info\">\r\n            <img decoding=\"async\" class=\"company-info__logo\" src=\"https:\/\/www.artisanlocal.ch\/media\/cache\/thumb\/images\/companies\/60880353f1e83061908394.png\" alt=\"Logo\">\r\n            <h2 class=\"company-info__name\">Bati Concept l'oeil artisan S\u00e0rl<\/h2>\r\n            <p class=\"company-info__business\">Ma\u00e7onnerie - R\u00e9novation - Entreprise de carrelage - Entreprise g\u00e9n\u00e9rale - Pl\u00e2trier - Entreprise de construction - Rev\u00eatements de sols - Am\u00e9nagements ext\u00e9rieurs<\/p>\r\n        <\/div>\r\n        <div class=\"company-contact\">\r\n            <p class=\"company-info__address\">Chemin de Plannaz 13<\/p>\r\n                            <div class=\"links\">\r\n                                            <a class=\"btn has-accent-background-color js-phoneNumber\" href=\"tel:0799326923\" title=\"Appelez\" data-id=\"2750\" data-type=\"11\">079 932 69 23<\/a>\r\n                                                                <a class=\"btn has-accent-background-color\" href=\"https:\/\/bati-concept.ch\/\" target=\"_blank\" title=\"Voir le site internet\" data-id=\"2750\" data-type=\"20\">Site internet<\/a>\r\n                                    <\/div>\r\n                    <\/div>\r\n    \r\n            \r\n<form action=\"https:\/\/www.artisanlocal.ch\/c\/wp-admin\/admin-ajax.php\" method=\"post\" class=\"form-contact\" id=\"artisan_form_contact_company_inline\">\r\n    <div><input type=\"hidden\" name=\"action\" value=\"company_contact\"><\/div>\r\n    <div><input type=\"hidden\" name=\"nonce\" value=\"8f9b7fcae5\"><\/div>\r\n    <div><input type=\"hidden\" name=\"company_id\" value=\"2750\"><\/div>\r\n    <div><input type=\"hidden\" name=\"form_id\" value=\"artisan_form_contact_company_inline\"><\/div>\r\n    <div class=\"gglcptch gglcptch_v3 gglcptch_custom\"><input type=\"hidden\" id=\"g-recaptcha-response\" name=\"g-recaptcha-response\" \/><br \/><div class=\"gglcptch_error_text\">La p\u00e9riode de v\u00e9rification reCAPTCHA a expir\u00e9. Veuillez recharger la page.<\/div><\/div>    <div class=\"form-content\">\r\n        <div class=\"form-group\">\r\n            <label for=\"contact_firstName\" class=\"required\">Pr\u00e9nom<\/label>\r\n            <input type=\"text\" name=\"firstName\" class=\"form-control\" required>\r\n        <\/div>\r\n        <div class=\"form-group\">\r\n            <label for=\"contact_lastName\" class=\"required\">Nom<\/label>\r\n            <input type=\"text\" name=\"lastName\" class=\"form-control\" required>\r\n        <\/div>\r\n        <div class=\"form-group\">\r\n            <label for=\"contact_email\" class=\"required\">Email<\/label>\r\n            <input type=\"email\" name=\"email\" class=\"form-control\" required>\r\n        <\/div>\r\n        <div class=\"form-group\">\r\n            <label for=\"contact_phone\" class=\"required\">Num\u00e9ro de t\u00e9l\u00e9phone<\/label>\r\n            <input type=\"tel\" name=\"phone\" class=\"form-control\" placeholder=\"0787117165\" pattern=\"^[0-9]{10}$\" required>\r\n        <\/div>\r\n        <div class=\"form-group\">\r\n            <label for=\"contact_postalCode\" class=\"required\">Code postal et localit\u00e9<\/label>\r\n            <input type=\"text\" name=\"postalCode\" class=\"form-control\" required>\r\n        <\/div>\r\n        <div class=\"form-group\">\r\n            <label for=\"contact_address\" class=\"required\">Adresse<\/label>\r\n            <input type=\"text\" name=\"address\" class=\"form-control\" required>\r\n        <\/div>\r\n        <div class=\"full-width topic\">\r\n            <p class=\"required\">Je souhaite \u00eatre contact\u00e9 pour :<\/p>\r\n            <div class=\"form-check\">\r\n                <input type=\"radio\" name=\"topic\" value=\"D\u00e9pannage\" class=\"form-control\" required>\r\n                <label for=\"d\u00e9pannage\">D\u00e9pannage<\/label>\r\n            <\/div>\r\n            <div class=\"form-check\">\r\n                <input type=\"radio\" name=\"topic\" value=\"Entretien\" class=\"form-control\" required>\r\n                <label for=\"entretien\">Entretien<\/label>\r\n            <\/div>\r\n            <div class=\"form-check\">\r\n                <input type=\"radio\" name=\"topic\" value=\"R\u00e9novation\" class=\"form-control\" required>\r\n                <label for=\"r\u00e9novation\">R\u00e9novation<\/label>\r\n            <\/div>\r\n            <div class=\"form-check\">\r\n                <input type=\"radio\" name=\"topic\" value=\"Autre\" class=\"form-control\" required>\r\n                <label for=\"autre\">Autre<\/label>\r\n            <\/div>\r\n        <\/div>\r\n        <div class=\"form-group full-width\">\r\n            <label for=\"contact_message\">Message<\/label>\r\n            <textarea name=\"message\" rows=\"3\" class=\"form-control\"><\/textarea>\r\n        <\/div>\r\n    <\/div>\r\n    <div class=\"form-actions\">\r\n        <button class=\"wp-block-button__link has-accent-background-color\">Contacter<\/button>\r\n    <\/div>\r\n<\/form>\r\n<div class=\"form-feedback\"><\/div>    <\/div><\/p>\n<h2>Pourquoi travailler avec notre entreprise ?<\/h2>\n<ul>\n<li>Prix comp\u00e9titifs,<\/li>\n<li>Installation de carrelages de qualit\u00e9s sup\u00e9rieures,<\/li>\n<li>Entreprise localis\u00e9e \u00e0 Nyon, et intervient rapidement \u00e0 votre domicile,<\/li>\n<li>Conseils personnalis\u00e9s,<\/li>\n<li>Devis gratuits,<\/li>\n<li>Carreleurs exp\u00e9riment\u00e9s,<\/li>\n<li>Soci\u00e9t\u00e9 de confiance : nous intervenons dans des grands groupes et des cabinets d&rsquo;architectes pour poser du parquet, de la fa\u00efence, du carrelage ou des autres rev\u00eatements pour les sols.<\/li>\n<\/ul>\n<h2>Estimation gratuite pour la pose de carrelage<\/h2>\n<p>Nos devis sont gratuits, nous r\u00e9pondons rapidement pour estimer le co\u00fbt de l&rsquo;installation de votre carrelage.<\/p>\n<h2>Nos services \u00e0 Nyon<\/h2>\n<ul>\n<li>Installation de carrelage, fa\u00efence, parquet, et autres types de carrelages,<\/li>\n<li>des conseils pour choisir votre carrelage facilement,<\/li>\n<li>installation de vos carreaux et vos joints,<\/li>\n<li>installation du carrelage sur les murs et les sols,<\/li>\n<li>installation de carrelage en int\u00e9rieur et ext\u00e9rieur,<\/li>\n<li>l&rsquo;enl\u00e8vement de votre carrelage existant,<\/li>\n<li>l&rsquo;enl\u00e8vement de votre parquet flottant,<\/li>\n<li>installation du carrelage sur terrasse.<\/li>\n<\/ul>\n<h2>Comment choisir le carrelage id\u00e9al pour votre espace ?<\/h2>\n<h3>Bien d\u00e9terminer la zone d&rsquo;installation<\/h3>\n<p>Avant chaque projet, il faut \u00e9tudier l&#8217;emplacement et la fr\u00e9quence \u00e0 laquelle le carreau sera soumis \u00e0 un trafic. Par ailleurs, les gens porteront-ils des chaussettes ou des chaussures en marchant dessus\u202f? Sera-t-il expos\u00e9 \u00e0 l&rsquo;humidit\u00e9\u202f? Tenez aussi compte des surfaces qu&rsquo;il va rev\u00eatir, comme : les sols, les plans de travail, les murs, etc.<\/p>\n<h3>Calculez le volume de carreaux<\/h3>\n<p>Pour estimer le volume en m\u00b2 de carrelage pour votre espace, multipliez sa largeur par sa longueur et ajoutez dans les 5 % pour avoir une marge de s\u00e9curit\u00e9. Nous recommandons de garder des carreaux suppl\u00e9mentaires en cas de dommages futurs.<\/p>\n<h3>S\u00e9lectionnez le mat\u00e9riau<\/h3>\n<p>Il existe divers mat\u00e9riaux \u00e0 partir desquels les carreaux peuvent \u00eatre fabriqu\u00e9s, le type de mat\u00e9riaux a un effet sur : le prix, la complexit\u00e9 de l&rsquo;entretien, l&rsquo;apparence et la long\u00e9vit\u00e9. D&rsquo;autre part, la texture et les finitions devraient par ailleurs \u00eatre prises en compte afin de trouver des carreaux qui sont \u00e0 votre gout.<\/p>\n<h3>Nettoyage<\/h3>\n<p>Vous devez par ailleurs prendre en compte le niveau d&rsquo;entretien au moment de choisir votre carrelage, par exemple : le nettoyage du carrelage avec joint clair est plus compliqu\u00e9 du fait de leur faciliter \u00e0 accumuler la crasse, ce qui les rend plus compliqu\u00e9s \u00e0 nettoyer par rapport aux autres couleurs.<\/p>\n<h2>Contactez-nous pour avoir un rendez-vous<\/h2>\n<p>Notre \u00e9quipe d&rsquo;experts \u00e0 Nyon ont conscience de la difficult\u00e9 de votre projet, c&rsquo;est pourquoi nous sommes disponibles du lundi au samedi afin de r\u00e9pondre \u00e0 vos questions.<\/p>\n<h2>Questions-r\u00e9ponses<\/h2>\n<h3>De quelle mani\u00e8re marche votre soci\u00e9t\u00e9 ?<\/h3>\n<ol>\n<li>Vous devez prendre contact avec nous par email ou t\u00e9l\u00e9phone.<\/li>\n<li>Par la suite, nous planifions un rendez-vous avec vous.<\/li>\n<li>Un technicien se d\u00e9place pour d\u00e9terminer le total de carrelages \u00e0 poser.<\/li>\n<li>Lancement de votre projet.<\/li>\n<\/ol>\n<h3>Artisanlocal.ch intervient dans les villes alentours \u00e0 Nyon ?<\/h3>\n<p>Oui, nous intervenons \u00e0 Nyon, mais aussi dans les villes aux alentours, comme :<\/p>\nGland, Prangins, Le Vaud, Eysins, Crassier, St-Cergue, La Cure, Duillier, Coinsins, Vich, Begnins, Bassins, Tr\u00e9lex, Givrins, Genolier, Arzier-Le Muids, Grens, Signy, Ch\u00e9serex, Gingins, Arnex-sur-Nyon, Borex, La Rippe, Crans VD.\n<h3><\/h3>\n","protected":false},"excerpt":{"rendered":"<p>Besoin d&rsquo;une entreprise de carrelage \u00e0 Nyon ? Artisanlocal propose des services d&rsquo;installation de carrelage pour particuliers et entreprises. Pourquoi travailler avec notre entreprise ? Prix comp\u00e9titifs, Installation de carrelages de qualit\u00e9s sup\u00e9rieures, Entreprise localis\u00e9e \u00e0 Nyon, et intervient rapidement \u00e0 votre domicile, Conseils personnalis\u00e9s, Devis gratuits, Carreleurs exp\u00e9riment\u00e9s, Soci\u00e9t\u00e9 de confiance : nous intervenons [&hellip;]<\/p>\n","protected":false},"author":4,"featured_media":2804,"parent":0,"menu_order":0,"comment_status":"closed","ping_status":"closed","template":"","meta":{"footnotes":""},"profession":[119],"location":[103],"canton":[113],"class_list":["post-571","page","type-page","status-publish","has-post-thumbnail","hentry","profession-carreleur","location-nyon","canton-vd"],"yoast_head":"<!-- This site is optimized with the Yoast SEO Premium plugin v25.7.1 (Yoast SEO v27.6) - https:\/\/yoast.com\/product\/yoast-seo-premium-wordpress\/ -->\n<title>Entreprise de carrelage \u00e0 Nyon - Artisanlocal<\/title>\n<meta name=\"robots\" content=\"index, follow, max-snippet:-1, max-image-preview:large, max-video-preview:-1\" \/>\n<link rel=\"canonical\" href=\"https:\/\/www.artisanlocal.ch\/c\/vous-avez-besoin-dun-expert-pour-linstallation-de-votre-carrelage-a-nyon\/\" \/>\n<meta property=\"og:locale\" content=\"fr_FR\" \/>\n<meta property=\"og:type\" content=\"article\" \/>\n<meta property=\"og:title\" content=\"Entreprise de carrelage \u00e0 Nyon\" \/>\n<meta property=\"og:description\" content=\"Besoin d&rsquo;une entreprise de carrelage \u00e0 Nyon ? Artisanlocal propose des services d&rsquo;installation de carrelage pour particuliers et entreprises. Pourquoi travailler avec notre entreprise ? Prix comp\u00e9titifs, Installation de carrelages de qualit\u00e9s sup\u00e9rieures, Entreprise localis\u00e9e \u00e0 Nyon, et intervient rapidement \u00e0 votre domicile, Conseils personnalis\u00e9s, Devis gratuits, Carreleurs exp\u00e9riment\u00e9s, Soci\u00e9t\u00e9 de confiance : nous intervenons [&hellip;]\" \/>\n<meta property=\"og:url\" content=\"https:\/\/www.artisanlocal.ch\/c\/vous-avez-besoin-dun-expert-pour-linstallation-de-votre-carrelage-a-nyon\/\" \/>\n<meta property=\"og:site_name\" content=\"Artisanlocal\" \/>\n<meta property=\"article:modified_time\" content=\"2025-10-08T11:01:00+00:00\" \/>\n<meta property=\"og:image\" content=\"https:\/\/www.artisanlocal.ch\/c\/wp-content\/uploads\/2024\/11\/carreleur.jpg\" \/>\n\t<meta property=\"og:image:width\" content=\"1920\" \/>\n\t<meta property=\"og:image:height\" content=\"300\" \/>\n\t<meta property=\"og:image:type\" content=\"image\/jpeg\" \/>\n<meta name=\"twitter:card\" content=\"summary_large_image\" \/>\n<meta name=\"twitter:label1\" content=\"Dur\u00e9e de lecture estim\u00e9e\" \/>\n\t<meta name=\"twitter:data1\" content=\"3 minutes\" \/>\n<script type=\"application\/ld+json\" class=\"yoast-schema-graph\">{\"@context\":\"https:\\\/\\\/schema.org\",\"@graph\":[{\"@type\":\"WebPage\",\"@id\":\"https:\\\/\\\/www.artisanlocal.ch\\\/c\\\/vous-avez-besoin-dun-expert-pour-linstallation-de-votre-carrelage-a-nyon\\\/\",\"url\":\"https:\\\/\\\/www.artisanlocal.ch\\\/c\\\/vous-avez-besoin-dun-expert-pour-linstallation-de-votre-carrelage-a-nyon\\\/\",\"name\":\"Entreprise de carrelage \u00e0 Nyon - Artisanlocal\",\"isPartOf\":{\"@id\":\"https:\\\/\\\/www.artisanlocal.ch\\\/c\\\/#website\"},\"primaryImageOfPage\":{\"@id\":\"https:\\\/\\\/www.artisanlocal.ch\\\/c\\\/vous-avez-besoin-dun-expert-pour-linstallation-de-votre-carrelage-a-nyon\\\/#primaryimage\"},\"image\":{\"@id\":\"https:\\\/\\\/www.artisanlocal.ch\\\/c\\\/vous-avez-besoin-dun-expert-pour-linstallation-de-votre-carrelage-a-nyon\\\/#primaryimage\"},\"thumbnailUrl\":\"https:\\\/\\\/www.artisanlocal.ch\\\/c\\\/wp-content\\\/uploads\\\/2024\\\/11\\\/carreleur.jpg\",\"datePublished\":\"2024-04-22T15:34:46+00:00\",\"dateModified\":\"2025-10-08T11:01:00+00:00\",\"breadcrumb\":{\"@id\":\"https:\\\/\\\/www.artisanlocal.ch\\\/c\\\/vous-avez-besoin-dun-expert-pour-linstallation-de-votre-carrelage-a-nyon\\\/#breadcrumb\"},\"inLanguage\":\"fr-FR\",\"potentialAction\":[{\"@type\":\"ReadAction\",\"target\":[\"https:\\\/\\\/www.artisanlocal.ch\\\/c\\\/vous-avez-besoin-dun-expert-pour-linstallation-de-votre-carrelage-a-nyon\\\/\"]}]},{\"@type\":\"ImageObject\",\"inLanguage\":\"fr-FR\",\"@id\":\"https:\\\/\\\/www.artisanlocal.ch\\\/c\\\/vous-avez-besoin-dun-expert-pour-linstallation-de-votre-carrelage-a-nyon\\\/#primaryimage\",\"url\":\"https:\\\/\\\/www.artisanlocal.ch\\\/c\\\/wp-content\\\/uploads\\\/2024\\\/11\\\/carreleur.jpg\",\"contentUrl\":\"https:\\\/\\\/www.artisanlocal.ch\\\/c\\\/wp-content\\\/uploads\\\/2024\\\/11\\\/carreleur.jpg\",\"width\":1920,\"height\":300},{\"@type\":\"BreadcrumbList\",\"@id\":\"https:\\\/\\\/www.artisanlocal.ch\\\/c\\\/vous-avez-besoin-dun-expert-pour-linstallation-de-votre-carrelage-a-nyon\\\/#breadcrumb\",\"itemListElement\":[{\"@type\":\"ListItem\",\"position\":1,\"name\":\"Accueil\",\"item\":\"https:\\\/\\\/www.artisanlocal.ch\\\/c\\\/\"},{\"@type\":\"ListItem\",\"position\":2,\"name\":\"Entreprise de carrelage \u00e0 Nyon\"}]},{\"@type\":\"WebSite\",\"@id\":\"https:\\\/\\\/www.artisanlocal.ch\\\/c\\\/#website\",\"url\":\"https:\\\/\\\/www.artisanlocal.ch\\\/c\\\/\",\"name\":\"Artisanlocal\",\"description\":\"\",\"publisher\":{\"@id\":\"https:\\\/\\\/www.artisanlocal.ch\\\/c\\\/#organization\"},\"potentialAction\":[{\"@type\":\"SearchAction\",\"target\":{\"@type\":\"EntryPoint\",\"urlTemplate\":\"https:\\\/\\\/www.artisanlocal.ch\\\/c\\\/?s={search_term_string}\"},\"query-input\":{\"@type\":\"PropertyValueSpecification\",\"valueRequired\":true,\"valueName\":\"search_term_string\"}}],\"inLanguage\":\"fr-FR\"},{\"@type\":\"Organization\",\"@id\":\"https:\\\/\\\/www.artisanlocal.ch\\\/c\\\/#organization\",\"name\":\"Artisanlocal\",\"url\":\"https:\\\/\\\/www.artisanlocal.ch\\\/c\\\/\",\"logo\":{\"@type\":\"ImageObject\",\"inLanguage\":\"fr-FR\",\"@id\":\"https:\\\/\\\/www.artisanlocal.ch\\\/c\\\/#\\\/schema\\\/logo\\\/image\\\/\",\"url\":\"https:\\\/\\\/www.artisanlocal.ch\\\/c\\\/wp-content\\\/uploads\\\/2024\\\/02\\\/logo-artisanlocal-h.svg\",\"contentUrl\":\"https:\\\/\\\/www.artisanlocal.ch\\\/c\\\/wp-content\\\/uploads\\\/2024\\\/02\\\/logo-artisanlocal-h.svg\",\"caption\":\"Artisanlocal\"},\"image\":{\"@id\":\"https:\\\/\\\/www.artisanlocal.ch\\\/c\\\/#\\\/schema\\\/logo\\\/image\\\/\"}}]}<\/script>\n<!-- \/ Yoast SEO Premium plugin. -->","yoast_head_json":{"title":"Entreprise de carrelage \u00e0 Nyon - Artisanlocal","robots":{"index":"index","follow":"follow","max-snippet":"max-snippet:-1","max-image-preview":"max-image-preview:large","max-video-preview":"max-video-preview:-1"},"canonical":"https:\/\/www.artisanlocal.ch\/c\/vous-avez-besoin-dun-expert-pour-linstallation-de-votre-carrelage-a-nyon\/","og_locale":"fr_FR","og_type":"article","og_title":"Entreprise de carrelage \u00e0 Nyon","og_description":"Besoin d&rsquo;une entreprise de carrelage \u00e0 Nyon ? Artisanlocal propose des services d&rsquo;installation de carrelage pour particuliers et entreprises. Pourquoi travailler avec notre entreprise ? Prix comp\u00e9titifs, Installation de carrelages de qualit\u00e9s sup\u00e9rieures, Entreprise localis\u00e9e \u00e0 Nyon, et intervient rapidement \u00e0 votre domicile, Conseils personnalis\u00e9s, Devis gratuits, Carreleurs exp\u00e9riment\u00e9s, Soci\u00e9t\u00e9 de confiance : nous intervenons [&hellip;]","og_url":"https:\/\/www.artisanlocal.ch\/c\/vous-avez-besoin-dun-expert-pour-linstallation-de-votre-carrelage-a-nyon\/","og_site_name":"Artisanlocal","article_modified_time":"2025-10-08T11:01:00+00:00","og_image":[{"width":1920,"height":300,"url":"https:\/\/www.artisanlocal.ch\/c\/wp-content\/uploads\/2024\/11\/carreleur.jpg","type":"image\/jpeg"}],"twitter_card":"summary_large_image","twitter_misc":{"Dur\u00e9e de lecture estim\u00e9e":"3 minutes"},"schema":{"@context":"https:\/\/schema.org","@graph":[{"@type":"WebPage","@id":"https:\/\/www.artisanlocal.ch\/c\/vous-avez-besoin-dun-expert-pour-linstallation-de-votre-carrelage-a-nyon\/","url":"https:\/\/www.artisanlocal.ch\/c\/vous-avez-besoin-dun-expert-pour-linstallation-de-votre-carrelage-a-nyon\/","name":"Entreprise de carrelage \u00e0 Nyon - Artisanlocal","isPartOf":{"@id":"https:\/\/www.artisanlocal.ch\/c\/#website"},"primaryImageOfPage":{"@id":"https:\/\/www.artisanlocal.ch\/c\/vous-avez-besoin-dun-expert-pour-linstallation-de-votre-carrelage-a-nyon\/#primaryimage"},"image":{"@id":"https:\/\/www.artisanlocal.ch\/c\/vous-avez-besoin-dun-expert-pour-linstallation-de-votre-carrelage-a-nyon\/#primaryimage"},"thumbnailUrl":"https:\/\/www.artisanlocal.ch\/c\/wp-content\/uploads\/2024\/11\/carreleur.jpg","datePublished":"2024-04-22T15:34:46+00:00","dateModified":"2025-10-08T11:01:00+00:00","breadcrumb":{"@id":"https:\/\/www.artisanlocal.ch\/c\/vous-avez-besoin-dun-expert-pour-linstallation-de-votre-carrelage-a-nyon\/#breadcrumb"},"inLanguage":"fr-FR","potentialAction":[{"@type":"ReadAction","target":["https:\/\/www.artisanlocal.ch\/c\/vous-avez-besoin-dun-expert-pour-linstallation-de-votre-carrelage-a-nyon\/"]}]},{"@type":"ImageObject","inLanguage":"fr-FR","@id":"https:\/\/www.artisanlocal.ch\/c\/vous-avez-besoin-dun-expert-pour-linstallation-de-votre-carrelage-a-nyon\/#primaryimage","url":"https:\/\/www.artisanlocal.ch\/c\/wp-content\/uploads\/2024\/11\/carreleur.jpg","contentUrl":"https:\/\/www.artisanlocal.ch\/c\/wp-content\/uploads\/2024\/11\/carreleur.jpg","width":1920,"height":300},{"@type":"BreadcrumbList","@id":"https:\/\/www.artisanlocal.ch\/c\/vous-avez-besoin-dun-expert-pour-linstallation-de-votre-carrelage-a-nyon\/#breadcrumb","itemListElement":[{"@type":"ListItem","position":1,"name":"Accueil","item":"https:\/\/www.artisanlocal.ch\/c\/"},{"@type":"ListItem","position":2,"name":"Entreprise de carrelage \u00e0 Nyon"}]},{"@type":"WebSite","@id":"https:\/\/www.artisanlocal.ch\/c\/#website","url":"https:\/\/www.artisanlocal.ch\/c\/","name":"Artisanlocal","description":"","publisher":{"@id":"https:\/\/www.artisanlocal.ch\/c\/#organization"},"potentialAction":[{"@type":"SearchAction","target":{"@type":"EntryPoint","urlTemplate":"https:\/\/www.artisanlocal.ch\/c\/?s={search_term_string}"},"query-input":{"@type":"PropertyValueSpecification","valueRequired":true,"valueName":"search_term_string"}}],"inLanguage":"fr-FR"},{"@type":"Organization","@id":"https:\/\/www.artisanlocal.ch\/c\/#organization","name":"Artisanlocal","url":"https:\/\/www.artisanlocal.ch\/c\/","logo":{"@type":"ImageObject","inLanguage":"fr-FR","@id":"https:\/\/www.artisanlocal.ch\/c\/#\/schema\/logo\/image\/","url":"https:\/\/www.artisanlocal.ch\/c\/wp-content\/uploads\/2024\/02\/logo-artisanlocal-h.svg","contentUrl":"https:\/\/www.artisanlocal.ch\/c\/wp-content\/uploads\/2024\/02\/logo-artisanlocal-h.svg","caption":"Artisanlocal"},"image":{"@id":"https:\/\/www.artisanlocal.ch\/c\/#\/schema\/logo\/image\/"}}]}},"_links":{"self":[{"href":"https:\/\/www.artisanlocal.ch\/c\/wp-json\/wp\/v2\/pages\/571","targetHints":{"allow":["GET"]}}],"collection":[{"href":"https:\/\/www.artisanlocal.ch\/c\/wp-json\/wp\/v2\/pages"}],"about":[{"href":"https:\/\/www.artisanlocal.ch\/c\/wp-json\/wp\/v2\/types\/page"}],"author":[{"embeddable":true,"href":"https:\/\/www.artisanlocal.ch\/c\/wp-json\/wp\/v2\/users\/4"}],"replies":[{"embeddable":true,"href":"https:\/\/www.artisanlocal.ch\/c\/wp-json\/wp\/v2\/comments?post=571"}],"version-history":[{"count":0,"href":"https:\/\/www.artisanlocal.ch\/c\/wp-json\/wp\/v2\/pages\/571\/revisions"}],"wp:featuredmedia":[{"embeddable":true,"href":"https:\/\/www.artisanlocal.ch\/c\/wp-json\/wp\/v2\/media\/2804"}],"wp:attachment":[{"href":"https:\/\/www.artisanlocal.ch\/c\/wp-json\/wp\/v2\/media?parent=571"}],"wp:term":[{"taxonomy":"profession","embeddable":true,"href":"https:\/\/www.artisanlocal.ch\/c\/wp-json\/wp\/v2\/profession?post=571"},{"taxonomy":"location","embeddable":true,"href":"https:\/\/www.artisanlocal.ch\/c\/wp-json\/wp\/v2\/location?post=571"},{"taxonomy":"canton","embeddable":true,"href":"https:\/\/www.artisanlocal.ch\/c\/wp-json\/wp\/v2\/canton?post=571"}],"curies":[{"name":"wp","href":"https:\/\/api.w.org\/{rel}","templated":true}]}}