{"id":581,"date":"2024-04-22T11:02:41","date_gmt":"2024-04-22T09:02:41","guid":{"rendered":"https:\/\/www.artisanlocal.ch\/c\/vous-avez-besoin-dun-specialiste-pour-linstallation-de-votre-carrelage-a-chatel-st-denis\/"},"modified":"2025-08-26T19:28:47","modified_gmt":"2025-08-26T17:28:47","slug":"vous-avez-besoin-dun-specialiste-pour-linstallation-de-votre-carrelage-a-chatel-st-denis","status":"publish","type":"page","link":"https:\/\/www.artisanlocal.ch\/c\/vous-avez-besoin-dun-specialiste-pour-linstallation-de-votre-carrelage-a-chatel-st-denis\/","title":{"rendered":"Entreprise de carrelage \u00e0 Ch\u00e2tel-St-Denis"},"content":{"rendered":"<p>Besoin d&rsquo;une entreprise de carrelage \u00e0 Ch\u00e2tel-St-Denis ? Artisanlocal propose des services, nous installons : du carrelage classique, dosseret de cuisine, du carrelage dans votre salle d&rsquo;eau ou du carrelage sur votre sol, nous intervenons aussi dans les villes voisines de Ch\u00e2tel-St-Denis.<br \/>\n\r\n<div class=\"box\">\r\n    <h2 class=\"text-dark\">Nous cherchons un <em class=\"text-primary\">Carreleur<\/em> dans la r\u00e9gion de <em class=\"text-primary\">Ch\u00e2tel-St-Denis<\/em>  en exclusivit\u00e9, afin de proposer vos services \u00e0 nos clients propri\u00e9taires.<\/h2>\r\n    <p>Une opportunit\u00e9 unique pour booster votre activit\u00e9 \u00e0 <strong>Ch\u00e2tel-St-Denis<\/strong> et aux alentours dans votre domaine (Carreleur).<\/p>\r\n    <p>Nous travaillons en exclusivit\u00e9 avec qu'une soci\u00e9t\u00e9 par m\u00e9tier et par r\u00e9gion. <br>Votre entreprise est pr\u00e9sente sur tous les documents immobiliers. Afin d'\u00eatre mieux vu sur le net, vous \u00eates \u00e9galement visible sur nos deux sites et sur les pages de r\u00e9f\u00e9rencement de votre r\u00e9gion.<\/p>\r\n    <a href=\"\/contact\" class=\"wp-block-button__link has-accent-background-color has-text-align-center wp-element-button\">R\u00e9server<\/a>\r\n<\/div><\/p>\n<h2>Pour quelle raison choisir notre soci\u00e9t\u00e9 ?<\/h2>\n<p>Artisanlocal vous aide dans la pose de carreaux \u00e0 Ch\u00e2tel-St-Denis :<\/p>\n<ul>\n<li>nos prix sont concurrentiels,<\/li>\n<li>nous posons du carrelage haut de gamme,<\/li>\n<li>notre soci\u00e9t\u00e9 est implant\u00e9e \u00e0 Ch\u00e2tel-St-Denis et permet \u00e0 nos techniciens d\u2019intervenir en urgence \u00e0 votre domicile,<\/li>\n<li>nous vous guidons pour acheter le carrelage le plus adapt\u00e9 \u00e0 votre projet,<\/li>\n<li>nos devis sont gratuits,<\/li>\n<li>nous avons une \u00e9quipe exp\u00e9riment\u00e9e,<\/li>\n<li>un partenaire s\u00fbr et fiable : nous r\u00e9alisons des interventions dans des grandes entreprises et des cabinets d&rsquo;architectes pour r\u00e9aliser l&rsquo;installation de carrelage, de fa\u00efence, de parquet, et de rev\u00eatements vari\u00e9s.<\/li>\n<\/ul>\n<h2>Contactez-nous d\u00e8s aujourd&rsquo;hui pour recevoir votre devis<\/h2>\n<p>N&rsquo;h\u00e9sitez pas \u00e0 nous contacter si vous souhaitez obtenir une estimation gratuite, nous r\u00e9pondrons rapidement pour estimer le co\u00fbt de la pose de vos carreaux.<\/p>\n<h2>Nos services<\/h2>\n<p>Nos professionnels de la pose de carrelage \u00e0 Ch\u00e2tel-St-Denis fournissent aux Ch\u00e2telois et aux entreprises locales, les services suivants :<\/p>\n<ul>\n<li>La pose de plusieurs types carreaux tels que le carrelage traditionnel, la fa\u00efence et le parquet,<\/li>\n<li>une assistance pour vous aider \u00e0 choisir vos carreaux,<\/li>\n<li>la pose de votre carrelage,<\/li>\n<li>l&rsquo;application de joint,<\/li>\n<li>la pose de carrelage sur les sols et les parois,<\/li>\n<li>l&rsquo;installation de carrelage int\u00e9rieur et ext\u00e9rieur,<\/li>\n<li>le retrait de votre carrelage actuel,<\/li>\n<li>l&rsquo;enl\u00e8vement du parquet flottant,<\/li>\n<li>la pose de carrelage sur votre balcon ou terrasse.<\/li>\n<\/ul>\n<h2>Comment bien choisir le carrelage ?<\/h2>\n<h3>Bien identifier la zone d&rsquo;installation<\/h3>\n<p>Il faut identifier l&#8217;emplacement et aussi la fr\u00e9quence \u00e0 laquelle le carrelage sera expos\u00e9 \u00e0 l&rsquo;usure, sera-t-il dans une zone avec un important passage pi\u00e9tonnier\u202f? D&rsquo;ailleurs, marchera-t-on sur le carrelage en chaussures ou en chaussettes\u202f? Sera-t-il confront\u00e9 \u00e0 une source d&rsquo;humidit\u00e9 ? R\u00e9fl\u00e9chissez par ailleurs aux espaces qu&rsquo;il recouvrira, tel que les sols, les plans de travail, les murs, etc.<\/p>\n<h3>Calculez la quantit\u00e9 de carreaux<\/h3>\n<p>Pour \u00e9valuer le nombre de carreaux n\u00e9cessaires pour votre projet, effectuez la multiplication suivante : largeur par sa longueur et ajoutez environ 5 % pour garder une marge de s\u00e9curit\u00e9. Nous vous recommandons de garder de la r\u00e9serve de sorte \u00e0 r\u00e9parer les potentiels dommages.<\/p>\n<h3>S\u00e9lectionnez le bon mat\u00e9riau<\/h3>\n<p>Les carreaux sont disponibles dans de nombreux mat\u00e9riaux et cela impacte : l\u2019apparence, la long\u00e9vit\u00e9 et l&rsquo;entretien. De plus, la texture et les finitions devraient par ailleurs \u00eatre prises en compte afin de trouver les carreaux qui sont \u00e0 vos gouts.<\/p>\n<h3>Maintenance<\/h3>\n<p>Il faut prendre en compte le niveau d&rsquo;entretien au moment de s\u00e9lectionner vos carreaux, par exemple : l&rsquo;entretien des carreaux avec un joint clair est plus long \u00e0 nettoyer du fait qu&rsquo;ils accumulent la crasse, ce qui les rend plus difficiles \u00e0 laver par rapport aux autres coloris.<\/p>\n<h2>Obtenez un rendez-vous d\u00e8s maintenant<\/h2>\n<p>Nos sp\u00e9cialistes de la pose de carreaux \u00e0 Ch\u00e2tel-St-Denis comprennent que le choix de votre carrelage peut \u00eatre complexe, c&rsquo;est pourquoi nous sommes disponibles du lundi au samedi de fa\u00e7on \u00e0 r\u00e9pondre \u00e0 vos questions.<\/p>\n<h2>Questions-r\u00e9ponses<\/h2>\n<h3>Comment fonctionne votre entreprise ?<\/h3>\n<ol>\n<li>Vous devez prendre contact avec nous par t\u00e9l\u00e9phone ou email.<\/li>\n<li>Nous programmons ensemble le rendez-vous en fonction de votre agenda.<\/li>\n<li>Visite \u00e0 votre logement pour juger le travail \u00e0 r\u00e9aliser.<\/li>\n<li>Commencement de votre projet.<\/li>\n<\/ol>\n<h3>Votre soci\u00e9t\u00e9 intervient \u00e0 Ch\u00e2tel-St-Denis et dans les villes aux environs ?<\/h3>\n<p>Oui, nous nous d\u00e9pla\u00e7ons \u00e0 Ch\u00e2tel-St-Denis, mais aussi dans les communes aux alentours :<\/p>\nBesencens, Fiaug\u00e8res, St-Martin FR, Granges (Veveyse), Bossonnens, Attalens, Tatroz, Remaufens, Les Paccots, Semsales, Grattavache, La Verrerie, Progens, Bouloz, Pont (Veveyse), Porsel.\n<h3>Vous posez quels mod\u00e8les de carreaux le plus g\u00e9n\u00e9ralement\u202f?<\/h3>\n<p>Voici les carreaux les plus populaires que nous posons :<\/p>\n<ul>\n<li>Les carrelages mosa\u00efques : v\u00e9ritable best-seller, ils ajoutent un style unique \u00e0 votre foyer.<\/li>\n<li>Les carrelages de m\u00e9tro blancs : embl\u00e9matiques, nous les recommandons pour votre r\u00e9novation de salle de bain ou de votre cuisine.<\/li>\n<li>Les carreaux de marbre : ils sont plus co\u00fbteux, mais ils permettent d\u2019ajouter une touche de luxe.<\/li>\n<li>Les carrelages de c\u00e9ramique : ils sont \u00e9conomiques et faciles \u00e0 nettoyer.<\/li>\n<li>Le carrelage ciment : classique, il permet d&rsquo;all\u00e9ger la d\u00e9coration d&rsquo;un int\u00e9rieur.<\/li>\n<li>Les carrelages de porcelaine : ressemblant aux surfaces naturelles, il est r\u00e9sistant aux coups, changement de climat.<\/li>\n<\/ul>\n","protected":false},"excerpt":{"rendered":"<p>Besoin d&rsquo;une entreprise de carrelage \u00e0 Ch\u00e2tel-St-Denis ? Artisanlocal propose des services, nous installons : du carrelage classique, dosseret de cuisine, du carrelage dans votre salle d&rsquo;eau ou du carrelage sur votre sol, nous intervenons aussi dans les villes voisines de Ch\u00e2tel-St-Denis. Pour quelle raison choisir notre soci\u00e9t\u00e9 ? Artisanlocal vous aide dans la pose [&hellip;]<\/p>\n","protected":false},"author":4,"featured_media":2804,"parent":0,"menu_order":0,"comment_status":"closed","ping_status":"closed","template":"","meta":{"footnotes":""},"profession":[119],"location":[52],"canton":[109],"class_list":["post-581","page","type-page","status-publish","has-post-thumbnail","hentry","profession-carreleur","location-chatel-st-denis","canton-fr"],"yoast_head":"<!-- This site is optimized with the Yoast SEO Premium plugin v25.7.1 (Yoast SEO v27.4) - https:\/\/yoast.com\/product\/yoast-seo-premium-wordpress\/ -->\n<title>Entreprise de carrelage \u00e0 Ch\u00e2tel-St-Denis - Artisanlocal<\/title>\n<meta name=\"robots\" content=\"index, follow, max-snippet:-1, max-image-preview:large, max-video-preview:-1\" \/>\n<link rel=\"canonical\" href=\"https:\/\/www.artisanlocal.ch\/c\/vous-avez-besoin-dun-specialiste-pour-linstallation-de-votre-carrelage-a-chatel-st-denis\/\" \/>\n<meta property=\"og:locale\" content=\"fr_FR\" \/>\n<meta property=\"og:type\" content=\"article\" \/>\n<meta property=\"og:title\" content=\"Entreprise de carrelage \u00e0 Ch\u00e2tel-St-Denis\" \/>\n<meta property=\"og:description\" content=\"Besoin d&rsquo;une entreprise de carrelage \u00e0 Ch\u00e2tel-St-Denis ? Artisanlocal propose des services, nous installons : du carrelage classique, dosseret de cuisine, du carrelage dans votre salle d&rsquo;eau ou du carrelage sur votre sol, nous intervenons aussi dans les villes voisines de Ch\u00e2tel-St-Denis. Pour quelle raison choisir notre soci\u00e9t\u00e9 ? Artisanlocal vous aide dans la pose [&hellip;]\" \/>\n<meta property=\"og:url\" content=\"https:\/\/www.artisanlocal.ch\/c\/vous-avez-besoin-dun-specialiste-pour-linstallation-de-votre-carrelage-a-chatel-st-denis\/\" \/>\n<meta property=\"og:site_name\" content=\"Artisanlocal\" \/>\n<meta property=\"article:modified_time\" content=\"2025-08-26T17:28:47+00:00\" \/>\n<meta property=\"og:image\" content=\"https:\/\/www.artisanlocal.ch\/c\/wp-content\/uploads\/2024\/11\/carreleur.jpg\" \/>\n\t<meta property=\"og:image:width\" content=\"1920\" \/>\n\t<meta property=\"og:image:height\" content=\"300\" \/>\n\t<meta property=\"og:image:type\" content=\"image\/jpeg\" \/>\n<meta name=\"twitter:card\" content=\"summary_large_image\" \/>\n<meta name=\"twitter:label1\" content=\"Dur\u00e9e de lecture estim\u00e9e\" \/>\n\t<meta name=\"twitter:data1\" content=\"4 minutes\" \/>\n<script type=\"application\/ld+json\" class=\"yoast-schema-graph\">{\"@context\":\"https:\\\/\\\/schema.org\",\"@graph\":[{\"@type\":\"WebPage\",\"@id\":\"https:\\\/\\\/www.artisanlocal.ch\\\/c\\\/vous-avez-besoin-dun-specialiste-pour-linstallation-de-votre-carrelage-a-chatel-st-denis\\\/\",\"url\":\"https:\\\/\\\/www.artisanlocal.ch\\\/c\\\/vous-avez-besoin-dun-specialiste-pour-linstallation-de-votre-carrelage-a-chatel-st-denis\\\/\",\"name\":\"Entreprise de carrelage \u00e0 Ch\u00e2tel-St-Denis - Artisanlocal\",\"isPartOf\":{\"@id\":\"https:\\\/\\\/www.artisanlocal.ch\\\/c\\\/#website\"},\"primaryImageOfPage\":{\"@id\":\"https:\\\/\\\/www.artisanlocal.ch\\\/c\\\/vous-avez-besoin-dun-specialiste-pour-linstallation-de-votre-carrelage-a-chatel-st-denis\\\/#primaryimage\"},\"image\":{\"@id\":\"https:\\\/\\\/www.artisanlocal.ch\\\/c\\\/vous-avez-besoin-dun-specialiste-pour-linstallation-de-votre-carrelage-a-chatel-st-denis\\\/#primaryimage\"},\"thumbnailUrl\":\"https:\\\/\\\/www.artisanlocal.ch\\\/c\\\/wp-content\\\/uploads\\\/2024\\\/11\\\/carreleur.jpg\",\"datePublished\":\"2024-04-22T09:02:41+00:00\",\"dateModified\":\"2025-08-26T17:28:47+00:00\",\"breadcrumb\":{\"@id\":\"https:\\\/\\\/www.artisanlocal.ch\\\/c\\\/vous-avez-besoin-dun-specialiste-pour-linstallation-de-votre-carrelage-a-chatel-st-denis\\\/#breadcrumb\"},\"inLanguage\":\"fr-FR\",\"potentialAction\":[{\"@type\":\"ReadAction\",\"target\":[\"https:\\\/\\\/www.artisanlocal.ch\\\/c\\\/vous-avez-besoin-dun-specialiste-pour-linstallation-de-votre-carrelage-a-chatel-st-denis\\\/\"]}]},{\"@type\":\"ImageObject\",\"inLanguage\":\"fr-FR\",\"@id\":\"https:\\\/\\\/www.artisanlocal.ch\\\/c\\\/vous-avez-besoin-dun-specialiste-pour-linstallation-de-votre-carrelage-a-chatel-st-denis\\\/#primaryimage\",\"url\":\"https:\\\/\\\/www.artisanlocal.ch\\\/c\\\/wp-content\\\/uploads\\\/2024\\\/11\\\/carreleur.jpg\",\"contentUrl\":\"https:\\\/\\\/www.artisanlocal.ch\\\/c\\\/wp-content\\\/uploads\\\/2024\\\/11\\\/carreleur.jpg\",\"width\":1920,\"height\":300},{\"@type\":\"BreadcrumbList\",\"@id\":\"https:\\\/\\\/www.artisanlocal.ch\\\/c\\\/vous-avez-besoin-dun-specialiste-pour-linstallation-de-votre-carrelage-a-chatel-st-denis\\\/#breadcrumb\",\"itemListElement\":[{\"@type\":\"ListItem\",\"position\":1,\"name\":\"Accueil\",\"item\":\"https:\\\/\\\/www.artisanlocal.ch\\\/c\\\/\"},{\"@type\":\"ListItem\",\"position\":2,\"name\":\"Entreprise de carrelage \u00e0 Ch\u00e2tel-St-Denis\"}]},{\"@type\":\"WebSite\",\"@id\":\"https:\\\/\\\/www.artisanlocal.ch\\\/c\\\/#website\",\"url\":\"https:\\\/\\\/www.artisanlocal.ch\\\/c\\\/\",\"name\":\"Artisanlocal\",\"description\":\"\",\"publisher\":{\"@id\":\"https:\\\/\\\/www.artisanlocal.ch\\\/c\\\/#organization\"},\"potentialAction\":[{\"@type\":\"SearchAction\",\"target\":{\"@type\":\"EntryPoint\",\"urlTemplate\":\"https:\\\/\\\/www.artisanlocal.ch\\\/c\\\/?s={search_term_string}\"},\"query-input\":{\"@type\":\"PropertyValueSpecification\",\"valueRequired\":true,\"valueName\":\"search_term_string\"}}],\"inLanguage\":\"fr-FR\"},{\"@type\":\"Organization\",\"@id\":\"https:\\\/\\\/www.artisanlocal.ch\\\/c\\\/#organization\",\"name\":\"Artisanlocal\",\"url\":\"https:\\\/\\\/www.artisanlocal.ch\\\/c\\\/\",\"logo\":{\"@type\":\"ImageObject\",\"inLanguage\":\"fr-FR\",\"@id\":\"https:\\\/\\\/www.artisanlocal.ch\\\/c\\\/#\\\/schema\\\/logo\\\/image\\\/\",\"url\":\"https:\\\/\\\/www.artisanlocal.ch\\\/c\\\/wp-content\\\/uploads\\\/2024\\\/02\\\/logo-artisanlocal-h.svg\",\"contentUrl\":\"https:\\\/\\\/www.artisanlocal.ch\\\/c\\\/wp-content\\\/uploads\\\/2024\\\/02\\\/logo-artisanlocal-h.svg\",\"caption\":\"Artisanlocal\"},\"image\":{\"@id\":\"https:\\\/\\\/www.artisanlocal.ch\\\/c\\\/#\\\/schema\\\/logo\\\/image\\\/\"}}]}<\/script>\n<!-- \/ Yoast SEO Premium plugin. -->","yoast_head_json":{"title":"Entreprise de carrelage \u00e0 Ch\u00e2tel-St-Denis - Artisanlocal","robots":{"index":"index","follow":"follow","max-snippet":"max-snippet:-1","max-image-preview":"max-image-preview:large","max-video-preview":"max-video-preview:-1"},"canonical":"https:\/\/www.artisanlocal.ch\/c\/vous-avez-besoin-dun-specialiste-pour-linstallation-de-votre-carrelage-a-chatel-st-denis\/","og_locale":"fr_FR","og_type":"article","og_title":"Entreprise de carrelage \u00e0 Ch\u00e2tel-St-Denis","og_description":"Besoin d&rsquo;une entreprise de carrelage \u00e0 Ch\u00e2tel-St-Denis ? Artisanlocal propose des services, nous installons : du carrelage classique, dosseret de cuisine, du carrelage dans votre salle d&rsquo;eau ou du carrelage sur votre sol, nous intervenons aussi dans les villes voisines de Ch\u00e2tel-St-Denis. Pour quelle raison choisir notre soci\u00e9t\u00e9 ? Artisanlocal vous aide dans la pose [&hellip;]","og_url":"https:\/\/www.artisanlocal.ch\/c\/vous-avez-besoin-dun-specialiste-pour-linstallation-de-votre-carrelage-a-chatel-st-denis\/","og_site_name":"Artisanlocal","article_modified_time":"2025-08-26T17:28:47+00:00","og_image":[{"width":1920,"height":300,"url":"https:\/\/www.artisanlocal.ch\/c\/wp-content\/uploads\/2024\/11\/carreleur.jpg","type":"image\/jpeg"}],"twitter_card":"summary_large_image","twitter_misc":{"Dur\u00e9e de lecture estim\u00e9e":"4 minutes"},"schema":{"@context":"https:\/\/schema.org","@graph":[{"@type":"WebPage","@id":"https:\/\/www.artisanlocal.ch\/c\/vous-avez-besoin-dun-specialiste-pour-linstallation-de-votre-carrelage-a-chatel-st-denis\/","url":"https:\/\/www.artisanlocal.ch\/c\/vous-avez-besoin-dun-specialiste-pour-linstallation-de-votre-carrelage-a-chatel-st-denis\/","name":"Entreprise de carrelage \u00e0 Ch\u00e2tel-St-Denis - Artisanlocal","isPartOf":{"@id":"https:\/\/www.artisanlocal.ch\/c\/#website"},"primaryImageOfPage":{"@id":"https:\/\/www.artisanlocal.ch\/c\/vous-avez-besoin-dun-specialiste-pour-linstallation-de-votre-carrelage-a-chatel-st-denis\/#primaryimage"},"image":{"@id":"https:\/\/www.artisanlocal.ch\/c\/vous-avez-besoin-dun-specialiste-pour-linstallation-de-votre-carrelage-a-chatel-st-denis\/#primaryimage"},"thumbnailUrl":"https:\/\/www.artisanlocal.ch\/c\/wp-content\/uploads\/2024\/11\/carreleur.jpg","datePublished":"2024-04-22T09:02:41+00:00","dateModified":"2025-08-26T17:28:47+00:00","breadcrumb":{"@id":"https:\/\/www.artisanlocal.ch\/c\/vous-avez-besoin-dun-specialiste-pour-linstallation-de-votre-carrelage-a-chatel-st-denis\/#breadcrumb"},"inLanguage":"fr-FR","potentialAction":[{"@type":"ReadAction","target":["https:\/\/www.artisanlocal.ch\/c\/vous-avez-besoin-dun-specialiste-pour-linstallation-de-votre-carrelage-a-chatel-st-denis\/"]}]},{"@type":"ImageObject","inLanguage":"fr-FR","@id":"https:\/\/www.artisanlocal.ch\/c\/vous-avez-besoin-dun-specialiste-pour-linstallation-de-votre-carrelage-a-chatel-st-denis\/#primaryimage","url":"https:\/\/www.artisanlocal.ch\/c\/wp-content\/uploads\/2024\/11\/carreleur.jpg","contentUrl":"https:\/\/www.artisanlocal.ch\/c\/wp-content\/uploads\/2024\/11\/carreleur.jpg","width":1920,"height":300},{"@type":"BreadcrumbList","@id":"https:\/\/www.artisanlocal.ch\/c\/vous-avez-besoin-dun-specialiste-pour-linstallation-de-votre-carrelage-a-chatel-st-denis\/#breadcrumb","itemListElement":[{"@type":"ListItem","position":1,"name":"Accueil","item":"https:\/\/www.artisanlocal.ch\/c\/"},{"@type":"ListItem","position":2,"name":"Entreprise de carrelage \u00e0 Ch\u00e2tel-St-Denis"}]},{"@type":"WebSite","@id":"https:\/\/www.artisanlocal.ch\/c\/#website","url":"https:\/\/www.artisanlocal.ch\/c\/","name":"Artisanlocal","description":"","publisher":{"@id":"https:\/\/www.artisanlocal.ch\/c\/#organization"},"potentialAction":[{"@type":"SearchAction","target":{"@type":"EntryPoint","urlTemplate":"https:\/\/www.artisanlocal.ch\/c\/?s={search_term_string}"},"query-input":{"@type":"PropertyValueSpecification","valueRequired":true,"valueName":"search_term_string"}}],"inLanguage":"fr-FR"},{"@type":"Organization","@id":"https:\/\/www.artisanlocal.ch\/c\/#organization","name":"Artisanlocal","url":"https:\/\/www.artisanlocal.ch\/c\/","logo":{"@type":"ImageObject","inLanguage":"fr-FR","@id":"https:\/\/www.artisanlocal.ch\/c\/#\/schema\/logo\/image\/","url":"https:\/\/www.artisanlocal.ch\/c\/wp-content\/uploads\/2024\/02\/logo-artisanlocal-h.svg","contentUrl":"https:\/\/www.artisanlocal.ch\/c\/wp-content\/uploads\/2024\/02\/logo-artisanlocal-h.svg","caption":"Artisanlocal"},"image":{"@id":"https:\/\/www.artisanlocal.ch\/c\/#\/schema\/logo\/image\/"}}]}},"_links":{"self":[{"href":"https:\/\/www.artisanlocal.ch\/c\/wp-json\/wp\/v2\/pages\/581","targetHints":{"allow":["GET"]}}],"collection":[{"href":"https:\/\/www.artisanlocal.ch\/c\/wp-json\/wp\/v2\/pages"}],"about":[{"href":"https:\/\/www.artisanlocal.ch\/c\/wp-json\/wp\/v2\/types\/page"}],"author":[{"embeddable":true,"href":"https:\/\/www.artisanlocal.ch\/c\/wp-json\/wp\/v2\/users\/4"}],"replies":[{"embeddable":true,"href":"https:\/\/www.artisanlocal.ch\/c\/wp-json\/wp\/v2\/comments?post=581"}],"version-history":[{"count":0,"href":"https:\/\/www.artisanlocal.ch\/c\/wp-json\/wp\/v2\/pages\/581\/revisions"}],"wp:featuredmedia":[{"embeddable":true,"href":"https:\/\/www.artisanlocal.ch\/c\/wp-json\/wp\/v2\/media\/2804"}],"wp:attachment":[{"href":"https:\/\/www.artisanlocal.ch\/c\/wp-json\/wp\/v2\/media?parent=581"}],"wp:term":[{"taxonomy":"profession","embeddable":true,"href":"https:\/\/www.artisanlocal.ch\/c\/wp-json\/wp\/v2\/profession?post=581"},{"taxonomy":"location","embeddable":true,"href":"https:\/\/www.artisanlocal.ch\/c\/wp-json\/wp\/v2\/location?post=581"},{"taxonomy":"canton","embeddable":true,"href":"https:\/\/www.artisanlocal.ch\/c\/wp-json\/wp\/v2\/canton?post=581"}],"curies":[{"name":"wp","href":"https:\/\/api.w.org\/{rel}","templated":true}]}}