{"id":587,"date":"2024-04-21T21:14:57","date_gmt":"2024-04-21T19:14:57","guid":{"rendered":"https:\/\/www.artisanlocal.ch\/c\/societe-specialisee-dans-la-pose-de-carrelage-a-ste-croix\/"},"modified":"2025-08-26T19:29:16","modified_gmt":"2025-08-26T17:29:16","slug":"societe-specialisee-dans-la-pose-de-carrelage-a-ste-croix","status":"publish","type":"page","link":"https:\/\/www.artisanlocal.ch\/c\/societe-specialisee-dans-la-pose-de-carrelage-a-ste-croix\/","title":{"rendered":"Soci\u00e9t\u00e9 sp\u00e9cialis\u00e9e dans la pose de carrelage \u00e0 Ste-Croix ?"},"content":{"rendered":"<p>Pour recevoir des devis sur l&rsquo;installation de carreaux, contactez-nous. Artisanlocal propose des prestations de pose de carrelage dans le but de r\u00e9pondre \u00e0 tous vos besoins d&rsquo;installation de carreaux classiques, de carreaux de dosseret, de carrelage dans votre salle d&rsquo;eau ou de carrelage sur votre plancher ! Nous proposons aussi nos prestations dans les communes proches de Ste-Croix.<\/p>\n\r\n<div class=\"box\">\r\n    <h2 class=\"text-dark\">Nous cherchons un <em class=\"text-primary\">Carreleur<\/em> dans la r\u00e9gion de <em class=\"text-primary\">Ste-Croix<\/em>  en exclusivit\u00e9, afin de proposer vos services \u00e0 nos clients propri\u00e9taires.<\/h2>\r\n    <p>Une opportunit\u00e9 unique pour booster votre activit\u00e9 \u00e0 <strong>Ste-Croix<\/strong> et aux alentours dans votre domaine (Carreleur).<\/p>\r\n    <p>Nous travaillons en exclusivit\u00e9 avec qu'une soci\u00e9t\u00e9 par m\u00e9tier et par r\u00e9gion. <br>Votre entreprise est pr\u00e9sente sur tous les documents immobiliers. Afin d'\u00eatre mieux vu sur le net, vous \u00eates \u00e9galement visible sur nos deux sites et sur les pages de r\u00e9f\u00e9rencement de votre r\u00e9gion.<\/p>\r\n    <a href=\"\/contact\" class=\"wp-block-button__link has-accent-background-color has-text-align-center wp-element-button\">R\u00e9server<\/a>\r\n<\/div>\n<h2>Pourquoi choisir notre entreprise ?<\/h2>\n<p>Artisanlocal vous aide dans la pose de carrelage \u00e0 Ste-Croix, choisissez-nous parce que :<\/p>\n<ul>\n<li>nous proposons des tarifs comp\u00e9titifs,<\/li>\n<li>nous utilisons du carrelage haut de gamme,<\/li>\n<li>notre entreprise est install\u00e9e \u00e0 Ste-Croix et permet \u00e0 notre \u00e9quipe d&rsquo;intervenir rapidement chez vous,<\/li>\n<li>nos recommandations sont personnalis\u00e9es \u00e0 votre projet, par exemple : pour s\u00e9lectionner le bon carrelage,<\/li>\n<li>nos devis sont fournis gratuitement,<\/li>\n<li>nos carreleurs ont accumul\u00e9 de l&rsquo;exp\u00e9rience,<\/li>\n<li>un partenaire s\u00fbr et fiable : nous intervenons dans des grands groupes et des cabinets d&rsquo;architectes pour r\u00e9aliser l&rsquo;installation de carrelage, de fa\u00efence, de parquet, et de rev\u00eatements vari\u00e9s.<\/li>\n<\/ul>\n<h2>Recevez une estimation pour la pose de carrelage en nous contactant maintenant<\/h2>\n<p>Appelez-nous pour avoir une estimation, nous prendrons contact avec vous rapidement pour d\u00e9terminer le prix de votre projet.<\/p>\n<h2>Nos services<\/h2>\n<p>Nos professionnels de l&rsquo;installation de carrelage \u00e0 Ste-Croix fournissent aux commerces locaux et aux Saint-Crucien, les services suivants :<\/p>\n<ul>\n<li>La mise en place de diff\u00e9rents carreaux tels que le parquet, le carrelage traditionnel et la fa\u00efence,<\/li>\n<li>une aide pour bien choisir votre carrelage,<\/li>\n<li>l\u2019installation du carrelage,<\/li>\n<li>l&rsquo;application de joint pour carrelage,<\/li>\n<li>l&rsquo;application de carreaux sur les sols\/murs,<\/li>\n<li>l&rsquo;installation de carrelage ext\u00e9rieur et int\u00e9rieur,<\/li>\n<li>la suppression du carrelage actuel,<\/li>\n<li>le d\u00e9montage du parquet flottant,<\/li>\n<li>l\u2019installation des carreaux sur votre terrasse.<\/li>\n<\/ul>\n<h2>Comment choisir le meilleur carrelage pour votre projet ?<\/h2>\n<h3>Songer \u00e0 l&#8217;emplacement o\u00f9 le carrelage sera install\u00e9<\/h3>\n<p>Prenez en compte l&#8217;emplacement o\u00f9 le carrelage va \u00eatre plac\u00e9 et \u00e9galement s&rsquo;il se trouve dans un passage visit\u00e9? D&rsquo;autre part, les gens porteront-ils des chaussures ou des chaussettes en marchant sur les carreaux? Sera-t-il confront\u00e9 \u00e0 l&rsquo;humidit\u00e9? R\u00e9fl\u00e9chissez par ailleurs aux espaces qu&rsquo;il recouvrira, tel que les murs, les plans de travail de cuisine, les sols, etc.<\/p>\n<h3>D\u00e9terminez la quantit\u00e9 de carreaux<\/h3>\n<p>Pour estimer le nombre de carreaux requis pour votre projet, multipliez sa largeur par sa longueur et rajoutez environ 5 % pour garder une marge de s\u00e9curit\u00e9. Nous recommandons de garder des carreaux en plus en cas de dommages potentiels.<\/p>\n<h3>S\u00e9lectionnez le bon mat\u00e9riau<\/h3>\n<p>Les carreaux sont fabriqu\u00e9s avec diff\u00e9rentes cat\u00e9gories de mat\u00e9riaux qui impact : le montant de l&rsquo;entretien, l&rsquo;apparence et la long\u00e9vit\u00e9. De plus, les finitions et la texture devraient par ailleurs \u00eatre prises en compte pour trouver des carreaux qui sont \u00e0 vos gouts.<\/p>\n<h3>Entretien<\/h3>\n<p>Il faut prendre en compte le niveau d&rsquo;entretien au moment de s\u00e9lectionner votre carrelage, exemple : le nettoyage des carreaux avec un joint clair est plus compliqu\u00e9 \u00e0 cause de leur faciliter \u00e0 accumuler la salet\u00e9, ce qui les rend plus compliqu\u00e9s \u00e0 laver par rapport aux autres coloris.<\/p>\n<h2>Contactez-nous pour obtenir un rendez-vous<\/h2>\n<p>Nos sp\u00e9cialistes de la pose de carreaux \u00e0 Ste-Croix ont connaissance de la complexit\u00e9 de votre projet, c&rsquo;est la raison pour laquelle notre \u00e9quipe est disponible du lundi au samedi pour vous fournir des conseils.<\/p>\n<h2>Questions-r\u00e9ponses<\/h2>\n<h3>De quelle mani\u00e8re fonctionne votre soci\u00e9t\u00e9 ?<\/h3>\n<ol>\n<li>Prise de rendez-vous par email ou par t\u00e9l\u00e9phone.<\/li>\n<li>Nous fixons ensemble le rendez-vous en fonction de votre agenda.<\/li>\n<li>Nous nous d\u00e9pla\u00e7ons \u00e0 votre logement pour d\u00e9finir le nombre de carrelages \u00e0 poser.<\/li>\n<li>Lancement de votre projet.<\/li>\n<\/ol>\n<h3>Votre entreprise intervient \u00e0 Ste-Croix et dans les communes aux alentours ?<\/h3>\n<p>Oui, nous nous d\u00e9pla\u00e7ons \u00e0 Ste-Croix, cependant, notre \u00e9quipe op\u00e8re dans les villes aux environs, tels que:<\/p>\nFiez, Fontaines-sur-Grandson, Grandevent, Grandson, Fontanezier, Romairon, Vaugondry, Villars-Burquin, Champagne, Onnens VD, Concise, Corcelles-pr\u00e8s-Concise, Bonvillars, Mutrux, Provence, Giez, Orges, Novalles, Vugelles-La Mothe, Vuiteboeuf, La Sagne (Ste-croix), Le Ch\u00e2teau-de-Ste-Croix, Les Rasses, Bullet, Mauborget, L'Auberson, La Vraconnaz.\n<\/p>\n<h3>Quels sont les types de carrelages les plus populaires que vous installez\u202f?<\/h3>\n<p>Nous posons les carrelages recherch\u00e9s, suivants:<\/p>\n<ul>\n<li>Les carreaux mosa\u00efques : classique, les carrelages mosa\u00efques ajoutent une allure unique \u00e0 votre int\u00e9rieur.<\/li>\n<li>Les carreaux int\u00e9rieur blancs de m\u00e9tro : retro, nous les recommandons pour votre r\u00e9novation de salle de bain ou de votre cuisine.<\/li>\n<li>Les carrelages de marbre : ils ajoutent un style soign\u00e9 \u00e0 n&rsquo;importe quelle pi\u00e8ce de votre propri\u00e9t\u00e9.<\/li>\n<li>Les carreaux en c\u00e9ramique : ils sont \u00e9conomiques, faciles \u00e0 entretenir et ils trouvables dans plusieurs d\u00e9clinaisons.<\/li>\n<li>Les carreaux ciments : classique, il permet d&rsquo;all\u00e9ger la d\u00e9co de votre foyer.<\/li>\n<li>Les carrelages en porcelaine : comparable aux surfaces naturelles, il est r\u00e9sistant aux chocs, changement de temp\u00e9rature.<\/li>\n<\/ul>\n","protected":false},"excerpt":{"rendered":"<p>Pour recevoir des devis sur l&rsquo;installation de carreaux, contactez-nous. Artisanlocal propose des prestations de pose de carrelage dans le but de r\u00e9pondre \u00e0 tous vos besoins d&rsquo;installation de carreaux classiques, de carreaux de dosseret, de carrelage dans votre salle d&rsquo;eau ou de carrelage sur votre plancher ! Nous proposons aussi nos prestations dans les communes [&hellip;]<\/p>\n","protected":false},"author":4,"featured_media":2804,"parent":0,"menu_order":0,"comment_status":"closed","ping_status":"closed","template":"","meta":{"footnotes":""},"profession":[119],"location":[29],"canton":[113],"class_list":["post-587","page","type-page","status-publish","has-post-thumbnail","hentry","profession-carreleur","location-ste-croix","canton-vd"],"yoast_head":"<!-- This site is optimized with the Yoast SEO Premium plugin v25.7.1 (Yoast SEO v27.6) - https:\/\/yoast.com\/product\/yoast-seo-premium-wordpress\/ -->\n<title>Soci\u00e9t\u00e9 sp\u00e9cialis\u00e9e dans la pose de carrelage \u00e0 Ste-Croix ? - Artisanlocal<\/title>\n<meta name=\"robots\" content=\"index, follow, max-snippet:-1, max-image-preview:large, max-video-preview:-1\" \/>\n<link rel=\"canonical\" href=\"https:\/\/www.artisanlocal.ch\/c\/societe-specialisee-dans-la-pose-de-carrelage-a-ste-croix\/\" \/>\n<meta property=\"og:locale\" content=\"fr_FR\" \/>\n<meta property=\"og:type\" content=\"article\" \/>\n<meta property=\"og:title\" content=\"Soci\u00e9t\u00e9 sp\u00e9cialis\u00e9e dans la pose de carrelage \u00e0 Ste-Croix ?\" \/>\n<meta property=\"og:description\" content=\"Pour recevoir des devis sur l&rsquo;installation de carreaux, contactez-nous. Artisanlocal propose des prestations de pose de carrelage dans le but de r\u00e9pondre \u00e0 tous vos besoins d&rsquo;installation de carreaux classiques, de carreaux de dosseret, de carrelage dans votre salle d&rsquo;eau ou de carrelage sur votre plancher ! Nous proposons aussi nos prestations dans les communes [&hellip;]\" \/>\n<meta property=\"og:url\" content=\"https:\/\/www.artisanlocal.ch\/c\/societe-specialisee-dans-la-pose-de-carrelage-a-ste-croix\/\" \/>\n<meta property=\"og:site_name\" content=\"Artisanlocal\" \/>\n<meta property=\"article:modified_time\" content=\"2025-08-26T17:29:16+00:00\" \/>\n<meta property=\"og:image\" content=\"https:\/\/www.artisanlocal.ch\/c\/wp-content\/uploads\/2024\/11\/carreleur.jpg\" \/>\n\t<meta property=\"og:image:width\" content=\"1920\" \/>\n\t<meta property=\"og:image:height\" content=\"300\" \/>\n\t<meta property=\"og:image:type\" content=\"image\/jpeg\" \/>\n<meta name=\"twitter:card\" content=\"summary_large_image\" \/>\n<meta name=\"twitter:label1\" content=\"Dur\u00e9e de lecture estim\u00e9e\" \/>\n\t<meta name=\"twitter:data1\" content=\"4 minutes\" \/>\n<script type=\"application\/ld+json\" class=\"yoast-schema-graph\">{\"@context\":\"https:\\\/\\\/schema.org\",\"@graph\":[{\"@type\":\"WebPage\",\"@id\":\"https:\\\/\\\/www.artisanlocal.ch\\\/c\\\/societe-specialisee-dans-la-pose-de-carrelage-a-ste-croix\\\/\",\"url\":\"https:\\\/\\\/www.artisanlocal.ch\\\/c\\\/societe-specialisee-dans-la-pose-de-carrelage-a-ste-croix\\\/\",\"name\":\"Soci\u00e9t\u00e9 sp\u00e9cialis\u00e9e dans la pose de carrelage \u00e0 Ste-Croix ? - Artisanlocal\",\"isPartOf\":{\"@id\":\"https:\\\/\\\/www.artisanlocal.ch\\\/c\\\/#website\"},\"primaryImageOfPage\":{\"@id\":\"https:\\\/\\\/www.artisanlocal.ch\\\/c\\\/societe-specialisee-dans-la-pose-de-carrelage-a-ste-croix\\\/#primaryimage\"},\"image\":{\"@id\":\"https:\\\/\\\/www.artisanlocal.ch\\\/c\\\/societe-specialisee-dans-la-pose-de-carrelage-a-ste-croix\\\/#primaryimage\"},\"thumbnailUrl\":\"https:\\\/\\\/www.artisanlocal.ch\\\/c\\\/wp-content\\\/uploads\\\/2024\\\/11\\\/carreleur.jpg\",\"datePublished\":\"2024-04-21T19:14:57+00:00\",\"dateModified\":\"2025-08-26T17:29:16+00:00\",\"breadcrumb\":{\"@id\":\"https:\\\/\\\/www.artisanlocal.ch\\\/c\\\/societe-specialisee-dans-la-pose-de-carrelage-a-ste-croix\\\/#breadcrumb\"},\"inLanguage\":\"fr-FR\",\"potentialAction\":[{\"@type\":\"ReadAction\",\"target\":[\"https:\\\/\\\/www.artisanlocal.ch\\\/c\\\/societe-specialisee-dans-la-pose-de-carrelage-a-ste-croix\\\/\"]}]},{\"@type\":\"ImageObject\",\"inLanguage\":\"fr-FR\",\"@id\":\"https:\\\/\\\/www.artisanlocal.ch\\\/c\\\/societe-specialisee-dans-la-pose-de-carrelage-a-ste-croix\\\/#primaryimage\",\"url\":\"https:\\\/\\\/www.artisanlocal.ch\\\/c\\\/wp-content\\\/uploads\\\/2024\\\/11\\\/carreleur.jpg\",\"contentUrl\":\"https:\\\/\\\/www.artisanlocal.ch\\\/c\\\/wp-content\\\/uploads\\\/2024\\\/11\\\/carreleur.jpg\",\"width\":1920,\"height\":300},{\"@type\":\"BreadcrumbList\",\"@id\":\"https:\\\/\\\/www.artisanlocal.ch\\\/c\\\/societe-specialisee-dans-la-pose-de-carrelage-a-ste-croix\\\/#breadcrumb\",\"itemListElement\":[{\"@type\":\"ListItem\",\"position\":1,\"name\":\"Accueil\",\"item\":\"https:\\\/\\\/www.artisanlocal.ch\\\/c\\\/\"},{\"@type\":\"ListItem\",\"position\":2,\"name\":\"Soci\u00e9t\u00e9 sp\u00e9cialis\u00e9e dans la pose de carrelage \u00e0 Ste-Croix ?\"}]},{\"@type\":\"WebSite\",\"@id\":\"https:\\\/\\\/www.artisanlocal.ch\\\/c\\\/#website\",\"url\":\"https:\\\/\\\/www.artisanlocal.ch\\\/c\\\/\",\"name\":\"Artisanlocal\",\"description\":\"\",\"publisher\":{\"@id\":\"https:\\\/\\\/www.artisanlocal.ch\\\/c\\\/#organization\"},\"potentialAction\":[{\"@type\":\"SearchAction\",\"target\":{\"@type\":\"EntryPoint\",\"urlTemplate\":\"https:\\\/\\\/www.artisanlocal.ch\\\/c\\\/?s={search_term_string}\"},\"query-input\":{\"@type\":\"PropertyValueSpecification\",\"valueRequired\":true,\"valueName\":\"search_term_string\"}}],\"inLanguage\":\"fr-FR\"},{\"@type\":\"Organization\",\"@id\":\"https:\\\/\\\/www.artisanlocal.ch\\\/c\\\/#organization\",\"name\":\"Artisanlocal\",\"url\":\"https:\\\/\\\/www.artisanlocal.ch\\\/c\\\/\",\"logo\":{\"@type\":\"ImageObject\",\"inLanguage\":\"fr-FR\",\"@id\":\"https:\\\/\\\/www.artisanlocal.ch\\\/c\\\/#\\\/schema\\\/logo\\\/image\\\/\",\"url\":\"https:\\\/\\\/www.artisanlocal.ch\\\/c\\\/wp-content\\\/uploads\\\/2024\\\/02\\\/logo-artisanlocal-h.svg\",\"contentUrl\":\"https:\\\/\\\/www.artisanlocal.ch\\\/c\\\/wp-content\\\/uploads\\\/2024\\\/02\\\/logo-artisanlocal-h.svg\",\"caption\":\"Artisanlocal\"},\"image\":{\"@id\":\"https:\\\/\\\/www.artisanlocal.ch\\\/c\\\/#\\\/schema\\\/logo\\\/image\\\/\"}}]}<\/script>\n<!-- \/ Yoast SEO Premium plugin. -->","yoast_head_json":{"title":"Soci\u00e9t\u00e9 sp\u00e9cialis\u00e9e dans la pose de carrelage \u00e0 Ste-Croix ? - Artisanlocal","robots":{"index":"index","follow":"follow","max-snippet":"max-snippet:-1","max-image-preview":"max-image-preview:large","max-video-preview":"max-video-preview:-1"},"canonical":"https:\/\/www.artisanlocal.ch\/c\/societe-specialisee-dans-la-pose-de-carrelage-a-ste-croix\/","og_locale":"fr_FR","og_type":"article","og_title":"Soci\u00e9t\u00e9 sp\u00e9cialis\u00e9e dans la pose de carrelage \u00e0 Ste-Croix ?","og_description":"Pour recevoir des devis sur l&rsquo;installation de carreaux, contactez-nous. Artisanlocal propose des prestations de pose de carrelage dans le but de r\u00e9pondre \u00e0 tous vos besoins d&rsquo;installation de carreaux classiques, de carreaux de dosseret, de carrelage dans votre salle d&rsquo;eau ou de carrelage sur votre plancher ! Nous proposons aussi nos prestations dans les communes [&hellip;]","og_url":"https:\/\/www.artisanlocal.ch\/c\/societe-specialisee-dans-la-pose-de-carrelage-a-ste-croix\/","og_site_name":"Artisanlocal","article_modified_time":"2025-08-26T17:29:16+00:00","og_image":[{"width":1920,"height":300,"url":"https:\/\/www.artisanlocal.ch\/c\/wp-content\/uploads\/2024\/11\/carreleur.jpg","type":"image\/jpeg"}],"twitter_card":"summary_large_image","twitter_misc":{"Dur\u00e9e de lecture estim\u00e9e":"4 minutes"},"schema":{"@context":"https:\/\/schema.org","@graph":[{"@type":"WebPage","@id":"https:\/\/www.artisanlocal.ch\/c\/societe-specialisee-dans-la-pose-de-carrelage-a-ste-croix\/","url":"https:\/\/www.artisanlocal.ch\/c\/societe-specialisee-dans-la-pose-de-carrelage-a-ste-croix\/","name":"Soci\u00e9t\u00e9 sp\u00e9cialis\u00e9e dans la pose de carrelage \u00e0 Ste-Croix ? - Artisanlocal","isPartOf":{"@id":"https:\/\/www.artisanlocal.ch\/c\/#website"},"primaryImageOfPage":{"@id":"https:\/\/www.artisanlocal.ch\/c\/societe-specialisee-dans-la-pose-de-carrelage-a-ste-croix\/#primaryimage"},"image":{"@id":"https:\/\/www.artisanlocal.ch\/c\/societe-specialisee-dans-la-pose-de-carrelage-a-ste-croix\/#primaryimage"},"thumbnailUrl":"https:\/\/www.artisanlocal.ch\/c\/wp-content\/uploads\/2024\/11\/carreleur.jpg","datePublished":"2024-04-21T19:14:57+00:00","dateModified":"2025-08-26T17:29:16+00:00","breadcrumb":{"@id":"https:\/\/www.artisanlocal.ch\/c\/societe-specialisee-dans-la-pose-de-carrelage-a-ste-croix\/#breadcrumb"},"inLanguage":"fr-FR","potentialAction":[{"@type":"ReadAction","target":["https:\/\/www.artisanlocal.ch\/c\/societe-specialisee-dans-la-pose-de-carrelage-a-ste-croix\/"]}]},{"@type":"ImageObject","inLanguage":"fr-FR","@id":"https:\/\/www.artisanlocal.ch\/c\/societe-specialisee-dans-la-pose-de-carrelage-a-ste-croix\/#primaryimage","url":"https:\/\/www.artisanlocal.ch\/c\/wp-content\/uploads\/2024\/11\/carreleur.jpg","contentUrl":"https:\/\/www.artisanlocal.ch\/c\/wp-content\/uploads\/2024\/11\/carreleur.jpg","width":1920,"height":300},{"@type":"BreadcrumbList","@id":"https:\/\/www.artisanlocal.ch\/c\/societe-specialisee-dans-la-pose-de-carrelage-a-ste-croix\/#breadcrumb","itemListElement":[{"@type":"ListItem","position":1,"name":"Accueil","item":"https:\/\/www.artisanlocal.ch\/c\/"},{"@type":"ListItem","position":2,"name":"Soci\u00e9t\u00e9 sp\u00e9cialis\u00e9e dans la pose de carrelage \u00e0 Ste-Croix ?"}]},{"@type":"WebSite","@id":"https:\/\/www.artisanlocal.ch\/c\/#website","url":"https:\/\/www.artisanlocal.ch\/c\/","name":"Artisanlocal","description":"","publisher":{"@id":"https:\/\/www.artisanlocal.ch\/c\/#organization"},"potentialAction":[{"@type":"SearchAction","target":{"@type":"EntryPoint","urlTemplate":"https:\/\/www.artisanlocal.ch\/c\/?s={search_term_string}"},"query-input":{"@type":"PropertyValueSpecification","valueRequired":true,"valueName":"search_term_string"}}],"inLanguage":"fr-FR"},{"@type":"Organization","@id":"https:\/\/www.artisanlocal.ch\/c\/#organization","name":"Artisanlocal","url":"https:\/\/www.artisanlocal.ch\/c\/","logo":{"@type":"ImageObject","inLanguage":"fr-FR","@id":"https:\/\/www.artisanlocal.ch\/c\/#\/schema\/logo\/image\/","url":"https:\/\/www.artisanlocal.ch\/c\/wp-content\/uploads\/2024\/02\/logo-artisanlocal-h.svg","contentUrl":"https:\/\/www.artisanlocal.ch\/c\/wp-content\/uploads\/2024\/02\/logo-artisanlocal-h.svg","caption":"Artisanlocal"},"image":{"@id":"https:\/\/www.artisanlocal.ch\/c\/#\/schema\/logo\/image\/"}}]}},"_links":{"self":[{"href":"https:\/\/www.artisanlocal.ch\/c\/wp-json\/wp\/v2\/pages\/587","targetHints":{"allow":["GET"]}}],"collection":[{"href":"https:\/\/www.artisanlocal.ch\/c\/wp-json\/wp\/v2\/pages"}],"about":[{"href":"https:\/\/www.artisanlocal.ch\/c\/wp-json\/wp\/v2\/types\/page"}],"author":[{"embeddable":true,"href":"https:\/\/www.artisanlocal.ch\/c\/wp-json\/wp\/v2\/users\/4"}],"replies":[{"embeddable":true,"href":"https:\/\/www.artisanlocal.ch\/c\/wp-json\/wp\/v2\/comments?post=587"}],"version-history":[{"count":0,"href":"https:\/\/www.artisanlocal.ch\/c\/wp-json\/wp\/v2\/pages\/587\/revisions"}],"wp:featuredmedia":[{"embeddable":true,"href":"https:\/\/www.artisanlocal.ch\/c\/wp-json\/wp\/v2\/media\/2804"}],"wp:attachment":[{"href":"https:\/\/www.artisanlocal.ch\/c\/wp-json\/wp\/v2\/media?parent=587"}],"wp:term":[{"taxonomy":"profession","embeddable":true,"href":"https:\/\/www.artisanlocal.ch\/c\/wp-json\/wp\/v2\/profession?post=587"},{"taxonomy":"location","embeddable":true,"href":"https:\/\/www.artisanlocal.ch\/c\/wp-json\/wp\/v2\/location?post=587"},{"taxonomy":"canton","embeddable":true,"href":"https:\/\/www.artisanlocal.ch\/c\/wp-json\/wp\/v2\/canton?post=587"}],"curies":[{"name":"wp","href":"https:\/\/api.w.org\/{rel}","templated":true}]}}