{"id":591,"date":"2024-04-21T09:58:35","date_gmt":"2024-04-21T07:58:35","guid":{"rendered":"https:\/\/www.artisanlocal.ch\/c\/besoin-dun-specialiste-de-la-pose-de-carrelage-a-carouge\/"},"modified":"2025-08-26T19:29:29","modified_gmt":"2025-08-26T17:29:29","slug":"besoin-dun-specialiste-de-la-pose-de-carrelage-a-carouge","status":"publish","type":"page","link":"https:\/\/www.artisanlocal.ch\/c\/besoin-dun-specialiste-de-la-pose-de-carrelage-a-carouge\/","title":{"rendered":"Carreleur \u00e0 Carouge GE"},"content":{"rendered":"<p>Si vous avez besoin d&rsquo;un nouveau carrelage \u00e0 Carouge GE, n&rsquo;h\u00e9sitez pas \u00e0 nous contacter. Artisanlocal propose des services d&rsquo;installation de carrelage classique, de carrelage de dosseret pour cuisine, de carrelage pour salle d&rsquo;eau ou sur sol ! Nous intervenons aussi dans les villes proches de Carouge GE.<br \/>\n\r\n<div class=\"box\">\r\n    <h2 class=\"text-dark\">Nous cherchons un <em class=\"text-primary\">Carreleur<\/em> dans la r\u00e9gion de <em class=\"text-primary\">Carouge GE<\/em>  en exclusivit\u00e9, afin de proposer vos services \u00e0 nos clients propri\u00e9taires.<\/h2>\r\n    <p>Une opportunit\u00e9 unique pour booster votre activit\u00e9 \u00e0 <strong>Carouge GE<\/strong> et aux alentours dans votre domaine (Carreleur).<\/p>\r\n    <p>Nous travaillons en exclusivit\u00e9 avec qu'une soci\u00e9t\u00e9 par m\u00e9tier et par r\u00e9gion. <br>Votre entreprise est pr\u00e9sente sur tous les documents immobiliers. Afin d'\u00eatre mieux vu sur le net, vous \u00eates \u00e9galement visible sur nos deux sites et sur les pages de r\u00e9f\u00e9rencement de votre r\u00e9gion.<\/p>\r\n    <a href=\"\/contact\" class=\"wp-block-button__link has-accent-background-color has-text-align-center wp-element-button\">R\u00e9server<\/a>\r\n<\/div><\/p>\n<h2>Quelle est la plus-value qu&rsquo;offre notre entreprise ?<\/h2>\n<p>Choisissez Artisanlocal parce que :<\/p>\n<ul>\n<li>nous offrons des tarifs attractifs,<\/li>\n<li>nous installons du carrelage de qualit\u00e9,<\/li>\n<li>notre soci\u00e9t\u00e9 est implant\u00e9e \u00e0 Carouge GE et permet \u00e0 nos techniciens d\u2019intervenir en urgence chez vous,<\/li>\n<li>nos recommandations sont personnalis\u00e9es \u00e0 votre projet,<\/li>\n<li>nos devis sont gratuits,<\/li>\n<li>nos carreleurs sont exp\u00e9riment\u00e9s,<\/li>\n<li>nous coop\u00e9rons avec des grandes entreprises pour installer du parquet, carrelage, fa\u00efence, et autres poses de carreaux.<\/li>\n<\/ul>\n<h2>Prenez contact avec nous d\u00e8s \u00e0 pr\u00e9sent pour recevoir votre devis<\/h2>\n<p>N&rsquo;h\u00e9sitez pas \u00e0 nous contacter si vous voulez obtenir un devis gratuit, nous r\u00e9pondrons rapidement pour estimer le prix de l&rsquo;installation de votre projet de carrelage.<\/p>\n<h2>Nos prestations<\/h2>\n<p>Nos professionnels de l&rsquo;installation de carreaux \u00e0 Carouge GE proposent aux professionnels et aux particuliers, les solutions, suivantes :<\/p>\n<ul>\n<li>La pose de carrelage classique, la fa\u00efence et le parquet,<\/li>\n<li>des conseils sur mesures pour vous aider \u00e0 choisir,<\/li>\n<li>l&rsquo;installation du carrelage,<\/li>\n<li>la r\u00e9alisation du scellement pour votre carrelage,<\/li>\n<li>l&rsquo;application du carrelage sur les sols et les murs,<\/li>\n<li>la pose de carrelage en int\u00e9rieur et ext\u00e9rieur,<\/li>\n<li>la suppression du carrelage existant,<\/li>\n<li>le retrait de votre parquet flottant,<\/li>\n<li>l\u2019installation du carrelage sur votre terrasse.<\/li>\n<\/ul>\n<h2>Comment s\u00e9lectionner le meilleur carrelage ?<\/h2>\n<h3>Bien d\u00e9finir la zone de la pose<\/h3>\n<p>\u00c9tudiez l&#8217;emplacement et le rythme \u00e0 laquelle le carrelage sera expos\u00e9 \u00e0 l&rsquo;usure, sera-t-il dans une zone avec un fort passage ? De plus, marchera-t-on dessus en chaussures ou en chaussettes\u202f? Est-il pr\u00e9vu qu&rsquo;il soit soumis \u00e0 des milieux humides\u202f? R\u00e9fl\u00e9chissez \u00e9galement aux espaces qu&rsquo;il couvrira, tel que les murs, les plans de travail, les sols, etc.<\/p>\n<h3>\u00c9valuez la quantit\u00e9<\/h3>\n<p>Pour bien \u00e9valuer la quantit\u00e9 de carrelage pour votre projet, faites la multiplication : longueur par sa largeur et ajoutez dans les 5 % pour conserver une marge de s\u00e9curit\u00e9. Nous vous conseillons de garder en stock du carrelage pour d&rsquo;\u00e9ventuelles r\u00e9parations.<\/p>\n<h3>S\u00e9lectionnez le mat\u00e9riau<\/h3>\n<p>Les carrelages sont cr\u00e9\u00e9s avec plusieurs sortes de mat\u00e9riaux qui ont un impact sur : le prix de l&rsquo;entretien, l&rsquo;apparence et la durabilit\u00e9. Nous vous recommandons de prendre en compte aussi la texture et les finitions pour choisir le meilleur carrelage.<\/p>\n<h3>Nettoyage<\/h3>\n<p>Nous vous conseillons de prendre en compte le niveau d&rsquo;entretien, par exemple : les joints clairs prennent plus de temps \u00e0 nettoyer en raison de leur faciliter \u00e0 accumuler la poussi\u00e8re, ce qui les rend plus compliqu\u00e9s \u00e0 laver par rapport aux autres couleurs.<\/p>\n<h2>Contacter notre entreprise Artisanlocal pour prendre un rendez-vous<\/h2>\n<p>Nos artisans \u00e0 Carouge GE comprennent que le choix de votre carrelage peut \u00eatre compliqu\u00e9, c&rsquo;est pourquoi notre \u00e9quipe est joignable du lundi au samedi pour vous donner les meilleurs conseils.<\/p>\n<h2>Questions-r\u00e9ponses<\/h2>\n<h3>Comment fonctionne votre entreprise ?<\/h3>\n<ol>\n<li>Prise de contact par email ou par t\u00e9l\u00e9phone.<\/li>\n<li>Par la suite, nous fixons un rendez-vous avec vous.<\/li>\n<li>Visite \u00e0 votre logement pour d\u00e9finir le travail \u00e0 effectuer.<\/li>\n<li>Lancement de votre projet.<\/li>\n<\/ol>\n<h3>Op\u00e9rez-vous dans les localit\u00e9s \u00e0 proximit\u00e9 de Carouge GE ?<\/h3>\n<p>Oui, nous nous d\u00e9pla\u00e7ons \u00e0 Carouge GE, n\u00e9anmoins, notre \u00e9quipe intervient dans les villes aux environs, telles que :<\/p>\nGen\u00e8ve, Grand-Lancy, Petit-Lancy, Onex, A\u00efre, V\u00e9senaz, Cologny, Ch\u00eane-Bougeries, Ch\u00eane-Bourg, Th\u00f4nex, Les Acacias, Plan-les-Ouates, Conches, Confignon, Bernex, Vessy, Cartigny, Avully, Puplinge, Presinge, Choulex, Collonge-Bellerive, Corsier GE, Ani\u00e8res, Hermance, Gy, Meinier, Vandoeuvres, Jussy, Veyrier, Troinex, La Croix-de-Rozon, Perly, Chancy, Athenaz (Avusy), Soral, Laconnex, Aire-la-Ville.\n<h3>Quels sont les types de carrelages les plus populaires ?<\/h3>\n<p>Voici les carrelages les plus populaires que nous installons :<\/p>\n<ul>\n<li>Les carreaux classiques ou mosa\u00efques.<\/li>\n<li>Les carreaux de m\u00e9tro blancs : retro, nous les recommandons pour votre r\u00e9novation de salle de bain ou de votre cuisine.<\/li>\n<li>Les carreaux de marbre : ils sont plus chers, mais ils permettent d\u2019ajouter une touche de luxe dans votre foyer.<\/li>\n<li>Les carreaux en c\u00e9ramique : ils sont \u00e9conomiques, simples \u00e0 nettoyer et ils sont trouvables dans de nombreuses d\u00e9clinaisons.<\/li>\n<li>Les carreaux ciments : classique, il permet d&rsquo;all\u00e9ger la d\u00e9coration de votre foyer.<\/li>\n<li>Les carrelages de porcelaine : ils reproduisent les apparences (brique, pierre ou bois) et il n&rsquo;exige presque pas d\u2019entretien.<\/li>\n<\/ul>\n","protected":false},"excerpt":{"rendered":"<p>Si vous avez besoin d&rsquo;un nouveau carrelage \u00e0 Carouge GE, n&rsquo;h\u00e9sitez pas \u00e0 nous contacter. Artisanlocal propose des services d&rsquo;installation de carrelage classique, de carrelage de dosseret pour cuisine, de carrelage pour salle d&rsquo;eau ou sur sol ! Nous intervenons aussi dans les villes proches de Carouge GE. Quelle est la plus-value qu&rsquo;offre notre entreprise [&hellip;]<\/p>\n","protected":false},"author":4,"featured_media":2804,"parent":0,"menu_order":0,"comment_status":"closed","ping_status":"closed","template":"","meta":{"footnotes":""},"profession":[119],"location":[96],"canton":[112],"class_list":["post-591","page","type-page","status-publish","has-post-thumbnail","hentry","profession-carreleur","location-carouge-ge","canton-ge"],"yoast_head":"<!-- This site is optimized with the Yoast SEO Premium plugin v25.7.1 (Yoast SEO v27.4) - https:\/\/yoast.com\/product\/yoast-seo-premium-wordpress\/ -->\n<title>Carreleur \u00e0 Carouge GE - Artisanlocal<\/title>\n<meta name=\"robots\" content=\"index, follow, max-snippet:-1, max-image-preview:large, max-video-preview:-1\" \/>\n<link rel=\"canonical\" href=\"https:\/\/www.artisanlocal.ch\/c\/besoin-dun-specialiste-de-la-pose-de-carrelage-a-carouge\/\" \/>\n<meta property=\"og:locale\" content=\"fr_FR\" \/>\n<meta property=\"og:type\" content=\"article\" \/>\n<meta property=\"og:title\" content=\"Carreleur \u00e0 Carouge GE\" \/>\n<meta property=\"og:description\" content=\"Si vous avez besoin d&rsquo;un nouveau carrelage \u00e0 Carouge GE, n&rsquo;h\u00e9sitez pas \u00e0 nous contacter. Artisanlocal propose des services d&rsquo;installation de carrelage classique, de carrelage de dosseret pour cuisine, de carrelage pour salle d&rsquo;eau ou sur sol ! Nous intervenons aussi dans les villes proches de Carouge GE. Quelle est la plus-value qu&rsquo;offre notre entreprise [&hellip;]\" \/>\n<meta property=\"og:url\" content=\"https:\/\/www.artisanlocal.ch\/c\/besoin-dun-specialiste-de-la-pose-de-carrelage-a-carouge\/\" \/>\n<meta property=\"og:site_name\" content=\"Artisanlocal\" \/>\n<meta property=\"article:modified_time\" content=\"2025-08-26T17:29:29+00:00\" \/>\n<meta property=\"og:image\" content=\"https:\/\/www.artisanlocal.ch\/c\/wp-content\/uploads\/2024\/11\/carreleur.jpg\" \/>\n\t<meta property=\"og:image:width\" content=\"1920\" \/>\n\t<meta property=\"og:image:height\" content=\"300\" \/>\n\t<meta property=\"og:image:type\" content=\"image\/jpeg\" \/>\n<meta name=\"twitter:card\" content=\"summary_large_image\" \/>\n<meta name=\"twitter:label1\" content=\"Dur\u00e9e de lecture estim\u00e9e\" \/>\n\t<meta name=\"twitter:data1\" content=\"4 minutes\" \/>\n<script type=\"application\/ld+json\" class=\"yoast-schema-graph\">{\"@context\":\"https:\\\/\\\/schema.org\",\"@graph\":[{\"@type\":\"WebPage\",\"@id\":\"https:\\\/\\\/www.artisanlocal.ch\\\/c\\\/besoin-dun-specialiste-de-la-pose-de-carrelage-a-carouge\\\/\",\"url\":\"https:\\\/\\\/www.artisanlocal.ch\\\/c\\\/besoin-dun-specialiste-de-la-pose-de-carrelage-a-carouge\\\/\",\"name\":\"Carreleur \u00e0 Carouge GE - Artisanlocal\",\"isPartOf\":{\"@id\":\"https:\\\/\\\/www.artisanlocal.ch\\\/c\\\/#website\"},\"primaryImageOfPage\":{\"@id\":\"https:\\\/\\\/www.artisanlocal.ch\\\/c\\\/besoin-dun-specialiste-de-la-pose-de-carrelage-a-carouge\\\/#primaryimage\"},\"image\":{\"@id\":\"https:\\\/\\\/www.artisanlocal.ch\\\/c\\\/besoin-dun-specialiste-de-la-pose-de-carrelage-a-carouge\\\/#primaryimage\"},\"thumbnailUrl\":\"https:\\\/\\\/www.artisanlocal.ch\\\/c\\\/wp-content\\\/uploads\\\/2024\\\/11\\\/carreleur.jpg\",\"datePublished\":\"2024-04-21T07:58:35+00:00\",\"dateModified\":\"2025-08-26T17:29:29+00:00\",\"breadcrumb\":{\"@id\":\"https:\\\/\\\/www.artisanlocal.ch\\\/c\\\/besoin-dun-specialiste-de-la-pose-de-carrelage-a-carouge\\\/#breadcrumb\"},\"inLanguage\":\"fr-FR\",\"potentialAction\":[{\"@type\":\"ReadAction\",\"target\":[\"https:\\\/\\\/www.artisanlocal.ch\\\/c\\\/besoin-dun-specialiste-de-la-pose-de-carrelage-a-carouge\\\/\"]}]},{\"@type\":\"ImageObject\",\"inLanguage\":\"fr-FR\",\"@id\":\"https:\\\/\\\/www.artisanlocal.ch\\\/c\\\/besoin-dun-specialiste-de-la-pose-de-carrelage-a-carouge\\\/#primaryimage\",\"url\":\"https:\\\/\\\/www.artisanlocal.ch\\\/c\\\/wp-content\\\/uploads\\\/2024\\\/11\\\/carreleur.jpg\",\"contentUrl\":\"https:\\\/\\\/www.artisanlocal.ch\\\/c\\\/wp-content\\\/uploads\\\/2024\\\/11\\\/carreleur.jpg\",\"width\":1920,\"height\":300},{\"@type\":\"BreadcrumbList\",\"@id\":\"https:\\\/\\\/www.artisanlocal.ch\\\/c\\\/besoin-dun-specialiste-de-la-pose-de-carrelage-a-carouge\\\/#breadcrumb\",\"itemListElement\":[{\"@type\":\"ListItem\",\"position\":1,\"name\":\"Accueil\",\"item\":\"https:\\\/\\\/www.artisanlocal.ch\\\/c\\\/\"},{\"@type\":\"ListItem\",\"position\":2,\"name\":\"Carreleur \u00e0 Carouge\"}]},{\"@type\":\"WebSite\",\"@id\":\"https:\\\/\\\/www.artisanlocal.ch\\\/c\\\/#website\",\"url\":\"https:\\\/\\\/www.artisanlocal.ch\\\/c\\\/\",\"name\":\"Artisanlocal\",\"description\":\"\",\"publisher\":{\"@id\":\"https:\\\/\\\/www.artisanlocal.ch\\\/c\\\/#organization\"},\"potentialAction\":[{\"@type\":\"SearchAction\",\"target\":{\"@type\":\"EntryPoint\",\"urlTemplate\":\"https:\\\/\\\/www.artisanlocal.ch\\\/c\\\/?s={search_term_string}\"},\"query-input\":{\"@type\":\"PropertyValueSpecification\",\"valueRequired\":true,\"valueName\":\"search_term_string\"}}],\"inLanguage\":\"fr-FR\"},{\"@type\":\"Organization\",\"@id\":\"https:\\\/\\\/www.artisanlocal.ch\\\/c\\\/#organization\",\"name\":\"Artisanlocal\",\"url\":\"https:\\\/\\\/www.artisanlocal.ch\\\/c\\\/\",\"logo\":{\"@type\":\"ImageObject\",\"inLanguage\":\"fr-FR\",\"@id\":\"https:\\\/\\\/www.artisanlocal.ch\\\/c\\\/#\\\/schema\\\/logo\\\/image\\\/\",\"url\":\"https:\\\/\\\/www.artisanlocal.ch\\\/c\\\/wp-content\\\/uploads\\\/2024\\\/02\\\/logo-artisanlocal-h.svg\",\"contentUrl\":\"https:\\\/\\\/www.artisanlocal.ch\\\/c\\\/wp-content\\\/uploads\\\/2024\\\/02\\\/logo-artisanlocal-h.svg\",\"caption\":\"Artisanlocal\"},\"image\":{\"@id\":\"https:\\\/\\\/www.artisanlocal.ch\\\/c\\\/#\\\/schema\\\/logo\\\/image\\\/\"}}]}<\/script>\n<!-- \/ Yoast SEO Premium plugin. -->","yoast_head_json":{"title":"Carreleur \u00e0 Carouge GE - Artisanlocal","robots":{"index":"index","follow":"follow","max-snippet":"max-snippet:-1","max-image-preview":"max-image-preview:large","max-video-preview":"max-video-preview:-1"},"canonical":"https:\/\/www.artisanlocal.ch\/c\/besoin-dun-specialiste-de-la-pose-de-carrelage-a-carouge\/","og_locale":"fr_FR","og_type":"article","og_title":"Carreleur \u00e0 Carouge GE","og_description":"Si vous avez besoin d&rsquo;un nouveau carrelage \u00e0 Carouge GE, n&rsquo;h\u00e9sitez pas \u00e0 nous contacter. Artisanlocal propose des services d&rsquo;installation de carrelage classique, de carrelage de dosseret pour cuisine, de carrelage pour salle d&rsquo;eau ou sur sol ! Nous intervenons aussi dans les villes proches de Carouge GE. Quelle est la plus-value qu&rsquo;offre notre entreprise [&hellip;]","og_url":"https:\/\/www.artisanlocal.ch\/c\/besoin-dun-specialiste-de-la-pose-de-carrelage-a-carouge\/","og_site_name":"Artisanlocal","article_modified_time":"2025-08-26T17:29:29+00:00","og_image":[{"width":1920,"height":300,"url":"https:\/\/www.artisanlocal.ch\/c\/wp-content\/uploads\/2024\/11\/carreleur.jpg","type":"image\/jpeg"}],"twitter_card":"summary_large_image","twitter_misc":{"Dur\u00e9e de lecture estim\u00e9e":"4 minutes"},"schema":{"@context":"https:\/\/schema.org","@graph":[{"@type":"WebPage","@id":"https:\/\/www.artisanlocal.ch\/c\/besoin-dun-specialiste-de-la-pose-de-carrelage-a-carouge\/","url":"https:\/\/www.artisanlocal.ch\/c\/besoin-dun-specialiste-de-la-pose-de-carrelage-a-carouge\/","name":"Carreleur \u00e0 Carouge GE - Artisanlocal","isPartOf":{"@id":"https:\/\/www.artisanlocal.ch\/c\/#website"},"primaryImageOfPage":{"@id":"https:\/\/www.artisanlocal.ch\/c\/besoin-dun-specialiste-de-la-pose-de-carrelage-a-carouge\/#primaryimage"},"image":{"@id":"https:\/\/www.artisanlocal.ch\/c\/besoin-dun-specialiste-de-la-pose-de-carrelage-a-carouge\/#primaryimage"},"thumbnailUrl":"https:\/\/www.artisanlocal.ch\/c\/wp-content\/uploads\/2024\/11\/carreleur.jpg","datePublished":"2024-04-21T07:58:35+00:00","dateModified":"2025-08-26T17:29:29+00:00","breadcrumb":{"@id":"https:\/\/www.artisanlocal.ch\/c\/besoin-dun-specialiste-de-la-pose-de-carrelage-a-carouge\/#breadcrumb"},"inLanguage":"fr-FR","potentialAction":[{"@type":"ReadAction","target":["https:\/\/www.artisanlocal.ch\/c\/besoin-dun-specialiste-de-la-pose-de-carrelage-a-carouge\/"]}]},{"@type":"ImageObject","inLanguage":"fr-FR","@id":"https:\/\/www.artisanlocal.ch\/c\/besoin-dun-specialiste-de-la-pose-de-carrelage-a-carouge\/#primaryimage","url":"https:\/\/www.artisanlocal.ch\/c\/wp-content\/uploads\/2024\/11\/carreleur.jpg","contentUrl":"https:\/\/www.artisanlocal.ch\/c\/wp-content\/uploads\/2024\/11\/carreleur.jpg","width":1920,"height":300},{"@type":"BreadcrumbList","@id":"https:\/\/www.artisanlocal.ch\/c\/besoin-dun-specialiste-de-la-pose-de-carrelage-a-carouge\/#breadcrumb","itemListElement":[{"@type":"ListItem","position":1,"name":"Accueil","item":"https:\/\/www.artisanlocal.ch\/c\/"},{"@type":"ListItem","position":2,"name":"Carreleur \u00e0 Carouge"}]},{"@type":"WebSite","@id":"https:\/\/www.artisanlocal.ch\/c\/#website","url":"https:\/\/www.artisanlocal.ch\/c\/","name":"Artisanlocal","description":"","publisher":{"@id":"https:\/\/www.artisanlocal.ch\/c\/#organization"},"potentialAction":[{"@type":"SearchAction","target":{"@type":"EntryPoint","urlTemplate":"https:\/\/www.artisanlocal.ch\/c\/?s={search_term_string}"},"query-input":{"@type":"PropertyValueSpecification","valueRequired":true,"valueName":"search_term_string"}}],"inLanguage":"fr-FR"},{"@type":"Organization","@id":"https:\/\/www.artisanlocal.ch\/c\/#organization","name":"Artisanlocal","url":"https:\/\/www.artisanlocal.ch\/c\/","logo":{"@type":"ImageObject","inLanguage":"fr-FR","@id":"https:\/\/www.artisanlocal.ch\/c\/#\/schema\/logo\/image\/","url":"https:\/\/www.artisanlocal.ch\/c\/wp-content\/uploads\/2024\/02\/logo-artisanlocal-h.svg","contentUrl":"https:\/\/www.artisanlocal.ch\/c\/wp-content\/uploads\/2024\/02\/logo-artisanlocal-h.svg","caption":"Artisanlocal"},"image":{"@id":"https:\/\/www.artisanlocal.ch\/c\/#\/schema\/logo\/image\/"}}]}},"_links":{"self":[{"href":"https:\/\/www.artisanlocal.ch\/c\/wp-json\/wp\/v2\/pages\/591","targetHints":{"allow":["GET"]}}],"collection":[{"href":"https:\/\/www.artisanlocal.ch\/c\/wp-json\/wp\/v2\/pages"}],"about":[{"href":"https:\/\/www.artisanlocal.ch\/c\/wp-json\/wp\/v2\/types\/page"}],"author":[{"embeddable":true,"href":"https:\/\/www.artisanlocal.ch\/c\/wp-json\/wp\/v2\/users\/4"}],"replies":[{"embeddable":true,"href":"https:\/\/www.artisanlocal.ch\/c\/wp-json\/wp\/v2\/comments?post=591"}],"version-history":[{"count":0,"href":"https:\/\/www.artisanlocal.ch\/c\/wp-json\/wp\/v2\/pages\/591\/revisions"}],"wp:featuredmedia":[{"embeddable":true,"href":"https:\/\/www.artisanlocal.ch\/c\/wp-json\/wp\/v2\/media\/2804"}],"wp:attachment":[{"href":"https:\/\/www.artisanlocal.ch\/c\/wp-json\/wp\/v2\/media?parent=591"}],"wp:term":[{"taxonomy":"profession","embeddable":true,"href":"https:\/\/www.artisanlocal.ch\/c\/wp-json\/wp\/v2\/profession?post=591"},{"taxonomy":"location","embeddable":true,"href":"https:\/\/www.artisanlocal.ch\/c\/wp-json\/wp\/v2\/location?post=591"},{"taxonomy":"canton","embeddable":true,"href":"https:\/\/www.artisanlocal.ch\/c\/wp-json\/wp\/v2\/canton?post=591"}],"curies":[{"name":"wp","href":"https:\/\/api.w.org\/{rel}","templated":true}]}}