{"id":595,"date":"2024-04-22T16:14:10","date_gmt":"2024-04-22T14:14:10","guid":{"rendered":"https:\/\/www.artisanlocal.ch\/c\/besoin-dun-expert-pour-linstallation-de-votre-carrelage-a-grandson\/"},"modified":"2025-08-26T19:28:33","modified_gmt":"2025-08-26T17:28:33","slug":"besoin-dun-expert-pour-linstallation-de-votre-carrelage-a-grandson","status":"publish","type":"page","link":"https:\/\/www.artisanlocal.ch\/c\/besoin-dun-expert-pour-linstallation-de-votre-carrelage-a-grandson\/","title":{"rendered":"Besoin d&rsquo;un expert pour l&rsquo;installation de votre carrelage \u00e0 Grandson ?"},"content":{"rendered":"<p>Pour obtenir des devis en ligne, contactez-nous. Artisanlocal offre des services de pose de carrelage dans le but de r\u00e9pondre \u00e0 toutes vos demandes d&rsquo;installation de carrelage classique, de dosseret de cuisine, de carreaux dans votre salle de bain ou sur votre parquet ! Nous intervenons aussi dans les villes \u00e0 proximit\u00e9 de Grandson.<\/p>\n\r\n<div class=\"box\">\r\n    <h2 class=\"text-dark\">Nous cherchons un <em class=\"text-primary\">Carreleur<\/em> dans la r\u00e9gion de <em class=\"text-primary\">Grandson<\/em>  en exclusivit\u00e9, afin de proposer vos services \u00e0 nos clients propri\u00e9taires.<\/h2>\r\n    <p>Une opportunit\u00e9 unique pour booster votre activit\u00e9 \u00e0 <strong>Grandson<\/strong> et aux alentours dans votre domaine (Carreleur).<\/p>\r\n    <p>Nous travaillons en exclusivit\u00e9 avec qu'une soci\u00e9t\u00e9 par m\u00e9tier et par r\u00e9gion. <br>Votre entreprise est pr\u00e9sente sur tous les documents immobiliers. Afin d'\u00eatre mieux vu sur le net, vous \u00eates \u00e9galement visible sur nos deux sites et sur les pages de r\u00e9f\u00e9rencement de votre r\u00e9gion.<\/p>\r\n    <a href=\"\/contact\" class=\"wp-block-button__link has-accent-background-color has-text-align-center wp-element-button\">R\u00e9server<\/a>\r\n<\/div>\n<h2>Pourquoi choisir notre soci\u00e9t\u00e9 ?<\/h2>\n<p>Artisanlocal vous accompagne dans la pose de carrelage \u00e0 Grandson, contactez-nous parce que :<\/p>\n<ul>\n<li>nous proposons un bon rapport qualit\u00e9-prix,<\/li>\n<li>nos carreaux sont de qualit\u00e9s premium,<\/li>\n<li>notre entreprise est \u00e9tabli \u00e0 Grandson et permet \u00e0 notre \u00e9quipe d\u2019intervenir en urgence \u00e0 votre domicile,<\/li>\n<li>nous vous conseillons pour choisir le carrelage le plus adapt\u00e9 \u00e0 votre maison,<\/li>\n<li>nos devis sont gratuits,<\/li>\n<li>nous avons une \u00e9quipe exp\u00e9riment\u00e9e,<\/li>\n<li>un partenaire s\u00fbr et fiable : nous travaillons avec de grands groupes et des cabinets d&rsquo;architectes pour des poses de parquet, carrelage, fa\u00efence, et autres rev\u00eatements.<\/li>\n<\/ul>\n<h2>Obtenez votre devis gratuit pour la pose de carrelage en prenant contact avec nous d\u00e8s \u00e0 pr\u00e9sent<\/h2>\n<p>N&rsquo;h\u00e9sitez pas \u00e0 nous contacter si vous souhaitez obtenir une estimation gratuite, nous r\u00e9pondrons d\u00e8s que possible pour estimer le prix de l&rsquo;installation de vos carreaux.<\/p>\n<h2>Nos solutions<\/h2>\n<p>Nos techniciens qui interviennent \u00e0 Grandson fournissent aux commerces locaux et aux Grandsonnois, les prestations suivantes :<\/p>\n<ul>\n<li>Les poses de carrelage, fa\u00efence, parquet, et autres mod\u00e8les de carreaux,<\/li>\n<li>une assistance pour vous aider \u00e0 choisir votre carrelage,<\/li>\n<li>l\u2019installation du carrelage,<\/li>\n<li>la r\u00e9alisation du scellement pour votre carrelage,<\/li>\n<li>l&rsquo;application de carreaux sur les sols\/murs,<\/li>\n<li>la pose de carrelage ext\u00e9rieur et int\u00e9rieur,<\/li>\n<li>le retrait de vos carreaux existants,<\/li>\n<li>l&rsquo;enl\u00e8vement du parquet flottant,<\/li>\n<li>l&rsquo;installation de carrelage pour votre balcon.<\/li>\n<\/ul>\n<h2>Comment s\u00e9lectionner le meilleur carrelage pour votre espace ?<\/h2>\n<h3>R\u00e9fl\u00e9chir au lieu o\u00f9 le carrelage sera pos\u00e9<\/h3>\n<p>\u00c9tudiez bien l&#8217;emplacement et le rythme \u00e0 laquelle le carrelage sera expos\u00e9 \u00e0 un vieillissement pr\u00e9matur\u00e9, sera-t-il dans un espace avec un fort passage ? D&rsquo;autre part, les gens porteront-ils des chaussures ou des chaussettes en marchant dessus? Sera-t-il expos\u00e9 aux milieux humides? Tenez aussi compte des diff\u00e9rentes surfaces qu&rsquo;il va rev\u00eatir, comme : les murs, les sols, les plans de travail, etc.<\/p>\n<h3>Calculez la quantit\u00e9 de carreaux requise<\/h3>\n<p>Dans le but de d\u00e9terminer le volume de carrelage pour votre espace, faites la multiplication : largeur par sa longueur et rajoutez \u00e0 peu pr\u00e8s 5 % pour garder une marge de s\u00e9curit\u00e9. Nous sugg\u00e9rons de conserver des carreaux suppl\u00e9mentaires en cas de dommages potentiels.<\/p>\n<h3>Choisissez le mat\u00e9riau<\/h3>\n<p>Il existe plusieurs mat\u00e9riaux \u00e0 partir desquels le carrelage est cr\u00e9\u00e9, le type de mat\u00e9riaux a un impact sur : le co\u00fbt de l&rsquo;entretien, l&rsquo;apparence et la durabilit\u00e9. D&rsquo;autre part, les finitions et la texture devraient par ailleurs \u00eatre prises en consid\u00e9ration pour trouver des carreaux qui sont \u00e0 vos gouts.<\/p>\n<h3>Nettoyage<\/h3>\n<p>Nous vous recommandons de prendre en consid\u00e9ration la complexit\u00e9 de nettoyage, par exemple : le nettoyage du carrelage avec des joints clairs prend plus de temps en raison de leur faciliter \u00e0 accumuler la poussi\u00e8re, ce qui les rend plus complexes \u00e0 nettoyer par rapport aux autres colorations.<\/p>\n<h2>Prenez un rendez-vous d\u00e8s maintenant<\/h2>\n<p>Notre entreprise compos\u00e9e d&rsquo;experts dans la pose de carrelages \u00e0 Grandson savent que la s\u00e9lection de votre carrelage peut-\u00eatre complexe, c&rsquo;est la raison pour laquelle notre \u00e9quipe est disponible du lundi au samedi pour vous donner des conseils.<\/p>\n<h2>Questions-r\u00e9ponses<\/h2>\n<h3>Quel est le fonctionnement de votre soci\u00e9t\u00e9 ?<\/h3>\n<ol>\n<li>Prise de contact par email ou par t\u00e9l\u00e9phone.<\/li>\n<li>Nous fixons ensemble le rendez-vous en fonction de votre agenda.<\/li>\n<li>Visite \u00e0 votre domicile pour d\u00e9finir le travail \u00e0 faire.<\/li>\n<li>Nous lan\u00e7ons l&rsquo;installation des carrelages \u00e0 votre logement.<\/li>\n<\/ol>\n<h3>Votre entreprise op\u00e8re \u00e0 Grandson et dans les communes aux environs ?<\/h3>\n<p>Oui, nous intervenons \u00e0 Grandson, mais aussi dans les communes aux alentours, comme:<\/p>\nFiez, Fontaines-sur-Grandson, Grandevent, Fontanezier, Romairon, Vaugondry, Villars-Burquin, Champagne, Onnens VD, Concise, Corcelles-pr\u00e8s-Concise, Bonvillars, Mutrux, Provence, Giez, Orges, Novalles, Vugelles-La Mothe, Vuiteboeuf, La Sagne (Ste-croix), Le Ch\u00e2teau-de-Ste-Croix, Ste-Croix, Les Rasses, Bullet, Mauborget, L'Auberson, La Vraconnaz.\n<\/p>\n<h3>Vous posez quels mod\u00e8les de carreaux le plus g\u00e9n\u00e9ralement\u202f?<\/h3>\n<p>Voici les carrelages les plus populaires que nous posons:<\/p>\n<ul>\n<li>Les carreaux mosa\u00efques : v\u00e9ritable best-seller, ils apportent un style unique \u00e0 votre int\u00e9rieur.<\/li>\n<li>Les carrelages de m\u00e9tro blancs : retro, il ajoute une touche lumineuse \u00e0 votre salle de bain ou votre cuisine.<\/li>\n<li>Les carrelages de marbre : ils ajoutent un style pr\u00e9cieux \u00e0 n&rsquo;importe quelle partie de votre maison.<\/li>\n<li>Les carreaux de c\u00e9ramique : ils sont \u00e9conomiques, simples \u00e0 nettoyer et ils trouvables dans de multiples d\u00e9clinaisons.<\/li>\n<li>Les carrelages ciments : ils sont populaires et ils accrochent l&rsquo;\u0153il, ils sont fr\u00e9quemment utilis\u00e9s dans les centres commerciaux et r\u00e9sidences.<\/li>\n<li>Les carrelages en porcelaine : ils imitent les surfaces naturelles (bois, brique ou pierre) et il ne demande peu d\u2019entretien.<\/li>\n<\/ul>\n","protected":false},"excerpt":{"rendered":"<p>Pour obtenir des devis en ligne, contactez-nous. Artisanlocal offre des services de pose de carrelage dans le but de r\u00e9pondre \u00e0 toutes vos demandes d&rsquo;installation de carrelage classique, de dosseret de cuisine, de carreaux dans votre salle de bain ou sur votre parquet ! Nous intervenons aussi dans les villes \u00e0 proximit\u00e9 de Grandson. Pourquoi [&hellip;]<\/p>\n","protected":false},"author":4,"featured_media":2804,"parent":0,"menu_order":0,"comment_status":"closed","ping_status":"closed","template":"","meta":{"footnotes":""},"profession":[119],"location":[66],"canton":[113],"class_list":["post-595","page","type-page","status-publish","has-post-thumbnail","hentry","profession-carreleur","location-grandson","canton-vd"],"yoast_head":"<!-- This site is optimized with the Yoast SEO Premium plugin v25.7.1 (Yoast SEO v27.4) - https:\/\/yoast.com\/product\/yoast-seo-premium-wordpress\/ -->\n<title>Besoin d&#039;un expert pour l&#039;installation de votre carrelage \u00e0 Grandson ? - Artisanlocal<\/title>\n<meta name=\"robots\" content=\"index, follow, max-snippet:-1, max-image-preview:large, max-video-preview:-1\" \/>\n<link rel=\"canonical\" href=\"https:\/\/www.artisanlocal.ch\/c\/besoin-dun-expert-pour-linstallation-de-votre-carrelage-a-grandson\/\" \/>\n<meta property=\"og:locale\" content=\"fr_FR\" \/>\n<meta property=\"og:type\" content=\"article\" \/>\n<meta property=\"og:title\" content=\"Besoin d&#039;un expert pour l&#039;installation de votre carrelage \u00e0 Grandson ?\" \/>\n<meta property=\"og:description\" content=\"Pour obtenir des devis en ligne, contactez-nous. Artisanlocal offre des services de pose de carrelage dans le but de r\u00e9pondre \u00e0 toutes vos demandes d&rsquo;installation de carrelage classique, de dosseret de cuisine, de carreaux dans votre salle de bain ou sur votre parquet ! Nous intervenons aussi dans les villes \u00e0 proximit\u00e9 de Grandson. Pourquoi [&hellip;]\" \/>\n<meta property=\"og:url\" content=\"https:\/\/www.artisanlocal.ch\/c\/besoin-dun-expert-pour-linstallation-de-votre-carrelage-a-grandson\/\" \/>\n<meta property=\"og:site_name\" content=\"Artisanlocal\" \/>\n<meta property=\"article:modified_time\" content=\"2025-08-26T17:28:33+00:00\" \/>\n<meta property=\"og:image\" content=\"https:\/\/www.artisanlocal.ch\/c\/wp-content\/uploads\/2024\/11\/carreleur.jpg\" \/>\n\t<meta property=\"og:image:width\" content=\"1920\" \/>\n\t<meta property=\"og:image:height\" content=\"300\" \/>\n\t<meta property=\"og:image:type\" content=\"image\/jpeg\" \/>\n<meta name=\"twitter:card\" content=\"summary_large_image\" \/>\n<meta name=\"twitter:label1\" content=\"Dur\u00e9e de lecture estim\u00e9e\" \/>\n\t<meta name=\"twitter:data1\" content=\"4 minutes\" \/>\n<script type=\"application\/ld+json\" class=\"yoast-schema-graph\">{\"@context\":\"https:\\\/\\\/schema.org\",\"@graph\":[{\"@type\":\"WebPage\",\"@id\":\"https:\\\/\\\/www.artisanlocal.ch\\\/c\\\/besoin-dun-expert-pour-linstallation-de-votre-carrelage-a-grandson\\\/\",\"url\":\"https:\\\/\\\/www.artisanlocal.ch\\\/c\\\/besoin-dun-expert-pour-linstallation-de-votre-carrelage-a-grandson\\\/\",\"name\":\"Besoin d'un expert pour l'installation de votre carrelage \u00e0 Grandson ? - Artisanlocal\",\"isPartOf\":{\"@id\":\"https:\\\/\\\/www.artisanlocal.ch\\\/c\\\/#website\"},\"primaryImageOfPage\":{\"@id\":\"https:\\\/\\\/www.artisanlocal.ch\\\/c\\\/besoin-dun-expert-pour-linstallation-de-votre-carrelage-a-grandson\\\/#primaryimage\"},\"image\":{\"@id\":\"https:\\\/\\\/www.artisanlocal.ch\\\/c\\\/besoin-dun-expert-pour-linstallation-de-votre-carrelage-a-grandson\\\/#primaryimage\"},\"thumbnailUrl\":\"https:\\\/\\\/www.artisanlocal.ch\\\/c\\\/wp-content\\\/uploads\\\/2024\\\/11\\\/carreleur.jpg\",\"datePublished\":\"2024-04-22T14:14:10+00:00\",\"dateModified\":\"2025-08-26T17:28:33+00:00\",\"breadcrumb\":{\"@id\":\"https:\\\/\\\/www.artisanlocal.ch\\\/c\\\/besoin-dun-expert-pour-linstallation-de-votre-carrelage-a-grandson\\\/#breadcrumb\"},\"inLanguage\":\"fr-FR\",\"potentialAction\":[{\"@type\":\"ReadAction\",\"target\":[\"https:\\\/\\\/www.artisanlocal.ch\\\/c\\\/besoin-dun-expert-pour-linstallation-de-votre-carrelage-a-grandson\\\/\"]}]},{\"@type\":\"ImageObject\",\"inLanguage\":\"fr-FR\",\"@id\":\"https:\\\/\\\/www.artisanlocal.ch\\\/c\\\/besoin-dun-expert-pour-linstallation-de-votre-carrelage-a-grandson\\\/#primaryimage\",\"url\":\"https:\\\/\\\/www.artisanlocal.ch\\\/c\\\/wp-content\\\/uploads\\\/2024\\\/11\\\/carreleur.jpg\",\"contentUrl\":\"https:\\\/\\\/www.artisanlocal.ch\\\/c\\\/wp-content\\\/uploads\\\/2024\\\/11\\\/carreleur.jpg\",\"width\":1920,\"height\":300},{\"@type\":\"BreadcrumbList\",\"@id\":\"https:\\\/\\\/www.artisanlocal.ch\\\/c\\\/besoin-dun-expert-pour-linstallation-de-votre-carrelage-a-grandson\\\/#breadcrumb\",\"itemListElement\":[{\"@type\":\"ListItem\",\"position\":1,\"name\":\"Accueil\",\"item\":\"https:\\\/\\\/www.artisanlocal.ch\\\/c\\\/\"},{\"@type\":\"ListItem\",\"position\":2,\"name\":\"Besoin d&rsquo;un expert pour l&rsquo;installation de votre carrelage \u00e0 Grandson ?\"}]},{\"@type\":\"WebSite\",\"@id\":\"https:\\\/\\\/www.artisanlocal.ch\\\/c\\\/#website\",\"url\":\"https:\\\/\\\/www.artisanlocal.ch\\\/c\\\/\",\"name\":\"Artisanlocal\",\"description\":\"\",\"publisher\":{\"@id\":\"https:\\\/\\\/www.artisanlocal.ch\\\/c\\\/#organization\"},\"potentialAction\":[{\"@type\":\"SearchAction\",\"target\":{\"@type\":\"EntryPoint\",\"urlTemplate\":\"https:\\\/\\\/www.artisanlocal.ch\\\/c\\\/?s={search_term_string}\"},\"query-input\":{\"@type\":\"PropertyValueSpecification\",\"valueRequired\":true,\"valueName\":\"search_term_string\"}}],\"inLanguage\":\"fr-FR\"},{\"@type\":\"Organization\",\"@id\":\"https:\\\/\\\/www.artisanlocal.ch\\\/c\\\/#organization\",\"name\":\"Artisanlocal\",\"url\":\"https:\\\/\\\/www.artisanlocal.ch\\\/c\\\/\",\"logo\":{\"@type\":\"ImageObject\",\"inLanguage\":\"fr-FR\",\"@id\":\"https:\\\/\\\/www.artisanlocal.ch\\\/c\\\/#\\\/schema\\\/logo\\\/image\\\/\",\"url\":\"https:\\\/\\\/www.artisanlocal.ch\\\/c\\\/wp-content\\\/uploads\\\/2024\\\/02\\\/logo-artisanlocal-h.svg\",\"contentUrl\":\"https:\\\/\\\/www.artisanlocal.ch\\\/c\\\/wp-content\\\/uploads\\\/2024\\\/02\\\/logo-artisanlocal-h.svg\",\"caption\":\"Artisanlocal\"},\"image\":{\"@id\":\"https:\\\/\\\/www.artisanlocal.ch\\\/c\\\/#\\\/schema\\\/logo\\\/image\\\/\"}}]}<\/script>\n<!-- \/ Yoast SEO Premium plugin. -->","yoast_head_json":{"title":"Besoin d'un expert pour l'installation de votre carrelage \u00e0 Grandson ? - Artisanlocal","robots":{"index":"index","follow":"follow","max-snippet":"max-snippet:-1","max-image-preview":"max-image-preview:large","max-video-preview":"max-video-preview:-1"},"canonical":"https:\/\/www.artisanlocal.ch\/c\/besoin-dun-expert-pour-linstallation-de-votre-carrelage-a-grandson\/","og_locale":"fr_FR","og_type":"article","og_title":"Besoin d'un expert pour l'installation de votre carrelage \u00e0 Grandson ?","og_description":"Pour obtenir des devis en ligne, contactez-nous. Artisanlocal offre des services de pose de carrelage dans le but de r\u00e9pondre \u00e0 toutes vos demandes d&rsquo;installation de carrelage classique, de dosseret de cuisine, de carreaux dans votre salle de bain ou sur votre parquet ! Nous intervenons aussi dans les villes \u00e0 proximit\u00e9 de Grandson. Pourquoi [&hellip;]","og_url":"https:\/\/www.artisanlocal.ch\/c\/besoin-dun-expert-pour-linstallation-de-votre-carrelage-a-grandson\/","og_site_name":"Artisanlocal","article_modified_time":"2025-08-26T17:28:33+00:00","og_image":[{"width":1920,"height":300,"url":"https:\/\/www.artisanlocal.ch\/c\/wp-content\/uploads\/2024\/11\/carreleur.jpg","type":"image\/jpeg"}],"twitter_card":"summary_large_image","twitter_misc":{"Dur\u00e9e de lecture estim\u00e9e":"4 minutes"},"schema":{"@context":"https:\/\/schema.org","@graph":[{"@type":"WebPage","@id":"https:\/\/www.artisanlocal.ch\/c\/besoin-dun-expert-pour-linstallation-de-votre-carrelage-a-grandson\/","url":"https:\/\/www.artisanlocal.ch\/c\/besoin-dun-expert-pour-linstallation-de-votre-carrelage-a-grandson\/","name":"Besoin d'un expert pour l'installation de votre carrelage \u00e0 Grandson ? - Artisanlocal","isPartOf":{"@id":"https:\/\/www.artisanlocal.ch\/c\/#website"},"primaryImageOfPage":{"@id":"https:\/\/www.artisanlocal.ch\/c\/besoin-dun-expert-pour-linstallation-de-votre-carrelage-a-grandson\/#primaryimage"},"image":{"@id":"https:\/\/www.artisanlocal.ch\/c\/besoin-dun-expert-pour-linstallation-de-votre-carrelage-a-grandson\/#primaryimage"},"thumbnailUrl":"https:\/\/www.artisanlocal.ch\/c\/wp-content\/uploads\/2024\/11\/carreleur.jpg","datePublished":"2024-04-22T14:14:10+00:00","dateModified":"2025-08-26T17:28:33+00:00","breadcrumb":{"@id":"https:\/\/www.artisanlocal.ch\/c\/besoin-dun-expert-pour-linstallation-de-votre-carrelage-a-grandson\/#breadcrumb"},"inLanguage":"fr-FR","potentialAction":[{"@type":"ReadAction","target":["https:\/\/www.artisanlocal.ch\/c\/besoin-dun-expert-pour-linstallation-de-votre-carrelage-a-grandson\/"]}]},{"@type":"ImageObject","inLanguage":"fr-FR","@id":"https:\/\/www.artisanlocal.ch\/c\/besoin-dun-expert-pour-linstallation-de-votre-carrelage-a-grandson\/#primaryimage","url":"https:\/\/www.artisanlocal.ch\/c\/wp-content\/uploads\/2024\/11\/carreleur.jpg","contentUrl":"https:\/\/www.artisanlocal.ch\/c\/wp-content\/uploads\/2024\/11\/carreleur.jpg","width":1920,"height":300},{"@type":"BreadcrumbList","@id":"https:\/\/www.artisanlocal.ch\/c\/besoin-dun-expert-pour-linstallation-de-votre-carrelage-a-grandson\/#breadcrumb","itemListElement":[{"@type":"ListItem","position":1,"name":"Accueil","item":"https:\/\/www.artisanlocal.ch\/c\/"},{"@type":"ListItem","position":2,"name":"Besoin d&rsquo;un expert pour l&rsquo;installation de votre carrelage \u00e0 Grandson ?"}]},{"@type":"WebSite","@id":"https:\/\/www.artisanlocal.ch\/c\/#website","url":"https:\/\/www.artisanlocal.ch\/c\/","name":"Artisanlocal","description":"","publisher":{"@id":"https:\/\/www.artisanlocal.ch\/c\/#organization"},"potentialAction":[{"@type":"SearchAction","target":{"@type":"EntryPoint","urlTemplate":"https:\/\/www.artisanlocal.ch\/c\/?s={search_term_string}"},"query-input":{"@type":"PropertyValueSpecification","valueRequired":true,"valueName":"search_term_string"}}],"inLanguage":"fr-FR"},{"@type":"Organization","@id":"https:\/\/www.artisanlocal.ch\/c\/#organization","name":"Artisanlocal","url":"https:\/\/www.artisanlocal.ch\/c\/","logo":{"@type":"ImageObject","inLanguage":"fr-FR","@id":"https:\/\/www.artisanlocal.ch\/c\/#\/schema\/logo\/image\/","url":"https:\/\/www.artisanlocal.ch\/c\/wp-content\/uploads\/2024\/02\/logo-artisanlocal-h.svg","contentUrl":"https:\/\/www.artisanlocal.ch\/c\/wp-content\/uploads\/2024\/02\/logo-artisanlocal-h.svg","caption":"Artisanlocal"},"image":{"@id":"https:\/\/www.artisanlocal.ch\/c\/#\/schema\/logo\/image\/"}}]}},"_links":{"self":[{"href":"https:\/\/www.artisanlocal.ch\/c\/wp-json\/wp\/v2\/pages\/595","targetHints":{"allow":["GET"]}}],"collection":[{"href":"https:\/\/www.artisanlocal.ch\/c\/wp-json\/wp\/v2\/pages"}],"about":[{"href":"https:\/\/www.artisanlocal.ch\/c\/wp-json\/wp\/v2\/types\/page"}],"author":[{"embeddable":true,"href":"https:\/\/www.artisanlocal.ch\/c\/wp-json\/wp\/v2\/users\/4"}],"replies":[{"embeddable":true,"href":"https:\/\/www.artisanlocal.ch\/c\/wp-json\/wp\/v2\/comments?post=595"}],"version-history":[{"count":0,"href":"https:\/\/www.artisanlocal.ch\/c\/wp-json\/wp\/v2\/pages\/595\/revisions"}],"wp:featuredmedia":[{"embeddable":true,"href":"https:\/\/www.artisanlocal.ch\/c\/wp-json\/wp\/v2\/media\/2804"}],"wp:attachment":[{"href":"https:\/\/www.artisanlocal.ch\/c\/wp-json\/wp\/v2\/media?parent=595"}],"wp:term":[{"taxonomy":"profession","embeddable":true,"href":"https:\/\/www.artisanlocal.ch\/c\/wp-json\/wp\/v2\/profession?post=595"},{"taxonomy":"location","embeddable":true,"href":"https:\/\/www.artisanlocal.ch\/c\/wp-json\/wp\/v2\/location?post=595"},{"taxonomy":"canton","embeddable":true,"href":"https:\/\/www.artisanlocal.ch\/c\/wp-json\/wp\/v2\/canton?post=595"}],"curies":[{"name":"wp","href":"https:\/\/api.w.org\/{rel}","templated":true}]}}