{"id":596,"date":"2024-04-21T18:07:38","date_gmt":"2024-04-21T16:07:38","guid":{"rendered":"https:\/\/www.artisanlocal.ch\/c\/vous-avez-besoin-dun-expert-de-la-pose-de-carrelage-a-epalinges\/"},"modified":"2025-08-26T19:29:20","modified_gmt":"2025-08-26T17:29:20","slug":"vous-avez-besoin-dun-expert-de-la-pose-de-carrelage-a-epalinges","status":"publish","type":"page","link":"https:\/\/www.artisanlocal.ch\/c\/vous-avez-besoin-dun-expert-de-la-pose-de-carrelage-a-epalinges\/","title":{"rendered":"Vous avez besoin d&rsquo;un expert de la pose de carrelage \u00e0 Epalinges ?"},"content":{"rendered":"<p>Besoin d&rsquo;obtenir des estimations en ligne, contactez-nous. Notre entreprise Artisanlocal offre des services en pose de carreaux classiques, de dosseret de cuisine, de carreaux \u00e0 l&rsquo;int\u00e9rieur de votre salle de bain ou sur votre sol ! Nous nous d\u00e9pla\u00e7ons aussi dans les villes \u00e0 proximit\u00e9 de Epalinges.<\/p>\n\r\n<div class=\"box\">\r\n            <div class=\"company-info\">\r\n            <img decoding=\"async\" class=\"company-info__logo\" src=\"https:\/\/www.artisanlocal.ch\/media\/cache\/thumb\/images\/companies\/69d7b91d88c5c229406028.png\" alt=\"Logo\">\r\n            <h2 class=\"company-info__name\">DAENZER CARRELAGES<\/h2>\r\n            <p class=\"company-info__business\">Entreprise de carrelage \u2013 R\u00e9novations, neuf et entretiens \u2013 Diagnostic amiante \u2013 Expert en cas de litige<\/p>\r\n        <\/div>\r\n        <div class=\"company-contact\">\r\n            <p class=\"company-info__address\">Chemin de Bellevue 20<\/p>\r\n                            <div class=\"links\">\r\n                                            <a class=\"btn has-accent-background-color js-phoneNumber\" href=\"tel:0792332963\" title=\"Appelez\" data-id=\"714\" data-type=\"11\">079 233 29 63<\/a>\r\n                                                                <a class=\"btn has-accent-background-color\" href=\"http:\/\/www.daenzer.com\/\" target=\"_blank\" title=\"Voir le site internet\" data-id=\"714\" data-type=\"20\">Site internet<\/a>\r\n                                    <\/div>\r\n                    <\/div>\r\n    \r\n            \r\n<form action=\"https:\/\/www.artisanlocal.ch\/c\/wp-admin\/admin-ajax.php\" method=\"post\" class=\"form-contact\" id=\"artisan_form_contact_company_inline\">\r\n    <div><input type=\"hidden\" name=\"action\" value=\"company_contact\"><\/div>\r\n    <div><input type=\"hidden\" name=\"nonce\" value=\"1dbf28e6f0\"><\/div>\r\n    <div><input type=\"hidden\" name=\"company_id\" value=\"714\"><\/div>\r\n    <div><input type=\"hidden\" name=\"form_id\" value=\"artisan_form_contact_company_inline\"><\/div>\r\n    <div class=\"gglcptch gglcptch_v3 gglcptch_custom\"><input type=\"hidden\" id=\"g-recaptcha-response\" name=\"g-recaptcha-response\" \/><br \/><div class=\"gglcptch_error_text\">La p\u00e9riode de v\u00e9rification reCAPTCHA a expir\u00e9. Veuillez recharger la page.<\/div><\/div>    <div class=\"form-content\">\r\n        <div class=\"form-group\">\r\n            <label for=\"contact_firstName\" class=\"required\">Pr\u00e9nom<\/label>\r\n            <input type=\"text\" name=\"firstName\" class=\"form-control\" required>\r\n        <\/div>\r\n        <div class=\"form-group\">\r\n            <label for=\"contact_lastName\" class=\"required\">Nom<\/label>\r\n            <input type=\"text\" name=\"lastName\" class=\"form-control\" required>\r\n        <\/div>\r\n        <div class=\"form-group\">\r\n            <label for=\"contact_email\" class=\"required\">Email<\/label>\r\n            <input type=\"email\" name=\"email\" class=\"form-control\" required>\r\n        <\/div>\r\n        <div class=\"form-group\">\r\n            <label for=\"contact_phone\" class=\"required\">Num\u00e9ro de t\u00e9l\u00e9phone<\/label>\r\n            <input type=\"tel\" name=\"phone\" class=\"form-control\" placeholder=\"0787117165\" pattern=\"^[0-9]{10}$\" required>\r\n        <\/div>\r\n        <div class=\"form-group\">\r\n            <label for=\"contact_postalCode\" class=\"required\">Code postal et localit\u00e9<\/label>\r\n            <input type=\"text\" name=\"postalCode\" class=\"form-control\" required>\r\n        <\/div>\r\n        <div class=\"form-group\">\r\n            <label for=\"contact_address\" class=\"required\">Adresse<\/label>\r\n            <input type=\"text\" name=\"address\" class=\"form-control\" required>\r\n        <\/div>\r\n        <div class=\"full-width topic\">\r\n            <p class=\"required\">Je souhaite \u00eatre contact\u00e9 pour :<\/p>\r\n            <div class=\"form-check\">\r\n                <input type=\"radio\" name=\"topic\" value=\"D\u00e9pannage\" class=\"form-control\" required>\r\n                <label for=\"d\u00e9pannage\">D\u00e9pannage<\/label>\r\n            <\/div>\r\n            <div class=\"form-check\">\r\n                <input type=\"radio\" name=\"topic\" value=\"Entretien\" class=\"form-control\" required>\r\n                <label for=\"entretien\">Entretien<\/label>\r\n            <\/div>\r\n            <div class=\"form-check\">\r\n                <input type=\"radio\" name=\"topic\" value=\"R\u00e9novation\" class=\"form-control\" required>\r\n                <label for=\"r\u00e9novation\">R\u00e9novation<\/label>\r\n            <\/div>\r\n            <div class=\"form-check\">\r\n                <input type=\"radio\" name=\"topic\" value=\"Autre\" class=\"form-control\" required>\r\n                <label for=\"autre\">Autre<\/label>\r\n            <\/div>\r\n        <\/div>\r\n        <div class=\"form-group full-width\">\r\n            <label for=\"contact_message\">Message<\/label>\r\n            <textarea name=\"message\" rows=\"3\" class=\"form-control\"><\/textarea>\r\n        <\/div>\r\n    <\/div>\r\n    <div class=\"form-actions\">\r\n        <button class=\"wp-block-button__link has-accent-background-color\">Contacter<\/button>\r\n    <\/div>\r\n<\/form>\r\n<div class=\"form-feedback\"><\/div>    <\/div>\n<h2>Quelle est la plus-value qu&rsquo;offre notre soci\u00e9t\u00e9 ?<\/h2>\n<p>Artisanlocal vous aide dans la pose de carrelage \u00e0 Epalinges, choisissez-nous parce que :<\/p>\n<ul>\n<li>nous offrons un bon rapport qualit\u00e9-prix,<\/li>\n<li>nos carreaux sont de qualit\u00e9s,<\/li>\n<li>notre soci\u00e9t\u00e9 est implant\u00e9e \u00e0 Epalinges et permet \u00e0 nos techniciens d\u2019intervenir rapidement \u00e0 votre domicile,<\/li>\n<li>nous vous conseillons pour s\u00e9lectionner le carrelage le plus adapt\u00e9 \u00e0 votre maison,<\/li>\n<li>nos devis sont fournis gratuitement,<\/li>\n<li>nos carreleurs sont exp\u00e9riment\u00e9s,<\/li>\n<li>un partenaire s\u00fbr et fiable : nous intervenons dans des grandes entreprises et des cabinets d&rsquo;architectes pour poser du parquet, de la fa\u00efence, du carrelage ou des autres rev\u00eatements pour les sols.<\/li>\n<\/ul>\n<h2>Prenez contact avec nous d\u00e8s maintenant pour recevoir votre devis <\/h2>\n<p>N&rsquo;h\u00e9sitez pas \u00e0 nous contacter si vous d\u00e9sirez obtenir une estimation gratuite, nous r\u00e9pondrons d\u00e8s que possible pour \u00e9valuer le prix de l&rsquo;installation de votre carrelage.<\/p>\n<h2>Nos services<\/h2>\n<p>Nos professionnels de l&rsquo;installation de carrelage \u00e0 Epalinges fournissent aux commerces locaux et aux Palinzard, les services suivants :<\/p>\n<ul>\n<li>La pose de plusieurs types carreaux tels que le carrelage classique, la fa\u00efence et le parquet,<\/li>\n<li>une aide pour bien choisir votre carrelage,<\/li>\n<li>l\u2019installation du carrelage,<\/li>\n<li>la pose de joint pour vos carreaux,<\/li>\n<li>l&rsquo;application de carreaux sur les murs et sols,<\/li>\n<li>l&rsquo;installation de carrelage pour les zones int\u00e9rieures et ext\u00e9rieures de votre habitation,<\/li>\n<li>le retrait de votre carrelage actuels,<\/li>\n<li>l&rsquo;enl\u00e8vement du parquet flottant,<\/li>\n<li>la pose de carrelage pour votre terrasse.<\/li>\n<\/ul>\n<h2>Comment s\u00e9lectionner le meilleur carrelage pour votre espace ?<\/h2>\n<h3>Bien d\u00e9finir la zone de la pose<\/h3>\n<p>\u00c9tudiez bien l&rsquo;endroit et la fr\u00e9quence pendant laquelle le carrelage sera soumis \u00e0 l&rsquo;usure, sera-t-il dans un espace \u00e0 fort passage ? De plus, les gens porteront-ils des chaussures ou des chaussettes en marchant sur les carreaux? Sera-t-il soumis aux environnements humides? R\u00e9fl\u00e9chissez par ailleurs aux espaces qu&rsquo;il couvrira, tel que les sols, les plans de travail, les murs, etc.<\/p>\n<h3>Estimez la quantit\u00e9 de carreaux exig\u00e9e<\/h3>\n<p>Pour estimer le nombre de carrelages n\u00e9cessaires pour votre projet, multipliez sa longueur par sa largeur et ajoutez dans les 5 % pour avoir une marge de s\u00e9curit\u00e9. Nous conseillons de conserver des carreaux en plus en cas de dommages potentiels.<\/p>\n<h3>Choisissez le bon mat\u00e9riau<\/h3>\n<p>Il y a plusieurs mat\u00e9riaux \u00e0 partir desquels le carrelage est cr\u00e9\u00e9, le mat\u00e9riau a un effet sur : l\u2019apparence, la solidit\u00e9 et le prix de l&rsquo;entretien. De plus, la texture et les finitions doivent par ailleurs \u00eatre prises en consid\u00e9ration pour trouver le meilleur carrelage pour votre habitation.<\/p>\n<h3>Nettoyage<\/h3>\n<p>Nous vous sugg\u00e9rons de prendre en compte le niveau de difficult\u00e9 d&rsquo;entretien, entre autres : le scellement des carreaux avec un joint clair r\u00e9clame un entretien plus long, parce qu&rsquo;il agglom\u00e8re vite la salet\u00e9, le rendent plus complexe \u00e0 nettoyer que d&rsquo;autres teintes.<\/p>\n<h2>Contactez-nous pour avoir un rendez-vous<\/h2>\n<p>Notre soci\u00e9t\u00e9 constitu\u00e9e d&rsquo;experts dans l&rsquo;installation de carreaux \u00e0 Epalinges comprennent que le choix de votre carrelage peut-\u00eatre complexe, c&rsquo;est la raison pour laquelle notre \u00e9quipe est joignable du lundi au samedi pour vous donner des conseils.<\/p>\n<h2>Questions-r\u00e9ponses<\/h2>\n<h3>Quel est le fonctionnement de votre soci\u00e9t\u00e9 ?<\/h3>\n<ol>\n<li>Prise de rendez-vous par email ou par t\u00e9l\u00e9phone.<\/li>\n<li>Nous planifions ensemble le rendez-vous en fonction de votre agenda.<\/li>\n<li>Notre \u00e9quipe se d\u00e9place \u00e0 votre foyer pour d\u00e9terminer le total de carreaux \u00e0 installer.<\/li>\n<li>D\u00e9marrage de votre projet.<\/li>\n<\/ol>\n<h3>Op\u00e9rez-vous dans les localit\u00e9s dans les environs de Epalinges ?<\/h3>\n<p>Oui, nous nous d\u00e9pla\u00e7ons \u00e0 Epalinges, n\u00e9anmoins, notre \u00e9quipe op\u00e8re dans les communes aux alentours, tels que:<\/p>\nRomanel-sur-Lausanne, Cheseaux-sur-Lausanne, Le Mont-sur-Lausanne, Bretigny-sur-Morrens, Cugy VD, Morrens VD, Froideville.\n<\/p>\n<h3>Quels sont les mod\u00e8les de carreaux les plus r\u00e9pandus\u202f?<\/h3>\n<p>Nous installons les carrelages pris\u00e9s, comme:<\/p>\n<ul>\n<li>Les carrelages mosa\u00efques : classique, les carrelages mosa\u00efques apportent une touche incomparable \u00e0 votre foyer.<\/li>\n<li>Les carreaux int\u00e9rieur blancs de m\u00e9tro : embl\u00e9matiques, nous les recommandons pour votre r\u00e9novation de salle de bain ou de votre cuisine.<\/li>\n<li>Les carreaux de marbre : ils ajoutent un style soign\u00e9 \u00e0 n&rsquo;importe quelle pi\u00e8ce de votre habitation.<\/li>\n<li>Les carrelages en c\u00e9ramique : ils sont \u00e9conomiques, faciles \u00e0 nettoyer et ils existent dans de nombreux variantes.<\/li>\n<li>Les carrelages en ciments : traditionnel, il permet d&rsquo;all\u00e9ger la d\u00e9coration d&rsquo;un int\u00e9rieur.<\/li>\n<li>Les carreaux en porcelaine : ils reproduisent les apparences (brique, pierre ou bois) et il ne demande presque pas d\u2019entretien.<\/li>\n<\/ul>\n","protected":false},"excerpt":{"rendered":"<p>Besoin d&rsquo;obtenir des estimations en ligne, contactez-nous. Notre entreprise Artisanlocal offre des services en pose de carreaux classiques, de dosseret de cuisine, de carreaux \u00e0 l&rsquo;int\u00e9rieur de votre salle de bain ou sur votre sol ! Nous nous d\u00e9pla\u00e7ons aussi dans les villes \u00e0 proximit\u00e9 de Epalinges. Quelle est la plus-value qu&rsquo;offre notre soci\u00e9t\u00e9 ? [&hellip;]<\/p>\n","protected":false},"author":4,"featured_media":2804,"parent":0,"menu_order":0,"comment_status":"closed","ping_status":"closed","template":"","meta":{"footnotes":""},"profession":[119],"location":[74],"canton":[113],"class_list":["post-596","page","type-page","status-publish","has-post-thumbnail","hentry","profession-carreleur","location-epalinges","canton-vd"],"yoast_head":"<!-- This site is optimized with the Yoast SEO Premium plugin v25.7.1 (Yoast SEO v27.3) - https:\/\/yoast.com\/product\/yoast-seo-premium-wordpress\/ -->\n<title>Vous avez besoin d&#039;un expert de la pose de carrelage \u00e0 Epalinges ? - Artisanlocal<\/title>\n<meta name=\"robots\" content=\"index, follow, max-snippet:-1, max-image-preview:large, max-video-preview:-1\" \/>\n<link rel=\"canonical\" href=\"https:\/\/www.artisanlocal.ch\/c\/vous-avez-besoin-dun-expert-de-la-pose-de-carrelage-a-epalinges\/\" \/>\n<meta property=\"og:locale\" content=\"fr_FR\" \/>\n<meta property=\"og:type\" content=\"article\" \/>\n<meta property=\"og:title\" content=\"Vous avez besoin d&#039;un expert de la pose de carrelage \u00e0 Epalinges ?\" \/>\n<meta property=\"og:description\" content=\"Besoin d&rsquo;obtenir des estimations en ligne, contactez-nous. Notre entreprise Artisanlocal offre des services en pose de carreaux classiques, de dosseret de cuisine, de carreaux \u00e0 l&rsquo;int\u00e9rieur de votre salle de bain ou sur votre sol ! Nous nous d\u00e9pla\u00e7ons aussi dans les villes \u00e0 proximit\u00e9 de Epalinges. Quelle est la plus-value qu&rsquo;offre notre soci\u00e9t\u00e9 ? [&hellip;]\" \/>\n<meta property=\"og:url\" content=\"https:\/\/www.artisanlocal.ch\/c\/vous-avez-besoin-dun-expert-de-la-pose-de-carrelage-a-epalinges\/\" \/>\n<meta property=\"og:site_name\" content=\"Artisanlocal\" \/>\n<meta property=\"article:modified_time\" content=\"2025-08-26T17:29:20+00:00\" \/>\n<meta property=\"og:image\" content=\"https:\/\/www.artisanlocal.ch\/c\/wp-content\/uploads\/2024\/11\/carreleur.jpg\" \/>\n\t<meta property=\"og:image:width\" content=\"1920\" \/>\n\t<meta property=\"og:image:height\" content=\"300\" \/>\n\t<meta property=\"og:image:type\" content=\"image\/jpeg\" \/>\n<meta name=\"twitter:card\" content=\"summary_large_image\" \/>\n<meta name=\"twitter:label1\" content=\"Dur\u00e9e de lecture estim\u00e9e\" \/>\n\t<meta name=\"twitter:data1\" content=\"4 minutes\" \/>\n<script type=\"application\/ld+json\" class=\"yoast-schema-graph\">{\"@context\":\"https:\\\/\\\/schema.org\",\"@graph\":[{\"@type\":\"WebPage\",\"@id\":\"https:\\\/\\\/www.artisanlocal.ch\\\/c\\\/vous-avez-besoin-dun-expert-de-la-pose-de-carrelage-a-epalinges\\\/\",\"url\":\"https:\\\/\\\/www.artisanlocal.ch\\\/c\\\/vous-avez-besoin-dun-expert-de-la-pose-de-carrelage-a-epalinges\\\/\",\"name\":\"Vous avez besoin d'un expert de la pose de carrelage \u00e0 Epalinges ? - Artisanlocal\",\"isPartOf\":{\"@id\":\"https:\\\/\\\/www.artisanlocal.ch\\\/c\\\/#website\"},\"primaryImageOfPage\":{\"@id\":\"https:\\\/\\\/www.artisanlocal.ch\\\/c\\\/vous-avez-besoin-dun-expert-de-la-pose-de-carrelage-a-epalinges\\\/#primaryimage\"},\"image\":{\"@id\":\"https:\\\/\\\/www.artisanlocal.ch\\\/c\\\/vous-avez-besoin-dun-expert-de-la-pose-de-carrelage-a-epalinges\\\/#primaryimage\"},\"thumbnailUrl\":\"https:\\\/\\\/www.artisanlocal.ch\\\/c\\\/wp-content\\\/uploads\\\/2024\\\/11\\\/carreleur.jpg\",\"datePublished\":\"2024-04-21T16:07:38+00:00\",\"dateModified\":\"2025-08-26T17:29:20+00:00\",\"breadcrumb\":{\"@id\":\"https:\\\/\\\/www.artisanlocal.ch\\\/c\\\/vous-avez-besoin-dun-expert-de-la-pose-de-carrelage-a-epalinges\\\/#breadcrumb\"},\"inLanguage\":\"fr-FR\",\"potentialAction\":[{\"@type\":\"ReadAction\",\"target\":[\"https:\\\/\\\/www.artisanlocal.ch\\\/c\\\/vous-avez-besoin-dun-expert-de-la-pose-de-carrelage-a-epalinges\\\/\"]}]},{\"@type\":\"ImageObject\",\"inLanguage\":\"fr-FR\",\"@id\":\"https:\\\/\\\/www.artisanlocal.ch\\\/c\\\/vous-avez-besoin-dun-expert-de-la-pose-de-carrelage-a-epalinges\\\/#primaryimage\",\"url\":\"https:\\\/\\\/www.artisanlocal.ch\\\/c\\\/wp-content\\\/uploads\\\/2024\\\/11\\\/carreleur.jpg\",\"contentUrl\":\"https:\\\/\\\/www.artisanlocal.ch\\\/c\\\/wp-content\\\/uploads\\\/2024\\\/11\\\/carreleur.jpg\",\"width\":1920,\"height\":300},{\"@type\":\"BreadcrumbList\",\"@id\":\"https:\\\/\\\/www.artisanlocal.ch\\\/c\\\/vous-avez-besoin-dun-expert-de-la-pose-de-carrelage-a-epalinges\\\/#breadcrumb\",\"itemListElement\":[{\"@type\":\"ListItem\",\"position\":1,\"name\":\"Accueil\",\"item\":\"https:\\\/\\\/www.artisanlocal.ch\\\/c\\\/\"},{\"@type\":\"ListItem\",\"position\":2,\"name\":\"Vous avez besoin d&rsquo;un expert de la pose de carrelage \u00e0 Epalinges ?\"}]},{\"@type\":\"WebSite\",\"@id\":\"https:\\\/\\\/www.artisanlocal.ch\\\/c\\\/#website\",\"url\":\"https:\\\/\\\/www.artisanlocal.ch\\\/c\\\/\",\"name\":\"Artisanlocal\",\"description\":\"\",\"publisher\":{\"@id\":\"https:\\\/\\\/www.artisanlocal.ch\\\/c\\\/#organization\"},\"potentialAction\":[{\"@type\":\"SearchAction\",\"target\":{\"@type\":\"EntryPoint\",\"urlTemplate\":\"https:\\\/\\\/www.artisanlocal.ch\\\/c\\\/?s={search_term_string}\"},\"query-input\":{\"@type\":\"PropertyValueSpecification\",\"valueRequired\":true,\"valueName\":\"search_term_string\"}}],\"inLanguage\":\"fr-FR\"},{\"@type\":\"Organization\",\"@id\":\"https:\\\/\\\/www.artisanlocal.ch\\\/c\\\/#organization\",\"name\":\"Artisanlocal\",\"url\":\"https:\\\/\\\/www.artisanlocal.ch\\\/c\\\/\",\"logo\":{\"@type\":\"ImageObject\",\"inLanguage\":\"fr-FR\",\"@id\":\"https:\\\/\\\/www.artisanlocal.ch\\\/c\\\/#\\\/schema\\\/logo\\\/image\\\/\",\"url\":\"https:\\\/\\\/www.artisanlocal.ch\\\/c\\\/wp-content\\\/uploads\\\/2024\\\/02\\\/logo-artisanlocal-h.svg\",\"contentUrl\":\"https:\\\/\\\/www.artisanlocal.ch\\\/c\\\/wp-content\\\/uploads\\\/2024\\\/02\\\/logo-artisanlocal-h.svg\",\"caption\":\"Artisanlocal\"},\"image\":{\"@id\":\"https:\\\/\\\/www.artisanlocal.ch\\\/c\\\/#\\\/schema\\\/logo\\\/image\\\/\"}}]}<\/script>\n<!-- \/ Yoast SEO Premium plugin. -->","yoast_head_json":{"title":"Vous avez besoin d'un expert de la pose de carrelage \u00e0 Epalinges ? - Artisanlocal","robots":{"index":"index","follow":"follow","max-snippet":"max-snippet:-1","max-image-preview":"max-image-preview:large","max-video-preview":"max-video-preview:-1"},"canonical":"https:\/\/www.artisanlocal.ch\/c\/vous-avez-besoin-dun-expert-de-la-pose-de-carrelage-a-epalinges\/","og_locale":"fr_FR","og_type":"article","og_title":"Vous avez besoin d'un expert de la pose de carrelage \u00e0 Epalinges ?","og_description":"Besoin d&rsquo;obtenir des estimations en ligne, contactez-nous. Notre entreprise Artisanlocal offre des services en pose de carreaux classiques, de dosseret de cuisine, de carreaux \u00e0 l&rsquo;int\u00e9rieur de votre salle de bain ou sur votre sol ! Nous nous d\u00e9pla\u00e7ons aussi dans les villes \u00e0 proximit\u00e9 de Epalinges. Quelle est la plus-value qu&rsquo;offre notre soci\u00e9t\u00e9 ? [&hellip;]","og_url":"https:\/\/www.artisanlocal.ch\/c\/vous-avez-besoin-dun-expert-de-la-pose-de-carrelage-a-epalinges\/","og_site_name":"Artisanlocal","article_modified_time":"2025-08-26T17:29:20+00:00","og_image":[{"width":1920,"height":300,"url":"https:\/\/www.artisanlocal.ch\/c\/wp-content\/uploads\/2024\/11\/carreleur.jpg","type":"image\/jpeg"}],"twitter_card":"summary_large_image","twitter_misc":{"Dur\u00e9e de lecture estim\u00e9e":"4 minutes"},"schema":{"@context":"https:\/\/schema.org","@graph":[{"@type":"WebPage","@id":"https:\/\/www.artisanlocal.ch\/c\/vous-avez-besoin-dun-expert-de-la-pose-de-carrelage-a-epalinges\/","url":"https:\/\/www.artisanlocal.ch\/c\/vous-avez-besoin-dun-expert-de-la-pose-de-carrelage-a-epalinges\/","name":"Vous avez besoin d'un expert de la pose de carrelage \u00e0 Epalinges ? - Artisanlocal","isPartOf":{"@id":"https:\/\/www.artisanlocal.ch\/c\/#website"},"primaryImageOfPage":{"@id":"https:\/\/www.artisanlocal.ch\/c\/vous-avez-besoin-dun-expert-de-la-pose-de-carrelage-a-epalinges\/#primaryimage"},"image":{"@id":"https:\/\/www.artisanlocal.ch\/c\/vous-avez-besoin-dun-expert-de-la-pose-de-carrelage-a-epalinges\/#primaryimage"},"thumbnailUrl":"https:\/\/www.artisanlocal.ch\/c\/wp-content\/uploads\/2024\/11\/carreleur.jpg","datePublished":"2024-04-21T16:07:38+00:00","dateModified":"2025-08-26T17:29:20+00:00","breadcrumb":{"@id":"https:\/\/www.artisanlocal.ch\/c\/vous-avez-besoin-dun-expert-de-la-pose-de-carrelage-a-epalinges\/#breadcrumb"},"inLanguage":"fr-FR","potentialAction":[{"@type":"ReadAction","target":["https:\/\/www.artisanlocal.ch\/c\/vous-avez-besoin-dun-expert-de-la-pose-de-carrelage-a-epalinges\/"]}]},{"@type":"ImageObject","inLanguage":"fr-FR","@id":"https:\/\/www.artisanlocal.ch\/c\/vous-avez-besoin-dun-expert-de-la-pose-de-carrelage-a-epalinges\/#primaryimage","url":"https:\/\/www.artisanlocal.ch\/c\/wp-content\/uploads\/2024\/11\/carreleur.jpg","contentUrl":"https:\/\/www.artisanlocal.ch\/c\/wp-content\/uploads\/2024\/11\/carreleur.jpg","width":1920,"height":300},{"@type":"BreadcrumbList","@id":"https:\/\/www.artisanlocal.ch\/c\/vous-avez-besoin-dun-expert-de-la-pose-de-carrelage-a-epalinges\/#breadcrumb","itemListElement":[{"@type":"ListItem","position":1,"name":"Accueil","item":"https:\/\/www.artisanlocal.ch\/c\/"},{"@type":"ListItem","position":2,"name":"Vous avez besoin d&rsquo;un expert de la pose de carrelage \u00e0 Epalinges ?"}]},{"@type":"WebSite","@id":"https:\/\/www.artisanlocal.ch\/c\/#website","url":"https:\/\/www.artisanlocal.ch\/c\/","name":"Artisanlocal","description":"","publisher":{"@id":"https:\/\/www.artisanlocal.ch\/c\/#organization"},"potentialAction":[{"@type":"SearchAction","target":{"@type":"EntryPoint","urlTemplate":"https:\/\/www.artisanlocal.ch\/c\/?s={search_term_string}"},"query-input":{"@type":"PropertyValueSpecification","valueRequired":true,"valueName":"search_term_string"}}],"inLanguage":"fr-FR"},{"@type":"Organization","@id":"https:\/\/www.artisanlocal.ch\/c\/#organization","name":"Artisanlocal","url":"https:\/\/www.artisanlocal.ch\/c\/","logo":{"@type":"ImageObject","inLanguage":"fr-FR","@id":"https:\/\/www.artisanlocal.ch\/c\/#\/schema\/logo\/image\/","url":"https:\/\/www.artisanlocal.ch\/c\/wp-content\/uploads\/2024\/02\/logo-artisanlocal-h.svg","contentUrl":"https:\/\/www.artisanlocal.ch\/c\/wp-content\/uploads\/2024\/02\/logo-artisanlocal-h.svg","caption":"Artisanlocal"},"image":{"@id":"https:\/\/www.artisanlocal.ch\/c\/#\/schema\/logo\/image\/"}}]}},"_links":{"self":[{"href":"https:\/\/www.artisanlocal.ch\/c\/wp-json\/wp\/v2\/pages\/596","targetHints":{"allow":["GET"]}}],"collection":[{"href":"https:\/\/www.artisanlocal.ch\/c\/wp-json\/wp\/v2\/pages"}],"about":[{"href":"https:\/\/www.artisanlocal.ch\/c\/wp-json\/wp\/v2\/types\/page"}],"author":[{"embeddable":true,"href":"https:\/\/www.artisanlocal.ch\/c\/wp-json\/wp\/v2\/users\/4"}],"replies":[{"embeddable":true,"href":"https:\/\/www.artisanlocal.ch\/c\/wp-json\/wp\/v2\/comments?post=596"}],"version-history":[{"count":0,"href":"https:\/\/www.artisanlocal.ch\/c\/wp-json\/wp\/v2\/pages\/596\/revisions"}],"wp:featuredmedia":[{"embeddable":true,"href":"https:\/\/www.artisanlocal.ch\/c\/wp-json\/wp\/v2\/media\/2804"}],"wp:attachment":[{"href":"https:\/\/www.artisanlocal.ch\/c\/wp-json\/wp\/v2\/media?parent=596"}],"wp:term":[{"taxonomy":"profession","embeddable":true,"href":"https:\/\/www.artisanlocal.ch\/c\/wp-json\/wp\/v2\/profession?post=596"},{"taxonomy":"location","embeddable":true,"href":"https:\/\/www.artisanlocal.ch\/c\/wp-json\/wp\/v2\/location?post=596"},{"taxonomy":"canton","embeddable":true,"href":"https:\/\/www.artisanlocal.ch\/c\/wp-json\/wp\/v2\/canton?post=596"}],"curies":[{"name":"wp","href":"https:\/\/api.w.org\/{rel}","templated":true}]}}