{"id":615,"date":"2024-04-21T10:33:40","date_gmt":"2024-04-21T08:33:40","guid":{"rendered":"https:\/\/www.artisanlocal.ch\/c\/besoin-dun-expert-pour-linstallation-de-votre-carrelage-a-montreux\/"},"modified":"2025-08-26T19:29:28","modified_gmt":"2025-08-26T17:29:28","slug":"besoin-dun-expert-pour-linstallation-de-votre-carrelage-a-montreux","status":"publish","type":"page","link":"https:\/\/www.artisanlocal.ch\/c\/besoin-dun-expert-pour-linstallation-de-votre-carrelage-a-montreux\/","title":{"rendered":"Besoin d&rsquo;un expert pour l&rsquo;installation de votre carrelage \u00e0 Montreux ?"},"content":{"rendered":"<p>Pour recevoir des estimations en ligne, contactez-nous. Artisanlocal propose des prestations de pose de carrelage pour r\u00e9pondre \u00e0 tous vos besoins de pose de carrelage classique, de dosseret de cuisine, de carrelage \u00e0 l&rsquo;int\u00e9rieur de votre salle d&rsquo;eau ou sur votre plancher ! Nous proposons \u00e0 notre client\u00e8le nos services dans les localit\u00e9s proches de Montreux.<\/p>\n\r\n<div class=\"box\">\r\n            <div class=\"company-info\">\r\n            <img decoding=\"async\" class=\"company-info__logo\" src=\"https:\/\/www.artisanlocal.ch\/media\/cache\/thumb\/images\/companies\/favre-carrelage.jpg\" alt=\"Logo\">\r\n            <h2 class=\"company-info__name\">Favre Carrelage<\/h2>\r\n            <p class=\"company-info__business\">Entreprise de carrelage - Pierres naturelles - Terrasse - Salle de bain - Vente - Pose - Conseils personnalis\u00e9s - \u00c9tude - D\u00e9pannage<\/p>\r\n        <\/div>\r\n        <div class=\"company-contact\">\r\n            <p class=\"company-info__address\">Chemin de Saudex 11<\/p>\r\n                            <div class=\"links\">\r\n                                            <a class=\"btn has-accent-background-color js-phoneNumber\" href=\"tel:0793741776\" title=\"Appelez\" data-id=\"1982\" data-type=\"11\">079 374 17 76<\/a>\r\n                                                                <a class=\"btn has-accent-background-color\" href=\"https:\/\/www.favre-carrelage.ch\/\" target=\"_blank\" title=\"Voir le site internet\" data-id=\"1982\" data-type=\"20\">Site internet<\/a>\r\n                                    <\/div>\r\n                    <\/div>\r\n    \r\n            \r\n<form action=\"https:\/\/www.artisanlocal.ch\/c\/wp-admin\/admin-ajax.php\" method=\"post\" class=\"form-contact\" id=\"artisan_form_contact_company_inline\">\r\n    <div><input type=\"hidden\" name=\"action\" value=\"company_contact\"><\/div>\r\n    <div><input type=\"hidden\" name=\"nonce\" value=\"1dbf28e6f0\"><\/div>\r\n    <div><input type=\"hidden\" name=\"company_id\" value=\"1982\"><\/div>\r\n    <div><input type=\"hidden\" name=\"form_id\" value=\"artisan_form_contact_company_inline\"><\/div>\r\n    <div class=\"gglcptch gglcptch_v3 gglcptch_custom\"><input type=\"hidden\" id=\"g-recaptcha-response\" name=\"g-recaptcha-response\" \/><br \/><div class=\"gglcptch_error_text\">La p\u00e9riode de v\u00e9rification reCAPTCHA a expir\u00e9. Veuillez recharger la page.<\/div><\/div>    <div class=\"form-content\">\r\n        <div class=\"form-group\">\r\n            <label for=\"contact_firstName\" class=\"required\">Pr\u00e9nom<\/label>\r\n            <input type=\"text\" name=\"firstName\" class=\"form-control\" required>\r\n        <\/div>\r\n        <div class=\"form-group\">\r\n            <label for=\"contact_lastName\" class=\"required\">Nom<\/label>\r\n            <input type=\"text\" name=\"lastName\" class=\"form-control\" required>\r\n        <\/div>\r\n        <div class=\"form-group\">\r\n            <label for=\"contact_email\" class=\"required\">Email<\/label>\r\n            <input type=\"email\" name=\"email\" class=\"form-control\" required>\r\n        <\/div>\r\n        <div class=\"form-group\">\r\n            <label for=\"contact_phone\" class=\"required\">Num\u00e9ro de t\u00e9l\u00e9phone<\/label>\r\n            <input type=\"tel\" name=\"phone\" class=\"form-control\" placeholder=\"0787117165\" pattern=\"^[0-9]{10}$\" required>\r\n        <\/div>\r\n        <div class=\"form-group\">\r\n            <label for=\"contact_postalCode\" class=\"required\">Code postal et localit\u00e9<\/label>\r\n            <input type=\"text\" name=\"postalCode\" class=\"form-control\" required>\r\n        <\/div>\r\n        <div class=\"form-group\">\r\n            <label for=\"contact_address\" class=\"required\">Adresse<\/label>\r\n            <input type=\"text\" name=\"address\" class=\"form-control\" required>\r\n        <\/div>\r\n        <div class=\"full-width topic\">\r\n            <p class=\"required\">Je souhaite \u00eatre contact\u00e9 pour :<\/p>\r\n            <div class=\"form-check\">\r\n                <input type=\"radio\" name=\"topic\" value=\"D\u00e9pannage\" class=\"form-control\" required>\r\n                <label for=\"d\u00e9pannage\">D\u00e9pannage<\/label>\r\n            <\/div>\r\n            <div class=\"form-check\">\r\n                <input type=\"radio\" name=\"topic\" value=\"Entretien\" class=\"form-control\" required>\r\n                <label for=\"entretien\">Entretien<\/label>\r\n            <\/div>\r\n            <div class=\"form-check\">\r\n                <input type=\"radio\" name=\"topic\" value=\"R\u00e9novation\" class=\"form-control\" required>\r\n                <label for=\"r\u00e9novation\">R\u00e9novation<\/label>\r\n            <\/div>\r\n            <div class=\"form-check\">\r\n                <input type=\"radio\" name=\"topic\" value=\"Autre\" class=\"form-control\" required>\r\n                <label for=\"autre\">Autre<\/label>\r\n            <\/div>\r\n        <\/div>\r\n        <div class=\"form-group full-width\">\r\n            <label for=\"contact_message\">Message<\/label>\r\n            <textarea name=\"message\" rows=\"3\" class=\"form-control\"><\/textarea>\r\n        <\/div>\r\n    <\/div>\r\n    <div class=\"form-actions\">\r\n        <button class=\"wp-block-button__link has-accent-background-color\">Contacter<\/button>\r\n    <\/div>\r\n<\/form>\r\n<div class=\"form-feedback\"><\/div>    <\/div>\n<h2>Quels sont les avantages qu&rsquo;offre notre entreprise ?<\/h2>\n<p>Pour tout projet de pose de carreaux \u00e0 Montreux, faites confiance \u00e0 Artisanlocal, choisissez notre entreprise, car :<\/p>\n<ul>\n<li>nous proposons un bon rapport qualit\u00e9-prix,<\/li>\n<li>nos carrelages sont de qualit\u00e9s,<\/li>\n<li>notre soci\u00e9t\u00e9 est situ\u00e9e \u00e0 Montreux, et intervient en urgence \u00e0 votre domicile,<\/li>\n<li>nos recommandations sont individualis\u00e9es \u00e0 votre projet, par exemple : pour s\u00e9lectionner vos carreaux,<\/li>\n<li>nous offrons des devis gratuit,<\/li>\n<li>nous avons une \u00e9quipe exp\u00e9riment\u00e9e,<\/li>\n<li>une entreprise de confiance : nous intervenons dans des grands groupes et des cabinets d&rsquo;architectes pour installer du parquet, de la fa\u00efence, du carrelage ou des autres rev\u00eatements pour les sols.<\/li>\n<\/ul>\n<h2>Contactez-nous d\u00e8s aujourd&rsquo;hui pour obtenir votre devis gratuit<\/h2>\n<p>Contactez-nous pour avoir une estimation, nous prendrons contact avec vous d\u00e8s que possible pour \u00e9valuer le co\u00fbt de votre projet.<\/p>\n<h2>Nos prestations<\/h2>\n<p>Nos sp\u00e9cialistes de la pose de carreaux \u00e0 Montreux proposent aux particuliers et aux professionnels, les prestations, comme :<\/p>\n<ul>\n<li>La pose de plusieurs types carreaux tels que le parquet, le carrelage classique et la fa\u00efence,<\/li>\n<li>des recommandations pour vous aider \u00e0 choisir vos carreaux,<\/li>\n<li>la mise en place de vos carreaux,<\/li>\n<li>l&rsquo;application de joint pour carrelage,<\/li>\n<li>l&rsquo;application du carrelage sur les sols et les parois,<\/li>\n<li>l&rsquo;installation de carrelage pour les zones int\u00e9rieures et ext\u00e9rieures de votre maison,<\/li>\n<li>le retrait de vos carreaux existants,<\/li>\n<li>l&rsquo;enl\u00e8vement du plancher flottant,<\/li>\n<li>la pose du carrelage sur votre terrasse.<\/li>\n<\/ul>\n<h2>Comment choisir le carrelage qui vous convient ?<\/h2>\n<h3>Songer \u00e0 l&#8217;emplacement o\u00f9 le carrelage sera pos\u00e9<\/h3>\n<p>\u00c9tudiez bien l&#8217;emplacement et la fr\u00e9quence \u00e0 laquelle le carreau sera soumis \u00e0 l&rsquo;usure, sera-t-il dans un espace \u00e0 fort passage pi\u00e9tonnier? D&rsquo;ailleurs, marchera-t-on sur le carrelage en chaussures ou en chaussettes? Sera-t-il en contact avec l&rsquo;humidit\u00e9? Pensez aussi aux espaces qu&rsquo;il couvrira, tel que les murs, les plans de travail de cuisine, les sols, etc.<\/p>\n<h3>Calculez le volume de carreaux<\/h3>\n<p>Pour calculer le nombre de carreaux n\u00e9cessaires pour votre habitation, multipliez sa largeur par sa longueur et rajoutez \u00e0 peu pr\u00e8s 5 % pour garder une marge de s\u00e9curit\u00e9. Nous vous conseillons de conserver en stock des carreaux de mani\u00e8re \u00e0 r\u00e9parer d&rsquo;\u00e9ventuels dommages.<\/p>\n<h3>Choisissez le bon mat\u00e9riau<\/h3>\n<p>Il existe divers mat\u00e9riaux \u00e0 partir desquels les carreaux peuvent \u00eatre fabriqu\u00e9s, le type de mat\u00e9riaux a un effet sur : le co\u00fbt de l&rsquo;entretien, l&rsquo;apparence et la durabilit\u00e9. D&rsquo;autre part, il faut tenir compte de la texture et des finitions pour choisir les meilleurs carreaux potentiel.<\/p>\n<h3>Entretien<\/h3>\n<p>Il faut prendre en consid\u00e9ration le niveau d&rsquo;entretien lors du choix de vos carreaux, notamment : le scellement du carrelage avec un joint clair r\u00e9clame un entretien plus long, parce qu&rsquo;il accumule \u00e0 toute vitesse la poussi\u00e8re, le rendent plus complexe \u00e0 nettoyer que d&rsquo;autres teintes.<\/p>\n<h2>Contacter notre entreprise Artisanlocal pour obtenir un rendez-vous<\/h2>\n<p>Nos experts de la pose de carrelage \u00e0 Montreux savent que le choix des carreaux peut-\u00eatre compliqu\u00e9e, c&rsquo;est pourquoi nous sommes disponibles du lundi au samedi de fa\u00e7on \u00e0 r\u00e9pondre \u00e0 vos probl\u00e9matiques.<\/p>\n<h2>FAQ<\/h2>\n<h3>Comment fonctionne votre soci\u00e9t\u00e9 ?<\/h3>\n<ol>\n<li>Prise de contact par t\u00e9l\u00e9phone ou par email.<\/li>\n<li>Nous planifions ensemble le rendez-vous en fonction de votre agenda.<\/li>\n<li>Nous nous d\u00e9pla\u00e7ons \u00e0 votre foyer pour calculer le total de carrelages \u00e0 installer.<\/li>\n<li>D\u00e9marrage de votre projet.<\/li>\n<\/ol>\n<h3>Op\u00e9rez-vous dans les localit\u00e9s \u00e0 proximit\u00e9 de Montreux ?<\/h3>\n<p>Oui, nous intervenons \u00e0 Montreux, mais aussi dans les communes aux environs, tels que:<\/p>\nPuidoux, Chexbres, Rivaz, St-Saphorin (Lavaux), Aran, Chenaux, Grandvaux, Cully, Villette (Lavaux), Riex, Epesses, Vevey, Le Mont-P\u00e8lerin, Corseaux, Chardonne, Corsier-sur-Vevey, Jongny, St-L\u00e9gier-La Chi\u00e9saz, Blonay, Les Monts-de-Corsier, Fenil-sur-Corsier, La Tour-de-Peilz, Clarens, Chailly-Montreux, Brent, Territet, Veytaux, Chernex, Glion, Caux, Chamby, Villard-sur-Chamby, Les Avants.\n<\/p>\n<h3>Vous installez quels types de carrelages le plus g\u00e9n\u00e9ralement\u202f?<\/h3>\n<p>Nous installons les carrelages recherch\u00e9s, comme:<\/p>\n<ul>\n<li>Les carreaux mosa\u00efques : v\u00e9ritable succ\u00e8s, ils ajoutent un style original \u00e0 votre int\u00e9rieur.<\/li>\n<li>Les carrelages de m\u00e9tro blancs : embl\u00e9matiques, nous les recommandons pour votre r\u00e9novation de salle de bain ou de votre cuisine.<\/li>\n<li>Les carreaux de marbre : ils sont plus chers, mais ils permettent d\u2019ajouter une touche luxe \u00e0 votre int\u00e9rieur.<\/li>\n<li>Les carreaux en c\u00e9ramique : ils sont \u00e9conomiques, simples \u00e0 nettoyer et ils existent dans de nombreux variantes.<\/li>\n<li>Les carrelages ciments : traditionnel, il permet d&rsquo;all\u00e9ger la d\u00e9co d&rsquo;un int\u00e9rieur.<\/li>\n<li>Les carreaux de porcelaine : comparable aux surfaces naturelles, il est r\u00e9sistant aux coups, changement de climat.<\/li>\n<\/ul>\n","protected":false},"excerpt":{"rendered":"<p>Pour recevoir des estimations en ligne, contactez-nous. Artisanlocal propose des prestations de pose de carrelage pour r\u00e9pondre \u00e0 tous vos besoins de pose de carrelage classique, de dosseret de cuisine, de carrelage \u00e0 l&rsquo;int\u00e9rieur de votre salle d&rsquo;eau ou sur votre plancher ! Nous proposons \u00e0 notre client\u00e8le nos services dans les localit\u00e9s proches de [&hellip;]<\/p>\n","protected":false},"author":4,"featured_media":2804,"parent":0,"menu_order":0,"comment_status":"closed","ping_status":"closed","template":"","meta":{"footnotes":""},"profession":[119],"location":[17],"canton":[113],"class_list":["post-615","page","type-page","status-publish","has-post-thumbnail","hentry","profession-carreleur","location-montreux","canton-vd"],"yoast_head":"<!-- This site is optimized with the Yoast SEO Premium plugin v25.7.1 (Yoast SEO v27.3) - https:\/\/yoast.com\/product\/yoast-seo-premium-wordpress\/ -->\n<title>Besoin d&#039;un expert pour l&#039;installation de votre carrelage \u00e0 Montreux ? - Artisanlocal<\/title>\n<meta name=\"robots\" content=\"index, follow, max-snippet:-1, max-image-preview:large, max-video-preview:-1\" \/>\n<link rel=\"canonical\" href=\"https:\/\/www.artisanlocal.ch\/c\/besoin-dun-expert-pour-linstallation-de-votre-carrelage-a-montreux\/\" \/>\n<meta property=\"og:locale\" content=\"fr_FR\" \/>\n<meta property=\"og:type\" content=\"article\" \/>\n<meta property=\"og:title\" content=\"Besoin d&#039;un expert pour l&#039;installation de votre carrelage \u00e0 Montreux ?\" \/>\n<meta property=\"og:description\" content=\"Pour recevoir des estimations en ligne, contactez-nous. Artisanlocal propose des prestations de pose de carrelage pour r\u00e9pondre \u00e0 tous vos besoins de pose de carrelage classique, de dosseret de cuisine, de carrelage \u00e0 l&rsquo;int\u00e9rieur de votre salle d&rsquo;eau ou sur votre plancher ! Nous proposons \u00e0 notre client\u00e8le nos services dans les localit\u00e9s proches de [&hellip;]\" \/>\n<meta property=\"og:url\" content=\"https:\/\/www.artisanlocal.ch\/c\/besoin-dun-expert-pour-linstallation-de-votre-carrelage-a-montreux\/\" \/>\n<meta property=\"og:site_name\" content=\"Artisanlocal\" \/>\n<meta property=\"article:modified_time\" content=\"2025-08-26T17:29:28+00:00\" \/>\n<meta property=\"og:image\" content=\"https:\/\/www.artisanlocal.ch\/c\/wp-content\/uploads\/2024\/11\/carreleur.jpg\" \/>\n\t<meta property=\"og:image:width\" content=\"1920\" \/>\n\t<meta property=\"og:image:height\" content=\"300\" \/>\n\t<meta property=\"og:image:type\" content=\"image\/jpeg\" \/>\n<meta name=\"twitter:card\" content=\"summary_large_image\" \/>\n<meta name=\"twitter:label1\" content=\"Dur\u00e9e de lecture estim\u00e9e\" \/>\n\t<meta name=\"twitter:data1\" content=\"4 minutes\" \/>\n<script type=\"application\/ld+json\" class=\"yoast-schema-graph\">{\"@context\":\"https:\\\/\\\/schema.org\",\"@graph\":[{\"@type\":\"WebPage\",\"@id\":\"https:\\\/\\\/www.artisanlocal.ch\\\/c\\\/besoin-dun-expert-pour-linstallation-de-votre-carrelage-a-montreux\\\/\",\"url\":\"https:\\\/\\\/www.artisanlocal.ch\\\/c\\\/besoin-dun-expert-pour-linstallation-de-votre-carrelage-a-montreux\\\/\",\"name\":\"Besoin d'un expert pour l'installation de votre carrelage \u00e0 Montreux ? - Artisanlocal\",\"isPartOf\":{\"@id\":\"https:\\\/\\\/www.artisanlocal.ch\\\/c\\\/#website\"},\"primaryImageOfPage\":{\"@id\":\"https:\\\/\\\/www.artisanlocal.ch\\\/c\\\/besoin-dun-expert-pour-linstallation-de-votre-carrelage-a-montreux\\\/#primaryimage\"},\"image\":{\"@id\":\"https:\\\/\\\/www.artisanlocal.ch\\\/c\\\/besoin-dun-expert-pour-linstallation-de-votre-carrelage-a-montreux\\\/#primaryimage\"},\"thumbnailUrl\":\"https:\\\/\\\/www.artisanlocal.ch\\\/c\\\/wp-content\\\/uploads\\\/2024\\\/11\\\/carreleur.jpg\",\"datePublished\":\"2024-04-21T08:33:40+00:00\",\"dateModified\":\"2025-08-26T17:29:28+00:00\",\"breadcrumb\":{\"@id\":\"https:\\\/\\\/www.artisanlocal.ch\\\/c\\\/besoin-dun-expert-pour-linstallation-de-votre-carrelage-a-montreux\\\/#breadcrumb\"},\"inLanguage\":\"fr-FR\",\"potentialAction\":[{\"@type\":\"ReadAction\",\"target\":[\"https:\\\/\\\/www.artisanlocal.ch\\\/c\\\/besoin-dun-expert-pour-linstallation-de-votre-carrelage-a-montreux\\\/\"]}]},{\"@type\":\"ImageObject\",\"inLanguage\":\"fr-FR\",\"@id\":\"https:\\\/\\\/www.artisanlocal.ch\\\/c\\\/besoin-dun-expert-pour-linstallation-de-votre-carrelage-a-montreux\\\/#primaryimage\",\"url\":\"https:\\\/\\\/www.artisanlocal.ch\\\/c\\\/wp-content\\\/uploads\\\/2024\\\/11\\\/carreleur.jpg\",\"contentUrl\":\"https:\\\/\\\/www.artisanlocal.ch\\\/c\\\/wp-content\\\/uploads\\\/2024\\\/11\\\/carreleur.jpg\",\"width\":1920,\"height\":300},{\"@type\":\"BreadcrumbList\",\"@id\":\"https:\\\/\\\/www.artisanlocal.ch\\\/c\\\/besoin-dun-expert-pour-linstallation-de-votre-carrelage-a-montreux\\\/#breadcrumb\",\"itemListElement\":[{\"@type\":\"ListItem\",\"position\":1,\"name\":\"Accueil\",\"item\":\"https:\\\/\\\/www.artisanlocal.ch\\\/c\\\/\"},{\"@type\":\"ListItem\",\"position\":2,\"name\":\"Besoin d&rsquo;un expert pour l&rsquo;installation de votre carrelage \u00e0 Montreux ?\"}]},{\"@type\":\"WebSite\",\"@id\":\"https:\\\/\\\/www.artisanlocal.ch\\\/c\\\/#website\",\"url\":\"https:\\\/\\\/www.artisanlocal.ch\\\/c\\\/\",\"name\":\"Artisanlocal\",\"description\":\"\",\"publisher\":{\"@id\":\"https:\\\/\\\/www.artisanlocal.ch\\\/c\\\/#organization\"},\"potentialAction\":[{\"@type\":\"SearchAction\",\"target\":{\"@type\":\"EntryPoint\",\"urlTemplate\":\"https:\\\/\\\/www.artisanlocal.ch\\\/c\\\/?s={search_term_string}\"},\"query-input\":{\"@type\":\"PropertyValueSpecification\",\"valueRequired\":true,\"valueName\":\"search_term_string\"}}],\"inLanguage\":\"fr-FR\"},{\"@type\":\"Organization\",\"@id\":\"https:\\\/\\\/www.artisanlocal.ch\\\/c\\\/#organization\",\"name\":\"Artisanlocal\",\"url\":\"https:\\\/\\\/www.artisanlocal.ch\\\/c\\\/\",\"logo\":{\"@type\":\"ImageObject\",\"inLanguage\":\"fr-FR\",\"@id\":\"https:\\\/\\\/www.artisanlocal.ch\\\/c\\\/#\\\/schema\\\/logo\\\/image\\\/\",\"url\":\"https:\\\/\\\/www.artisanlocal.ch\\\/c\\\/wp-content\\\/uploads\\\/2024\\\/02\\\/logo-artisanlocal-h.svg\",\"contentUrl\":\"https:\\\/\\\/www.artisanlocal.ch\\\/c\\\/wp-content\\\/uploads\\\/2024\\\/02\\\/logo-artisanlocal-h.svg\",\"caption\":\"Artisanlocal\"},\"image\":{\"@id\":\"https:\\\/\\\/www.artisanlocal.ch\\\/c\\\/#\\\/schema\\\/logo\\\/image\\\/\"}}]}<\/script>\n<!-- \/ Yoast SEO Premium plugin. -->","yoast_head_json":{"title":"Besoin d'un expert pour l'installation de votre carrelage \u00e0 Montreux ? - Artisanlocal","robots":{"index":"index","follow":"follow","max-snippet":"max-snippet:-1","max-image-preview":"max-image-preview:large","max-video-preview":"max-video-preview:-1"},"canonical":"https:\/\/www.artisanlocal.ch\/c\/besoin-dun-expert-pour-linstallation-de-votre-carrelage-a-montreux\/","og_locale":"fr_FR","og_type":"article","og_title":"Besoin d'un expert pour l'installation de votre carrelage \u00e0 Montreux ?","og_description":"Pour recevoir des estimations en ligne, contactez-nous. Artisanlocal propose des prestations de pose de carrelage pour r\u00e9pondre \u00e0 tous vos besoins de pose de carrelage classique, de dosseret de cuisine, de carrelage \u00e0 l&rsquo;int\u00e9rieur de votre salle d&rsquo;eau ou sur votre plancher ! Nous proposons \u00e0 notre client\u00e8le nos services dans les localit\u00e9s proches de [&hellip;]","og_url":"https:\/\/www.artisanlocal.ch\/c\/besoin-dun-expert-pour-linstallation-de-votre-carrelage-a-montreux\/","og_site_name":"Artisanlocal","article_modified_time":"2025-08-26T17:29:28+00:00","og_image":[{"width":1920,"height":300,"url":"https:\/\/www.artisanlocal.ch\/c\/wp-content\/uploads\/2024\/11\/carreleur.jpg","type":"image\/jpeg"}],"twitter_card":"summary_large_image","twitter_misc":{"Dur\u00e9e de lecture estim\u00e9e":"4 minutes"},"schema":{"@context":"https:\/\/schema.org","@graph":[{"@type":"WebPage","@id":"https:\/\/www.artisanlocal.ch\/c\/besoin-dun-expert-pour-linstallation-de-votre-carrelage-a-montreux\/","url":"https:\/\/www.artisanlocal.ch\/c\/besoin-dun-expert-pour-linstallation-de-votre-carrelage-a-montreux\/","name":"Besoin d'un expert pour l'installation de votre carrelage \u00e0 Montreux ? - Artisanlocal","isPartOf":{"@id":"https:\/\/www.artisanlocal.ch\/c\/#website"},"primaryImageOfPage":{"@id":"https:\/\/www.artisanlocal.ch\/c\/besoin-dun-expert-pour-linstallation-de-votre-carrelage-a-montreux\/#primaryimage"},"image":{"@id":"https:\/\/www.artisanlocal.ch\/c\/besoin-dun-expert-pour-linstallation-de-votre-carrelage-a-montreux\/#primaryimage"},"thumbnailUrl":"https:\/\/www.artisanlocal.ch\/c\/wp-content\/uploads\/2024\/11\/carreleur.jpg","datePublished":"2024-04-21T08:33:40+00:00","dateModified":"2025-08-26T17:29:28+00:00","breadcrumb":{"@id":"https:\/\/www.artisanlocal.ch\/c\/besoin-dun-expert-pour-linstallation-de-votre-carrelage-a-montreux\/#breadcrumb"},"inLanguage":"fr-FR","potentialAction":[{"@type":"ReadAction","target":["https:\/\/www.artisanlocal.ch\/c\/besoin-dun-expert-pour-linstallation-de-votre-carrelage-a-montreux\/"]}]},{"@type":"ImageObject","inLanguage":"fr-FR","@id":"https:\/\/www.artisanlocal.ch\/c\/besoin-dun-expert-pour-linstallation-de-votre-carrelage-a-montreux\/#primaryimage","url":"https:\/\/www.artisanlocal.ch\/c\/wp-content\/uploads\/2024\/11\/carreleur.jpg","contentUrl":"https:\/\/www.artisanlocal.ch\/c\/wp-content\/uploads\/2024\/11\/carreleur.jpg","width":1920,"height":300},{"@type":"BreadcrumbList","@id":"https:\/\/www.artisanlocal.ch\/c\/besoin-dun-expert-pour-linstallation-de-votre-carrelage-a-montreux\/#breadcrumb","itemListElement":[{"@type":"ListItem","position":1,"name":"Accueil","item":"https:\/\/www.artisanlocal.ch\/c\/"},{"@type":"ListItem","position":2,"name":"Besoin d&rsquo;un expert pour l&rsquo;installation de votre carrelage \u00e0 Montreux ?"}]},{"@type":"WebSite","@id":"https:\/\/www.artisanlocal.ch\/c\/#website","url":"https:\/\/www.artisanlocal.ch\/c\/","name":"Artisanlocal","description":"","publisher":{"@id":"https:\/\/www.artisanlocal.ch\/c\/#organization"},"potentialAction":[{"@type":"SearchAction","target":{"@type":"EntryPoint","urlTemplate":"https:\/\/www.artisanlocal.ch\/c\/?s={search_term_string}"},"query-input":{"@type":"PropertyValueSpecification","valueRequired":true,"valueName":"search_term_string"}}],"inLanguage":"fr-FR"},{"@type":"Organization","@id":"https:\/\/www.artisanlocal.ch\/c\/#organization","name":"Artisanlocal","url":"https:\/\/www.artisanlocal.ch\/c\/","logo":{"@type":"ImageObject","inLanguage":"fr-FR","@id":"https:\/\/www.artisanlocal.ch\/c\/#\/schema\/logo\/image\/","url":"https:\/\/www.artisanlocal.ch\/c\/wp-content\/uploads\/2024\/02\/logo-artisanlocal-h.svg","contentUrl":"https:\/\/www.artisanlocal.ch\/c\/wp-content\/uploads\/2024\/02\/logo-artisanlocal-h.svg","caption":"Artisanlocal"},"image":{"@id":"https:\/\/www.artisanlocal.ch\/c\/#\/schema\/logo\/image\/"}}]}},"_links":{"self":[{"href":"https:\/\/www.artisanlocal.ch\/c\/wp-json\/wp\/v2\/pages\/615","targetHints":{"allow":["GET"]}}],"collection":[{"href":"https:\/\/www.artisanlocal.ch\/c\/wp-json\/wp\/v2\/pages"}],"about":[{"href":"https:\/\/www.artisanlocal.ch\/c\/wp-json\/wp\/v2\/types\/page"}],"author":[{"embeddable":true,"href":"https:\/\/www.artisanlocal.ch\/c\/wp-json\/wp\/v2\/users\/4"}],"replies":[{"embeddable":true,"href":"https:\/\/www.artisanlocal.ch\/c\/wp-json\/wp\/v2\/comments?post=615"}],"version-history":[{"count":0,"href":"https:\/\/www.artisanlocal.ch\/c\/wp-json\/wp\/v2\/pages\/615\/revisions"}],"wp:featuredmedia":[{"embeddable":true,"href":"https:\/\/www.artisanlocal.ch\/c\/wp-json\/wp\/v2\/media\/2804"}],"wp:attachment":[{"href":"https:\/\/www.artisanlocal.ch\/c\/wp-json\/wp\/v2\/media?parent=615"}],"wp:term":[{"taxonomy":"profession","embeddable":true,"href":"https:\/\/www.artisanlocal.ch\/c\/wp-json\/wp\/v2\/profession?post=615"},{"taxonomy":"location","embeddable":true,"href":"https:\/\/www.artisanlocal.ch\/c\/wp-json\/wp\/v2\/location?post=615"},{"taxonomy":"canton","embeddable":true,"href":"https:\/\/www.artisanlocal.ch\/c\/wp-json\/wp\/v2\/canton?post=615"}],"curies":[{"name":"wp","href":"https:\/\/api.w.org\/{rel}","templated":true}]}}