{"id":631,"date":"2024-04-18T23:18:23","date_gmt":"2024-04-18T21:18:23","guid":{"rendered":"https:\/\/www.artisanlocal.ch\/c\/besoin-dun-chauffagiste-a-siviriez\/"},"modified":"2025-08-27T01:32:22","modified_gmt":"2025-08-26T23:32:22","slug":"besoin-dun-chauffagiste-a-siviriez","status":"publish","type":"page","link":"https:\/\/www.artisanlocal.ch\/c\/besoin-dun-chauffagiste-a-siviriez\/","title":{"rendered":"Besoin d&rsquo;un chauffagiste \u00e0 Siviriez ?"},"content":{"rendered":"<p>Besoin d&rsquo;un chauffagiste \u00e0 Siviriez ? Artisanlocal s&rsquo;occupe de la r\u00e9paration de votre chauffage et effectue l&rsquo;installation de votre chauffage \u00e0 Siviriez. En travaillant avec notre entreprise, vous profitez :<\/p>\n<ul>\n<li>de prix clair,<\/li>\n<li>de services de premier choix,<\/li>\n<li>de prestations \u00e0 Siviriez et dans les municipalit\u00e9s \u00e0 proximit\u00e9,<\/li>\n<li>d\u2019une \u00e9quipe avec de l&rsquo;exp\u00e9rience,<\/li>\n<li>de devis sans co\u00fbt,<\/li>\n<li>de techniciens disponibles du lundi au samedi afin de r\u00e9pondre \u00e0 toutes vos questions.<\/li>\n<\/ul>\n\r\n<div class=\"box\">\r\n            <div class=\"company-info\">\r\n            <img decoding=\"async\" class=\"company-info__logo\" src=\"https:\/\/www.artisanlocal.ch\/media\/cache\/thumb\/images\/companies\/68adb291661be133414561.png\" alt=\"Logo\">\r\n            <h2 class=\"company-info__name\">Lagger SA<\/h2>\r\n            <p class=\"company-info__business\">Chauffage - Ventilation - Sanitaire - Entretien - D\u00e9pannage - Services<\/p>\r\n        <\/div>\r\n        <div class=\"company-contact\">\r\n            <p class=\"company-info__address\">Route de Raboud 9<\/p>\r\n                            <div class=\"links\">\r\n                                            <a class=\"btn has-accent-background-color js-phoneNumber\" href=\"tel:0266522811\" title=\"Appelez\" data-id=\"3476\" data-type=\"11\">026 652 28 11<\/a>\r\n                                                                <a class=\"btn has-accent-background-color\" href=\"https:\/\/laggersa.ch\/\" target=\"_blank\" title=\"Voir le site internet\" data-id=\"3476\" data-type=\"20\">Site internet<\/a>\r\n                                    <\/div>\r\n                    <\/div>\r\n    \r\n            \r\n<form action=\"https:\/\/www.artisanlocal.ch\/c\/wp-admin\/admin-ajax.php\" method=\"post\" class=\"form-contact\" id=\"artisan_form_contact_company_inline\">\r\n    <div><input type=\"hidden\" name=\"action\" value=\"company_contact\"><\/div>\r\n    <div><input type=\"hidden\" name=\"nonce\" value=\"f071462bb9\"><\/div>\r\n    <div><input type=\"hidden\" name=\"company_id\" value=\"3476\"><\/div>\r\n    <div><input type=\"hidden\" name=\"form_id\" value=\"artisan_form_contact_company_inline\"><\/div>\r\n    <div class=\"gglcptch gglcptch_v3 gglcptch_custom\"><input type=\"hidden\" id=\"g-recaptcha-response\" name=\"g-recaptcha-response\" \/><br \/><div class=\"gglcptch_error_text\">La p\u00e9riode de v\u00e9rification reCAPTCHA a expir\u00e9. Veuillez recharger la page.<\/div><\/div>    <div class=\"form-content\">\r\n        <div class=\"form-group\">\r\n            <label for=\"contact_firstName\" class=\"required\">Pr\u00e9nom<\/label>\r\n            <input type=\"text\" name=\"firstName\" class=\"form-control\" required>\r\n        <\/div>\r\n        <div class=\"form-group\">\r\n            <label for=\"contact_lastName\" class=\"required\">Nom<\/label>\r\n            <input type=\"text\" name=\"lastName\" class=\"form-control\" required>\r\n        <\/div>\r\n        <div class=\"form-group\">\r\n            <label for=\"contact_email\" class=\"required\">Email<\/label>\r\n            <input type=\"email\" name=\"email\" class=\"form-control\" required>\r\n        <\/div>\r\n        <div class=\"form-group\">\r\n            <label for=\"contact_phone\" class=\"required\">Num\u00e9ro de t\u00e9l\u00e9phone<\/label>\r\n            <input type=\"tel\" name=\"phone\" class=\"form-control\" placeholder=\"0787117165\" pattern=\"^[0-9]{10}$\" required>\r\n        <\/div>\r\n        <div class=\"form-group\">\r\n            <label for=\"contact_postalCode\" class=\"required\">Code postal et localit\u00e9<\/label>\r\n            <input type=\"text\" name=\"postalCode\" class=\"form-control\" required>\r\n        <\/div>\r\n        <div class=\"form-group\">\r\n            <label for=\"contact_address\" class=\"required\">Adresse<\/label>\r\n            <input type=\"text\" name=\"address\" class=\"form-control\" required>\r\n        <\/div>\r\n        <div class=\"full-width topic\">\r\n            <p class=\"required\">Je souhaite \u00eatre contact\u00e9 pour :<\/p>\r\n            <div class=\"form-check\">\r\n                <input type=\"radio\" name=\"topic\" value=\"D\u00e9pannage\" class=\"form-control\" required>\r\n                <label for=\"d\u00e9pannage\">D\u00e9pannage<\/label>\r\n            <\/div>\r\n            <div class=\"form-check\">\r\n                <input type=\"radio\" name=\"topic\" value=\"Entretien\" class=\"form-control\" required>\r\n                <label for=\"entretien\">Entretien<\/label>\r\n            <\/div>\r\n            <div class=\"form-check\">\r\n                <input type=\"radio\" name=\"topic\" value=\"R\u00e9novation\" class=\"form-control\" required>\r\n                <label for=\"r\u00e9novation\">R\u00e9novation<\/label>\r\n            <\/div>\r\n            <div class=\"form-check\">\r\n                <input type=\"radio\" name=\"topic\" value=\"Autre\" class=\"form-control\" required>\r\n                <label for=\"autre\">Autre<\/label>\r\n            <\/div>\r\n        <\/div>\r\n        <div class=\"form-group full-width\">\r\n            <label for=\"contact_message\">Message<\/label>\r\n            <textarea name=\"message\" rows=\"3\" class=\"form-control\"><\/textarea>\r\n        <\/div>\r\n    <\/div>\r\n    <div class=\"form-actions\">\r\n        <button class=\"wp-block-button__link has-accent-background-color\">Contacter<\/button>\r\n    <\/div>\r\n<\/form>\r\n<div class=\"form-feedback\"><\/div>    <\/div>\n<h2>Pourquoi choisir Artisanlocal ?<\/h2>\n<p>\u00c9valuation rapide pour la mise en place ou le changement de votre chauffage : une fois que nous recevons votre demande de contact, notre technicien \u00e0 Siviriez vous contacte dans la journ\u00e9e.<\/p>\n<p>Visite \u00e0 votre domicile dans la journ\u00e9e : notre chauffagiste Siviriez se d\u00e9place \u00e0 votre domicile le jour m\u00eame afin d&rsquo;\u00e9valuer le co\u00fbt de votre chantier et v\u00e9rifier la viabilit\u00e9 de votre projet. Ensuite, vous recevez un devis d\u00e9taill\u00e9.<\/p>\n<p>Installation de votre chauffage en moins de 48 heures : une fois que vous avez valid\u00e9 le devis avec notre expert \u00e0 Siviriez. Nous planifierons avec vous la date d&rsquo;installation ou de r\u00e9paration de votre chauffage.<\/p>\n<p>Service de d\u00e9pannage et de maintenance : si votre syst\u00e8me de chauffage, chauffe-eau ou chaudi\u00e8re tombe en panne. Notre soci\u00e9t\u00e9 est joignable pour intervenir \u00e0 Siviriez et dans les villes \u00e0 proximit\u00e9.<\/p>\n<h2>Pourquoi est-il important de d\u00e9panner votre chauffage ?<\/h2>\n<p>Avoir un chauffage qui fonctionne est essentiel, surtout dans les foyers avec de jeunes enfants. Notre \u00e9quipe vous assiste \u00e0 r\u00e9gler la bonne temp\u00e9rature et contr\u00f4le la pr\u00e9sence monoxyde de carbone g\u00e9n\u00e9r\u00e9 par votre appareil de chauffage. Quel que soit le type de votre chauffage, nos chauffagistes assurent l&rsquo;entretien et la maintenance, de votre chauffage : \u00e0 accumulation, basse temp\u00e9rature, \u00e9lectrique, fioul, condensation ou \u00e0 gaz.<\/p>\n<h2>Est-il possible qu&rsquo;Artisanlocal m&rsquo;aide \u00e0 distance ?<\/h2>\n<p>Absolument, nous pouvons vous aider par t\u00e9l\u00e9phone. En nous d\u00e9crivant votre probl\u00e9matique par t\u00e9l\u00e9phone, nous trouverons la bonne solution pour r\u00e9gler votre probl\u00e8me de chauffage. Cependant, dans de nombreux cas, un technicien doit venir \u00e0 votre domicile.<\/p>\n<h2>Quel est le fonctionnement de votre entreprise ?<\/h2>\n<ol>\n<li>Prise de contact : il est indispensable que vous preniez contact avec nous par e-mail ou par t\u00e9l\u00e9phone.<\/li>\n<li>D\u00e9placement : un de nos techniciens se d\u00e9place \u00e0 votre domicile.<\/li>\n<li>\u00c9valuation : le technicien \u00e9valuera l&rsquo;\u00e9tat actuel des choses dans le but de d\u00e9terminer la surface de votre logement, le volume des pi\u00e8ces et inspecter l&rsquo;isolation existante.<\/li>\n<li>Avis : nous vous guiderons pour s\u00e9lectionner le meilleur syst\u00e8me de chauffage, nous prenons en compte l\u2019efficacit\u00e9 et la rentabilit\u00e9 que vous voulez avoir.<\/li>\n<li>Devis : vous recevez une estimation d\u00e9taill\u00e9e, vous montrant les diverses d\u00e9penses.<\/li>\n<li>Installation : apr\u00e8s avoir accept\u00e9 notre devis, nous r\u00e9alisons l&rsquo;installation de votre \u00e9quipe de chauffage et param\u00e9trons le thermostat en fonction de vos besoins.<\/li>\n<\/ol>\n<h2>Quels sont les chauffages les plus performants pour votre maison ?<\/h2>\n<p>Notre technicien chauffagiste vous oriente pour trouver la meilleure option, il vous donne des conseils sur mesure, comme les chauffages : \u00e0 gaz, \u00e9lectriques, fioul, classiques, basses temp\u00e9ratures ou \u00e0 condensation.<\/p>\n<p>Les \u00e9quipements de chauffages \u00e0 condensation ou \u00e0 basse temp\u00e9rature, malgr\u00e9 un co\u00fbt d&rsquo;achat plus important, ils permettent de r\u00e9aliser des \u00e9conomies sur le long terme.<\/p>\n<p>De plus, avant de poser votre chauffage, il convient de param\u00e9trer la bonne temp\u00e9rature en fonction de votre propri\u00e9t\u00e9 et vos d\u00e9sirs. Le technicien chauffagiste qui vient chez vous a une solide exp\u00e9rience. Dans notre devis, vous trouvez les d\u00e9tails de l\u2019intervention, tel que le montant de la main-d&rsquo;\u0153uvre et aussi du syst\u00e8me de chauffages.<\/p>\n<h2>Entretien de votre chauffage \u00e0 Siviriez<\/h2>\n<p>Veillez \u00e0 faire l&rsquo;entretien de votre chauffage tous les ans, qu&rsquo;il soit au fioul ou au gaz. Avoir recours \u00e0 un expert pour la maintenance de votre chauffage permet de contr\u00f4ler les \u00e9missions de monoxyde de carbone. \u00c0 noter, si votre chauffage cr\u00e9e trop de monoxyde de carbone, il est probable de vous intoxiquer. Lors de notre intervention, le technicien v\u00e9rifie et r\u00e8gle les taux de monoxyde de carbone de votre syst\u00e8me de chauffage afin de vous emp\u00eacher d&rsquo;avoir des soucis de sant\u00e9.<\/p>\n<h2>Programme d&rsquo;entretien pour votre chauffage \u00e0 Siviriez<\/h2>\n<p>Artisanlocal propose des contrats d\u2019entretiens pour votre chauffage afin d&rsquo;en assurer le fonctionnement optimal. En faisant une maintenance r\u00e9guli\u00e8re, vous \u00e9conomisez de l&rsquo;argent sur le long terme.<\/p>\n<p>Par ailleurs, dans le cas o\u00f9 vous auriez un sinistre, votre assurance vous r\u00e9clame le contrat d&rsquo;entretien afin de v\u00e9rifier l&rsquo;\u00e9tat de votre chauffage avant l&rsquo;accident. Vous avez le choix de signer avec notre entreprise un contrat d&rsquo;assistance annuel ou pluriannuel.<\/p>\n<h2>Pourquoi souscrire \u00e0 un forfait d&rsquo;entretien pour votre chauffage ?<\/h2>\n<p>Si vous avez des \u00e9l\u00e9ments d\u00e9fectueux, nous garantissons le remplacement imm\u00e9diat. D&rsquo;autre part, nous nous engageons \u00e0 inspecter l&rsquo;int\u00e9gralit\u00e9 de votre chauffage, comme :<\/p>\n<ul>\n<li>Les pressions de vos conduits,<\/li>\n<li>et r\u00e9alisons-le lavage de votre br\u00fbleur, des tuyaux de liaison et des diff\u00e9rents \u00e9l\u00e9ments chauffants.<\/li>\n<\/ul>\n<h2>Quelles sont les diff\u00e9rentes prestations propos\u00e9es par votre soci\u00e9t\u00e9 ?<\/h2>\n<p>Nos experts se d\u00e9placent dans votre foyer, pour r\u00e9aliser :<\/p>\n<ul>\n<li>le d\u00e9tartrage et le d\u00e9sembouage de radiateur,<\/li>\n<li>la purge de l&rsquo;air de vos radiateurs,<\/li>\n<li>l\u2019entretien des chauffe-eau et des chaudi\u00e8res,<\/li>\n<li>le param\u00e9trage de votre thermostat,<\/li>\n<li>la maintenance chaudi\u00e8res \u00e0 condensation, \u00e0 gaz, \u00e0 accumulation, \u00e0 fioul, \u00e9lectriques et basses temp\u00e9ratures,<\/li>\n<li>la remise en \u00e9tat de la vanne de vidange,<\/li>\n<li>l&rsquo;intervention et la r\u00e9paration de vos pannes : de votre chaudi\u00e8re, fuite de canalisation, radiateur qui ne chauffe plus, etc.<\/li>\n<li>la pose de : chauffage, pompe \u00e0 chaleur, chaudi\u00e8re, radiateur \u00e9lectrique, plancher chauffant, etc.<\/li>\n<\/ul>\n<h2>FAQ<\/h2>\n<h3>Pourquoi embaucher un chauffagiste Siviriez ?<\/h3>\n<p>D\u00e9velopper votre confort thermique : un chauffage efficient pr\u00e9serve la temp\u00e9rature int\u00e9rieur de votre domicile.<\/p>\n<p>\u00c9conomiser de l&rsquo;argent : en choisissant des mat\u00e9riaux de qualit\u00e9, tels que l&rsquo;isolation et le chauffage, vous r\u00e9duisez vos \u00e9missions de CO2 et vous r\u00e9alisez des \u00e9conomies.<\/p>\n<p>Prot\u00e9ger la s\u00fbret\u00e9 de votre chauffage : respecter les r\u00e8gles de s\u00fbret\u00e9 permet de maintenir un chauffage s\u00fbr et efficace (par exemple, pour r\u00e9duire les taux de monoxyde de carbone).<\/p>\n<p>Anticiper les incidents : en inspectant votre chauffage, un expert peut anticiper les futurs probl\u00e8mes.<\/p>\n<h3>Comment choisir le meilleur chauffagiste \u00e0 Siviriez ?<\/h3>\n<p>Les comp\u00e9tences : v\u00e9rifiez les certifications certifiant que la soci\u00e9t\u00e9 \u00e0 une exp\u00e9rience dans son secteur.<\/p>\n<p>Les r\u00e9f\u00e9rences : il ne faut pas h\u00e9siter \u00e0 parcourir les t\u00e9moignages des clients ayant d\u00e9j\u00e0 fait appel \u00e0 l&rsquo;entreprise dans le but de vous faire une id\u00e9e.<\/p>\n<p>Les garanties : v\u00e9rifiez que les techniciens chauffagistes sont assur\u00e9s en cas de pr\u00e9judices.<\/p>\n<h3>\u00c0 quelle rapidit\u00e9 intervenez-vous dans un foyer Siviriez ?<\/h3>\n<p>Si vous avez une demande d&rsquo;intervention qui ne peut attendre, nous avons la possibilit\u00e9 d\u2019intervenir sous un d\u00e9lai de deux heures, s&rsquo;il n&rsquo;y a pas d&rsquo;urgence concernant votre demande, nous intervenons g\u00e9n\u00e9ralement au cours de la journ\u00e9e.<\/p>\n<h3>Votre entreprise est disponible pour intervenir \u00e0 Siviriez, mais aussi dans les villes aux alentours ?<\/h3>\n<p>En effet, nous r\u00e9alisons nos interventions \u00e0 Siviriez et dans les communes aux alentours, comme : Bionnens, Esmonts, Ursy, Auboranges, Ecublens FR, Gillarens, Promasens, Rue, Montet (Gl\u00e2ne), Morlens, Vuarmarens, Blessens, Mossel, Vauderens, Chavannes-les-Forts, Prez-vers-Siviriez, Villaraboud, Berlens, Romont FR, Billens, Hennens, M\u00e9zi\u00e8res FR, Villariaz, Grangettes-pr\u00e8s-Romont, La Neirigue, Est\u00e9venens, La Magne, Vuisternens-devant-Romont, Lieffrens, Sommentier, Le Ch\u00e2telard-pr\u00e8s-Romont, Villaz-St-Pierre, Lussy FR, Villarimboud, Massonnens, Chavannes-sous-Orsonnens, Orsonnens, Villargiroud, Villarsiviriaux, La Joux FR, Les Ecasseys, Torny-le-Grand.<\/p>\n","protected":false},"excerpt":{"rendered":"<p>Besoin d&rsquo;un chauffagiste \u00e0 Siviriez ? Artisanlocal s&rsquo;occupe de la r\u00e9paration de votre chauffage et effectue l&rsquo;installation de votre chauffage \u00e0 Siviriez. En travaillant avec notre entreprise, vous profitez : de prix clair, de services de premier choix, de prestations \u00e0 Siviriez et dans les municipalit\u00e9s \u00e0 proximit\u00e9, d\u2019une \u00e9quipe avec de l&rsquo;exp\u00e9rience, de devis [&hellip;]<\/p>\n","protected":false},"author":4,"featured_media":2757,"parent":0,"menu_order":0,"comment_status":"closed","ping_status":"closed","template":"","meta":{"footnotes":""},"profession":[120],"location":[101],"canton":[109],"class_list":["post-631","page","type-page","status-publish","has-post-thumbnail","hentry","profession-chauffagiste","location-siviriez","canton-fr"],"yoast_head":"<!-- This site is optimized with the Yoast SEO Premium plugin v25.7.1 (Yoast SEO v27.4) - https:\/\/yoast.com\/product\/yoast-seo-premium-wordpress\/ -->\n<title>Besoin d&#039;un chauffagiste \u00e0 Siviriez ? - Artisanlocal<\/title>\n<meta name=\"robots\" content=\"index, follow, max-snippet:-1, max-image-preview:large, max-video-preview:-1\" \/>\n<link rel=\"canonical\" href=\"https:\/\/www.artisanlocal.ch\/c\/besoin-dun-chauffagiste-a-siviriez\/\" \/>\n<meta property=\"og:locale\" content=\"fr_FR\" \/>\n<meta property=\"og:type\" content=\"article\" \/>\n<meta property=\"og:title\" content=\"Besoin d&#039;un chauffagiste \u00e0 Siviriez ?\" \/>\n<meta property=\"og:description\" content=\"Besoin d&rsquo;un chauffagiste \u00e0 Siviriez ? Artisanlocal s&rsquo;occupe de la r\u00e9paration de votre chauffage et effectue l&rsquo;installation de votre chauffage \u00e0 Siviriez. En travaillant avec notre entreprise, vous profitez : de prix clair, de services de premier choix, de prestations \u00e0 Siviriez et dans les municipalit\u00e9s \u00e0 proximit\u00e9, d\u2019une \u00e9quipe avec de l&rsquo;exp\u00e9rience, de devis [&hellip;]\" \/>\n<meta property=\"og:url\" content=\"https:\/\/www.artisanlocal.ch\/c\/besoin-dun-chauffagiste-a-siviriez\/\" \/>\n<meta property=\"og:site_name\" content=\"Artisanlocal\" \/>\n<meta property=\"article:modified_time\" content=\"2025-08-26T23:32:22+00:00\" \/>\n<meta property=\"og:image\" content=\"https:\/\/www.artisanlocal.ch\/c\/wp-content\/uploads\/2024\/10\/chauffagiste.jpg\" \/>\n\t<meta property=\"og:image:width\" content=\"1920\" \/>\n\t<meta property=\"og:image:height\" content=\"300\" \/>\n\t<meta property=\"og:image:type\" content=\"image\/jpeg\" \/>\n<meta name=\"twitter:card\" content=\"summary_large_image\" \/>\n<meta name=\"twitter:label1\" content=\"Dur\u00e9e de lecture estim\u00e9e\" \/>\n\t<meta name=\"twitter:data1\" content=\"6 minutes\" \/>\n<script type=\"application\/ld+json\" class=\"yoast-schema-graph\">{\"@context\":\"https:\\\/\\\/schema.org\",\"@graph\":[{\"@type\":\"WebPage\",\"@id\":\"https:\\\/\\\/www.artisanlocal.ch\\\/c\\\/besoin-dun-chauffagiste-a-siviriez\\\/\",\"url\":\"https:\\\/\\\/www.artisanlocal.ch\\\/c\\\/besoin-dun-chauffagiste-a-siviriez\\\/\",\"name\":\"Besoin d'un chauffagiste \u00e0 Siviriez ? - Artisanlocal\",\"isPartOf\":{\"@id\":\"https:\\\/\\\/www.artisanlocal.ch\\\/c\\\/#website\"},\"primaryImageOfPage\":{\"@id\":\"https:\\\/\\\/www.artisanlocal.ch\\\/c\\\/besoin-dun-chauffagiste-a-siviriez\\\/#primaryimage\"},\"image\":{\"@id\":\"https:\\\/\\\/www.artisanlocal.ch\\\/c\\\/besoin-dun-chauffagiste-a-siviriez\\\/#primaryimage\"},\"thumbnailUrl\":\"https:\\\/\\\/www.artisanlocal.ch\\\/c\\\/wp-content\\\/uploads\\\/2024\\\/10\\\/chauffagiste.jpg\",\"datePublished\":\"2024-04-18T21:18:23+00:00\",\"dateModified\":\"2025-08-26T23:32:22+00:00\",\"breadcrumb\":{\"@id\":\"https:\\\/\\\/www.artisanlocal.ch\\\/c\\\/besoin-dun-chauffagiste-a-siviriez\\\/#breadcrumb\"},\"inLanguage\":\"fr-FR\",\"potentialAction\":[{\"@type\":\"ReadAction\",\"target\":[\"https:\\\/\\\/www.artisanlocal.ch\\\/c\\\/besoin-dun-chauffagiste-a-siviriez\\\/\"]}]},{\"@type\":\"ImageObject\",\"inLanguage\":\"fr-FR\",\"@id\":\"https:\\\/\\\/www.artisanlocal.ch\\\/c\\\/besoin-dun-chauffagiste-a-siviriez\\\/#primaryimage\",\"url\":\"https:\\\/\\\/www.artisanlocal.ch\\\/c\\\/wp-content\\\/uploads\\\/2024\\\/10\\\/chauffagiste.jpg\",\"contentUrl\":\"https:\\\/\\\/www.artisanlocal.ch\\\/c\\\/wp-content\\\/uploads\\\/2024\\\/10\\\/chauffagiste.jpg\",\"width\":1920,\"height\":300},{\"@type\":\"BreadcrumbList\",\"@id\":\"https:\\\/\\\/www.artisanlocal.ch\\\/c\\\/besoin-dun-chauffagiste-a-siviriez\\\/#breadcrumb\",\"itemListElement\":[{\"@type\":\"ListItem\",\"position\":1,\"name\":\"Accueil\",\"item\":\"https:\\\/\\\/www.artisanlocal.ch\\\/c\\\/\"},{\"@type\":\"ListItem\",\"position\":2,\"name\":\"Besoin d&rsquo;un chauffagiste \u00e0 Siviriez ?\"}]},{\"@type\":\"WebSite\",\"@id\":\"https:\\\/\\\/www.artisanlocal.ch\\\/c\\\/#website\",\"url\":\"https:\\\/\\\/www.artisanlocal.ch\\\/c\\\/\",\"name\":\"Artisanlocal\",\"description\":\"\",\"publisher\":{\"@id\":\"https:\\\/\\\/www.artisanlocal.ch\\\/c\\\/#organization\"},\"potentialAction\":[{\"@type\":\"SearchAction\",\"target\":{\"@type\":\"EntryPoint\",\"urlTemplate\":\"https:\\\/\\\/www.artisanlocal.ch\\\/c\\\/?s={search_term_string}\"},\"query-input\":{\"@type\":\"PropertyValueSpecification\",\"valueRequired\":true,\"valueName\":\"search_term_string\"}}],\"inLanguage\":\"fr-FR\"},{\"@type\":\"Organization\",\"@id\":\"https:\\\/\\\/www.artisanlocal.ch\\\/c\\\/#organization\",\"name\":\"Artisanlocal\",\"url\":\"https:\\\/\\\/www.artisanlocal.ch\\\/c\\\/\",\"logo\":{\"@type\":\"ImageObject\",\"inLanguage\":\"fr-FR\",\"@id\":\"https:\\\/\\\/www.artisanlocal.ch\\\/c\\\/#\\\/schema\\\/logo\\\/image\\\/\",\"url\":\"https:\\\/\\\/www.artisanlocal.ch\\\/c\\\/wp-content\\\/uploads\\\/2024\\\/02\\\/logo-artisanlocal-h.svg\",\"contentUrl\":\"https:\\\/\\\/www.artisanlocal.ch\\\/c\\\/wp-content\\\/uploads\\\/2024\\\/02\\\/logo-artisanlocal-h.svg\",\"caption\":\"Artisanlocal\"},\"image\":{\"@id\":\"https:\\\/\\\/www.artisanlocal.ch\\\/c\\\/#\\\/schema\\\/logo\\\/image\\\/\"}}]}<\/script>\n<!-- \/ Yoast SEO Premium plugin. -->","yoast_head_json":{"title":"Besoin d'un chauffagiste \u00e0 Siviriez ? - Artisanlocal","robots":{"index":"index","follow":"follow","max-snippet":"max-snippet:-1","max-image-preview":"max-image-preview:large","max-video-preview":"max-video-preview:-1"},"canonical":"https:\/\/www.artisanlocal.ch\/c\/besoin-dun-chauffagiste-a-siviriez\/","og_locale":"fr_FR","og_type":"article","og_title":"Besoin d'un chauffagiste \u00e0 Siviriez ?","og_description":"Besoin d&rsquo;un chauffagiste \u00e0 Siviriez ? Artisanlocal s&rsquo;occupe de la r\u00e9paration de votre chauffage et effectue l&rsquo;installation de votre chauffage \u00e0 Siviriez. En travaillant avec notre entreprise, vous profitez : de prix clair, de services de premier choix, de prestations \u00e0 Siviriez et dans les municipalit\u00e9s \u00e0 proximit\u00e9, d\u2019une \u00e9quipe avec de l&rsquo;exp\u00e9rience, de devis [&hellip;]","og_url":"https:\/\/www.artisanlocal.ch\/c\/besoin-dun-chauffagiste-a-siviriez\/","og_site_name":"Artisanlocal","article_modified_time":"2025-08-26T23:32:22+00:00","og_image":[{"width":1920,"height":300,"url":"https:\/\/www.artisanlocal.ch\/c\/wp-content\/uploads\/2024\/10\/chauffagiste.jpg","type":"image\/jpeg"}],"twitter_card":"summary_large_image","twitter_misc":{"Dur\u00e9e de lecture estim\u00e9e":"6 minutes"},"schema":{"@context":"https:\/\/schema.org","@graph":[{"@type":"WebPage","@id":"https:\/\/www.artisanlocal.ch\/c\/besoin-dun-chauffagiste-a-siviriez\/","url":"https:\/\/www.artisanlocal.ch\/c\/besoin-dun-chauffagiste-a-siviriez\/","name":"Besoin d'un chauffagiste \u00e0 Siviriez ? - Artisanlocal","isPartOf":{"@id":"https:\/\/www.artisanlocal.ch\/c\/#website"},"primaryImageOfPage":{"@id":"https:\/\/www.artisanlocal.ch\/c\/besoin-dun-chauffagiste-a-siviriez\/#primaryimage"},"image":{"@id":"https:\/\/www.artisanlocal.ch\/c\/besoin-dun-chauffagiste-a-siviriez\/#primaryimage"},"thumbnailUrl":"https:\/\/www.artisanlocal.ch\/c\/wp-content\/uploads\/2024\/10\/chauffagiste.jpg","datePublished":"2024-04-18T21:18:23+00:00","dateModified":"2025-08-26T23:32:22+00:00","breadcrumb":{"@id":"https:\/\/www.artisanlocal.ch\/c\/besoin-dun-chauffagiste-a-siviriez\/#breadcrumb"},"inLanguage":"fr-FR","potentialAction":[{"@type":"ReadAction","target":["https:\/\/www.artisanlocal.ch\/c\/besoin-dun-chauffagiste-a-siviriez\/"]}]},{"@type":"ImageObject","inLanguage":"fr-FR","@id":"https:\/\/www.artisanlocal.ch\/c\/besoin-dun-chauffagiste-a-siviriez\/#primaryimage","url":"https:\/\/www.artisanlocal.ch\/c\/wp-content\/uploads\/2024\/10\/chauffagiste.jpg","contentUrl":"https:\/\/www.artisanlocal.ch\/c\/wp-content\/uploads\/2024\/10\/chauffagiste.jpg","width":1920,"height":300},{"@type":"BreadcrumbList","@id":"https:\/\/www.artisanlocal.ch\/c\/besoin-dun-chauffagiste-a-siviriez\/#breadcrumb","itemListElement":[{"@type":"ListItem","position":1,"name":"Accueil","item":"https:\/\/www.artisanlocal.ch\/c\/"},{"@type":"ListItem","position":2,"name":"Besoin d&rsquo;un chauffagiste \u00e0 Siviriez ?"}]},{"@type":"WebSite","@id":"https:\/\/www.artisanlocal.ch\/c\/#website","url":"https:\/\/www.artisanlocal.ch\/c\/","name":"Artisanlocal","description":"","publisher":{"@id":"https:\/\/www.artisanlocal.ch\/c\/#organization"},"potentialAction":[{"@type":"SearchAction","target":{"@type":"EntryPoint","urlTemplate":"https:\/\/www.artisanlocal.ch\/c\/?s={search_term_string}"},"query-input":{"@type":"PropertyValueSpecification","valueRequired":true,"valueName":"search_term_string"}}],"inLanguage":"fr-FR"},{"@type":"Organization","@id":"https:\/\/www.artisanlocal.ch\/c\/#organization","name":"Artisanlocal","url":"https:\/\/www.artisanlocal.ch\/c\/","logo":{"@type":"ImageObject","inLanguage":"fr-FR","@id":"https:\/\/www.artisanlocal.ch\/c\/#\/schema\/logo\/image\/","url":"https:\/\/www.artisanlocal.ch\/c\/wp-content\/uploads\/2024\/02\/logo-artisanlocal-h.svg","contentUrl":"https:\/\/www.artisanlocal.ch\/c\/wp-content\/uploads\/2024\/02\/logo-artisanlocal-h.svg","caption":"Artisanlocal"},"image":{"@id":"https:\/\/www.artisanlocal.ch\/c\/#\/schema\/logo\/image\/"}}]}},"_links":{"self":[{"href":"https:\/\/www.artisanlocal.ch\/c\/wp-json\/wp\/v2\/pages\/631","targetHints":{"allow":["GET"]}}],"collection":[{"href":"https:\/\/www.artisanlocal.ch\/c\/wp-json\/wp\/v2\/pages"}],"about":[{"href":"https:\/\/www.artisanlocal.ch\/c\/wp-json\/wp\/v2\/types\/page"}],"author":[{"embeddable":true,"href":"https:\/\/www.artisanlocal.ch\/c\/wp-json\/wp\/v2\/users\/4"}],"replies":[{"embeddable":true,"href":"https:\/\/www.artisanlocal.ch\/c\/wp-json\/wp\/v2\/comments?post=631"}],"version-history":[{"count":0,"href":"https:\/\/www.artisanlocal.ch\/c\/wp-json\/wp\/v2\/pages\/631\/revisions"}],"wp:featuredmedia":[{"embeddable":true,"href":"https:\/\/www.artisanlocal.ch\/c\/wp-json\/wp\/v2\/media\/2757"}],"wp:attachment":[{"href":"https:\/\/www.artisanlocal.ch\/c\/wp-json\/wp\/v2\/media?parent=631"}],"wp:term":[{"taxonomy":"profession","embeddable":true,"href":"https:\/\/www.artisanlocal.ch\/c\/wp-json\/wp\/v2\/profession?post=631"},{"taxonomy":"location","embeddable":true,"href":"https:\/\/www.artisanlocal.ch\/c\/wp-json\/wp\/v2\/location?post=631"},{"taxonomy":"canton","embeddable":true,"href":"https:\/\/www.artisanlocal.ch\/c\/wp-json\/wp\/v2\/canton?post=631"}],"curies":[{"name":"wp","href":"https:\/\/api.w.org\/{rel}","templated":true}]}}