{"id":643,"date":"2024-04-18T17:45:09","date_gmt":"2024-04-18T15:45:09","guid":{"rendered":"https:\/\/www.artisanlocal.ch\/c\/besoin-dun-chauffagiste-a-cossonay-ville\/"},"modified":"2025-08-27T01:32:28","modified_gmt":"2025-08-26T23:32:28","slug":"besoin-dun-chauffagiste-a-cossonay-ville","status":"publish","type":"page","link":"https:\/\/www.artisanlocal.ch\/c\/besoin-dun-chauffagiste-a-cossonay-ville\/","title":{"rendered":"Chauffagiste \u00e0 Cossonay-Ville"},"content":{"rendered":"<p>Besoin d&rsquo;un sp\u00e9cialiste du chauffage \u00e0 Cossonay-Ville ? Artisanlocal r\u00e9nove votre chaudi\u00e8re et effectue vos travaux de chauffage \u00e0 Cossonay-Ville. Si vous travaillez avec notre entreprise, vous b\u00e9n\u00e9ficiez :<\/p>\n<ul>\n<li>de tarif clair,<\/li>\n<li>des services de qualit\u00e9,<\/li>\n<li>des interventions \u00e0 Cossonay-Ville et dans les villes proches,<\/li>\n<li>d&rsquo;un personnel qualifi\u00e9 et avec une solide exp\u00e9rience,<\/li>\n<li>de devis sans co\u00fbt,<\/li>\n<li>d&rsquo;une \u00e9quipe joignable du lundi au samedi.<\/li>\n<\/ul>\n\r\n<div class=\"box\">\r\n            <div class=\"company-info\">\r\n            <img decoding=\"async\" class=\"company-info__logo\" src=\"https:\/\/www.artisanlocal.ch\/media\/cache\/thumb\/images\/companies\/69428b78300fa093790799.png\" alt=\"Logo\">\r\n            <h2 class=\"company-info__name\">Finolezzi Chauffage<\/h2>\r\n            <p class=\"company-info__business\">Chauffage - Climatisation - Ventilation - D\u00e9pannage - Entretien - Installation - R\u00e9novation<\/p>\r\n        <\/div>\r\n        <div class=\"company-contact\">\r\n            <p class=\"company-info__address\">Chemin des pins 9<\/p>\r\n                            <div class=\"links\">\r\n                                            <a class=\"btn has-accent-background-color js-phoneNumber\" href=\"tel:0792194527\" title=\"Appelez\" data-id=\"2498\" data-type=\"11\">079 219 45 27<\/a>\r\n                                                                <a class=\"btn has-accent-background-color\" href=\"https:\/\/www.finolezzi.ch\/\" target=\"_blank\" title=\"Voir le site internet\" data-id=\"2498\" data-type=\"20\">Site internet<\/a>\r\n                                    <\/div>\r\n                    <\/div>\r\n    \r\n            \r\n<form action=\"https:\/\/www.artisanlocal.ch\/c\/wp-admin\/admin-ajax.php\" method=\"post\" class=\"form-contact\" id=\"artisan_form_contact_company_inline\">\r\n    <div><input type=\"hidden\" name=\"action\" value=\"company_contact\"><\/div>\r\n    <div><input type=\"hidden\" name=\"nonce\" value=\"1289a079ae\"><\/div>\r\n    <div><input type=\"hidden\" name=\"company_id\" value=\"2498\"><\/div>\r\n    <div><input type=\"hidden\" name=\"form_id\" value=\"artisan_form_contact_company_inline\"><\/div>\r\n    <div class=\"gglcptch gglcptch_v3 gglcptch_custom\"><input type=\"hidden\" id=\"g-recaptcha-response\" name=\"g-recaptcha-response\" \/><br \/><div class=\"gglcptch_error_text\">La p\u00e9riode de v\u00e9rification reCAPTCHA a expir\u00e9. Veuillez recharger la page.<\/div><\/div>    <div class=\"form-content\">\r\n        <div class=\"form-group\">\r\n            <label for=\"contact_firstName\" class=\"required\">Pr\u00e9nom<\/label>\r\n            <input type=\"text\" name=\"firstName\" class=\"form-control\" required>\r\n        <\/div>\r\n        <div class=\"form-group\">\r\n            <label for=\"contact_lastName\" class=\"required\">Nom<\/label>\r\n            <input type=\"text\" name=\"lastName\" class=\"form-control\" required>\r\n        <\/div>\r\n        <div class=\"form-group\">\r\n            <label for=\"contact_email\" class=\"required\">Email<\/label>\r\n            <input type=\"email\" name=\"email\" class=\"form-control\" required>\r\n        <\/div>\r\n        <div class=\"form-group\">\r\n            <label for=\"contact_phone\" class=\"required\">Num\u00e9ro de t\u00e9l\u00e9phone<\/label>\r\n            <input type=\"tel\" name=\"phone\" class=\"form-control\" placeholder=\"0787117165\" pattern=\"^[0-9]{10}$\" required>\r\n        <\/div>\r\n        <div class=\"form-group\">\r\n            <label for=\"contact_postalCode\" class=\"required\">Code postal et localit\u00e9<\/label>\r\n            <input type=\"text\" name=\"postalCode\" class=\"form-control\" required>\r\n        <\/div>\r\n        <div class=\"form-group\">\r\n            <label for=\"contact_address\" class=\"required\">Adresse<\/label>\r\n            <input type=\"text\" name=\"address\" class=\"form-control\" required>\r\n        <\/div>\r\n        <div class=\"full-width topic\">\r\n            <p class=\"required\">Je souhaite \u00eatre contact\u00e9 pour :<\/p>\r\n            <div class=\"form-check\">\r\n                <input type=\"radio\" name=\"topic\" value=\"D\u00e9pannage\" class=\"form-control\" required>\r\n                <label for=\"d\u00e9pannage\">D\u00e9pannage<\/label>\r\n            <\/div>\r\n            <div class=\"form-check\">\r\n                <input type=\"radio\" name=\"topic\" value=\"Entretien\" class=\"form-control\" required>\r\n                <label for=\"entretien\">Entretien<\/label>\r\n            <\/div>\r\n            <div class=\"form-check\">\r\n                <input type=\"radio\" name=\"topic\" value=\"R\u00e9novation\" class=\"form-control\" required>\r\n                <label for=\"r\u00e9novation\">R\u00e9novation<\/label>\r\n            <\/div>\r\n            <div class=\"form-check\">\r\n                <input type=\"radio\" name=\"topic\" value=\"Autre\" class=\"form-control\" required>\r\n                <label for=\"autre\">Autre<\/label>\r\n            <\/div>\r\n        <\/div>\r\n        <div class=\"form-group full-width\">\r\n            <label for=\"contact_message\">Message<\/label>\r\n            <textarea name=\"message\" rows=\"3\" class=\"form-control\"><\/textarea>\r\n        <\/div>\r\n    <\/div>\r\n    <div class=\"form-actions\">\r\n        <button class=\"wp-block-button__link has-accent-background-color\">Contacter<\/button>\r\n    <\/div>\r\n<\/form>\r\n<div class=\"form-feedback\"><\/div>    <\/div>\n<h2>Pourquoi choisir Artisanlocal ?<\/h2>\n<p>Estimation rapide pour la mise en place ou le remplacement de votre chauffage : d\u00e8s que vous nous envoyez votre demande, notre technicien \u00e0 Cossonay-Ville vous contacte au plus tard dans la semaine.<\/p>\n<p>Visite \u00e0 votre domicile : notre technicien Cossonay-Villesan se d\u00e9place \u00e0 votre domicile le jour ou dans la semaine pour \u00e9valuer le co\u00fbt du chantier et v\u00e9rifier la faisabilit\u00e9 de votre projet. Ensuite, vous recevrez un devis et pourrez poser toutes vos demandes.<\/p>\n<p>Installation de votre chauffage en 24 \u00e0 48 heures : d\u00e8s que le devis est valid\u00e9 avec notre chauffagiste \u00e0 Cossonay-Ville. Nous d\u00e9terminerons ensemble la date de l&rsquo;intervention.<\/p>\n<p>D\u00e9pannage et entretien : si vous avez une panne de chauffage, chaudi\u00e8re ou chauffe-eau. Notre entreprise intervient \u00e0 Cossonay-Ville et aussi dans les villes \u00e0 proximit\u00e9.<\/p>\n<h2>Pourquoi la maintenance de votre chauffage est importante ?<\/h2>\n<p>Assurer le fonctionnement optimal de votre chauffage est essentiel, surtout, si vous avez des jeunes enfants. Nos chauffagistes vous aident \u00e0 r\u00e9gler la temp\u00e9rature optimale et la concentration de monoxyde de carbone cr\u00e9\u00e9 par votre chauffage. Quel que soit le type de votre chauffage, nos techniciens garantissent l&rsquo;entretien et la maintenance, de votre chauffage : basse temp\u00e9rature, fioul, gaz, condensation, \u00e9lectrique ou \u00e0 accumulation.<\/p>\n<h2>Votre entreprise propose-t-elle une aide t\u00e9l\u00e9phonique ?<\/h2>\n<p>Oui, Artisanlocal peut vous aider \u00e0 distance. Il suffit juste de nous d\u00e9crire votre situation pour que nous puissions en d\u00e9terminer les causes et trouver la solution. Il faut garder \u00e0 l&rsquo;esprit que dans la plupart des situations, un expert doit intervenir chez vous pour trouver et corriger le probl\u00e8me.<\/p>\n<h2>Quel est le mode de fonctionnement d&rsquo;Artisanlocal ?<\/h2>\n<ol>\n<li>Premier contact : il est indispensable de nous joindre par e-mail ou par t\u00e9l\u00e9phone.<\/li>\n<li>Intervention : un de nos experts chauffagistes se d\u00e9place \u00e0 votre domicile.<\/li>\n<li>Estimation : le technicien \u00e9valuera l&rsquo;\u00e9tat actuel des choses afin de d\u00e9terminer la surface de votre appartement, le volume de vos pi\u00e8ces et analyser l&rsquo;isolation existante.<\/li>\n<li>Avis : nous vous orienterons pour choisir le meilleur chauffage pour vous, nous prenons en compte l\u2019efficacit\u00e9 et la rentabilit\u00e9 que vous voulez avoir.<\/li>\n<li>Prix : vous recevez une estimation d\u00e9taill\u00e9e, vous montrant les diff\u00e9rentes d\u00e9penses.<\/li>\n<li>Mise en place : apr\u00e8s avoir sign\u00e9 notre estimation, nous r\u00e9alisons l&rsquo;installation de votre \u00e9quipe de chauffage et param\u00e9trons le thermostat en fonction de vos demandes.<\/li>\n<\/ol>\n<h2>Quels sont les chauffages les plus performants pour votre habitation ?<\/h2>\n<p>Le technicien qui se d\u00e9place \u00e0 votre domicile, vous conseille pour choisir le meilleur chauffage possible, comme les syst\u00e8mes de chauffages : \u00e0 gaz, \u00e9lectriques, fioul, classiques, condensation ou basses temp\u00e9ratures.<\/p>\n<p>Les \u00e9quipements de chauffages \u00e0 basse temp\u00e9rature ou \u00e0 condensation, malgr\u00e9 un co\u00fbt d&rsquo;achat plus important, permettent de faire des \u00e9conomies sur le long terme.<\/p>\n<p>Par ailleurs, avant la mise en marche de votre chauffage, il convient de configurer votre thermostat par rapport \u00e0 votre logement. Pas d\u2019inqui\u00e9tude, le technicien qui se rend \u00e0 votre domicile a les connaissances pour r\u00e9gler vos probl\u00e8mes. Dans notre devis, vous trouvez les d\u00e9tails de l\u2019intervention, tel que le montant de la main-d&rsquo;\u0153uvre et aussi des diff\u00e9rents \u00e9quipements.<\/p>\n<h2>Maintenance de votre chauffage \u00e0 Cossonay-Ville<\/h2>\n<p>Assurez-vous de faire l&rsquo;entretien de votre chauffage chaque ann\u00e9e, qu&rsquo;il soit au gaz ou au fioul. La maintenance de votre chauffage permet de contr\u00f4ler le taux de monoxyde de carbone qui se d\u00e9gage. Il faut savoir qu&rsquo;un chauffage d\u00e9fectueux ou mal r\u00e9gl\u00e9 peut d\u00e9gager trop de monoxyde de carbone et intoxiquer les habitants de votre maison. Le chauffagiste qui se d\u00e9place chez vous contr\u00f4le et r\u00e8gle les \u00e9missions de monoxyde de carbone de votre chauffage afin de vous emp\u00eacher d\u2019avoir des potentiels probl\u00e8mes de sant\u00e9.<\/p>\n<h2>Contrat de maintenance \u00e0 Cossonay-Ville<\/h2>\n<p>Nous proposons des contrats de maintenance pour votre chauffage \u00e0 Cossonay-Ville-ville dans le but d&rsquo;en garantir le bon fonctionnement. En faisant une maintenance r\u00e9guli\u00e8re, vous limitez les dangers et r\u00e9alisez des \u00e9conomies sur le long terme.<\/p>\n<p>De plus, si vous avez un sinistre, l\u2019assurance demande le contrat d&rsquo;entretien afin de contr\u00f4ler l\u2019\u00e9tat de votre chauffage pr\u00e9alablement au sinistre. Avec Artinsalocal, vous pouvez choisir un contrat de maintenance annuel ou pluriannuel.<\/p>\n<h2>Pourquoi signer un forfait de maintenance pour votre chauffage ?<\/h2>\n<p>En cas d&rsquo;\u00e9l\u00e9ments d\u00e9fectueux, nous garantissons le remplacement imm\u00e9diat. D&rsquo;autre part, nous prenons l&rsquo;engagement d&rsquo;inspecter l&rsquo;int\u00e9gralit\u00e9 de votre chauffage, comme :<\/p>\n<ul>\n<li>Les niveaux de pression dans vos tuyaux,<\/li>\n<li>le nettoyage des conduits de raccordement, et des parties chauffantes.<\/li>\n<\/ul>\n<h2>Quels services proposent Artisanlocal ?<\/h2>\n<ul>\n<li>Le d\u00e9sembouage et le d\u00e9tartrage de vos radiateurs,<\/li>\n<li>la purge de vos radiateurs,<\/li>\n<li>la maintenance de votre chauffage, chaudi\u00e8re et chauffe-eau,<\/li>\n<li>le r\u00e9glage de votre thermostat,<\/li>\n<li>la maintenance chaudi\u00e8res \u00e0 condensation, \u00e0 accumulation, \u00e0 gaz, \u00e0 fioul, \u00e9lectriques et basses temp\u00e9ratures,<\/li>\n<li>la restauration de la vanne de vidange,<\/li>\n<li>l&rsquo;intervention et la remise en \u00e9tat : de votre chaudi\u00e8re, radiateur qui ne chauffe plus, fuite de canalisation, etc.<\/li>\n<li>la mise en place de votre : radiateur \u00e9lectrique, plancher chauffant, pompe \u00e0 chaleur, chaudi\u00e8re, chauffage, etc.<\/li>\n<\/ul>\n<h2>FAQ<\/h2>\n<h3>Pourquoi avoir recours \u00e0 un technicien chauffagiste Cossonay-Villesan ?<\/h3>\n<p>Maintenir la temp\u00e9rature ambiante de vos pi\u00e8ces : un syst\u00e8me de chauffage performant pr\u00e9serve la temp\u00e9rature de votre foyer.<\/p>\n<p>R\u00e9aliser des \u00e9conomies : en achetant des \u00e9quipements de qualit\u00e9, exemple l&rsquo;isolation et le chauffage, vous baissez vos \u00e9missions de CO2 et vous r\u00e9alisez des \u00e9conomies.<\/p>\n<p>Prot\u00e9ger la s\u00fbret\u00e9 de votre syst\u00e8me de chauffage : un syst\u00e8me de chauffage performant permet de r\u00e9pondre aux normes de s\u00fbret\u00e9 actuelles (par exemple, pour r\u00e9duire les \u00e9missions de monoxyde de carbone).<\/p>\n<p>Pr\u00e9venir les probl\u00e8mes : un technicien chauffagiste pourra anticiper de potentiels dommages provoqu\u00e9s par vos \u00e9quipements, juste en observant votre installation.<\/p>\n<h3>Comment choisir le meilleur chauffagiste \u00e0 Cossonay-Ville ?<\/h3>\n<ul>\n<li>La qualification : contr\u00f4lez les certifications d\u00e9montrant que l\u2019entreprise \u00e0 un v\u00e9ritable savoir-faire dans son domaine d&rsquo;expertise.<\/li>\n<li>Les cas clients : prenez le temps de consulter les avis des clients ayant d\u00e9j\u00e0 travaill\u00e9 avec les soci\u00e9t\u00e9s.<\/li>\n<li>Les assurances : assurez-vous que l&rsquo;entreprise de chauffage dispose d&rsquo;une assurance qui couvre les \u00e9ventuels dommages occasionn\u00e9s lors de ses interventions.<\/li>\n<\/ul>\n<h3>\u00c0 quelle vitesse intervenez-vous dans un foyer Cossonay-Villesan ?<\/h3>\n<p>Nous intervenons \u00e0 votre domicile dans un d\u00e9lai de deux heures (pour les demandes urgentes) dans le cas contraire, nous pouvons intervenir dans la journ\u00e9e.<\/p>\n<h3>Intervenez-vous \u00e0 Cossonay-Ville et aux environs ?<\/h3>\n<p>Oui, nous intervenons \u00e0 Cossonay-Ville et dans les villes aux alentours, telles que : Mex VD, Boussens, Bournens, Sullens, Bettens, Cottens VD, Grancy, Gollion, S\u00e9very, Pampigny, Montricher, Chavannes-le-Veyron, Cuarnens, L'Isle, La Coudre, Villars-Bozon, Mauraz, Moiry VD, Mont-la-Ville, Vufflens-la-Ville, Penthaz, Allens, Dizy, Senarclens, Penthalaz, Daillens, Lussery-Villars, La Chaux (Cossonay), Ecl\u00e9pens, Ferreyres, La Sarraz, Chevilly, Orny, Pompaples.<\/p>\n","protected":false},"excerpt":{"rendered":"<p>Besoin d&rsquo;un sp\u00e9cialiste du chauffage \u00e0 Cossonay-Ville ? Artisanlocal r\u00e9nove votre chaudi\u00e8re et effectue vos travaux de chauffage \u00e0 Cossonay-Ville. Si vous travaillez avec notre entreprise, vous b\u00e9n\u00e9ficiez : de tarif clair, des services de qualit\u00e9, des interventions \u00e0 Cossonay-Ville et dans les villes proches, d&rsquo;un personnel qualifi\u00e9 et avec une solide exp\u00e9rience, de devis [&hellip;]<\/p>\n","protected":false},"author":4,"featured_media":2757,"parent":0,"menu_order":0,"comment_status":"closed","ping_status":"closed","template":"","meta":{"footnotes":""},"profession":[120],"location":[116],"canton":[113],"class_list":["post-643","page","type-page","status-publish","has-post-thumbnail","hentry","profession-chauffagiste","location-cossonay-ville","canton-vd"],"yoast_head":"<!-- This site is optimized with the Yoast SEO Premium plugin v25.7.1 (Yoast SEO v27.3) - https:\/\/yoast.com\/product\/yoast-seo-premium-wordpress\/ -->\n<title>Chauffagiste \u00e0 Cossonay-Ville - Artisanlocal<\/title>\n<meta name=\"robots\" content=\"index, follow, max-snippet:-1, max-image-preview:large, max-video-preview:-1\" \/>\n<link rel=\"canonical\" href=\"https:\/\/www.artisanlocal.ch\/c\/besoin-dun-chauffagiste-a-cossonay-ville\/\" \/>\n<meta property=\"og:locale\" content=\"fr_FR\" \/>\n<meta property=\"og:type\" content=\"article\" \/>\n<meta property=\"og:title\" content=\"Chauffagiste \u00e0 Cossonay-Ville\" \/>\n<meta property=\"og:description\" content=\"Besoin d&rsquo;un sp\u00e9cialiste du chauffage \u00e0 Cossonay-Ville ? Artisanlocal r\u00e9nove votre chaudi\u00e8re et effectue vos travaux de chauffage \u00e0 Cossonay-Ville. Si vous travaillez avec notre entreprise, vous b\u00e9n\u00e9ficiez : de tarif clair, des services de qualit\u00e9, des interventions \u00e0 Cossonay-Ville et dans les villes proches, d&rsquo;un personnel qualifi\u00e9 et avec une solide exp\u00e9rience, de devis [&hellip;]\" \/>\n<meta property=\"og:url\" content=\"https:\/\/www.artisanlocal.ch\/c\/besoin-dun-chauffagiste-a-cossonay-ville\/\" \/>\n<meta property=\"og:site_name\" content=\"Artisanlocal\" \/>\n<meta property=\"article:modified_time\" content=\"2025-08-26T23:32:28+00:00\" \/>\n<meta property=\"og:image\" content=\"https:\/\/www.artisanlocal.ch\/c\/wp-content\/uploads\/2024\/10\/chauffagiste.jpg\" \/>\n\t<meta property=\"og:image:width\" content=\"1920\" \/>\n\t<meta property=\"og:image:height\" content=\"300\" \/>\n\t<meta property=\"og:image:type\" content=\"image\/jpeg\" \/>\n<meta name=\"twitter:card\" content=\"summary_large_image\" \/>\n<meta name=\"twitter:label1\" content=\"Dur\u00e9e de lecture estim\u00e9e\" \/>\n\t<meta name=\"twitter:data1\" content=\"6 minutes\" \/>\n<script type=\"application\/ld+json\" class=\"yoast-schema-graph\">{\"@context\":\"https:\\\/\\\/schema.org\",\"@graph\":[{\"@type\":\"WebPage\",\"@id\":\"https:\\\/\\\/www.artisanlocal.ch\\\/c\\\/besoin-dun-chauffagiste-a-cossonay-ville\\\/\",\"url\":\"https:\\\/\\\/www.artisanlocal.ch\\\/c\\\/besoin-dun-chauffagiste-a-cossonay-ville\\\/\",\"name\":\"Chauffagiste \u00e0 Cossonay-Ville - Artisanlocal\",\"isPartOf\":{\"@id\":\"https:\\\/\\\/www.artisanlocal.ch\\\/c\\\/#website\"},\"primaryImageOfPage\":{\"@id\":\"https:\\\/\\\/www.artisanlocal.ch\\\/c\\\/besoin-dun-chauffagiste-a-cossonay-ville\\\/#primaryimage\"},\"image\":{\"@id\":\"https:\\\/\\\/www.artisanlocal.ch\\\/c\\\/besoin-dun-chauffagiste-a-cossonay-ville\\\/#primaryimage\"},\"thumbnailUrl\":\"https:\\\/\\\/www.artisanlocal.ch\\\/c\\\/wp-content\\\/uploads\\\/2024\\\/10\\\/chauffagiste.jpg\",\"datePublished\":\"2024-04-18T15:45:09+00:00\",\"dateModified\":\"2025-08-26T23:32:28+00:00\",\"breadcrumb\":{\"@id\":\"https:\\\/\\\/www.artisanlocal.ch\\\/c\\\/besoin-dun-chauffagiste-a-cossonay-ville\\\/#breadcrumb\"},\"inLanguage\":\"fr-FR\",\"potentialAction\":[{\"@type\":\"ReadAction\",\"target\":[\"https:\\\/\\\/www.artisanlocal.ch\\\/c\\\/besoin-dun-chauffagiste-a-cossonay-ville\\\/\"]}]},{\"@type\":\"ImageObject\",\"inLanguage\":\"fr-FR\",\"@id\":\"https:\\\/\\\/www.artisanlocal.ch\\\/c\\\/besoin-dun-chauffagiste-a-cossonay-ville\\\/#primaryimage\",\"url\":\"https:\\\/\\\/www.artisanlocal.ch\\\/c\\\/wp-content\\\/uploads\\\/2024\\\/10\\\/chauffagiste.jpg\",\"contentUrl\":\"https:\\\/\\\/www.artisanlocal.ch\\\/c\\\/wp-content\\\/uploads\\\/2024\\\/10\\\/chauffagiste.jpg\",\"width\":1920,\"height\":300},{\"@type\":\"BreadcrumbList\",\"@id\":\"https:\\\/\\\/www.artisanlocal.ch\\\/c\\\/besoin-dun-chauffagiste-a-cossonay-ville\\\/#breadcrumb\",\"itemListElement\":[{\"@type\":\"ListItem\",\"position\":1,\"name\":\"Accueil\",\"item\":\"https:\\\/\\\/www.artisanlocal.ch\\\/c\\\/\"},{\"@type\":\"ListItem\",\"position\":2,\"name\":\"Chauffagiste \u00e0 Cossonay-Ville\"}]},{\"@type\":\"WebSite\",\"@id\":\"https:\\\/\\\/www.artisanlocal.ch\\\/c\\\/#website\",\"url\":\"https:\\\/\\\/www.artisanlocal.ch\\\/c\\\/\",\"name\":\"Artisanlocal\",\"description\":\"\",\"publisher\":{\"@id\":\"https:\\\/\\\/www.artisanlocal.ch\\\/c\\\/#organization\"},\"potentialAction\":[{\"@type\":\"SearchAction\",\"target\":{\"@type\":\"EntryPoint\",\"urlTemplate\":\"https:\\\/\\\/www.artisanlocal.ch\\\/c\\\/?s={search_term_string}\"},\"query-input\":{\"@type\":\"PropertyValueSpecification\",\"valueRequired\":true,\"valueName\":\"search_term_string\"}}],\"inLanguage\":\"fr-FR\"},{\"@type\":\"Organization\",\"@id\":\"https:\\\/\\\/www.artisanlocal.ch\\\/c\\\/#organization\",\"name\":\"Artisanlocal\",\"url\":\"https:\\\/\\\/www.artisanlocal.ch\\\/c\\\/\",\"logo\":{\"@type\":\"ImageObject\",\"inLanguage\":\"fr-FR\",\"@id\":\"https:\\\/\\\/www.artisanlocal.ch\\\/c\\\/#\\\/schema\\\/logo\\\/image\\\/\",\"url\":\"https:\\\/\\\/www.artisanlocal.ch\\\/c\\\/wp-content\\\/uploads\\\/2024\\\/02\\\/logo-artisanlocal-h.svg\",\"contentUrl\":\"https:\\\/\\\/www.artisanlocal.ch\\\/c\\\/wp-content\\\/uploads\\\/2024\\\/02\\\/logo-artisanlocal-h.svg\",\"caption\":\"Artisanlocal\"},\"image\":{\"@id\":\"https:\\\/\\\/www.artisanlocal.ch\\\/c\\\/#\\\/schema\\\/logo\\\/image\\\/\"}}]}<\/script>\n<!-- \/ Yoast SEO Premium plugin. -->","yoast_head_json":{"title":"Chauffagiste \u00e0 Cossonay-Ville - Artisanlocal","robots":{"index":"index","follow":"follow","max-snippet":"max-snippet:-1","max-image-preview":"max-image-preview:large","max-video-preview":"max-video-preview:-1"},"canonical":"https:\/\/www.artisanlocal.ch\/c\/besoin-dun-chauffagiste-a-cossonay-ville\/","og_locale":"fr_FR","og_type":"article","og_title":"Chauffagiste \u00e0 Cossonay-Ville","og_description":"Besoin d&rsquo;un sp\u00e9cialiste du chauffage \u00e0 Cossonay-Ville ? Artisanlocal r\u00e9nove votre chaudi\u00e8re et effectue vos travaux de chauffage \u00e0 Cossonay-Ville. Si vous travaillez avec notre entreprise, vous b\u00e9n\u00e9ficiez : de tarif clair, des services de qualit\u00e9, des interventions \u00e0 Cossonay-Ville et dans les villes proches, d&rsquo;un personnel qualifi\u00e9 et avec une solide exp\u00e9rience, de devis [&hellip;]","og_url":"https:\/\/www.artisanlocal.ch\/c\/besoin-dun-chauffagiste-a-cossonay-ville\/","og_site_name":"Artisanlocal","article_modified_time":"2025-08-26T23:32:28+00:00","og_image":[{"width":1920,"height":300,"url":"https:\/\/www.artisanlocal.ch\/c\/wp-content\/uploads\/2024\/10\/chauffagiste.jpg","type":"image\/jpeg"}],"twitter_card":"summary_large_image","twitter_misc":{"Dur\u00e9e de lecture estim\u00e9e":"6 minutes"},"schema":{"@context":"https:\/\/schema.org","@graph":[{"@type":"WebPage","@id":"https:\/\/www.artisanlocal.ch\/c\/besoin-dun-chauffagiste-a-cossonay-ville\/","url":"https:\/\/www.artisanlocal.ch\/c\/besoin-dun-chauffagiste-a-cossonay-ville\/","name":"Chauffagiste \u00e0 Cossonay-Ville - Artisanlocal","isPartOf":{"@id":"https:\/\/www.artisanlocal.ch\/c\/#website"},"primaryImageOfPage":{"@id":"https:\/\/www.artisanlocal.ch\/c\/besoin-dun-chauffagiste-a-cossonay-ville\/#primaryimage"},"image":{"@id":"https:\/\/www.artisanlocal.ch\/c\/besoin-dun-chauffagiste-a-cossonay-ville\/#primaryimage"},"thumbnailUrl":"https:\/\/www.artisanlocal.ch\/c\/wp-content\/uploads\/2024\/10\/chauffagiste.jpg","datePublished":"2024-04-18T15:45:09+00:00","dateModified":"2025-08-26T23:32:28+00:00","breadcrumb":{"@id":"https:\/\/www.artisanlocal.ch\/c\/besoin-dun-chauffagiste-a-cossonay-ville\/#breadcrumb"},"inLanguage":"fr-FR","potentialAction":[{"@type":"ReadAction","target":["https:\/\/www.artisanlocal.ch\/c\/besoin-dun-chauffagiste-a-cossonay-ville\/"]}]},{"@type":"ImageObject","inLanguage":"fr-FR","@id":"https:\/\/www.artisanlocal.ch\/c\/besoin-dun-chauffagiste-a-cossonay-ville\/#primaryimage","url":"https:\/\/www.artisanlocal.ch\/c\/wp-content\/uploads\/2024\/10\/chauffagiste.jpg","contentUrl":"https:\/\/www.artisanlocal.ch\/c\/wp-content\/uploads\/2024\/10\/chauffagiste.jpg","width":1920,"height":300},{"@type":"BreadcrumbList","@id":"https:\/\/www.artisanlocal.ch\/c\/besoin-dun-chauffagiste-a-cossonay-ville\/#breadcrumb","itemListElement":[{"@type":"ListItem","position":1,"name":"Accueil","item":"https:\/\/www.artisanlocal.ch\/c\/"},{"@type":"ListItem","position":2,"name":"Chauffagiste \u00e0 Cossonay-Ville"}]},{"@type":"WebSite","@id":"https:\/\/www.artisanlocal.ch\/c\/#website","url":"https:\/\/www.artisanlocal.ch\/c\/","name":"Artisanlocal","description":"","publisher":{"@id":"https:\/\/www.artisanlocal.ch\/c\/#organization"},"potentialAction":[{"@type":"SearchAction","target":{"@type":"EntryPoint","urlTemplate":"https:\/\/www.artisanlocal.ch\/c\/?s={search_term_string}"},"query-input":{"@type":"PropertyValueSpecification","valueRequired":true,"valueName":"search_term_string"}}],"inLanguage":"fr-FR"},{"@type":"Organization","@id":"https:\/\/www.artisanlocal.ch\/c\/#organization","name":"Artisanlocal","url":"https:\/\/www.artisanlocal.ch\/c\/","logo":{"@type":"ImageObject","inLanguage":"fr-FR","@id":"https:\/\/www.artisanlocal.ch\/c\/#\/schema\/logo\/image\/","url":"https:\/\/www.artisanlocal.ch\/c\/wp-content\/uploads\/2024\/02\/logo-artisanlocal-h.svg","contentUrl":"https:\/\/www.artisanlocal.ch\/c\/wp-content\/uploads\/2024\/02\/logo-artisanlocal-h.svg","caption":"Artisanlocal"},"image":{"@id":"https:\/\/www.artisanlocal.ch\/c\/#\/schema\/logo\/image\/"}}]}},"_links":{"self":[{"href":"https:\/\/www.artisanlocal.ch\/c\/wp-json\/wp\/v2\/pages\/643","targetHints":{"allow":["GET"]}}],"collection":[{"href":"https:\/\/www.artisanlocal.ch\/c\/wp-json\/wp\/v2\/pages"}],"about":[{"href":"https:\/\/www.artisanlocal.ch\/c\/wp-json\/wp\/v2\/types\/page"}],"author":[{"embeddable":true,"href":"https:\/\/www.artisanlocal.ch\/c\/wp-json\/wp\/v2\/users\/4"}],"replies":[{"embeddable":true,"href":"https:\/\/www.artisanlocal.ch\/c\/wp-json\/wp\/v2\/comments?post=643"}],"version-history":[{"count":0,"href":"https:\/\/www.artisanlocal.ch\/c\/wp-json\/wp\/v2\/pages\/643\/revisions"}],"wp:featuredmedia":[{"embeddable":true,"href":"https:\/\/www.artisanlocal.ch\/c\/wp-json\/wp\/v2\/media\/2757"}],"wp:attachment":[{"href":"https:\/\/www.artisanlocal.ch\/c\/wp-json\/wp\/v2\/media?parent=643"}],"wp:term":[{"taxonomy":"profession","embeddable":true,"href":"https:\/\/www.artisanlocal.ch\/c\/wp-json\/wp\/v2\/profession?post=643"},{"taxonomy":"location","embeddable":true,"href":"https:\/\/www.artisanlocal.ch\/c\/wp-json\/wp\/v2\/location?post=643"},{"taxonomy":"canton","embeddable":true,"href":"https:\/\/www.artisanlocal.ch\/c\/wp-json\/wp\/v2\/canton?post=643"}],"curies":[{"name":"wp","href":"https:\/\/api.w.org\/{rel}","templated":true}]}}