{"id":647,"date":"2024-04-19T06:16:11","date_gmt":"2024-04-19T04:16:11","guid":{"rendered":"https:\/\/www.artisanlocal.ch\/c\/chauffagiste-a-moudon\/"},"modified":"2025-08-27T01:32:12","modified_gmt":"2025-08-26T23:32:12","slug":"chauffagiste-a-moudon","status":"publish","type":"page","link":"https:\/\/www.artisanlocal.ch\/c\/chauffagiste-a-moudon\/","title":{"rendered":"Chauffagiste \u00e0 Moudon ?"},"content":{"rendered":"<p>Besoin d&rsquo;un sp\u00e9cialiste du chauffage \u00e0 Moudon ? Artisanlocal s&rsquo;occupe de la r\u00e9paration de votre chaudi\u00e8re et r\u00e9alise vos travaux de chauffage \u00e0 Moudon. En travaillant avec nous, vous profitez :<\/p>\n<ul>\n<li>d&rsquo;une tarification d\u00e9taill\u00e9e,<\/li>\n<li>de prestations de haut niveau,<\/li>\n<li>d&rsquo;assistance \u00e0 Moudon et dans les alentours,<\/li>\n<li>d&rsquo;une \u00e9quipe avec de l&rsquo;exp\u00e9rience,<\/li>\n<li>d&rsquo;estimations gratuites,<\/li>\n<li>de techniciens accessibles du lundi au samedi.<\/li>\n<\/ul>\n\r\n<div class=\"box\">\r\n            <div class=\"company-info\">\r\n            <img decoding=\"async\" class=\"company-info__logo\" src=\"https:\/\/www.artisanlocal.ch\/media\/cache\/thumb\/images\/companies\/691c53be3a411091403627.png\" alt=\"Logo\">\r\n            <h2 class=\"company-info__name\">Valb-Therm S\u00e0rl<\/h2>\r\n            <p class=\"company-info__business\">Chauffage - Sanitaire - Ventilation - D\u00e9pannage - Entretien - Installation<\/p>\r\n        <\/div>\r\n        <div class=\"company-contact\">\r\n            <p class=\"company-info__address\">Avenue de Lucens 32<\/p>\r\n                            <div class=\"links\">\r\n                                            <a class=\"btn has-accent-background-color js-phoneNumber\" href=\"tel:0796974966\" title=\"Appelez\" data-id=\"38836\" data-type=\"11\">079 697 49 66<\/a>\r\n                                                                <a class=\"btn has-accent-background-color\" href=\"https:\/\/valbtherm.ch\/\" target=\"_blank\" title=\"Voir le site internet\" data-id=\"38836\" data-type=\"20\">Site internet<\/a>\r\n                                    <\/div>\r\n                    <\/div>\r\n    \r\n            \r\n<form action=\"https:\/\/www.artisanlocal.ch\/c\/wp-admin\/admin-ajax.php\" method=\"post\" class=\"form-contact\" id=\"artisan_form_contact_company_inline\">\r\n    <div><input type=\"hidden\" name=\"action\" value=\"company_contact\"><\/div>\r\n    <div><input type=\"hidden\" name=\"nonce\" value=\"32d8b14c12\"><\/div>\r\n    <div><input type=\"hidden\" name=\"company_id\" value=\"38836\"><\/div>\r\n    <div><input type=\"hidden\" name=\"form_id\" value=\"artisan_form_contact_company_inline\"><\/div>\r\n    <div class=\"gglcptch gglcptch_v3 gglcptch_custom\"><input type=\"hidden\" id=\"g-recaptcha-response\" name=\"g-recaptcha-response\" \/><br \/><div class=\"gglcptch_error_text\">La p\u00e9riode de v\u00e9rification reCAPTCHA a expir\u00e9. Veuillez recharger la page.<\/div><\/div>    <div class=\"form-content\">\r\n        <div class=\"form-group\">\r\n            <label for=\"contact_firstName\" class=\"required\">Pr\u00e9nom<\/label>\r\n            <input type=\"text\" name=\"firstName\" class=\"form-control\" required>\r\n        <\/div>\r\n        <div class=\"form-group\">\r\n            <label for=\"contact_lastName\" class=\"required\">Nom<\/label>\r\n            <input type=\"text\" name=\"lastName\" class=\"form-control\" required>\r\n        <\/div>\r\n        <div class=\"form-group\">\r\n            <label for=\"contact_email\" class=\"required\">Email<\/label>\r\n            <input type=\"email\" name=\"email\" class=\"form-control\" required>\r\n        <\/div>\r\n        <div class=\"form-group\">\r\n            <label for=\"contact_phone\" class=\"required\">Num\u00e9ro de t\u00e9l\u00e9phone<\/label>\r\n            <input type=\"tel\" name=\"phone\" class=\"form-control\" placeholder=\"0787117165\" pattern=\"^[0-9]{10}$\" required>\r\n        <\/div>\r\n        <div class=\"form-group\">\r\n            <label for=\"contact_postalCode\" class=\"required\">Code postal et localit\u00e9<\/label>\r\n            <input type=\"text\" name=\"postalCode\" class=\"form-control\" required>\r\n        <\/div>\r\n        <div class=\"form-group\">\r\n            <label for=\"contact_address\" class=\"required\">Adresse<\/label>\r\n            <input type=\"text\" name=\"address\" class=\"form-control\" required>\r\n        <\/div>\r\n        <div class=\"full-width topic\">\r\n            <p class=\"required\">Je souhaite \u00eatre contact\u00e9 pour :<\/p>\r\n            <div class=\"form-check\">\r\n                <input type=\"radio\" name=\"topic\" value=\"D\u00e9pannage\" class=\"form-control\" required>\r\n                <label for=\"d\u00e9pannage\">D\u00e9pannage<\/label>\r\n            <\/div>\r\n            <div class=\"form-check\">\r\n                <input type=\"radio\" name=\"topic\" value=\"Entretien\" class=\"form-control\" required>\r\n                <label for=\"entretien\">Entretien<\/label>\r\n            <\/div>\r\n            <div class=\"form-check\">\r\n                <input type=\"radio\" name=\"topic\" value=\"R\u00e9novation\" class=\"form-control\" required>\r\n                <label for=\"r\u00e9novation\">R\u00e9novation<\/label>\r\n            <\/div>\r\n            <div class=\"form-check\">\r\n                <input type=\"radio\" name=\"topic\" value=\"Autre\" class=\"form-control\" required>\r\n                <label for=\"autre\">Autre<\/label>\r\n            <\/div>\r\n        <\/div>\r\n        <div class=\"form-group full-width\">\r\n            <label for=\"contact_message\">Message<\/label>\r\n            <textarea name=\"message\" rows=\"3\" class=\"form-control\"><\/textarea>\r\n        <\/div>\r\n    <\/div>\r\n    <div class=\"form-actions\">\r\n        <button class=\"wp-block-button__link has-accent-background-color\">Contacter<\/button>\r\n    <\/div>\r\n<\/form>\r\n<div class=\"form-feedback\"><\/div>    <\/div>\n<h2>Pourquoi choisir Artisanlocal ?<\/h2>\n<p>\u00c9valuation rapide de votre projet : une fois que nous recevons votre demande de contact, notre technicien \u00e0 Moudon vous contacte dans la journ\u00e9e.<\/p>\n<p>Visite \u00e0 votre domicile dans la journ\u00e9e : le jour m\u00eame, le technicien chauffagiste Moudonnois peut se rendre dans votre foyer pour estimer le co\u00fbt de votre projet. Vous obtiendrez un devis et vous pouvez nous poser toutes vos demandes.<\/p>\n<p>Mise en place de votre syst\u00e8me de chauffage en moins de 48 heures : d\u00e8s que le devis est valid\u00e9 avec notre technicien \u00e0 Moudon. Nous planifierons avec vous le jour d&rsquo;installation.<\/p>\n<p>Assistance technique et de r\u00e9paration : si votre syst\u00e8me de chauffage, chauffe-eau ou chaudi\u00e8re tombe en panne. Notre \u00e9quipe de chauffagistes est joignable pour intervenir \u00e0 Moudon et \u00e9galement dans les localit\u00e9s \u00e0 proximit\u00e9.<\/p>\n<h2>Pourquoi la maintenance du chauffage est importante ?<\/h2>\n<p>Assurer le fonctionnement optimal de votre chauffage est essentiel, si vous avez des jeunes enfants. Nos techniciens vous aident \u00e0 r\u00e9gler la temp\u00e9rature id\u00e9ale et le niveau de monoxyde de carbone engendr\u00e9 par votre chauffage. Nos chauffagistes garantissent l\u2019entretien de votre chauffage, peu importe le type : \u00e0 accumulation, basse temp\u00e9rature, fioul, condensation, \u00e9lectrique ou \u00e0 gaz.<\/p>\n<h2>L&rsquo;entreprise Artisanlocal offre-t-elle une assistance t\u00e9l\u00e9phonique ?<\/h2>\n<p>Absolument, nous pouvons vous aider par t\u00e9l\u00e9phone. Il suffit juste de nous d\u00e9crire votre probl\u00e9matique pour nous soyons capables d&rsquo;en d\u00e9finir les raisons et trouver la solution. Il faut garder \u00e0 l&rsquo;esprit que dans la plupart des cas, un expert doit intervenir chez vous pour d\u00e9tecter et corriger le probl\u00e8me.<\/p>\n<h2>Comment fonctionne Artisanlocal ?<\/h2>\n<ol>\n<li>Premier contact : il est n\u00e9cessaire que vous preniez contact avec nous par e-mail ou par t\u00e9l\u00e9phone.<\/li>\n<li>Intervention : un de nos experts chauffagistes intervient \u00e0 votre logement.<\/li>\n<li>\u00c9valuation : le technicien \u00e9valuera votre situation actuelle afin de calculer le volume de vos pi\u00e8ces, et prendre en compte l&rsquo;isolation existante et la superficie totale.<\/li>\n<li>Avis : une strat\u00e9gie vous sera pr\u00e9sent\u00e9e en fonction de votre budget et de vos demandes.<\/li>\n<li>Devis : vous obtenez une estimation d\u00e9taill\u00e9e, vous pr\u00e9sentant les diff\u00e9rentes d\u00e9penses.<\/li>\n<li>Installation : apr\u00e8s avoir sign\u00e9 notre estimation, nous r\u00e9alisons l&rsquo;installation de votre chauffage et r\u00e9glons le thermostat par rapport \u00e0 vos demandes.<\/li>\n<\/ol>\n<h2>Quels sont les chauffages les plus performants pour votre maison ?<\/h2>\n<p>Le technicien qui se d\u00e9place \u00e0 votre domicile, vous conseille pour choisir le meilleur chauffage possible, comme les chauffages : \u00e0 gaz, \u00e9lectriques, fioul, classiques, condensation ou basses temp\u00e9ratures.<\/p>\n<p>Bien que les chauffages \u00e0 condensation ou basses temp\u00e9ratures valent plus cher \u00e0 l&rsquo;achat, mais ils contribuent \u00e0 faire des \u00e9conomies sur la dur\u00e9e.<\/p>\n<p>Avant d\u2019installer votre chauffage, il faut s\u00e9lectionner le bon thermostat. L&rsquo;expert qui intervient chez vous a une grande exp\u00e9rience. Dans le devis, vous retrouvez les d\u00e9tails de notre intervention, tel que le montant des \u00e9quipements et de la main-d&rsquo;\u0153uvre.<\/p>\n<h2>Entretien de votre chauffage \u00e0 Moudon<\/h2>\n<p>Assurez-vous de r\u00e9aliser la maintenance de votre chauffage chaque ann\u00e9e, qu&rsquo;il soit au fioul ou au gaz. Faire appel \u00e0 un chauffagiste pour l&rsquo;entretien de votre chauffage permet de contr\u00f4ler les \u00e9missions de monoxyde de carbone. \u00c0 noter, si votre chauffage cr\u00e9e beaucoup de monoxyde de carbone, \u00e7a peut causer une intoxication. Le chauffagiste qui se d\u00e9place chez vous r\u00e8gle et contr\u00f4le les \u00e9missions de monoxyde de carbone de votre chauffage dans le but de vous emp\u00eacher d\u2019avoir des potentiels probl\u00e8mes de sant\u00e9.<\/p>\n<h2>Programme de maintenance pour votre chauffage \u00e0 Moudon<\/h2>\n<p>Artisanlocal propose des forfaits de maintenance pour votre chauffage dans le but d&rsquo;en garantir le fonctionnement optimal. En r\u00e9alisant une maintenance r\u00e9guli\u00e8re, vous r\u00e9alisez des \u00e9conomies sur le long terme.<\/p>\n<p>D&rsquo;autre part, si vous avez un dommage ou un sinistre, votre assureur vous r\u00e9clame le contrat de maintenance de fa\u00e7on \u00e0 v\u00e9rifier l&rsquo;\u00e9tat de votre chauffage en amont l&rsquo;accident. Vous avez le choix de signer avec notre soci\u00e9t\u00e9 un contrat d&rsquo;entretien pluriannuel ou annuel.<\/p>\n<h2>Quels sont les avantages de signer un contrat d\u2019entretien pour votre chauffage ?<\/h2>\n<p>En cas de \u00e9l\u00e9ments d\u00e9fectueux, nous assurons le remplacement rapide. D&rsquo;autre part, nous nous engageons \u00e0 inspecter la totalit\u00e9 de votre chauffage, comme :<\/p>\n<ul>\n<li>Les niveaux de pression dans vos tuyaux,<\/li>\n<li>le nettoyage des tuyaux de raccordement, et des parties chauffantes.<\/li>\n<\/ul>\n<h2>Quels services propose votre entreprise ?<\/h2>\n<p>Nos techniciens op\u00e8rent dans votre domicile, pour :<\/p>\n<ul>\n<li>le d\u00e9sembouage et le d\u00e9tartrage de vos radiateurs,<\/li>\n<li>la purge de l&rsquo;air de vos radiateurs,<\/li>\n<li>l\u2019entretien de votre chauffage, chaudi\u00e8re et chauffe-eau,<\/li>\n<li>l&rsquo;ajustement des thermostats,<\/li>\n<li>la maintenance des chaudi\u00e8res \u00e0 condensation, basses temp\u00e9ratures, \u00e0 gaz, \u00e0 fioul, \u00e0 accumulation et \u00e9lectriques,<\/li>\n<li>la remise en \u00e9tat de la vanne de purge,<\/li>\n<li>le d\u00e9pannage et la r\u00e9paration sur tous types de probl\u00e8mes techniques : fuite de canalisation, radiateur qui ne marche plus, chaudi\u00e8re, etc.<\/li>\n<li>la pose de votre : chauffage, chaudi\u00e8re, pompe \u00e0 chaleur, radiateur \u00e9lectrique, plancher chauffant, etc.<\/li>\n<\/ul>\n<h2>Foire aux questions<\/h2>\n<h3>Pourquoi avoir recours \u00e0 un technicien chauffagiste Moudonnois ?<\/h3>\n<p>Am\u00e9liorer votre confort : un chauffage efficace maintient la temp\u00e9rature \u00e0 l&rsquo;int\u00e9rieur de votre logement.<\/p>\n<p>\u00c9conomiser de l&rsquo;argent : en investissant dans des \u00e9quipements de qualit\u00e9, exemple l&rsquo;isolation et le chauffage, vous r\u00e9duisez vos \u00e9missions de carbone et vous faites des \u00e9conomies.<\/p>\n<p>Prot\u00e9ger la s\u00e9curit\u00e9 de votre syst\u00e8me de chauffage : respecter les r\u00e8gles de s\u00fbret\u00e9 permet de maintenir un chauffage s\u00fbr et performant (par exemple, pour limiter le taux de monoxyde de carbone).<\/p>\n<p>Pr\u00e9venir les difficult\u00e9s : en inspectant votre chauffage, un de nos techniciens peut pr\u00e9voir les futurs ennuis.<\/p>\n<h3>Comment choisir le meilleur chauffagiste \u00e0 Moudon ?<\/h3>\n<p>Les comp\u00e9tences : contr\u00f4lez les certifications attestant que la soci\u00e9t\u00e9 \u00e0 une exp\u00e9rience dans son domaine.<\/p>\n<p>Les cas clients : il ne faut pas h\u00e9siter \u00e0 parcourir les t\u00e9moignages des anciens clients ayant d\u00e9j\u00e0 eu recours \u00e0 l&rsquo;entreprise de mani\u00e8re \u00e0 vous faire une opinion.<\/p>\n<p>Les garanties : contr\u00f4lez que les techniciens chauffagistes sont assur\u00e9s en cas de d\u00e9g\u00e2ts.<\/p>\n<h3>\u00c0 quelle rapidit\u00e9 intervenez-vous dans un foyer Moudonnois ?<\/h3>\n<p>Si vous avez un probl\u00e8me qui demande une intervention en urgence, nous pouvons intervenir sous un d\u00e9lai de deux heures, s&rsquo;il n&rsquo;y a pas de priorit\u00e9 concernant votre demande, nous op\u00e9rons en g\u00e9n\u00e9ral dans la journ\u00e9e.<\/p>\n<h3>Votre entreprise est disponible pour intervenir \u00e0 Moudon, mais \u00e9galement dans les localit\u00e9s aux alentours ?<\/h3>\n<p>En effet, nous r\u00e9alisons nos interventions \u00e0 Moudon et dans les villes aux environs, par exemple : Ogens, Villars-Mendraz, Sottens, Boulens, Chapelle-sur-Moudon, Martherenges, Peyres-Possens, Chan\u00e9az, Pr\u00e9vondavaux, Correvon, Denezy, St-Cierges, Thierrens, Vuissens, Vucherens, Syens, Chavannes-sur-Moudon, Hermenches, Rossenges, Bussy-sur-Moudon, Neyruz-sur-Moudon, Villars-le-Comte, Curtilles, Lucens, Oulens-sur-Lucens, Granges-pr\u00e8s-Marnand, Marnand, Henniez, Seigneux, Cremin, Forel-sur-Lucens, Villeneuve FR, Praratoud, Surpierre, Cheiry, Chapelle (Broye), Sassel, Combremont-le-Grand, Combremont-le-Petit, Champtauroz, Rossens VD, S\u00e9deilles, Villarzel, Dompierre VD, Lovatens, Pr\u00e9vonloup, Cerniaz VD, Villars-Bramard, Brenles, Chesalles-sur-Moudon, Sarzens.<\/p>\n","protected":false},"excerpt":{"rendered":"<p>Besoin d&rsquo;un sp\u00e9cialiste du chauffage \u00e0 Moudon ? Artisanlocal s&rsquo;occupe de la r\u00e9paration de votre chaudi\u00e8re et r\u00e9alise vos travaux de chauffage \u00e0 Moudon. En travaillant avec nous, vous profitez : d&rsquo;une tarification d\u00e9taill\u00e9e, de prestations de haut niveau, d&rsquo;assistance \u00e0 Moudon et dans les alentours, d&rsquo;une \u00e9quipe avec de l&rsquo;exp\u00e9rience, d&rsquo;estimations gratuites, de techniciens [&hellip;]<\/p>\n","protected":false},"author":4,"featured_media":2757,"parent":0,"menu_order":0,"comment_status":"closed","ping_status":"closed","template":"","meta":{"footnotes":""},"profession":[120],"location":[63],"canton":[113],"class_list":["post-647","page","type-page","status-publish","has-post-thumbnail","hentry","profession-chauffagiste","location-moudon","canton-vd"],"yoast_head":"<!-- This site is optimized with the Yoast SEO Premium plugin v25.7.1 (Yoast SEO v27.4) - https:\/\/yoast.com\/product\/yoast-seo-premium-wordpress\/ -->\n<title>Chauffagiste \u00e0 Moudon ? - Artisanlocal<\/title>\n<meta name=\"robots\" content=\"index, follow, max-snippet:-1, max-image-preview:large, max-video-preview:-1\" \/>\n<link rel=\"canonical\" href=\"https:\/\/www.artisanlocal.ch\/c\/chauffagiste-a-moudon\/\" \/>\n<meta property=\"og:locale\" content=\"fr_FR\" \/>\n<meta property=\"og:type\" content=\"article\" \/>\n<meta property=\"og:title\" content=\"Chauffagiste \u00e0 Moudon ?\" \/>\n<meta property=\"og:description\" content=\"Besoin d&rsquo;un sp\u00e9cialiste du chauffage \u00e0 Moudon ? Artisanlocal s&rsquo;occupe de la r\u00e9paration de votre chaudi\u00e8re et r\u00e9alise vos travaux de chauffage \u00e0 Moudon. En travaillant avec nous, vous profitez : d&rsquo;une tarification d\u00e9taill\u00e9e, de prestations de haut niveau, d&rsquo;assistance \u00e0 Moudon et dans les alentours, d&rsquo;une \u00e9quipe avec de l&rsquo;exp\u00e9rience, d&rsquo;estimations gratuites, de techniciens [&hellip;]\" \/>\n<meta property=\"og:url\" content=\"https:\/\/www.artisanlocal.ch\/c\/chauffagiste-a-moudon\/\" \/>\n<meta property=\"og:site_name\" content=\"Artisanlocal\" \/>\n<meta property=\"article:modified_time\" content=\"2025-08-26T23:32:12+00:00\" \/>\n<meta property=\"og:image\" content=\"https:\/\/www.artisanlocal.ch\/c\/wp-content\/uploads\/2024\/10\/chauffagiste.jpg\" \/>\n\t<meta property=\"og:image:width\" content=\"1920\" \/>\n\t<meta property=\"og:image:height\" content=\"300\" \/>\n\t<meta property=\"og:image:type\" content=\"image\/jpeg\" \/>\n<meta name=\"twitter:card\" content=\"summary_large_image\" \/>\n<meta name=\"twitter:label1\" content=\"Dur\u00e9e de lecture estim\u00e9e\" \/>\n\t<meta name=\"twitter:data1\" content=\"6 minutes\" \/>\n<script type=\"application\/ld+json\" class=\"yoast-schema-graph\">{\"@context\":\"https:\\\/\\\/schema.org\",\"@graph\":[{\"@type\":\"WebPage\",\"@id\":\"https:\\\/\\\/www.artisanlocal.ch\\\/c\\\/chauffagiste-a-moudon\\\/\",\"url\":\"https:\\\/\\\/www.artisanlocal.ch\\\/c\\\/chauffagiste-a-moudon\\\/\",\"name\":\"Chauffagiste \u00e0 Moudon ? - Artisanlocal\",\"isPartOf\":{\"@id\":\"https:\\\/\\\/www.artisanlocal.ch\\\/c\\\/#website\"},\"primaryImageOfPage\":{\"@id\":\"https:\\\/\\\/www.artisanlocal.ch\\\/c\\\/chauffagiste-a-moudon\\\/#primaryimage\"},\"image\":{\"@id\":\"https:\\\/\\\/www.artisanlocal.ch\\\/c\\\/chauffagiste-a-moudon\\\/#primaryimage\"},\"thumbnailUrl\":\"https:\\\/\\\/www.artisanlocal.ch\\\/c\\\/wp-content\\\/uploads\\\/2024\\\/10\\\/chauffagiste.jpg\",\"datePublished\":\"2024-04-19T04:16:11+00:00\",\"dateModified\":\"2025-08-26T23:32:12+00:00\",\"breadcrumb\":{\"@id\":\"https:\\\/\\\/www.artisanlocal.ch\\\/c\\\/chauffagiste-a-moudon\\\/#breadcrumb\"},\"inLanguage\":\"fr-FR\",\"potentialAction\":[{\"@type\":\"ReadAction\",\"target\":[\"https:\\\/\\\/www.artisanlocal.ch\\\/c\\\/chauffagiste-a-moudon\\\/\"]}]},{\"@type\":\"ImageObject\",\"inLanguage\":\"fr-FR\",\"@id\":\"https:\\\/\\\/www.artisanlocal.ch\\\/c\\\/chauffagiste-a-moudon\\\/#primaryimage\",\"url\":\"https:\\\/\\\/www.artisanlocal.ch\\\/c\\\/wp-content\\\/uploads\\\/2024\\\/10\\\/chauffagiste.jpg\",\"contentUrl\":\"https:\\\/\\\/www.artisanlocal.ch\\\/c\\\/wp-content\\\/uploads\\\/2024\\\/10\\\/chauffagiste.jpg\",\"width\":1920,\"height\":300},{\"@type\":\"BreadcrumbList\",\"@id\":\"https:\\\/\\\/www.artisanlocal.ch\\\/c\\\/chauffagiste-a-moudon\\\/#breadcrumb\",\"itemListElement\":[{\"@type\":\"ListItem\",\"position\":1,\"name\":\"Accueil\",\"item\":\"https:\\\/\\\/www.artisanlocal.ch\\\/c\\\/\"},{\"@type\":\"ListItem\",\"position\":2,\"name\":\"Chauffagiste \u00e0 Moudon ?\"}]},{\"@type\":\"WebSite\",\"@id\":\"https:\\\/\\\/www.artisanlocal.ch\\\/c\\\/#website\",\"url\":\"https:\\\/\\\/www.artisanlocal.ch\\\/c\\\/\",\"name\":\"Artisanlocal\",\"description\":\"\",\"publisher\":{\"@id\":\"https:\\\/\\\/www.artisanlocal.ch\\\/c\\\/#organization\"},\"potentialAction\":[{\"@type\":\"SearchAction\",\"target\":{\"@type\":\"EntryPoint\",\"urlTemplate\":\"https:\\\/\\\/www.artisanlocal.ch\\\/c\\\/?s={search_term_string}\"},\"query-input\":{\"@type\":\"PropertyValueSpecification\",\"valueRequired\":true,\"valueName\":\"search_term_string\"}}],\"inLanguage\":\"fr-FR\"},{\"@type\":\"Organization\",\"@id\":\"https:\\\/\\\/www.artisanlocal.ch\\\/c\\\/#organization\",\"name\":\"Artisanlocal\",\"url\":\"https:\\\/\\\/www.artisanlocal.ch\\\/c\\\/\",\"logo\":{\"@type\":\"ImageObject\",\"inLanguage\":\"fr-FR\",\"@id\":\"https:\\\/\\\/www.artisanlocal.ch\\\/c\\\/#\\\/schema\\\/logo\\\/image\\\/\",\"url\":\"https:\\\/\\\/www.artisanlocal.ch\\\/c\\\/wp-content\\\/uploads\\\/2024\\\/02\\\/logo-artisanlocal-h.svg\",\"contentUrl\":\"https:\\\/\\\/www.artisanlocal.ch\\\/c\\\/wp-content\\\/uploads\\\/2024\\\/02\\\/logo-artisanlocal-h.svg\",\"caption\":\"Artisanlocal\"},\"image\":{\"@id\":\"https:\\\/\\\/www.artisanlocal.ch\\\/c\\\/#\\\/schema\\\/logo\\\/image\\\/\"}}]}<\/script>\n<!-- \/ Yoast SEO Premium plugin. -->","yoast_head_json":{"title":"Chauffagiste \u00e0 Moudon ? - Artisanlocal","robots":{"index":"index","follow":"follow","max-snippet":"max-snippet:-1","max-image-preview":"max-image-preview:large","max-video-preview":"max-video-preview:-1"},"canonical":"https:\/\/www.artisanlocal.ch\/c\/chauffagiste-a-moudon\/","og_locale":"fr_FR","og_type":"article","og_title":"Chauffagiste \u00e0 Moudon ?","og_description":"Besoin d&rsquo;un sp\u00e9cialiste du chauffage \u00e0 Moudon ? Artisanlocal s&rsquo;occupe de la r\u00e9paration de votre chaudi\u00e8re et r\u00e9alise vos travaux de chauffage \u00e0 Moudon. En travaillant avec nous, vous profitez : d&rsquo;une tarification d\u00e9taill\u00e9e, de prestations de haut niveau, d&rsquo;assistance \u00e0 Moudon et dans les alentours, d&rsquo;une \u00e9quipe avec de l&rsquo;exp\u00e9rience, d&rsquo;estimations gratuites, de techniciens [&hellip;]","og_url":"https:\/\/www.artisanlocal.ch\/c\/chauffagiste-a-moudon\/","og_site_name":"Artisanlocal","article_modified_time":"2025-08-26T23:32:12+00:00","og_image":[{"width":1920,"height":300,"url":"https:\/\/www.artisanlocal.ch\/c\/wp-content\/uploads\/2024\/10\/chauffagiste.jpg","type":"image\/jpeg"}],"twitter_card":"summary_large_image","twitter_misc":{"Dur\u00e9e de lecture estim\u00e9e":"6 minutes"},"schema":{"@context":"https:\/\/schema.org","@graph":[{"@type":"WebPage","@id":"https:\/\/www.artisanlocal.ch\/c\/chauffagiste-a-moudon\/","url":"https:\/\/www.artisanlocal.ch\/c\/chauffagiste-a-moudon\/","name":"Chauffagiste \u00e0 Moudon ? - Artisanlocal","isPartOf":{"@id":"https:\/\/www.artisanlocal.ch\/c\/#website"},"primaryImageOfPage":{"@id":"https:\/\/www.artisanlocal.ch\/c\/chauffagiste-a-moudon\/#primaryimage"},"image":{"@id":"https:\/\/www.artisanlocal.ch\/c\/chauffagiste-a-moudon\/#primaryimage"},"thumbnailUrl":"https:\/\/www.artisanlocal.ch\/c\/wp-content\/uploads\/2024\/10\/chauffagiste.jpg","datePublished":"2024-04-19T04:16:11+00:00","dateModified":"2025-08-26T23:32:12+00:00","breadcrumb":{"@id":"https:\/\/www.artisanlocal.ch\/c\/chauffagiste-a-moudon\/#breadcrumb"},"inLanguage":"fr-FR","potentialAction":[{"@type":"ReadAction","target":["https:\/\/www.artisanlocal.ch\/c\/chauffagiste-a-moudon\/"]}]},{"@type":"ImageObject","inLanguage":"fr-FR","@id":"https:\/\/www.artisanlocal.ch\/c\/chauffagiste-a-moudon\/#primaryimage","url":"https:\/\/www.artisanlocal.ch\/c\/wp-content\/uploads\/2024\/10\/chauffagiste.jpg","contentUrl":"https:\/\/www.artisanlocal.ch\/c\/wp-content\/uploads\/2024\/10\/chauffagiste.jpg","width":1920,"height":300},{"@type":"BreadcrumbList","@id":"https:\/\/www.artisanlocal.ch\/c\/chauffagiste-a-moudon\/#breadcrumb","itemListElement":[{"@type":"ListItem","position":1,"name":"Accueil","item":"https:\/\/www.artisanlocal.ch\/c\/"},{"@type":"ListItem","position":2,"name":"Chauffagiste \u00e0 Moudon ?"}]},{"@type":"WebSite","@id":"https:\/\/www.artisanlocal.ch\/c\/#website","url":"https:\/\/www.artisanlocal.ch\/c\/","name":"Artisanlocal","description":"","publisher":{"@id":"https:\/\/www.artisanlocal.ch\/c\/#organization"},"potentialAction":[{"@type":"SearchAction","target":{"@type":"EntryPoint","urlTemplate":"https:\/\/www.artisanlocal.ch\/c\/?s={search_term_string}"},"query-input":{"@type":"PropertyValueSpecification","valueRequired":true,"valueName":"search_term_string"}}],"inLanguage":"fr-FR"},{"@type":"Organization","@id":"https:\/\/www.artisanlocal.ch\/c\/#organization","name":"Artisanlocal","url":"https:\/\/www.artisanlocal.ch\/c\/","logo":{"@type":"ImageObject","inLanguage":"fr-FR","@id":"https:\/\/www.artisanlocal.ch\/c\/#\/schema\/logo\/image\/","url":"https:\/\/www.artisanlocal.ch\/c\/wp-content\/uploads\/2024\/02\/logo-artisanlocal-h.svg","contentUrl":"https:\/\/www.artisanlocal.ch\/c\/wp-content\/uploads\/2024\/02\/logo-artisanlocal-h.svg","caption":"Artisanlocal"},"image":{"@id":"https:\/\/www.artisanlocal.ch\/c\/#\/schema\/logo\/image\/"}}]}},"_links":{"self":[{"href":"https:\/\/www.artisanlocal.ch\/c\/wp-json\/wp\/v2\/pages\/647","targetHints":{"allow":["GET"]}}],"collection":[{"href":"https:\/\/www.artisanlocal.ch\/c\/wp-json\/wp\/v2\/pages"}],"about":[{"href":"https:\/\/www.artisanlocal.ch\/c\/wp-json\/wp\/v2\/types\/page"}],"author":[{"embeddable":true,"href":"https:\/\/www.artisanlocal.ch\/c\/wp-json\/wp\/v2\/users\/4"}],"replies":[{"embeddable":true,"href":"https:\/\/www.artisanlocal.ch\/c\/wp-json\/wp\/v2\/comments?post=647"}],"version-history":[{"count":0,"href":"https:\/\/www.artisanlocal.ch\/c\/wp-json\/wp\/v2\/pages\/647\/revisions"}],"wp:featuredmedia":[{"embeddable":true,"href":"https:\/\/www.artisanlocal.ch\/c\/wp-json\/wp\/v2\/media\/2757"}],"wp:attachment":[{"href":"https:\/\/www.artisanlocal.ch\/c\/wp-json\/wp\/v2\/media?parent=647"}],"wp:term":[{"taxonomy":"profession","embeddable":true,"href":"https:\/\/www.artisanlocal.ch\/c\/wp-json\/wp\/v2\/profession?post=647"},{"taxonomy":"location","embeddable":true,"href":"https:\/\/www.artisanlocal.ch\/c\/wp-json\/wp\/v2\/location?post=647"},{"taxonomy":"canton","embeddable":true,"href":"https:\/\/www.artisanlocal.ch\/c\/wp-json\/wp\/v2\/canton?post=647"}],"curies":[{"name":"wp","href":"https:\/\/api.w.org\/{rel}","templated":true}]}}