{"id":658,"date":"2024-04-19T03:52:37","date_gmt":"2024-04-19T01:52:37","guid":{"rendered":"https:\/\/www.artisanlocal.ch\/c\/depannage-urgence-chauffagiste-a-chatel-st-denis\/"},"modified":"2025-08-27T01:32:15","modified_gmt":"2025-08-26T23:32:15","slug":"depannage-urgence-chauffagiste-a-chatel-st-denis","status":"publish","type":"page","link":"https:\/\/www.artisanlocal.ch\/c\/depannage-urgence-chauffagiste-a-chatel-st-denis\/","title":{"rendered":"Chauffagiste \u00e0 Ch\u00e2tel-St-Denis : chauffage, sanitaire et ventilation"},"content":{"rendered":"<p>Besoin d&rsquo;un sp\u00e9cialiste du chauffage \u00e0 Ch\u00e2tel-St-Denis ? Artisanlocal s&rsquo;occupe de la r\u00e9paration et de l&rsquo;installation de votre chauffage. En travaillant avec nous, vous profitez :<\/p>\n<ul>\n<li>de tarif transparent,<\/li>\n<li>de prestations de haut niveau,<\/li>\n<li>d&rsquo;intervention \u00e0 Ch\u00e2tel-St-Denis et dans ses environs,<\/li>\n<li>d&rsquo;une entreprise avec de l&rsquo;exp\u00e9rience,<\/li>\n<li>de devis gratuits,<\/li>\n<li>d&rsquo;experts joignables du lundi au samedi pour r\u00e9pondre \u00e0 toutes vos questions.<\/li>\n<\/ul>\n\r\n<div class=\"box\">\r\n            <div class=\"company-info\">\r\n            <img decoding=\"async\" class=\"company-info__logo\" src=\"https:\/\/www.artisanlocal.ch\/media\/cache\/thumb\/images\/companies\/6936b09c21170453102254.png\" alt=\"Logo\">\r\n            <h2 class=\"company-info__name\">Balmat SA<\/h2>\r\n            <p class=\"company-info__business\">Syst\u00e8mes de chauffage - Ventilation - Installations sanitaires - R\u00e9novation de salles de bains<\/p>\r\n        <\/div>\r\n        <div class=\"company-contact\">\r\n            <p class=\"company-info__address\">Rte de l'Ancienne Ferme 1<\/p>\r\n                            <div class=\"links\">\r\n                                            <a class=\"btn has-accent-background-color js-phoneNumber\" href=\"tel:0269128989\" title=\"Appelez\" data-id=\"38845\" data-type=\"11\">026 912 89 89<\/a>\r\n                                                                <a class=\"btn has-accent-background-color\" href=\"https:\/\/www.balmat-sa.ch\/\" target=\"_blank\" title=\"Voir le site internet\" data-id=\"38845\" data-type=\"20\">Site internet<\/a>\r\n                                    <\/div>\r\n                    <\/div>\r\n    \r\n            \r\n<form action=\"https:\/\/www.artisanlocal.ch\/c\/wp-admin\/admin-ajax.php\" method=\"post\" class=\"form-contact\" id=\"artisan_form_contact_company_inline\">\r\n    <div><input type=\"hidden\" name=\"action\" value=\"company_contact\"><\/div>\r\n    <div><input type=\"hidden\" name=\"nonce\" value=\"85ec494698\"><\/div>\r\n    <div><input type=\"hidden\" name=\"company_id\" value=\"38845\"><\/div>\r\n    <div><input type=\"hidden\" name=\"form_id\" value=\"artisan_form_contact_company_inline\"><\/div>\r\n    <div class=\"gglcptch gglcptch_v3 gglcptch_custom\"><input type=\"hidden\" id=\"g-recaptcha-response\" name=\"g-recaptcha-response\" \/><br \/><div class=\"gglcptch_error_text\">La p\u00e9riode de v\u00e9rification reCAPTCHA a expir\u00e9. Veuillez recharger la page.<\/div><\/div>    <div class=\"form-content\">\r\n        <div class=\"form-group\">\r\n            <label for=\"contact_firstName\" class=\"required\">Pr\u00e9nom<\/label>\r\n            <input type=\"text\" name=\"firstName\" class=\"form-control\" required>\r\n        <\/div>\r\n        <div class=\"form-group\">\r\n            <label for=\"contact_lastName\" class=\"required\">Nom<\/label>\r\n            <input type=\"text\" name=\"lastName\" class=\"form-control\" required>\r\n        <\/div>\r\n        <div class=\"form-group\">\r\n            <label for=\"contact_email\" class=\"required\">Email<\/label>\r\n            <input type=\"email\" name=\"email\" class=\"form-control\" required>\r\n        <\/div>\r\n        <div class=\"form-group\">\r\n            <label for=\"contact_phone\" class=\"required\">Num\u00e9ro de t\u00e9l\u00e9phone<\/label>\r\n            <input type=\"tel\" name=\"phone\" class=\"form-control\" placeholder=\"0787117165\" pattern=\"^[0-9]{10}$\" required>\r\n        <\/div>\r\n        <div class=\"form-group\">\r\n            <label for=\"contact_postalCode\" class=\"required\">Code postal et localit\u00e9<\/label>\r\n            <input type=\"text\" name=\"postalCode\" class=\"form-control\" required>\r\n        <\/div>\r\n        <div class=\"form-group\">\r\n            <label for=\"contact_address\" class=\"required\">Adresse<\/label>\r\n            <input type=\"text\" name=\"address\" class=\"form-control\" required>\r\n        <\/div>\r\n        <div class=\"full-width topic\">\r\n            <p class=\"required\">Je souhaite \u00eatre contact\u00e9 pour :<\/p>\r\n            <div class=\"form-check\">\r\n                <input type=\"radio\" name=\"topic\" value=\"D\u00e9pannage\" class=\"form-control\" required>\r\n                <label for=\"d\u00e9pannage\">D\u00e9pannage<\/label>\r\n            <\/div>\r\n            <div class=\"form-check\">\r\n                <input type=\"radio\" name=\"topic\" value=\"Entretien\" class=\"form-control\" required>\r\n                <label for=\"entretien\">Entretien<\/label>\r\n            <\/div>\r\n            <div class=\"form-check\">\r\n                <input type=\"radio\" name=\"topic\" value=\"R\u00e9novation\" class=\"form-control\" required>\r\n                <label for=\"r\u00e9novation\">R\u00e9novation<\/label>\r\n            <\/div>\r\n            <div class=\"form-check\">\r\n                <input type=\"radio\" name=\"topic\" value=\"Autre\" class=\"form-control\" required>\r\n                <label for=\"autre\">Autre<\/label>\r\n            <\/div>\r\n        <\/div>\r\n        <div class=\"form-group full-width\">\r\n            <label for=\"contact_message\">Message<\/label>\r\n            <textarea name=\"message\" rows=\"3\" class=\"form-control\"><\/textarea>\r\n        <\/div>\r\n    <\/div>\r\n    <div class=\"form-actions\">\r\n        <button class=\"wp-block-button__link has-accent-background-color\">Contacter<\/button>\r\n    <\/div>\r\n<\/form>\r\n<div class=\"form-feedback\"><\/div>    <\/div>\n<h2>Pourquoi choisir Artisanlocal ?<\/h2>\n<p>Devis gratuit et rapide : d\u00e8s que vous prenez contact avec nous, notre technicien \u00e0 Ch\u00e2tel-St-Denis prend contact le jour m\u00eame.<\/p>\n<p>D\u00e9placement de notre technicien \u00e0 votre domicile : le jour m\u00eame, le chauffagiste Ch\u00e2telois peut se rendre dans votre foyer pour d\u00e9terminer le co\u00fbt pour le changement ou l&rsquo;installation de votre chauffage. Ensuite, vous recevez un devis d\u00e9taill\u00e9 et vous pouvez nous poser vos questions.<\/p>\n<p>Installation de votre syst\u00e8me de chauffage en moins de 48 heures : une fois que vous avez valid\u00e9 le devis avec notre technicien \u00e0 Ch\u00e2tel-St-Denis. Nous d\u00e9terminerons la date de notre intervention avec vous.<\/p>\n<p>D\u00e9pannage et entretien : en cas de panne de votre chaudi\u00e8re, chauffe-eau ou syst\u00e8me de chauffage. Notre soci\u00e9t\u00e9 est disponible pour intervenir \u00e0 Ch\u00e2tel-St-Denis et \u00e9galement dans les villes \u00e0 proximit\u00e9.<\/p>\n<h2>Pourquoi est-il indispensable de d\u00e9panner votre chauffage ?<\/h2>\n<p>Avoir un syst\u00e8me de chauffage qui marche est important, si vous avez de jeunes enfants. Notre \u00e9quipe vous aide \u00e0 d\u00e9finir la temp\u00e9rature id\u00e9ale et v\u00e9rifie la pr\u00e9sence monoxyde de carbone cr\u00e9\u00e9 par votre syst\u00e8me de chauffage. Nos experts s&rsquo;occupent de l&rsquo;entretien de votre chauffage, peu importe le type : basse temp\u00e9rature, fioul, condensation, \u00e9lectrique, gaz ou \u00e0 accumulation.<\/p>\n<h2>Votre entreprise offre-t-elle une assistance t\u00e9l\u00e9phonique ?<\/h2>\n<p>Oui, Artisanlocal peut vous d\u00e9panner \u00e0 distance. En nous d\u00e9crivant votre probl\u00e9matique par t\u00e9l\u00e9phone, nous trouverons la bonne solution pour r\u00e9gler votre probl\u00e8me de chauffage. Il faut garder \u00e0 l&rsquo;esprit que dans la plupart des situations, un expert doit intervenir chez vous pour d\u00e9celer et corriger le probl\u00e8me.<\/p>\n<h2>De quelle mani\u00e8re fonctionne Artisanlocal ?<\/h2>\n<ol>\n<li>Prise de contact : Il est n\u00e9cessaire de nous joindre par t\u00e9l\u00e9phone ou par message.<\/li>\n<li>Intervention : un technicien chauffagiste Ch\u00e2telois vient \u00e0 votre logement.<\/li>\n<li>Estimation : on examinera l&rsquo;\u00e9quipement actuel, la superficie, l&rsquo;isolation et le volume de vos pi\u00e8ces pour estimer et d\u00e9terminer la meilleure solution.<\/li>\n<li>Recommandation : une solution vous sera propos\u00e9e en fonction de vos attentes et votre budget.<\/li>\n<li>Estimation : nous vous fournissons un devis pr\u00e9cis avec les divers montants.<\/li>\n<li>Pose : une fois que vous avec accept\u00e9 le devis et en fonction de votre agenda, nous mettons en place votre chauffage, et r\u00e9glons le thermostat.<\/li>\n<\/ol>\n<h2>Quels sont les chauffages les plus performants pour votre maison ?<\/h2>\n<p>Notre expert chauffagiste vous aide pour choisir la meilleure option, il vous conseille parmi les chauffages existants :\u00a0 gaz, \u00e9lectriques, fioul, classiques, condensation ou basses temp\u00e9ratures.<\/p>\n<p>Les \u00e9quipements de chauffages \u00e0 condensation ou \u00e0 basse temp\u00e9rature, malgr\u00e9 un prix d&rsquo;achat plus important, ils permettent de faire des \u00e9conomies \u00e0 long terme.<\/p>\n<p>Par ailleurs, avant d&rsquo;installer votre chauffage, il faut configurer la bonne temp\u00e9rature par rapport \u00e0 vos besoins. Pas d\u2019inqui\u00e9tude, l&rsquo;expert qui se d\u00e9place \u00e0 votre domicile a l&rsquo;expertise pour r\u00e9pondre \u00e0 toutes vos probl\u00e9matiques. Dans notre devis, vous retrouvez les d\u00e9tails de notre intervention, tel que le prix des \u00e9quipements et de la main-d&rsquo;\u0153uvre.<\/p>\n<h2>Service de maintenance de votre chauffage \u00e0 Ch\u00e2tel-St-Denis<\/h2>\n<p>Veillez \u00e0 faire la maintenance de votre chauffage tous les ans, qu&rsquo;il soit au fioul ou au gaz. La maintenance de votre chauffage permet de contr\u00f4ler les \u00e9missions de monoxyde de carbone qui se d\u00e9gage. \u00c0 noter, si votre chauffage produit excessivement de monoxyde de carbone, vous pouvez vous intoxiquer. En intervenant chez vous, l&rsquo;expert v\u00e9rifie les \u00e9missions de monoxyde de carbone d\u00e9gag\u00e9es par votre chauffage.<\/p>\n<h2>Programme d&rsquo;entretien pour votre chauffage \u00e0 Ch\u00e2tel-St-Denis<\/h2>\n<p>Artisanlocal propose des contrats de maintenance pour votre chauffage afin d&rsquo;en garantir le fonctionnement optimal. Avec une maintenance r\u00e9guli\u00e8re, vous r\u00e9alisez des \u00e9conomies en \u00e9vitant les pannes et les interventions en urgence.<\/p>\n<p>Aussi, si vous avez un sinistre, votre assureur demande le contrat d&rsquo;entretien dans le but de v\u00e9rifier l\u2019\u00e9tat de votre chauffage en amont de l&rsquo;incident. Vous pouvez signer avec notre soci\u00e9t\u00e9 un contrat d&rsquo;entretien pluriannuel ou annuel.<\/p>\n<h2>Pourquoi signer un forfait de maintenance pour votre chauffage ?<\/h2>\n<p>Si vous avez une pi\u00e8ce qui est d\u00e9fectueuse, nous la rempla\u00e7ons en urgence, nous prenons l&rsquo;engagement de contr\u00f4ler tout votre syst\u00e8me de chauffage, comme :<\/p>\n<ul>\n<li>La tension dans vos tuyaux,<\/li>\n<li>et r\u00e9alisons-le lavage de votre br\u00fbleur, des conduits de liaison et des \u00e9l\u00e9ments chauffants.<\/li>\n<\/ul>\n<h2>Quels sont les services Artisanlocal ?<\/h2>\n<p>Nos experts op\u00e8rent dans votre appartement ou maison, pour :<\/p>\n<ul>\n<li>le d\u00e9tartrage et le d\u00e9sembouage de radiateur,<\/li>\n<li>la purge de l&rsquo;air de vos radiateurs,<\/li>\n<li>l\u2019entretien de votre chauffage, chaudi\u00e8re et chauffe-eau,<\/li>\n<li>le param\u00e9trage de votre thermostat,<\/li>\n<li>la maintenance chaudi\u00e8res \u00e0 condensation, \u00e0 accumulation, \u00e0 gaz, \u00e0 fioul, \u00e9lectriques et basses temp\u00e9ratures,<\/li>\n<li>la r\u00e9paration de la vanne de purge,<\/li>\n<li>le d\u00e9pannage et la r\u00e9paration sur tous types de pannes : de votre chaudi\u00e8re, radiateur qui ne chauffe plus, fuite de canalisation, etc.<\/li>\n<li>la mise en place de votre : radiateur \u00e9lectrique, pompe \u00e0 chaleur, plancher chauffant, chauffage, chaudi\u00e8re, etc.<\/li>\n<\/ul>\n<h2>FAQ<\/h2>\n<h3>Pourquoi avoir recours \u00e0 un chauffagiste Ch\u00e2telois ?<\/h3>\n<p>Pour avoir une temp\u00e9rature ambiante constante : un syst\u00e8me de chauffage efficient maintient la temp\u00e9rature de votre logement.<\/p>\n<p>R\u00e9aliser des \u00e9conomies : en choisissant des mat\u00e9riaux et \u00e9quipements de qualit\u00e9, tels que le chauffage et l&rsquo;isolation, vous r\u00e9alisez des \u00e9conomies et limiter vos \u00e9missions carbones.<\/p>\n<p>Renforcer la s\u00fbret\u00e9 de vos installations : respecter les r\u00e8gles de s\u00e9curit\u00e9 permet de maintenir un chauffage s\u00fbr et performant (par exemple, pour diminuer les taux de monoxyde de carbone).<\/p>\n<p>Pr\u00e9voir les probl\u00e8mes : un expert pourra anticiper de potentiels dommages occasionn\u00e9s par vos \u00e9quipements, juste en observant vos installations.<\/p>\n<h3>Quels sont les crit\u00e8res \u00e0 prendre en compte pour s\u00e9lectionner le bon chauffagiste \u00e0 Ch\u00e2tel-St-Denis ?<\/h3>\n<p>Les comp\u00e9tences : contr\u00f4lez les comp\u00e9tences avant de choisir la soci\u00e9t\u00e9 de chauffage.<\/p>\n<p>Les cas clients : il ne faut pas h\u00e9siter \u00e0 consulter les avis des clients ayant d\u00e9j\u00e0 fait appel \u00e0 l&rsquo;entreprise de fa\u00e7on \u00e0 vous faire une opinion.<\/p>\n<p>Les garanties : assurez-vous que la soci\u00e9t\u00e9 de chauffage dispose d&rsquo;une garantie assurance qui couvrira les \u00e9ventuels dommages caus\u00e9s lors de ses op\u00e9rations.<\/p>\n<h3>Quels sont vos d\u00e9lais pour intervenir \u00e0 mon domicile ?<\/h3>\n<p>Si vous avez besoin d&rsquo;une intervention en urgence, nous avons la possibilit\u00e9 d\u2019intervenir dans un d\u00e9lai de deux heures, s&rsquo;il n&rsquo;y a pas d&rsquo;urgence concernant votre demande, nous intervenons g\u00e9n\u00e9ralement dans la journ\u00e9e.<\/p>\n<h3>Pouvez-vous intervenir \u00e0 Ch\u00e2tel-St-Denis et aux environs ?<\/h3>\n<p>Oui, nous effectuons nos interventions \u00e0 Ch\u00e2tel-St-Denis et dans les localit\u00e9s aux alentours, telles que : Besencens, Fiaug\u00e8res, St-Martin FR, Granges (Veveyse), Bossonnens, Attalens, Tatroz, Remaufens, Les Paccots, Semsales, Grattavache, La Verrerie, Progens, Bouloz, Pont (Veveyse), Porsel.<\/p>\n","protected":false},"excerpt":{"rendered":"<p>Besoin d&rsquo;un sp\u00e9cialiste du chauffage \u00e0 Ch\u00e2tel-St-Denis ? Artisanlocal s&rsquo;occupe de la r\u00e9paration et de l&rsquo;installation de votre chauffage. En travaillant avec nous, vous profitez : de tarif transparent, de prestations de haut niveau, d&rsquo;intervention \u00e0 Ch\u00e2tel-St-Denis et dans ses environs, d&rsquo;une entreprise avec de l&rsquo;exp\u00e9rience, de devis gratuits, d&rsquo;experts joignables du lundi au samedi [&hellip;]<\/p>\n","protected":false},"author":4,"featured_media":2757,"parent":0,"menu_order":0,"comment_status":"closed","ping_status":"closed","template":"","meta":{"footnotes":""},"profession":[120],"location":[52],"canton":[109],"class_list":["post-658","page","type-page","status-publish","has-post-thumbnail","hentry","profession-chauffagiste","location-chatel-st-denis","canton-fr"],"yoast_head":"<!-- This site is optimized with the Yoast SEO Premium plugin v25.7.1 (Yoast SEO v27.3) - https:\/\/yoast.com\/product\/yoast-seo-premium-wordpress\/ -->\n<title>Chauffagiste \u00e0 Ch\u00e2tel-St-Denis : chauffage, sanitaire et ventilation - Artisanlocal<\/title>\n<meta name=\"robots\" content=\"index, follow, max-snippet:-1, max-image-preview:large, max-video-preview:-1\" \/>\n<link rel=\"canonical\" href=\"https:\/\/www.artisanlocal.ch\/c\/depannage-urgence-chauffagiste-a-chatel-st-denis\/\" \/>\n<meta property=\"og:locale\" content=\"fr_FR\" \/>\n<meta property=\"og:type\" content=\"article\" \/>\n<meta property=\"og:title\" content=\"Chauffagiste \u00e0 Ch\u00e2tel-St-Denis : chauffage, sanitaire et ventilation\" \/>\n<meta property=\"og:description\" content=\"Besoin d&rsquo;un sp\u00e9cialiste du chauffage \u00e0 Ch\u00e2tel-St-Denis ? Artisanlocal s&rsquo;occupe de la r\u00e9paration et de l&rsquo;installation de votre chauffage. En travaillant avec nous, vous profitez : de tarif transparent, de prestations de haut niveau, d&rsquo;intervention \u00e0 Ch\u00e2tel-St-Denis et dans ses environs, d&rsquo;une entreprise avec de l&rsquo;exp\u00e9rience, de devis gratuits, d&rsquo;experts joignables du lundi au samedi [&hellip;]\" \/>\n<meta property=\"og:url\" content=\"https:\/\/www.artisanlocal.ch\/c\/depannage-urgence-chauffagiste-a-chatel-st-denis\/\" \/>\n<meta property=\"og:site_name\" content=\"Artisanlocal\" \/>\n<meta property=\"article:modified_time\" content=\"2025-08-26T23:32:15+00:00\" \/>\n<meta property=\"og:image\" content=\"https:\/\/www.artisanlocal.ch\/c\/wp-content\/uploads\/2024\/10\/chauffagiste.jpg\" \/>\n\t<meta property=\"og:image:width\" content=\"1920\" \/>\n\t<meta property=\"og:image:height\" content=\"300\" \/>\n\t<meta property=\"og:image:type\" content=\"image\/jpeg\" \/>\n<meta name=\"twitter:card\" content=\"summary_large_image\" \/>\n<meta name=\"twitter:label1\" content=\"Dur\u00e9e de lecture estim\u00e9e\" \/>\n\t<meta name=\"twitter:data1\" content=\"6 minutes\" \/>\n<script type=\"application\/ld+json\" class=\"yoast-schema-graph\">{\"@context\":\"https:\\\/\\\/schema.org\",\"@graph\":[{\"@type\":\"WebPage\",\"@id\":\"https:\\\/\\\/www.artisanlocal.ch\\\/c\\\/depannage-urgence-chauffagiste-a-chatel-st-denis\\\/\",\"url\":\"https:\\\/\\\/www.artisanlocal.ch\\\/c\\\/depannage-urgence-chauffagiste-a-chatel-st-denis\\\/\",\"name\":\"Chauffagiste \u00e0 Ch\u00e2tel-St-Denis : chauffage, sanitaire et ventilation - Artisanlocal\",\"isPartOf\":{\"@id\":\"https:\\\/\\\/www.artisanlocal.ch\\\/c\\\/#website\"},\"primaryImageOfPage\":{\"@id\":\"https:\\\/\\\/www.artisanlocal.ch\\\/c\\\/depannage-urgence-chauffagiste-a-chatel-st-denis\\\/#primaryimage\"},\"image\":{\"@id\":\"https:\\\/\\\/www.artisanlocal.ch\\\/c\\\/depannage-urgence-chauffagiste-a-chatel-st-denis\\\/#primaryimage\"},\"thumbnailUrl\":\"https:\\\/\\\/www.artisanlocal.ch\\\/c\\\/wp-content\\\/uploads\\\/2024\\\/10\\\/chauffagiste.jpg\",\"datePublished\":\"2024-04-19T01:52:37+00:00\",\"dateModified\":\"2025-08-26T23:32:15+00:00\",\"breadcrumb\":{\"@id\":\"https:\\\/\\\/www.artisanlocal.ch\\\/c\\\/depannage-urgence-chauffagiste-a-chatel-st-denis\\\/#breadcrumb\"},\"inLanguage\":\"fr-FR\",\"potentialAction\":[{\"@type\":\"ReadAction\",\"target\":[\"https:\\\/\\\/www.artisanlocal.ch\\\/c\\\/depannage-urgence-chauffagiste-a-chatel-st-denis\\\/\"]}]},{\"@type\":\"ImageObject\",\"inLanguage\":\"fr-FR\",\"@id\":\"https:\\\/\\\/www.artisanlocal.ch\\\/c\\\/depannage-urgence-chauffagiste-a-chatel-st-denis\\\/#primaryimage\",\"url\":\"https:\\\/\\\/www.artisanlocal.ch\\\/c\\\/wp-content\\\/uploads\\\/2024\\\/10\\\/chauffagiste.jpg\",\"contentUrl\":\"https:\\\/\\\/www.artisanlocal.ch\\\/c\\\/wp-content\\\/uploads\\\/2024\\\/10\\\/chauffagiste.jpg\",\"width\":1920,\"height\":300},{\"@type\":\"BreadcrumbList\",\"@id\":\"https:\\\/\\\/www.artisanlocal.ch\\\/c\\\/depannage-urgence-chauffagiste-a-chatel-st-denis\\\/#breadcrumb\",\"itemListElement\":[{\"@type\":\"ListItem\",\"position\":1,\"name\":\"Accueil\",\"item\":\"https:\\\/\\\/www.artisanlocal.ch\\\/c\\\/\"},{\"@type\":\"ListItem\",\"position\":2,\"name\":\"Chauffagiste \u00e0 Ch\u00e2tel-St-Denis : chauffage, sanitaire et ventilation\"}]},{\"@type\":\"WebSite\",\"@id\":\"https:\\\/\\\/www.artisanlocal.ch\\\/c\\\/#website\",\"url\":\"https:\\\/\\\/www.artisanlocal.ch\\\/c\\\/\",\"name\":\"Artisanlocal\",\"description\":\"\",\"publisher\":{\"@id\":\"https:\\\/\\\/www.artisanlocal.ch\\\/c\\\/#organization\"},\"potentialAction\":[{\"@type\":\"SearchAction\",\"target\":{\"@type\":\"EntryPoint\",\"urlTemplate\":\"https:\\\/\\\/www.artisanlocal.ch\\\/c\\\/?s={search_term_string}\"},\"query-input\":{\"@type\":\"PropertyValueSpecification\",\"valueRequired\":true,\"valueName\":\"search_term_string\"}}],\"inLanguage\":\"fr-FR\"},{\"@type\":\"Organization\",\"@id\":\"https:\\\/\\\/www.artisanlocal.ch\\\/c\\\/#organization\",\"name\":\"Artisanlocal\",\"url\":\"https:\\\/\\\/www.artisanlocal.ch\\\/c\\\/\",\"logo\":{\"@type\":\"ImageObject\",\"inLanguage\":\"fr-FR\",\"@id\":\"https:\\\/\\\/www.artisanlocal.ch\\\/c\\\/#\\\/schema\\\/logo\\\/image\\\/\",\"url\":\"https:\\\/\\\/www.artisanlocal.ch\\\/c\\\/wp-content\\\/uploads\\\/2024\\\/02\\\/logo-artisanlocal-h.svg\",\"contentUrl\":\"https:\\\/\\\/www.artisanlocal.ch\\\/c\\\/wp-content\\\/uploads\\\/2024\\\/02\\\/logo-artisanlocal-h.svg\",\"caption\":\"Artisanlocal\"},\"image\":{\"@id\":\"https:\\\/\\\/www.artisanlocal.ch\\\/c\\\/#\\\/schema\\\/logo\\\/image\\\/\"}}]}<\/script>\n<!-- \/ Yoast SEO Premium plugin. -->","yoast_head_json":{"title":"Chauffagiste \u00e0 Ch\u00e2tel-St-Denis : chauffage, sanitaire et ventilation - Artisanlocal","robots":{"index":"index","follow":"follow","max-snippet":"max-snippet:-1","max-image-preview":"max-image-preview:large","max-video-preview":"max-video-preview:-1"},"canonical":"https:\/\/www.artisanlocal.ch\/c\/depannage-urgence-chauffagiste-a-chatel-st-denis\/","og_locale":"fr_FR","og_type":"article","og_title":"Chauffagiste \u00e0 Ch\u00e2tel-St-Denis : chauffage, sanitaire et ventilation","og_description":"Besoin d&rsquo;un sp\u00e9cialiste du chauffage \u00e0 Ch\u00e2tel-St-Denis ? Artisanlocal s&rsquo;occupe de la r\u00e9paration et de l&rsquo;installation de votre chauffage. En travaillant avec nous, vous profitez : de tarif transparent, de prestations de haut niveau, d&rsquo;intervention \u00e0 Ch\u00e2tel-St-Denis et dans ses environs, d&rsquo;une entreprise avec de l&rsquo;exp\u00e9rience, de devis gratuits, d&rsquo;experts joignables du lundi au samedi [&hellip;]","og_url":"https:\/\/www.artisanlocal.ch\/c\/depannage-urgence-chauffagiste-a-chatel-st-denis\/","og_site_name":"Artisanlocal","article_modified_time":"2025-08-26T23:32:15+00:00","og_image":[{"width":1920,"height":300,"url":"https:\/\/www.artisanlocal.ch\/c\/wp-content\/uploads\/2024\/10\/chauffagiste.jpg","type":"image\/jpeg"}],"twitter_card":"summary_large_image","twitter_misc":{"Dur\u00e9e de lecture estim\u00e9e":"6 minutes"},"schema":{"@context":"https:\/\/schema.org","@graph":[{"@type":"WebPage","@id":"https:\/\/www.artisanlocal.ch\/c\/depannage-urgence-chauffagiste-a-chatel-st-denis\/","url":"https:\/\/www.artisanlocal.ch\/c\/depannage-urgence-chauffagiste-a-chatel-st-denis\/","name":"Chauffagiste \u00e0 Ch\u00e2tel-St-Denis : chauffage, sanitaire et ventilation - Artisanlocal","isPartOf":{"@id":"https:\/\/www.artisanlocal.ch\/c\/#website"},"primaryImageOfPage":{"@id":"https:\/\/www.artisanlocal.ch\/c\/depannage-urgence-chauffagiste-a-chatel-st-denis\/#primaryimage"},"image":{"@id":"https:\/\/www.artisanlocal.ch\/c\/depannage-urgence-chauffagiste-a-chatel-st-denis\/#primaryimage"},"thumbnailUrl":"https:\/\/www.artisanlocal.ch\/c\/wp-content\/uploads\/2024\/10\/chauffagiste.jpg","datePublished":"2024-04-19T01:52:37+00:00","dateModified":"2025-08-26T23:32:15+00:00","breadcrumb":{"@id":"https:\/\/www.artisanlocal.ch\/c\/depannage-urgence-chauffagiste-a-chatel-st-denis\/#breadcrumb"},"inLanguage":"fr-FR","potentialAction":[{"@type":"ReadAction","target":["https:\/\/www.artisanlocal.ch\/c\/depannage-urgence-chauffagiste-a-chatel-st-denis\/"]}]},{"@type":"ImageObject","inLanguage":"fr-FR","@id":"https:\/\/www.artisanlocal.ch\/c\/depannage-urgence-chauffagiste-a-chatel-st-denis\/#primaryimage","url":"https:\/\/www.artisanlocal.ch\/c\/wp-content\/uploads\/2024\/10\/chauffagiste.jpg","contentUrl":"https:\/\/www.artisanlocal.ch\/c\/wp-content\/uploads\/2024\/10\/chauffagiste.jpg","width":1920,"height":300},{"@type":"BreadcrumbList","@id":"https:\/\/www.artisanlocal.ch\/c\/depannage-urgence-chauffagiste-a-chatel-st-denis\/#breadcrumb","itemListElement":[{"@type":"ListItem","position":1,"name":"Accueil","item":"https:\/\/www.artisanlocal.ch\/c\/"},{"@type":"ListItem","position":2,"name":"Chauffagiste \u00e0 Ch\u00e2tel-St-Denis : chauffage, sanitaire et ventilation"}]},{"@type":"WebSite","@id":"https:\/\/www.artisanlocal.ch\/c\/#website","url":"https:\/\/www.artisanlocal.ch\/c\/","name":"Artisanlocal","description":"","publisher":{"@id":"https:\/\/www.artisanlocal.ch\/c\/#organization"},"potentialAction":[{"@type":"SearchAction","target":{"@type":"EntryPoint","urlTemplate":"https:\/\/www.artisanlocal.ch\/c\/?s={search_term_string}"},"query-input":{"@type":"PropertyValueSpecification","valueRequired":true,"valueName":"search_term_string"}}],"inLanguage":"fr-FR"},{"@type":"Organization","@id":"https:\/\/www.artisanlocal.ch\/c\/#organization","name":"Artisanlocal","url":"https:\/\/www.artisanlocal.ch\/c\/","logo":{"@type":"ImageObject","inLanguage":"fr-FR","@id":"https:\/\/www.artisanlocal.ch\/c\/#\/schema\/logo\/image\/","url":"https:\/\/www.artisanlocal.ch\/c\/wp-content\/uploads\/2024\/02\/logo-artisanlocal-h.svg","contentUrl":"https:\/\/www.artisanlocal.ch\/c\/wp-content\/uploads\/2024\/02\/logo-artisanlocal-h.svg","caption":"Artisanlocal"},"image":{"@id":"https:\/\/www.artisanlocal.ch\/c\/#\/schema\/logo\/image\/"}}]}},"_links":{"self":[{"href":"https:\/\/www.artisanlocal.ch\/c\/wp-json\/wp\/v2\/pages\/658","targetHints":{"allow":["GET"]}}],"collection":[{"href":"https:\/\/www.artisanlocal.ch\/c\/wp-json\/wp\/v2\/pages"}],"about":[{"href":"https:\/\/www.artisanlocal.ch\/c\/wp-json\/wp\/v2\/types\/page"}],"author":[{"embeddable":true,"href":"https:\/\/www.artisanlocal.ch\/c\/wp-json\/wp\/v2\/users\/4"}],"replies":[{"embeddable":true,"href":"https:\/\/www.artisanlocal.ch\/c\/wp-json\/wp\/v2\/comments?post=658"}],"version-history":[{"count":0,"href":"https:\/\/www.artisanlocal.ch\/c\/wp-json\/wp\/v2\/pages\/658\/revisions"}],"wp:featuredmedia":[{"embeddable":true,"href":"https:\/\/www.artisanlocal.ch\/c\/wp-json\/wp\/v2\/media\/2757"}],"wp:attachment":[{"href":"https:\/\/www.artisanlocal.ch\/c\/wp-json\/wp\/v2\/media?parent=658"}],"wp:term":[{"taxonomy":"profession","embeddable":true,"href":"https:\/\/www.artisanlocal.ch\/c\/wp-json\/wp\/v2\/profession?post=658"},{"taxonomy":"location","embeddable":true,"href":"https:\/\/www.artisanlocal.ch\/c\/wp-json\/wp\/v2\/location?post=658"},{"taxonomy":"canton","embeddable":true,"href":"https:\/\/www.artisanlocal.ch\/c\/wp-json\/wp\/v2\/canton?post=658"}],"curies":[{"name":"wp","href":"https:\/\/api.w.org\/{rel}","templated":true}]}}