{"id":670,"date":"2024-04-19T09:53:33","date_gmt":"2024-04-19T07:53:33","guid":{"rendered":"https:\/\/www.artisanlocal.ch\/c\/chauffagiste-a-apples\/"},"modified":"2025-08-27T01:32:05","modified_gmt":"2025-08-26T23:32:05","slug":"chauffagiste-a-apples","status":"publish","type":"page","link":"https:\/\/www.artisanlocal.ch\/c\/chauffagiste-a-apples\/","title":{"rendered":"Chauffagiste \u00e0 Apples"},"content":{"rendered":"<p>Vous recherchez un sp\u00e9cialiste du chauffage \u00e0 Apples ? Dans le cas o\u00f9 vous habitiez \u00e0 Apples, Artisanlocal s&rsquo;occupe de l&rsquo;installation et de la r\u00e9paration de votre \u00e9quipement de chauffage. En travaillant avec nous, vous b\u00e9n\u00e9ficiez :<\/p>\n<ul>\n<li>d&rsquo;une tarification claire,<\/li>\n<li>de prestations de haut niveau,<\/li>\n<li>d&rsquo;assistance \u00e0 Apples et dans les environs,<\/li>\n<li>d&rsquo;un personnel qualifi\u00e9 et avec de l&rsquo;exp\u00e9rience,<\/li>\n<li>de devis sans co\u00fbt,<\/li>\n<li>de chauffagistes accessibles du lundi au samedi.<\/li>\n<\/ul>\n\r\n<div class=\"box\">\r\n            <div class=\"company-info\">\r\n            <img decoding=\"async\" class=\"company-info__logo\" src=\"https:\/\/www.artisanlocal.ch\/media\/cache\/thumb\/images\/companies\/6405ac003b93f146930056.png\" alt=\"Logo\">\r\n            <h2 class=\"company-info__name\">SR Chauffage et sanitaire Sylvain Robert<\/h2>\r\n            <p class=\"company-info__business\">Chauffages - Installations sanitaires - D\u00e9pannage<\/p>\r\n        <\/div>\r\n        <div class=\"company-contact\">\r\n            <p class=\"company-info__address\">Route de Saint-Cergue 8<\/p>\r\n                            <div class=\"links\">\r\n                                            <a class=\"btn has-accent-background-color js-phoneNumber\" href=\"tel:0795233666\" title=\"Appelez\" data-id=\"2465\" data-type=\"11\">079 523 36 66<\/a>\r\n                                                                <a class=\"btn has-accent-background-color\" href=\"http:\/\/srchauffage.ch\/\" target=\"_blank\" title=\"Voir le site internet\" data-id=\"2465\" data-type=\"20\">Site internet<\/a>\r\n                                    <\/div>\r\n                    <\/div>\r\n    \r\n            \r\n<form action=\"https:\/\/www.artisanlocal.ch\/c\/wp-admin\/admin-ajax.php\" method=\"post\" class=\"form-contact\" id=\"artisan_form_contact_company_inline\">\r\n    <div><input type=\"hidden\" name=\"action\" value=\"company_contact\"><\/div>\r\n    <div><input type=\"hidden\" name=\"nonce\" value=\"ee48c0d173\"><\/div>\r\n    <div><input type=\"hidden\" name=\"company_id\" value=\"2465\"><\/div>\r\n    <div><input type=\"hidden\" name=\"form_id\" value=\"artisan_form_contact_company_inline\"><\/div>\r\n    <div class=\"gglcptch gglcptch_v3 gglcptch_custom\"><input type=\"hidden\" id=\"g-recaptcha-response\" name=\"g-recaptcha-response\" \/><br \/><div class=\"gglcptch_error_text\">La p\u00e9riode de v\u00e9rification reCAPTCHA a expir\u00e9. Veuillez recharger la page.<\/div><\/div>    <div class=\"form-content\">\r\n        <div class=\"form-group\">\r\n            <label for=\"contact_firstName\" class=\"required\">Pr\u00e9nom<\/label>\r\n            <input type=\"text\" name=\"firstName\" class=\"form-control\" required>\r\n        <\/div>\r\n        <div class=\"form-group\">\r\n            <label for=\"contact_lastName\" class=\"required\">Nom<\/label>\r\n            <input type=\"text\" name=\"lastName\" class=\"form-control\" required>\r\n        <\/div>\r\n        <div class=\"form-group\">\r\n            <label for=\"contact_email\" class=\"required\">Email<\/label>\r\n            <input type=\"email\" name=\"email\" class=\"form-control\" required>\r\n        <\/div>\r\n        <div class=\"form-group\">\r\n            <label for=\"contact_phone\" class=\"required\">Num\u00e9ro de t\u00e9l\u00e9phone<\/label>\r\n            <input type=\"tel\" name=\"phone\" class=\"form-control\" placeholder=\"0787117165\" pattern=\"^[0-9]{10}$\" required>\r\n        <\/div>\r\n        <div class=\"form-group\">\r\n            <label for=\"contact_postalCode\" class=\"required\">Code postal et localit\u00e9<\/label>\r\n            <input type=\"text\" name=\"postalCode\" class=\"form-control\" required>\r\n        <\/div>\r\n        <div class=\"form-group\">\r\n            <label for=\"contact_address\" class=\"required\">Adresse<\/label>\r\n            <input type=\"text\" name=\"address\" class=\"form-control\" required>\r\n        <\/div>\r\n        <div class=\"full-width topic\">\r\n            <p class=\"required\">Je souhaite \u00eatre contact\u00e9 pour :<\/p>\r\n            <div class=\"form-check\">\r\n                <input type=\"radio\" name=\"topic\" value=\"D\u00e9pannage\" class=\"form-control\" required>\r\n                <label for=\"d\u00e9pannage\">D\u00e9pannage<\/label>\r\n            <\/div>\r\n            <div class=\"form-check\">\r\n                <input type=\"radio\" name=\"topic\" value=\"Entretien\" class=\"form-control\" required>\r\n                <label for=\"entretien\">Entretien<\/label>\r\n            <\/div>\r\n            <div class=\"form-check\">\r\n                <input type=\"radio\" name=\"topic\" value=\"R\u00e9novation\" class=\"form-control\" required>\r\n                <label for=\"r\u00e9novation\">R\u00e9novation<\/label>\r\n            <\/div>\r\n            <div class=\"form-check\">\r\n                <input type=\"radio\" name=\"topic\" value=\"Autre\" class=\"form-control\" required>\r\n                <label for=\"autre\">Autre<\/label>\r\n            <\/div>\r\n        <\/div>\r\n        <div class=\"form-group full-width\">\r\n            <label for=\"contact_message\">Message<\/label>\r\n            <textarea name=\"message\" rows=\"3\" class=\"form-control\"><\/textarea>\r\n        <\/div>\r\n    <\/div>\r\n    <div class=\"form-actions\">\r\n        <button class=\"wp-block-button__link has-accent-background-color\">Contacter<\/button>\r\n    <\/div>\r\n<\/form>\r\n<div class=\"form-feedback\"><\/div>    <\/div>\n<h2>Pourquoi choisir Artisanlocal ?<\/h2>\n<p>\u00c9valuation rapide de vos travaux : une fois que nous recevons votre demande de contact, notre chauffagiste \u00e0 Apples prend contact avec vous dans la journ\u00e9e.<\/p>\n<p>Visite \u00e0 votre domicile dans la journ\u00e9e : notre technicien Apples vient \u00e0 votre domicile le jour m\u00eame afin d&rsquo;\u00e9valuer le montant de vos travaux et contr\u00f4ler la viabilit\u00e9 de votre projet. Vous obtiendrez une \u00e9valuation et pourrez poser toutes vos demandes.<\/p>\n<p>Mise en place de votre syst\u00e8me de chauffage en 24 \u00e0 48 heures : apr\u00e8s validation de notre offre. Nous programmerons avec vous la date d&rsquo;installation ou de r\u00e9paration de votre chauffage.<\/p>\n<p>Entretien et d\u00e9pannage : si votre chauffage, chaudi\u00e8re ou chauffe-eau tombe en panne. Notre \u00e9quipe de chauffagistes est disponible pour intervenir \u00e0 Apples et dans les localit\u00e9s \u00e0 proximit\u00e9.<\/p>\n<h2>Pourquoi est-il indispensable d&rsquo;entretenir votre chauffage ?<\/h2>\n<p>Assurer le bon fonctionnement de votre \u00e9quipement de chauffage est essentiel, si vous avez des jeunes enfants. Notre \u00e9quipe vous aide \u00e0 d\u00e9finir la bonne temp\u00e9rature et v\u00e9rifie le taux de monoxyde de carbone fabriqu\u00e9 par votre chauffage. Peu importe le type de votre chauffage, nos techniciens garantissent la maintenance et l&rsquo;entretien, de votre \u00e9quipement de chauffage : \u00e0 accumulation, basse temp\u00e9rature, fioul, condensation, \u00e9lectrique ou \u00e0 gaz.<\/p>\n<h2>L&rsquo;entreprise Artisanlocal offre-t-elle une assistance t\u00e9l\u00e9phonique ?<\/h2>\n<p>Oui, l&rsquo;entreprise Artisanlocal peut vous d\u00e9panner \u00e0 distance. En nous expliquant votre probl\u00e8me par mail ou t\u00e9l\u00e9phone, nous identifierons la meilleure solution pour r\u00e9gler votre probl\u00e8me. Il faut garder \u00e0 l&rsquo;esprit que dans la majorit\u00e9 des cas, un technicien doit intervenir chez vous pour d\u00e9tecter et corriger votre probl\u00e8me de chauffage.<\/p>\n<h2>De quelle mani\u00e8re fonctionne Artisanlocal ?<\/h2>\n<ol>\n<li>Premier contact : Il est n\u00e9cessaire de nous contacter par t\u00e9l\u00e9phone ou par message.<\/li>\n<li>D\u00e9placement : un de nos chauffagistes se d\u00e9place \u00e0 votre domicile.<\/li>\n<li>\u00c9valuation : le chauffagiste \u00e9valuera votre situation actuelle afin de calculer le volume de vos pi\u00e8ces, et prendre en compte l&rsquo;isolation existante et la superficie totale.<\/li>\n<li>Avis : nous vous orienterons pour choisir le meilleur syst\u00e8me de chauffage, en prenant compte de l&rsquo;efficacit\u00e9 et la rentabilit\u00e9 que vous souhaitez avoir.<\/li>\n<li>Estimation : nous vous fournissons un devis pr\u00e9cis avec les diff\u00e9rents prix.<\/li>\n<li>Pose : apr\u00e8s avoir accept\u00e9 notre devis, nous r\u00e9alisons l&rsquo;installation de votre \u00e9quipe de chauffage et ajustons le thermostat en fonction de vos besoins.<\/li>\n<\/ol>\n<h2>Quels sont les chauffages les plus performants pour votre habitation ?<\/h2>\n<p>Notre expert chauffagiste vous guide pour choisir la meilleure solution, il vous conseille parmi les chauffages existants, comme les chauffages : \u00e0 condensation, \u00e0 gaz, \u00e9lectriques, classiques, fioul ou encore basses temp\u00e9ratures.<\/p>\n<p>Les \u00e9quipements de chauffages \u00e0 basse temp\u00e9rature ou \u00e0 condensation, malgr\u00e9 un prix plus important, ils permettent de faire des \u00e9conomies sur le long terme.<\/p>\n<p>De plus, avant la mise en place de votre chauffage, il convient de configurer votre thermostat selon votre logement et vos d\u00e9sirs. Ne vous inqui\u00e9tez pas, le technicien qui se rend chez vous a les connaissances pour r\u00e9soudre tous vos probl\u00e8mes de chauffage. Vous trouverez dans notre devis les d\u00e9tails de notre intervention.<\/p>\n<h2>Service d&rsquo;assistance pour votre chauffage \u00e0 Apples<\/h2>\n<p>Assurez-vous de faire l&rsquo;entretien de votre chauffage tous les ans, qu&rsquo;il soit au fioul ou au gaz. La maintenance de votre syst\u00e8me de chauffage permet de contr\u00f4ler le taux de monoxyde de carbone qui se d\u00e9gage. Pour rappel, si votre chauffage fabrique trop de monoxyde de carbone, cela peut causer une intoxication. Le chauffagiste qui se d\u00e9place chez vous contr\u00f4le et r\u00e8gle les \u00e9missions de monoxyde de carbone de votre chauffage dans le but de vous emp\u00eacher d\u2019avoir des potentiels soucis de sant\u00e9.<\/p>\n<h2>Contrat de maintenance pour votre chauffage \u00e0 Apples<\/h2>\n<p>Afin d&rsquo;assurer le bon \u00e9tat de marche de votre chauffage, nous proposons des contrats d&rsquo;entretien. Avec une maintenance r\u00e9guli\u00e8re, vous faites des \u00e9conomies en emp\u00eachant les pannes et les interventions en urgence.<\/p>\n<p>D&rsquo;ailleurs, si vous avez un sinistre, votre assurance vous r\u00e9clame le contrat de maintenance de mani\u00e8re \u00e0 v\u00e9rifier l&rsquo;\u00e9tat de votre chauffage avant l&rsquo;accident. Vous avez le choix de signer avec notre entreprise un contrat d&rsquo;assistance pluriannuel ou annuel.<\/p>\n<h2>Pourquoi souscrire \u00e0 un contrat de maintenance pour votre chauffage ?<\/h2>\n<p>En cas de pi\u00e8ces d\u00e9fectueuses, nous assurons le remplacement imm\u00e9diat. De plus, nous nous engageons \u00e0 inspecter l&rsquo;int\u00e9gralit\u00e9 des \u00e9quipements de votre chauffage, tel que :<\/p>\n<ul>\n<li>Les pressions de vos conduits,<\/li>\n<li>et r\u00e9alisons-le nettoyage de votre br\u00fbleur, des tuyaux de liaison et des divers \u00e9l\u00e9ments chauffants.<\/li>\n<\/ul>\n<h2>Quels sont les diff\u00e9rents services propos\u00e9s par votre entreprise ?<\/h2>\n<p>Nos experts se d\u00e9placent \u00e0 votre domicile, pour r\u00e9aliser :<\/p>\n<ul>\n<li>Le d\u00e9tartrage et le d\u00e9sembouage de radiateur,<\/li>\n<li>la purge d&rsquo;air,<\/li>\n<li>la maintenance des chauffe-eau et des chaudi\u00e8res,<\/li>\n<li>le param\u00e9trage de votre thermostat,<\/li>\n<li>l&rsquo;entretien des chaudi\u00e8res \u00e0 condensation, \u00e0 gaz, basses temp\u00e9ratures, \u00e0 fioul, \u00e0 accumulation et \u00e9lectriques,<\/li>\n<li>la remise en \u00e9tat de la vanne de vidange,<\/li>\n<li>l&rsquo;intervention et la remise en \u00e9tat : fuite de tuyauterie, radiateur qui ne marche plus, chaudi\u00e8re, etc.<\/li>\n<li>l\u2019installation de : chauffage, chaudi\u00e8re, pompe \u00e0 chaleur, radiateur \u00e9lectrique, plancher chauffant, etc.<\/li>\n<\/ul>\n<h2>R\u00e9ponses aux questions fr\u00e9quentes<\/h2>\n<h3>Pourquoi engager un chauffagiste Apples ?<\/h3>\n<p>Augmenter la temp\u00e9rature ambiante de vos pi\u00e8ces : un chauffage performant permet de conserver une temp\u00e9rature stable dans votre habitation.<\/p>\n<p>R\u00e9aliser des \u00e9conomies : en choisissant des mat\u00e9riaux de qualit\u00e9, pour l&rsquo;isolation et le chauffage, vous baissez vos \u00e9missions de CO2 et vous faites des \u00e9conomies.<\/p>\n<p>Assurer la s\u00fbret\u00e9 de vos installations : un syst\u00e8me de chauffage performant permet de r\u00e9pondre aux normes de s\u00e9curit\u00e9 actuelles (par exemple, pour limiter le taux de monoxyde de carbone).<\/p>\n<p>Pr\u00e9venir les probl\u00e8mes : un expert peut anticiper de potentiels dommages provoqu\u00e9s par vos \u00e9quipements, juste en observant votre installation.<\/p>\n<h3>Comment choisir le meilleur technicien chauffagiste \u00e0 Apples ?<\/h3>\n<p>Les comp\u00e9tences : v\u00e9rifiez les comp\u00e9tences avant de s\u00e9lectionner la soci\u00e9t\u00e9 de chauffage.<\/p>\n<p>Les avis clients : n&rsquo;h\u00e9sitez pas \u00e0 regarder les avis des clients ayant d\u00e9j\u00e0 sollicit\u00e9 l&rsquo;entreprise de fa\u00e7on \u00e0 vous faire une id\u00e9e.<\/p>\n<p>Les assurances : v\u00e9rifiez que l&rsquo;entreprise de chauffage dispose d&rsquo;une garantie assurance qui couvrira les possibles dommages caus\u00e9s lors de ses op\u00e9rations.<\/p>\n<h3>\u00c0 quelle rapidit\u00e9 intervenez-vous dans un foyer Apples ?<\/h3>\n<p>Nous intervenons dans votre foyer sous deux heures (pour les situations d&rsquo;urgence) autrement, nous pouvons intervenir dans la journ\u00e9e.<\/p>\n<h3>Votre soci\u00e9t\u00e9 est disponible pour agir \u00e0 Apples, mais aussi dans les villes aux alentours ?<\/h3>\n<p>Oui, nous intervenons \u00e0 Apples et dans les communes, comme : Ballens, Bi\u00e8re, Mollens VD, Berolle, Etoy, Buchillon, Allaman, Perroy, Villars-sous-Yens, Yens, Aubonne, Bougy-Villars, F\u00e9chy, Pizy, Montherod, Lavigny, St-Livres, Saubraz.<\/p>\n","protected":false},"excerpt":{"rendered":"<p>Vous recherchez un sp\u00e9cialiste du chauffage \u00e0 Apples ? Dans le cas o\u00f9 vous habitiez \u00e0 Apples, Artisanlocal s&rsquo;occupe de l&rsquo;installation et de la r\u00e9paration de votre \u00e9quipement de chauffage. En travaillant avec nous, vous b\u00e9n\u00e9ficiez : d&rsquo;une tarification claire, de prestations de haut niveau, d&rsquo;assistance \u00e0 Apples et dans les environs, d&rsquo;un personnel qualifi\u00e9 [&hellip;]<\/p>\n","protected":false},"author":4,"featured_media":2757,"parent":0,"menu_order":0,"comment_status":"closed","ping_status":"closed","template":"","meta":{"footnotes":""},"profession":[120],"location":[82],"canton":[113],"class_list":["post-670","page","type-page","status-publish","has-post-thumbnail","hentry","profession-chauffagiste","location-apples","canton-vd"],"yoast_head":"<!-- This site is optimized with the Yoast SEO Premium plugin v25.7.1 (Yoast SEO v27.3) - https:\/\/yoast.com\/product\/yoast-seo-premium-wordpress\/ -->\n<title>Chauffagiste \u00e0 Apples - Artisanlocal<\/title>\n<meta name=\"robots\" content=\"index, follow, max-snippet:-1, max-image-preview:large, max-video-preview:-1\" \/>\n<link rel=\"canonical\" href=\"https:\/\/www.artisanlocal.ch\/c\/chauffagiste-a-apples\/\" \/>\n<meta property=\"og:locale\" content=\"fr_FR\" \/>\n<meta property=\"og:type\" content=\"article\" \/>\n<meta property=\"og:title\" content=\"Chauffagiste \u00e0 Apples\" \/>\n<meta property=\"og:description\" content=\"Vous recherchez un sp\u00e9cialiste du chauffage \u00e0 Apples ? Dans le cas o\u00f9 vous habitiez \u00e0 Apples, Artisanlocal s&rsquo;occupe de l&rsquo;installation et de la r\u00e9paration de votre \u00e9quipement de chauffage. En travaillant avec nous, vous b\u00e9n\u00e9ficiez : d&rsquo;une tarification claire, de prestations de haut niveau, d&rsquo;assistance \u00e0 Apples et dans les environs, d&rsquo;un personnel qualifi\u00e9 [&hellip;]\" \/>\n<meta property=\"og:url\" content=\"https:\/\/www.artisanlocal.ch\/c\/chauffagiste-a-apples\/\" \/>\n<meta property=\"og:site_name\" content=\"Artisanlocal\" \/>\n<meta property=\"article:modified_time\" content=\"2025-08-26T23:32:05+00:00\" \/>\n<meta property=\"og:image\" content=\"https:\/\/www.artisanlocal.ch\/c\/wp-content\/uploads\/2024\/10\/chauffagiste.jpg\" \/>\n\t<meta property=\"og:image:width\" content=\"1920\" \/>\n\t<meta property=\"og:image:height\" content=\"300\" \/>\n\t<meta property=\"og:image:type\" content=\"image\/jpeg\" \/>\n<meta name=\"twitter:card\" content=\"summary_large_image\" \/>\n<meta name=\"twitter:label1\" content=\"Dur\u00e9e de lecture estim\u00e9e\" \/>\n\t<meta name=\"twitter:data1\" content=\"6 minutes\" \/>\n<script type=\"application\/ld+json\" class=\"yoast-schema-graph\">{\"@context\":\"https:\\\/\\\/schema.org\",\"@graph\":[{\"@type\":\"WebPage\",\"@id\":\"https:\\\/\\\/www.artisanlocal.ch\\\/c\\\/chauffagiste-a-apples\\\/\",\"url\":\"https:\\\/\\\/www.artisanlocal.ch\\\/c\\\/chauffagiste-a-apples\\\/\",\"name\":\"Chauffagiste \u00e0 Apples - Artisanlocal\",\"isPartOf\":{\"@id\":\"https:\\\/\\\/www.artisanlocal.ch\\\/c\\\/#website\"},\"primaryImageOfPage\":{\"@id\":\"https:\\\/\\\/www.artisanlocal.ch\\\/c\\\/chauffagiste-a-apples\\\/#primaryimage\"},\"image\":{\"@id\":\"https:\\\/\\\/www.artisanlocal.ch\\\/c\\\/chauffagiste-a-apples\\\/#primaryimage\"},\"thumbnailUrl\":\"https:\\\/\\\/www.artisanlocal.ch\\\/c\\\/wp-content\\\/uploads\\\/2024\\\/10\\\/chauffagiste.jpg\",\"datePublished\":\"2024-04-19T07:53:33+00:00\",\"dateModified\":\"2025-08-26T23:32:05+00:00\",\"breadcrumb\":{\"@id\":\"https:\\\/\\\/www.artisanlocal.ch\\\/c\\\/chauffagiste-a-apples\\\/#breadcrumb\"},\"inLanguage\":\"fr-FR\",\"potentialAction\":[{\"@type\":\"ReadAction\",\"target\":[\"https:\\\/\\\/www.artisanlocal.ch\\\/c\\\/chauffagiste-a-apples\\\/\"]}]},{\"@type\":\"ImageObject\",\"inLanguage\":\"fr-FR\",\"@id\":\"https:\\\/\\\/www.artisanlocal.ch\\\/c\\\/chauffagiste-a-apples\\\/#primaryimage\",\"url\":\"https:\\\/\\\/www.artisanlocal.ch\\\/c\\\/wp-content\\\/uploads\\\/2024\\\/10\\\/chauffagiste.jpg\",\"contentUrl\":\"https:\\\/\\\/www.artisanlocal.ch\\\/c\\\/wp-content\\\/uploads\\\/2024\\\/10\\\/chauffagiste.jpg\",\"width\":1920,\"height\":300},{\"@type\":\"BreadcrumbList\",\"@id\":\"https:\\\/\\\/www.artisanlocal.ch\\\/c\\\/chauffagiste-a-apples\\\/#breadcrumb\",\"itemListElement\":[{\"@type\":\"ListItem\",\"position\":1,\"name\":\"Accueil\",\"item\":\"https:\\\/\\\/www.artisanlocal.ch\\\/c\\\/\"},{\"@type\":\"ListItem\",\"position\":2,\"name\":\"Chauffagiste \u00e0 Apples\"}]},{\"@type\":\"WebSite\",\"@id\":\"https:\\\/\\\/www.artisanlocal.ch\\\/c\\\/#website\",\"url\":\"https:\\\/\\\/www.artisanlocal.ch\\\/c\\\/\",\"name\":\"Artisanlocal\",\"description\":\"\",\"publisher\":{\"@id\":\"https:\\\/\\\/www.artisanlocal.ch\\\/c\\\/#organization\"},\"potentialAction\":[{\"@type\":\"SearchAction\",\"target\":{\"@type\":\"EntryPoint\",\"urlTemplate\":\"https:\\\/\\\/www.artisanlocal.ch\\\/c\\\/?s={search_term_string}\"},\"query-input\":{\"@type\":\"PropertyValueSpecification\",\"valueRequired\":true,\"valueName\":\"search_term_string\"}}],\"inLanguage\":\"fr-FR\"},{\"@type\":\"Organization\",\"@id\":\"https:\\\/\\\/www.artisanlocal.ch\\\/c\\\/#organization\",\"name\":\"Artisanlocal\",\"url\":\"https:\\\/\\\/www.artisanlocal.ch\\\/c\\\/\",\"logo\":{\"@type\":\"ImageObject\",\"inLanguage\":\"fr-FR\",\"@id\":\"https:\\\/\\\/www.artisanlocal.ch\\\/c\\\/#\\\/schema\\\/logo\\\/image\\\/\",\"url\":\"https:\\\/\\\/www.artisanlocal.ch\\\/c\\\/wp-content\\\/uploads\\\/2024\\\/02\\\/logo-artisanlocal-h.svg\",\"contentUrl\":\"https:\\\/\\\/www.artisanlocal.ch\\\/c\\\/wp-content\\\/uploads\\\/2024\\\/02\\\/logo-artisanlocal-h.svg\",\"caption\":\"Artisanlocal\"},\"image\":{\"@id\":\"https:\\\/\\\/www.artisanlocal.ch\\\/c\\\/#\\\/schema\\\/logo\\\/image\\\/\"}}]}<\/script>\n<!-- \/ Yoast SEO Premium plugin. -->","yoast_head_json":{"title":"Chauffagiste \u00e0 Apples - Artisanlocal","robots":{"index":"index","follow":"follow","max-snippet":"max-snippet:-1","max-image-preview":"max-image-preview:large","max-video-preview":"max-video-preview:-1"},"canonical":"https:\/\/www.artisanlocal.ch\/c\/chauffagiste-a-apples\/","og_locale":"fr_FR","og_type":"article","og_title":"Chauffagiste \u00e0 Apples","og_description":"Vous recherchez un sp\u00e9cialiste du chauffage \u00e0 Apples ? Dans le cas o\u00f9 vous habitiez \u00e0 Apples, Artisanlocal s&rsquo;occupe de l&rsquo;installation et de la r\u00e9paration de votre \u00e9quipement de chauffage. En travaillant avec nous, vous b\u00e9n\u00e9ficiez : d&rsquo;une tarification claire, de prestations de haut niveau, d&rsquo;assistance \u00e0 Apples et dans les environs, d&rsquo;un personnel qualifi\u00e9 [&hellip;]","og_url":"https:\/\/www.artisanlocal.ch\/c\/chauffagiste-a-apples\/","og_site_name":"Artisanlocal","article_modified_time":"2025-08-26T23:32:05+00:00","og_image":[{"width":1920,"height":300,"url":"https:\/\/www.artisanlocal.ch\/c\/wp-content\/uploads\/2024\/10\/chauffagiste.jpg","type":"image\/jpeg"}],"twitter_card":"summary_large_image","twitter_misc":{"Dur\u00e9e de lecture estim\u00e9e":"6 minutes"},"schema":{"@context":"https:\/\/schema.org","@graph":[{"@type":"WebPage","@id":"https:\/\/www.artisanlocal.ch\/c\/chauffagiste-a-apples\/","url":"https:\/\/www.artisanlocal.ch\/c\/chauffagiste-a-apples\/","name":"Chauffagiste \u00e0 Apples - Artisanlocal","isPartOf":{"@id":"https:\/\/www.artisanlocal.ch\/c\/#website"},"primaryImageOfPage":{"@id":"https:\/\/www.artisanlocal.ch\/c\/chauffagiste-a-apples\/#primaryimage"},"image":{"@id":"https:\/\/www.artisanlocal.ch\/c\/chauffagiste-a-apples\/#primaryimage"},"thumbnailUrl":"https:\/\/www.artisanlocal.ch\/c\/wp-content\/uploads\/2024\/10\/chauffagiste.jpg","datePublished":"2024-04-19T07:53:33+00:00","dateModified":"2025-08-26T23:32:05+00:00","breadcrumb":{"@id":"https:\/\/www.artisanlocal.ch\/c\/chauffagiste-a-apples\/#breadcrumb"},"inLanguage":"fr-FR","potentialAction":[{"@type":"ReadAction","target":["https:\/\/www.artisanlocal.ch\/c\/chauffagiste-a-apples\/"]}]},{"@type":"ImageObject","inLanguage":"fr-FR","@id":"https:\/\/www.artisanlocal.ch\/c\/chauffagiste-a-apples\/#primaryimage","url":"https:\/\/www.artisanlocal.ch\/c\/wp-content\/uploads\/2024\/10\/chauffagiste.jpg","contentUrl":"https:\/\/www.artisanlocal.ch\/c\/wp-content\/uploads\/2024\/10\/chauffagiste.jpg","width":1920,"height":300},{"@type":"BreadcrumbList","@id":"https:\/\/www.artisanlocal.ch\/c\/chauffagiste-a-apples\/#breadcrumb","itemListElement":[{"@type":"ListItem","position":1,"name":"Accueil","item":"https:\/\/www.artisanlocal.ch\/c\/"},{"@type":"ListItem","position":2,"name":"Chauffagiste \u00e0 Apples"}]},{"@type":"WebSite","@id":"https:\/\/www.artisanlocal.ch\/c\/#website","url":"https:\/\/www.artisanlocal.ch\/c\/","name":"Artisanlocal","description":"","publisher":{"@id":"https:\/\/www.artisanlocal.ch\/c\/#organization"},"potentialAction":[{"@type":"SearchAction","target":{"@type":"EntryPoint","urlTemplate":"https:\/\/www.artisanlocal.ch\/c\/?s={search_term_string}"},"query-input":{"@type":"PropertyValueSpecification","valueRequired":true,"valueName":"search_term_string"}}],"inLanguage":"fr-FR"},{"@type":"Organization","@id":"https:\/\/www.artisanlocal.ch\/c\/#organization","name":"Artisanlocal","url":"https:\/\/www.artisanlocal.ch\/c\/","logo":{"@type":"ImageObject","inLanguage":"fr-FR","@id":"https:\/\/www.artisanlocal.ch\/c\/#\/schema\/logo\/image\/","url":"https:\/\/www.artisanlocal.ch\/c\/wp-content\/uploads\/2024\/02\/logo-artisanlocal-h.svg","contentUrl":"https:\/\/www.artisanlocal.ch\/c\/wp-content\/uploads\/2024\/02\/logo-artisanlocal-h.svg","caption":"Artisanlocal"},"image":{"@id":"https:\/\/www.artisanlocal.ch\/c\/#\/schema\/logo\/image\/"}}]}},"_links":{"self":[{"href":"https:\/\/www.artisanlocal.ch\/c\/wp-json\/wp\/v2\/pages\/670","targetHints":{"allow":["GET"]}}],"collection":[{"href":"https:\/\/www.artisanlocal.ch\/c\/wp-json\/wp\/v2\/pages"}],"about":[{"href":"https:\/\/www.artisanlocal.ch\/c\/wp-json\/wp\/v2\/types\/page"}],"author":[{"embeddable":true,"href":"https:\/\/www.artisanlocal.ch\/c\/wp-json\/wp\/v2\/users\/4"}],"replies":[{"embeddable":true,"href":"https:\/\/www.artisanlocal.ch\/c\/wp-json\/wp\/v2\/comments?post=670"}],"version-history":[{"count":0,"href":"https:\/\/www.artisanlocal.ch\/c\/wp-json\/wp\/v2\/pages\/670\/revisions"}],"wp:featuredmedia":[{"embeddable":true,"href":"https:\/\/www.artisanlocal.ch\/c\/wp-json\/wp\/v2\/media\/2757"}],"wp:attachment":[{"href":"https:\/\/www.artisanlocal.ch\/c\/wp-json\/wp\/v2\/media?parent=670"}],"wp:term":[{"taxonomy":"profession","embeddable":true,"href":"https:\/\/www.artisanlocal.ch\/c\/wp-json\/wp\/v2\/profession?post=670"},{"taxonomy":"location","embeddable":true,"href":"https:\/\/www.artisanlocal.ch\/c\/wp-json\/wp\/v2\/location?post=670"},{"taxonomy":"canton","embeddable":true,"href":"https:\/\/www.artisanlocal.ch\/c\/wp-json\/wp\/v2\/canton?post=670"}],"curies":[{"name":"wp","href":"https:\/\/api.w.org\/{rel}","templated":true}]}}