{"id":680,"date":"2024-04-19T18:38:38","date_gmt":"2024-04-19T16:38:38","guid":{"rendered":"https:\/\/www.artisanlocal.ch\/c\/vous-avez-besoin-dun-depannage-en-urgence-de-votre-chauffage-a-fetigny\/"},"modified":"2025-11-27T14:18:56","modified_gmt":"2025-11-27T13:18:56","slug":"vous-avez-besoin-dun-depannage-en-urgence-de-votre-chauffage-a-fetigny","status":"publish","type":"page","link":"https:\/\/www.artisanlocal.ch\/c\/vous-avez-besoin-dun-depannage-en-urgence-de-votre-chauffage-a-fetigny\/","title":{"rendered":"Chauffagiste \u00e0 F\u00e9tigny"},"content":{"rendered":"<p>Besoin d&rsquo;un chauffagiste \u00e0 F\u00e9tigny ? Artisanlocal r\u00e9pare, installe et d\u00e9panne votre chauffage \u00e0 F\u00e9tigny et dans les villes proches.<\/p>\n\r\n<div class=\"box\">\r\n            <div class=\"company-info\">\r\n            <img decoding=\"async\" class=\"company-info__logo\" src=\"https:\/\/www.artisanlocal.ch\/media\/cache\/thumb\/images\/companies\/621f972cb725d887772103.png\" alt=\"Logo\">\r\n            <h2 class=\"company-info__name\">M. Savary S\u00e0rl<\/h2>\r\n            <p class=\"company-info__business\">Ferblanterie - Couverture - Sanitaire - Chauffage - Etanch\u00e9it\u00e9 - R\u00e9novation - Toitures<\/p>\r\n        <\/div>\r\n        <div class=\"company-contact\">\r\n            <p class=\"company-info__address\">Chemin des Marais 1<\/p>\r\n                            <div class=\"links\">\r\n                                            <a class=\"btn has-accent-background-color js-phoneNumber\" href=\"tel:0797601121\" title=\"Appelez\" data-id=\"1372\" data-type=\"11\">079 760 11 21<\/a>\r\n                                                                <a class=\"btn has-accent-background-color\" href=\"https:\/\/msavary.ch\/\" target=\"_blank\" title=\"Voir le site internet\" data-id=\"1372\" data-type=\"20\">Site internet<\/a>\r\n                                    <\/div>\r\n                    <\/div>\r\n    \r\n            \r\n<form action=\"https:\/\/www.artisanlocal.ch\/c\/wp-admin\/admin-ajax.php\" method=\"post\" class=\"form-contact\" id=\"artisan_form_contact_company_inline\">\r\n    <div><input type=\"hidden\" name=\"action\" value=\"company_contact\"><\/div>\r\n    <div><input type=\"hidden\" name=\"nonce\" value=\"5b0b84f6de\"><\/div>\r\n    <div><input type=\"hidden\" name=\"company_id\" value=\"1372\"><\/div>\r\n    <div><input type=\"hidden\" name=\"form_id\" value=\"artisan_form_contact_company_inline\"><\/div>\r\n    <div class=\"gglcptch gglcptch_v3 gglcptch_custom\"><input type=\"hidden\" id=\"g-recaptcha-response\" name=\"g-recaptcha-response\" \/><br \/><div class=\"gglcptch_error_text\">La p\u00e9riode de v\u00e9rification reCAPTCHA a expir\u00e9. Veuillez recharger la page.<\/div><\/div>    <div class=\"form-content\">\r\n        <div class=\"form-group\">\r\n            <label for=\"contact_firstName\" class=\"required\">Pr\u00e9nom<\/label>\r\n            <input type=\"text\" name=\"firstName\" class=\"form-control\" required>\r\n        <\/div>\r\n        <div class=\"form-group\">\r\n            <label for=\"contact_lastName\" class=\"required\">Nom<\/label>\r\n            <input type=\"text\" name=\"lastName\" class=\"form-control\" required>\r\n        <\/div>\r\n        <div class=\"form-group\">\r\n            <label for=\"contact_email\" class=\"required\">Email<\/label>\r\n            <input type=\"email\" name=\"email\" class=\"form-control\" required>\r\n        <\/div>\r\n        <div class=\"form-group\">\r\n            <label for=\"contact_phone\" class=\"required\">Num\u00e9ro de t\u00e9l\u00e9phone<\/label>\r\n            <input type=\"tel\" name=\"phone\" class=\"form-control\" placeholder=\"0787117165\" pattern=\"^[0-9]{10}$\" required>\r\n        <\/div>\r\n        <div class=\"form-group\">\r\n            <label for=\"contact_postalCode\" class=\"required\">Code postal et localit\u00e9<\/label>\r\n            <input type=\"text\" name=\"postalCode\" class=\"form-control\" required>\r\n        <\/div>\r\n        <div class=\"form-group\">\r\n            <label for=\"contact_address\" class=\"required\">Adresse<\/label>\r\n            <input type=\"text\" name=\"address\" class=\"form-control\" required>\r\n        <\/div>\r\n        <div class=\"full-width topic\">\r\n            <p class=\"required\">Je souhaite \u00eatre contact\u00e9 pour :<\/p>\r\n            <div class=\"form-check\">\r\n                <input type=\"radio\" name=\"topic\" value=\"D\u00e9pannage\" class=\"form-control\" required>\r\n                <label for=\"d\u00e9pannage\">D\u00e9pannage<\/label>\r\n            <\/div>\r\n            <div class=\"form-check\">\r\n                <input type=\"radio\" name=\"topic\" value=\"Entretien\" class=\"form-control\" required>\r\n                <label for=\"entretien\">Entretien<\/label>\r\n            <\/div>\r\n            <div class=\"form-check\">\r\n                <input type=\"radio\" name=\"topic\" value=\"R\u00e9novation\" class=\"form-control\" required>\r\n                <label for=\"r\u00e9novation\">R\u00e9novation<\/label>\r\n            <\/div>\r\n            <div class=\"form-check\">\r\n                <input type=\"radio\" name=\"topic\" value=\"Autre\" class=\"form-control\" required>\r\n                <label for=\"autre\">Autre<\/label>\r\n            <\/div>\r\n        <\/div>\r\n        <div class=\"form-group full-width\">\r\n            <label for=\"contact_message\">Message<\/label>\r\n            <textarea name=\"message\" rows=\"3\" class=\"form-control\"><\/textarea>\r\n        <\/div>\r\n    <\/div>\r\n    <div class=\"form-actions\">\r\n        <button class=\"wp-block-button__link has-accent-background-color\">Contacter<\/button>\r\n    <\/div>\r\n<\/form>\r\n<div class=\"form-feedback\"><\/div>    <\/div>\n<h2>Pourquoi travailler avec Artisanlocal ?<\/h2>\n<ul>\n<li>Devis gratuit et sans engagement.<\/li>\n<li>D\u00e9pannage en urgence \u00e0 F\u00e9tigny et dans les villes proches.<\/li>\n<li>Chauffagiste disponible du lundi au samedi et les jours f\u00e9ri\u00e9s.<\/li>\n<li>Frais de d\u00e9placement fixe.<\/li>\n<li>Des peintres qualifi\u00e9s.<\/li>\n<\/ul>\n<h2>Pourquoi doit-on entretenir un chauffage ?<\/h2>\n<p>Un bon entretien permet de garantir le bon fonctionnement de votre chauffage, surtout, si vous avez des enfants. Nos experts vous aident \u00e0 ajuster la temp\u00e9rature id\u00e9ale et le taux de monoxyde de carbone cr\u00e9\u00e9 par votre chauffage. Nos techniciens r\u00e9alisent l\u2019entretien de votre chauffage, quel que soit le mod\u00e8le : \u00e0 accumulation, basse temp\u00e9rature, \u00e9lectrique, fioul, condensation ou \u00e0 gaz.<\/p>\n<h2>Pouvez-vous m&rsquo;aider \u00e0 distance ?<\/h2>\n<p>Oui, Artisanlocal peut vous aider \u00e0 distance. Il vous suffit de nous d\u00e9tailler votre situation pour trouver la solution. Il faut garder \u00e0 l&rsquo;esprit que dans la plupart des cas, un expert doit se d\u00e9placer chez vous pour trouver et r\u00e9parer votre probl\u00e8me de chauffage.<\/p>\n<h2>Comment fonctionne Artisanlocal ?<\/h2>\n<ol>\n<li>Prise de contact : Il est n\u00e9cessaire de nous contacter par t\u00e9l\u00e9phone ou par message.<\/li>\n<li>D\u00e9placement : un chauffagiste F\u00e9tignois se d\u00e9place \u00e0 votre domicile.<\/li>\n<li>Estimation : on analysera la taille de vos pi\u00e8ces, l&rsquo;isolation et l&rsquo;\u00e9quipement actuel pour \u00e9valuer et d\u00e9finir la meilleure solution.<\/li>\n<li>Indication : nous vous guiderons pour choisir le meilleur chauffage, nous prenons en compte la rentabilit\u00e9 et le rendement que vous souhaitez obtenir.<\/li>\n<li>Devis : ensuite, vous recevez un devis d\u00e9taill\u00e9, vous montrant les diverses d\u00e9penses.<\/li>\n<li>Pose : une fois que vous avec accept\u00e9 le devis et en fonction de vos disponibilit\u00e9s, nous installons votre chauffage, et r\u00e9glons le thermostat.<\/li>\n<\/ol>\n<h2>Quelle est la meilleure solution de chauffage pour un appartement ?<\/h2>\n<p>Le technicien qui se d\u00e9place dans votre foyer, vous conseille pour choisir le meilleur chauffage possible, comme les chauffages : \u00e0 condensation, \u00e0 gaz, \u00e9lectriques, classiques, fioul ou encore basses temp\u00e9ratures.<\/p>\n<p>Les chauffages \u00e0 basses temp\u00e9ratures ou \u00e0 condensation co\u00fbtent plus cher \u00e0 l&rsquo;achat, mais ils contribuent \u00e0 faire des \u00e9conomies sur la dur\u00e9e.<\/p>\n<h2>Service d&rsquo;entretien pour votre chauffage<\/h2>\n<p>Vous devez r\u00e9liser la r\u00e9vision annuelle de votre chauffage, qu&rsquo;il soit au fioul ou \u00e0 gaz. Fair appel \u00e0 un chauffagiste pour l&rsquo;entretien de votre chauffage permet de contr\u00f4ler le taux de monoxyde de carbone. \u00c0 noter, si votre chauffage cr\u00e9er trop de monoxyde de carbone, cela peut provoquer une intoxication.<\/p>\n<h2>Maintenance de chauffage \u00e0 F\u00e9tigny<\/h2>\n<p>Pour assurer le bon \u00e9tat de marche de votre chauffage, nous proposons des contrats de maintenance sur mesure. Il faut savoir qu&rsquo;avec un entretien r\u00e9gulier, vous \u00e9conomisez de l&rsquo;argent en \u00e9vitant les dysfonctionnements et les d\u00e9pannages en urgence.<\/p>\n<p>Par ailleurs, si vous avez un sinistre, votre assureur r\u00e9clame le contrat de maintenance pour v\u00e9rifier l\u2019\u00e9tat de votre chauffage en amont de l&rsquo;incident. Notre entreprise offre des contrats de maintenance pluriannuels ou annuels.<\/p>\n<h2>Pourquoi souscrire \u00e0 un contrat d&rsquo;entretien pour votre chauffage ?<\/h2>\n<p>Si vous avez une pi\u00e8ce qui est d\u00e9fectueuse, nous la changeons en priorit\u00e9, nous prenons l&rsquo;engagement de v\u00e9rifier l&rsquo;ensemble de votre chauffage, comme :<\/p>\n<ul>\n<li>La tension dans vos conduits,<\/li>\n<li>l&rsquo;\u00e9tat de vos tuyaux de raccordement, et des \u00e9l\u00e9ments chauffants.<\/li>\n<\/ul>\n<h2>Quels sont les services propos\u00e9s par votre soci\u00e9t\u00e9 ?<\/h2>\n<ul>\n<li>D\u00e9sembouage et d\u00e9tartrage de vos radiateurs,<\/li>\n<li>Purge de vos radiateurs,<\/li>\n<li>Entretien chauffe-eau et chaudi\u00e8re,<\/li>\n<li>R\u00e9glage de votre thermostat,<\/li>\n<li>Entretien chauffage \u00e0 condensation, \u00e0 gaz, \u00e0 accumulation, \u00e0 fioul, \u00e9lectriques et basses temp\u00e9ratures,<\/li>\n<li>R\u00e9paration vanne de vidange,<\/li>\n<li>R\u00e9paration et d\u00e9pannage : chaudi\u00e8re, radiateur qui ne chauffe plus, fuite de canalisation.<\/li>\n<li>Installation : radiateur \u00e9lectrique, pompe \u00e0 chaleur, plancher chauffant, chaudi\u00e8re et chauffage.<\/li>\n<\/ul>\n<h2>FAQ<\/h2>\n<h3>Pourquoi faire appel \u00e0 un chauffagiste F\u00e9tignois ?<\/h3>\n<ul>\n<li>Stabiliser la temp\u00e9rature int\u00e9rieure.<\/li>\n<li>\u00c9conomiser de l&rsquo;argent et limiter vos \u00e9missions de CO2.<\/li>\n<li>R\u00e9duire les taux de monoxyde de carbone.<\/li>\n<li>Anticiper les pannes et limiter les frais de r\u00e9paration.<\/li>\n<\/ul>\n<h3>Comment choisir le bon chauffagiste \u00e0 F\u00e9tigny ?<\/h3>\n<ul>\n<li>Qualifications : v\u00e9rifiez les certifications et qualifications qui t\u00e9moignent que la soci\u00e9t\u00e9 \u00e0 une exp\u00e9rience dans son domaine.<\/li>\n<li>R\u00e9f\u00e9rences : prenez le temps de consulter les avis clients ayant d\u00e9j\u00e0 collabor\u00e9 avec l&rsquo;entreprise.<\/li>\n<li>Assurances : assurez-vous que la soci\u00e9t\u00e9 b\u00e9n\u00e9ficie d&rsquo;une assurance qui couvrira les \u00e9ventuels dommages occasionn\u00e9s lors de ses interventions.<\/li>\n<\/ul>\n<h3>Quelle est votre vitesse d&rsquo;intervention \u00e0 F\u00e9tigny ?<\/h3>\n<p>Si vous avez un probl\u00e8me qui demande une intervention en urgence, nous pouvons intervenir dans la journ\u00e9e, si votre demande n\u2019est pas urgente, nous intervenons dans la semaine.<\/p>\n<h3>Pouvez-vous intervenir \u00e0 F\u00e9tigny et \u00e0 proximit\u00e9 ?<\/h3>\n<p>Oui, nous intervenons \u00e0 F\u00e9tigny et dans les villes proches, comme : Cheyres, Estavayer-le-Lac, Bollion, Lully FR, Seiry, Ch\u00e2tillon FR, Font, Ch\u00e2bles FR, Autavaux, Forel FR, Montbrelloz, Cugy FR, Vesin, Frasses, Montet (Broye), Aumont, Granges-de-Vesin, Nuvilly, Murist, Payerne, M\u00e9ni\u00e8res, Treytorrens (Payerne), Bussy FR, Morens FR, S\u00e9vaz, Rueyres-les-Pr\u00e9s, Grandcour, Chevroux, Vers-chez-Perrin, Trey, Ch\u00e2tonnaye, Corcelles-pr\u00e8s-Payerne, Missy, Cerniat FR, Middes, Cousset, Montagny-les-Monts, Grandsivaz, Mannens, Montagny-la-Ville.<\/p>\n","protected":false},"excerpt":{"rendered":"<p>Besoin d&rsquo;un chauffagiste \u00e0 F\u00e9tigny ? Artisanlocal r\u00e9pare, installe et d\u00e9panne votre chauffage \u00e0 F\u00e9tigny et dans les villes proches. Pourquoi travailler avec Artisanlocal ? Devis gratuit et sans engagement. D\u00e9pannage en urgence \u00e0 F\u00e9tigny et dans les villes proches. Chauffagiste disponible du lundi au samedi et les jours f\u00e9ri\u00e9s. Frais de d\u00e9placement fixe. Des [&hellip;]<\/p>\n","protected":false},"author":4,"featured_media":2757,"parent":0,"menu_order":0,"comment_status":"closed","ping_status":"closed","template":"","meta":{"footnotes":""},"profession":[120],"location":[76],"canton":[109],"class_list":["post-680","page","type-page","status-publish","has-post-thumbnail","hentry","profession-chauffagiste","location-fetigny","canton-fr"],"yoast_head":"<!-- This site is optimized with the Yoast SEO Premium plugin v25.7.1 (Yoast SEO v27.4) - https:\/\/yoast.com\/product\/yoast-seo-premium-wordpress\/ -->\n<title>Chauffagiste \u00e0 F\u00e9tigny - Artisanlocal<\/title>\n<meta name=\"robots\" content=\"index, follow, max-snippet:-1, max-image-preview:large, max-video-preview:-1\" \/>\n<link rel=\"canonical\" href=\"https:\/\/www.artisanlocal.ch\/c\/vous-avez-besoin-dun-depannage-en-urgence-de-votre-chauffage-a-fetigny\/\" \/>\n<meta property=\"og:locale\" content=\"fr_FR\" \/>\n<meta property=\"og:type\" content=\"article\" \/>\n<meta property=\"og:title\" content=\"Chauffagiste \u00e0 F\u00e9tigny\" \/>\n<meta property=\"og:description\" content=\"Besoin d&rsquo;un chauffagiste \u00e0 F\u00e9tigny ? Artisanlocal r\u00e9pare, installe et d\u00e9panne votre chauffage \u00e0 F\u00e9tigny et dans les villes proches. Pourquoi travailler avec Artisanlocal ? Devis gratuit et sans engagement. D\u00e9pannage en urgence \u00e0 F\u00e9tigny et dans les villes proches. Chauffagiste disponible du lundi au samedi et les jours f\u00e9ri\u00e9s. Frais de d\u00e9placement fixe. Des [&hellip;]\" \/>\n<meta property=\"og:url\" content=\"https:\/\/www.artisanlocal.ch\/c\/vous-avez-besoin-dun-depannage-en-urgence-de-votre-chauffage-a-fetigny\/\" \/>\n<meta property=\"og:site_name\" content=\"Artisanlocal\" \/>\n<meta property=\"article:modified_time\" content=\"2025-11-27T13:18:56+00:00\" \/>\n<meta property=\"og:image\" content=\"https:\/\/www.artisanlocal.ch\/c\/wp-content\/uploads\/2024\/10\/chauffagiste.jpg\" \/>\n\t<meta property=\"og:image:width\" content=\"1920\" \/>\n\t<meta property=\"og:image:height\" content=\"300\" \/>\n\t<meta property=\"og:image:type\" content=\"image\/jpeg\" \/>\n<meta name=\"twitter:card\" content=\"summary_large_image\" \/>\n<meta name=\"twitter:label1\" content=\"Dur\u00e9e de lecture estim\u00e9e\" \/>\n\t<meta name=\"twitter:data1\" content=\"4 minutes\" \/>\n<script type=\"application\/ld+json\" class=\"yoast-schema-graph\">{\"@context\":\"https:\\\/\\\/schema.org\",\"@graph\":[{\"@type\":\"WebPage\",\"@id\":\"https:\\\/\\\/www.artisanlocal.ch\\\/c\\\/vous-avez-besoin-dun-depannage-en-urgence-de-votre-chauffage-a-fetigny\\\/\",\"url\":\"https:\\\/\\\/www.artisanlocal.ch\\\/c\\\/vous-avez-besoin-dun-depannage-en-urgence-de-votre-chauffage-a-fetigny\\\/\",\"name\":\"Chauffagiste \u00e0 F\u00e9tigny - Artisanlocal\",\"isPartOf\":{\"@id\":\"https:\\\/\\\/www.artisanlocal.ch\\\/c\\\/#website\"},\"primaryImageOfPage\":{\"@id\":\"https:\\\/\\\/www.artisanlocal.ch\\\/c\\\/vous-avez-besoin-dun-depannage-en-urgence-de-votre-chauffage-a-fetigny\\\/#primaryimage\"},\"image\":{\"@id\":\"https:\\\/\\\/www.artisanlocal.ch\\\/c\\\/vous-avez-besoin-dun-depannage-en-urgence-de-votre-chauffage-a-fetigny\\\/#primaryimage\"},\"thumbnailUrl\":\"https:\\\/\\\/www.artisanlocal.ch\\\/c\\\/wp-content\\\/uploads\\\/2024\\\/10\\\/chauffagiste.jpg\",\"datePublished\":\"2024-04-19T16:38:38+00:00\",\"dateModified\":\"2025-11-27T13:18:56+00:00\",\"breadcrumb\":{\"@id\":\"https:\\\/\\\/www.artisanlocal.ch\\\/c\\\/vous-avez-besoin-dun-depannage-en-urgence-de-votre-chauffage-a-fetigny\\\/#breadcrumb\"},\"inLanguage\":\"fr-FR\",\"potentialAction\":[{\"@type\":\"ReadAction\",\"target\":[\"https:\\\/\\\/www.artisanlocal.ch\\\/c\\\/vous-avez-besoin-dun-depannage-en-urgence-de-votre-chauffage-a-fetigny\\\/\"]}]},{\"@type\":\"ImageObject\",\"inLanguage\":\"fr-FR\",\"@id\":\"https:\\\/\\\/www.artisanlocal.ch\\\/c\\\/vous-avez-besoin-dun-depannage-en-urgence-de-votre-chauffage-a-fetigny\\\/#primaryimage\",\"url\":\"https:\\\/\\\/www.artisanlocal.ch\\\/c\\\/wp-content\\\/uploads\\\/2024\\\/10\\\/chauffagiste.jpg\",\"contentUrl\":\"https:\\\/\\\/www.artisanlocal.ch\\\/c\\\/wp-content\\\/uploads\\\/2024\\\/10\\\/chauffagiste.jpg\",\"width\":1920,\"height\":300},{\"@type\":\"BreadcrumbList\",\"@id\":\"https:\\\/\\\/www.artisanlocal.ch\\\/c\\\/vous-avez-besoin-dun-depannage-en-urgence-de-votre-chauffage-a-fetigny\\\/#breadcrumb\",\"itemListElement\":[{\"@type\":\"ListItem\",\"position\":1,\"name\":\"Accueil\",\"item\":\"https:\\\/\\\/www.artisanlocal.ch\\\/c\\\/\"},{\"@type\":\"ListItem\",\"position\":2,\"name\":\"Chauffagiste \u00e0 F\u00e9tigny\"}]},{\"@type\":\"WebSite\",\"@id\":\"https:\\\/\\\/www.artisanlocal.ch\\\/c\\\/#website\",\"url\":\"https:\\\/\\\/www.artisanlocal.ch\\\/c\\\/\",\"name\":\"Artisanlocal\",\"description\":\"\",\"publisher\":{\"@id\":\"https:\\\/\\\/www.artisanlocal.ch\\\/c\\\/#organization\"},\"potentialAction\":[{\"@type\":\"SearchAction\",\"target\":{\"@type\":\"EntryPoint\",\"urlTemplate\":\"https:\\\/\\\/www.artisanlocal.ch\\\/c\\\/?s={search_term_string}\"},\"query-input\":{\"@type\":\"PropertyValueSpecification\",\"valueRequired\":true,\"valueName\":\"search_term_string\"}}],\"inLanguage\":\"fr-FR\"},{\"@type\":\"Organization\",\"@id\":\"https:\\\/\\\/www.artisanlocal.ch\\\/c\\\/#organization\",\"name\":\"Artisanlocal\",\"url\":\"https:\\\/\\\/www.artisanlocal.ch\\\/c\\\/\",\"logo\":{\"@type\":\"ImageObject\",\"inLanguage\":\"fr-FR\",\"@id\":\"https:\\\/\\\/www.artisanlocal.ch\\\/c\\\/#\\\/schema\\\/logo\\\/image\\\/\",\"url\":\"https:\\\/\\\/www.artisanlocal.ch\\\/c\\\/wp-content\\\/uploads\\\/2024\\\/02\\\/logo-artisanlocal-h.svg\",\"contentUrl\":\"https:\\\/\\\/www.artisanlocal.ch\\\/c\\\/wp-content\\\/uploads\\\/2024\\\/02\\\/logo-artisanlocal-h.svg\",\"caption\":\"Artisanlocal\"},\"image\":{\"@id\":\"https:\\\/\\\/www.artisanlocal.ch\\\/c\\\/#\\\/schema\\\/logo\\\/image\\\/\"}}]}<\/script>\n<!-- \/ Yoast SEO Premium plugin. -->","yoast_head_json":{"title":"Chauffagiste \u00e0 F\u00e9tigny - Artisanlocal","robots":{"index":"index","follow":"follow","max-snippet":"max-snippet:-1","max-image-preview":"max-image-preview:large","max-video-preview":"max-video-preview:-1"},"canonical":"https:\/\/www.artisanlocal.ch\/c\/vous-avez-besoin-dun-depannage-en-urgence-de-votre-chauffage-a-fetigny\/","og_locale":"fr_FR","og_type":"article","og_title":"Chauffagiste \u00e0 F\u00e9tigny","og_description":"Besoin d&rsquo;un chauffagiste \u00e0 F\u00e9tigny ? Artisanlocal r\u00e9pare, installe et d\u00e9panne votre chauffage \u00e0 F\u00e9tigny et dans les villes proches. Pourquoi travailler avec Artisanlocal ? Devis gratuit et sans engagement. D\u00e9pannage en urgence \u00e0 F\u00e9tigny et dans les villes proches. Chauffagiste disponible du lundi au samedi et les jours f\u00e9ri\u00e9s. Frais de d\u00e9placement fixe. Des [&hellip;]","og_url":"https:\/\/www.artisanlocal.ch\/c\/vous-avez-besoin-dun-depannage-en-urgence-de-votre-chauffage-a-fetigny\/","og_site_name":"Artisanlocal","article_modified_time":"2025-11-27T13:18:56+00:00","og_image":[{"width":1920,"height":300,"url":"https:\/\/www.artisanlocal.ch\/c\/wp-content\/uploads\/2024\/10\/chauffagiste.jpg","type":"image\/jpeg"}],"twitter_card":"summary_large_image","twitter_misc":{"Dur\u00e9e de lecture estim\u00e9e":"4 minutes"},"schema":{"@context":"https:\/\/schema.org","@graph":[{"@type":"WebPage","@id":"https:\/\/www.artisanlocal.ch\/c\/vous-avez-besoin-dun-depannage-en-urgence-de-votre-chauffage-a-fetigny\/","url":"https:\/\/www.artisanlocal.ch\/c\/vous-avez-besoin-dun-depannage-en-urgence-de-votre-chauffage-a-fetigny\/","name":"Chauffagiste \u00e0 F\u00e9tigny - Artisanlocal","isPartOf":{"@id":"https:\/\/www.artisanlocal.ch\/c\/#website"},"primaryImageOfPage":{"@id":"https:\/\/www.artisanlocal.ch\/c\/vous-avez-besoin-dun-depannage-en-urgence-de-votre-chauffage-a-fetigny\/#primaryimage"},"image":{"@id":"https:\/\/www.artisanlocal.ch\/c\/vous-avez-besoin-dun-depannage-en-urgence-de-votre-chauffage-a-fetigny\/#primaryimage"},"thumbnailUrl":"https:\/\/www.artisanlocal.ch\/c\/wp-content\/uploads\/2024\/10\/chauffagiste.jpg","datePublished":"2024-04-19T16:38:38+00:00","dateModified":"2025-11-27T13:18:56+00:00","breadcrumb":{"@id":"https:\/\/www.artisanlocal.ch\/c\/vous-avez-besoin-dun-depannage-en-urgence-de-votre-chauffage-a-fetigny\/#breadcrumb"},"inLanguage":"fr-FR","potentialAction":[{"@type":"ReadAction","target":["https:\/\/www.artisanlocal.ch\/c\/vous-avez-besoin-dun-depannage-en-urgence-de-votre-chauffage-a-fetigny\/"]}]},{"@type":"ImageObject","inLanguage":"fr-FR","@id":"https:\/\/www.artisanlocal.ch\/c\/vous-avez-besoin-dun-depannage-en-urgence-de-votre-chauffage-a-fetigny\/#primaryimage","url":"https:\/\/www.artisanlocal.ch\/c\/wp-content\/uploads\/2024\/10\/chauffagiste.jpg","contentUrl":"https:\/\/www.artisanlocal.ch\/c\/wp-content\/uploads\/2024\/10\/chauffagiste.jpg","width":1920,"height":300},{"@type":"BreadcrumbList","@id":"https:\/\/www.artisanlocal.ch\/c\/vous-avez-besoin-dun-depannage-en-urgence-de-votre-chauffage-a-fetigny\/#breadcrumb","itemListElement":[{"@type":"ListItem","position":1,"name":"Accueil","item":"https:\/\/www.artisanlocal.ch\/c\/"},{"@type":"ListItem","position":2,"name":"Chauffagiste \u00e0 F\u00e9tigny"}]},{"@type":"WebSite","@id":"https:\/\/www.artisanlocal.ch\/c\/#website","url":"https:\/\/www.artisanlocal.ch\/c\/","name":"Artisanlocal","description":"","publisher":{"@id":"https:\/\/www.artisanlocal.ch\/c\/#organization"},"potentialAction":[{"@type":"SearchAction","target":{"@type":"EntryPoint","urlTemplate":"https:\/\/www.artisanlocal.ch\/c\/?s={search_term_string}"},"query-input":{"@type":"PropertyValueSpecification","valueRequired":true,"valueName":"search_term_string"}}],"inLanguage":"fr-FR"},{"@type":"Organization","@id":"https:\/\/www.artisanlocal.ch\/c\/#organization","name":"Artisanlocal","url":"https:\/\/www.artisanlocal.ch\/c\/","logo":{"@type":"ImageObject","inLanguage":"fr-FR","@id":"https:\/\/www.artisanlocal.ch\/c\/#\/schema\/logo\/image\/","url":"https:\/\/www.artisanlocal.ch\/c\/wp-content\/uploads\/2024\/02\/logo-artisanlocal-h.svg","contentUrl":"https:\/\/www.artisanlocal.ch\/c\/wp-content\/uploads\/2024\/02\/logo-artisanlocal-h.svg","caption":"Artisanlocal"},"image":{"@id":"https:\/\/www.artisanlocal.ch\/c\/#\/schema\/logo\/image\/"}}]}},"_links":{"self":[{"href":"https:\/\/www.artisanlocal.ch\/c\/wp-json\/wp\/v2\/pages\/680","targetHints":{"allow":["GET"]}}],"collection":[{"href":"https:\/\/www.artisanlocal.ch\/c\/wp-json\/wp\/v2\/pages"}],"about":[{"href":"https:\/\/www.artisanlocal.ch\/c\/wp-json\/wp\/v2\/types\/page"}],"author":[{"embeddable":true,"href":"https:\/\/www.artisanlocal.ch\/c\/wp-json\/wp\/v2\/users\/4"}],"replies":[{"embeddable":true,"href":"https:\/\/www.artisanlocal.ch\/c\/wp-json\/wp\/v2\/comments?post=680"}],"version-history":[{"count":0,"href":"https:\/\/www.artisanlocal.ch\/c\/wp-json\/wp\/v2\/pages\/680\/revisions"}],"wp:featuredmedia":[{"embeddable":true,"href":"https:\/\/www.artisanlocal.ch\/c\/wp-json\/wp\/v2\/media\/2757"}],"wp:attachment":[{"href":"https:\/\/www.artisanlocal.ch\/c\/wp-json\/wp\/v2\/media?parent=680"}],"wp:term":[{"taxonomy":"profession","embeddable":true,"href":"https:\/\/www.artisanlocal.ch\/c\/wp-json\/wp\/v2\/profession?post=680"},{"taxonomy":"location","embeddable":true,"href":"https:\/\/www.artisanlocal.ch\/c\/wp-json\/wp\/v2\/location?post=680"},{"taxonomy":"canton","embeddable":true,"href":"https:\/\/www.artisanlocal.ch\/c\/wp-json\/wp\/v2\/canton?post=680"}],"curies":[{"name":"wp","href":"https:\/\/api.w.org\/{rel}","templated":true}]}}