{"id":683,"date":"2024-04-19T13:40:07","date_gmt":"2024-04-19T11:40:07","guid":{"rendered":"https:\/\/www.artisanlocal.ch\/c\/chauffagiste-a-bex\/"},"modified":"2025-08-26T19:29:52","modified_gmt":"2025-08-26T17:29:52","slug":"chauffagiste-a-bex","status":"publish","type":"page","link":"https:\/\/www.artisanlocal.ch\/c\/chauffagiste-a-bex\/","title":{"rendered":"Chauffagiste \u00e0 Bex"},"content":{"rendered":"<p>Besoin d&rsquo;aide pour r\u00e9parer votre chauffage \u00e0 Bex ? Artisanlocal s&rsquo;occupe de tout de la r\u00e9paration \u00e0 l&rsquo;installation. En travaillant avec notre entreprise, vous profitez :<\/p>\n<ul>\n<li>D&rsquo;une tarification claire,<\/li>\n<li>de services de qualit\u00e9,<\/li>\n<li>d&rsquo;assistance \u00e0 Bex et dans les alentours,<\/li>\n<li>d&rsquo;un personnel qualifi\u00e9 et avec une solide exp\u00e9rience,<\/li>\n<li>d&rsquo;estimations gratuites,<\/li>\n<li>d&rsquo;une entreprise disponible du lundi au samedi.<\/li>\n<\/ul>\n\r\n<div class=\"box\">\r\n            <div class=\"company-info\">\r\n            <img decoding=\"async\" class=\"company-info__logo\" src=\"https:\/\/www.artisanlocal.ch\/media\/cache\/thumb\/images\/companies\/s-z-sanitaire-chauffage-sarl.png\" alt=\"Logo\">\r\n            <h2 class=\"company-info__name\">S-Z Sanitaire \/ Chauffage S\u00e0rl<\/h2>\r\n            <p class=\"company-info__business\">Sanitaire - Chauffage - \u00c9tudes CVS - D\u00e9pannage<\/p>\r\n        <\/div>\r\n        <div class=\"company-contact\">\r\n            <p class=\"company-info__address\">Avenue de la Gare 55<\/p>\r\n                            <div class=\"links\">\r\n                                            <a class=\"btn has-accent-background-color js-phoneNumber\" href=\"tel:0244633705\" title=\"Appelez\" data-id=\"29070\" data-type=\"11\">024 463 37 05<\/a>\r\n                                                                <a class=\"btn has-accent-background-color\" href=\"http:\/\/www.szsanitaire.ch\/\" target=\"_blank\" title=\"Voir le site internet\" data-id=\"29070\" data-type=\"20\">Site internet<\/a>\r\n                                    <\/div>\r\n                    <\/div>\r\n    \r\n            \r\n<form action=\"https:\/\/www.artisanlocal.ch\/c\/wp-admin\/admin-ajax.php\" method=\"post\" class=\"form-contact\" id=\"artisan_form_contact_company_inline\">\r\n    <div><input type=\"hidden\" name=\"action\" value=\"company_contact\"><\/div>\r\n    <div><input type=\"hidden\" name=\"nonce\" value=\"85ec494698\"><\/div>\r\n    <div><input type=\"hidden\" name=\"company_id\" value=\"29070\"><\/div>\r\n    <div><input type=\"hidden\" name=\"form_id\" value=\"artisan_form_contact_company_inline\"><\/div>\r\n    <div class=\"gglcptch gglcptch_v3 gglcptch_custom\"><input type=\"hidden\" id=\"g-recaptcha-response\" name=\"g-recaptcha-response\" \/><br \/><div class=\"gglcptch_error_text\">La p\u00e9riode de v\u00e9rification reCAPTCHA a expir\u00e9. Veuillez recharger la page.<\/div><\/div>    <div class=\"form-content\">\r\n        <div class=\"form-group\">\r\n            <label for=\"contact_firstName\" class=\"required\">Pr\u00e9nom<\/label>\r\n            <input type=\"text\" name=\"firstName\" class=\"form-control\" required>\r\n        <\/div>\r\n        <div class=\"form-group\">\r\n            <label for=\"contact_lastName\" class=\"required\">Nom<\/label>\r\n            <input type=\"text\" name=\"lastName\" class=\"form-control\" required>\r\n        <\/div>\r\n        <div class=\"form-group\">\r\n            <label for=\"contact_email\" class=\"required\">Email<\/label>\r\n            <input type=\"email\" name=\"email\" class=\"form-control\" required>\r\n        <\/div>\r\n        <div class=\"form-group\">\r\n            <label for=\"contact_phone\" class=\"required\">Num\u00e9ro de t\u00e9l\u00e9phone<\/label>\r\n            <input type=\"tel\" name=\"phone\" class=\"form-control\" placeholder=\"0787117165\" pattern=\"^[0-9]{10}$\" required>\r\n        <\/div>\r\n        <div class=\"form-group\">\r\n            <label for=\"contact_postalCode\" class=\"required\">Code postal et localit\u00e9<\/label>\r\n            <input type=\"text\" name=\"postalCode\" class=\"form-control\" required>\r\n        <\/div>\r\n        <div class=\"form-group\">\r\n            <label for=\"contact_address\" class=\"required\">Adresse<\/label>\r\n            <input type=\"text\" name=\"address\" class=\"form-control\" required>\r\n        <\/div>\r\n        <div class=\"full-width topic\">\r\n            <p class=\"required\">Je souhaite \u00eatre contact\u00e9 pour :<\/p>\r\n            <div class=\"form-check\">\r\n                <input type=\"radio\" name=\"topic\" value=\"D\u00e9pannage\" class=\"form-control\" required>\r\n                <label for=\"d\u00e9pannage\">D\u00e9pannage<\/label>\r\n            <\/div>\r\n            <div class=\"form-check\">\r\n                <input type=\"radio\" name=\"topic\" value=\"Entretien\" class=\"form-control\" required>\r\n                <label for=\"entretien\">Entretien<\/label>\r\n            <\/div>\r\n            <div class=\"form-check\">\r\n                <input type=\"radio\" name=\"topic\" value=\"R\u00e9novation\" class=\"form-control\" required>\r\n                <label for=\"r\u00e9novation\">R\u00e9novation<\/label>\r\n            <\/div>\r\n            <div class=\"form-check\">\r\n                <input type=\"radio\" name=\"topic\" value=\"Autre\" class=\"form-control\" required>\r\n                <label for=\"autre\">Autre<\/label>\r\n            <\/div>\r\n        <\/div>\r\n        <div class=\"form-group full-width\">\r\n            <label for=\"contact_message\">Message<\/label>\r\n            <textarea name=\"message\" rows=\"3\" class=\"form-control\"><\/textarea>\r\n        <\/div>\r\n    <\/div>\r\n    <div class=\"form-actions\">\r\n        <button class=\"wp-block-button__link has-accent-background-color\">Contacter<\/button>\r\n    <\/div>\r\n<\/form>\r\n<div class=\"form-feedback\"><\/div>    <\/div>\n<h2>Pourquoi choisir Artisanlocal ?<\/h2>\n<p>Estimation rapide de votre projet : d\u00e8s que vous nous envoyez le formulaire, notre chauffagiste \u00e0 Bex prend contact avec vous dans la journ\u00e9e.<\/p>\n<p>Intervention chez vous dans la journ\u00e9e : le jour de votre demande, le technicien chauffagiste Bellerin peut se d\u00e9placer dans votre foyer pour \u00e9valuer le co\u00fbt de votre projet. Par la suite, vous obtenez une \u00e9valuation d\u00e9taill\u00e9e et vous pouvez nous poser vos questions.<\/p>\n<p>Installation de votre chauffage en 24 \u00e0 48 heures : d\u00e8s que le devis est valid\u00e9 avec notre technicien \u00e0 Bex. Nous programmerons avec vous le jour d&rsquo;installation ou de r\u00e9paration de votre chauffage.<\/p>\n<p>Service de d\u00e9pannage et de maintenance : si votre chauffage, chauffe-eau ou chaudi\u00e8re pr\u00e9sente un dysfonctionnement. Notre entreprise peut intervenir \u00e0 Bex et ses alentours.<\/p>\n<h2>Pourquoi est-il indispensable d&rsquo;entretenir votre chauffage ?<\/h2>\n<p>Assurer le bon fonctionnement de votre \u00e9quipement de chauffage est important. La temp\u00e9rature de votre int\u00e9rieur doit \u00eatre constante surtout si vous avez des jeunes enfants et pour votre s\u00e9curit\u00e9, vous devez v\u00e9rifier le taux de monoxyde de carbone cr\u00e9\u00e9 par votre chauffage. Peu importe, votre syst\u00e8me de chauffage, nos techniciens garantissent l&rsquo;entretien et la maintenance, de vos \u00e9quipements, que ce soit : \u00e0 accumulation, basse temp\u00e9rature, fioul, condensation, \u00e9lectrique ou \u00e0 gaz.<\/p>\n<h2>Est-il envisageable que votre entreprise m&rsquo;aide \u00e0 distance ?<\/h2>\n<p>Oui, nous sommes en mesure de vous aider par t\u00e9l\u00e9phone. Il vous suffit de nous d\u00e9crire votre probl\u00e9matique pour que nous puissions en \u00e9valuer les causes et identifier la solution. Il faut garder \u00e0 l&rsquo;esprit que dans la plupart des situations, un chauffagiste doit intervenir chez vous pour identifier et r\u00e9parer le probl\u00e8me.<\/p>\n<h2>Quel est le mode de fonctionnement d&rsquo;Artisanlocal ?<\/h2>\n<ol>\n<li>Premier contact : il est n\u00e9cessaire que vous preniez contact avec nous par t\u00e9l\u00e9phone ou par mail.<\/li>\n<li>D\u00e9placement : un de nos experts chauffagistes se d\u00e9place \u00e0 votre domicile.<\/li>\n<li>Estimation : le chauffagiste estimera l&rsquo;\u00e9tat actuel des choses afin de d\u00e9terminer le volume de vos pi\u00e8ces, et prendre en compte l&rsquo;isolation existante et la superficie totale.<\/li>\n<li>Avis : nous vous guiderons pour choisir le meilleur syst\u00e8me de chauffage, nous prenons en compte la rentabilit\u00e9 et le rendement que vous d\u00e9sirez avoir.<\/li>\n<li>Estimation : vous recevez un devis d\u00e9taill\u00e9, vous pr\u00e9sentant les diverses d\u00e9penses.<\/li>\n<li>Mise en place : apr\u00e8s avoir accept\u00e9 notre estimation et en fonction de votre agenda, nous installons votre syst\u00e8me de chauffage, et ajustons le thermostat.<\/li>\n<\/ol>\n<h2>Quelle est la solution de chauffage la plus adapt\u00e9e pour votre maison ?<\/h2>\n<p>L&rsquo;expert qui se d\u00e9place \u00e0 votre domicile, vous conseille pour choisir le syst\u00e8me de chauffage le plus adapt\u00e9, parmi les chauffages : \u00e0 condensation, \u00e0 gaz, \u00e9lectriques, fioul, classiques ou encore basses temp\u00e9ratures.<\/p>\n<p>Les \u00e9quipements de chauffages \u00e0 condensation ou \u00e0 basse temp\u00e9rature, malgr\u00e9 un prix plus important, ils offrent la capacit\u00e9 de r\u00e9aliser des \u00e9conomies sur le long terme.<\/p>\n<p>Par ailleurs, avant d&rsquo;installer votre chauffage, il convient de param\u00e9trer le thermostat par rapport \u00e0 votre logement et vos besoins. Ne vous inqui\u00e9tez pas, le technicien qui se rend chez vous a les connaissances pour r\u00e9gler tous vos probl\u00e8mes. Dans le devis, vous retrouvez les d\u00e9tails de l&rsquo;intervention, tel que le prix des \u00e9quipements et de la main-d&rsquo;\u0153uvre.<\/p>\n<h2>Service d&rsquo;entretien pour votre chauffage \u00e0 Bex<\/h2>\n<p>Vous devez r\u00e9aliser l&rsquo;entretien annuel de votre syst\u00e8me de chauffage, qu&rsquo;il soit \u00e0 gaz ou au fioul. L&rsquo;entretien de votre chauffage permet de contr\u00f4ler les \u00e9missions de monoxyde de carbone qui se d\u00e9gage. Pour rappel, dans le cas o\u00f9 votre chauffage cr\u00e9e beaucoup de monoxyde de carbone, cela peut provoquer une intoxication. Le chauffagiste qui se d\u00e9place dans votre logement contr\u00f4le et r\u00e8gle le taux de monoxyde de carbone afin de vous emp\u00eacher d\u2019avoir des potentiels probl\u00e8mes m\u00e9dicaux.<\/p>\n<h2>Programme d&rsquo;entretien pour votre chauffage \u00e0 Bex<\/h2>\n<p>Pour assurer le fonctionnement optimal de votre chauffage, nous proposons des contrats de maintenance sur mesure. En effectuant un entretien r\u00e9gulier, vous r\u00e9alisez des \u00e9conomies sur le long terme.<\/p>\n<p>D&rsquo;ailleurs, si vous avez un sinistre, votre assureur vous demande le contrat d&rsquo;entretien de mani\u00e8re \u00e0 comparer l&rsquo;\u00e9tat de votre chauffage avant l&rsquo;incident. Notre entreprise propose des contrats de maintenance annuels ou pluriannuels.<\/p>\n<h2>Pourquoi signer un forfait de maintenance pour votre chauffage ?<\/h2>\n<p>En cas d&rsquo;\u00e9l\u00e9ments d\u00e9fectueux, nous garantissons le remplacement imm\u00e9diat. D&rsquo;autre part, nous prenons l&rsquo;engagement d&rsquo;inspecter l&rsquo;ensemble de votre chauffage, comme :<\/p>\n<ul>\n<li>Les niveaux de pression de vos tuyaux,<\/li>\n<li>l&rsquo;entretien des conduits de raccordement, et des parties chauffantes.<\/li>\n<\/ul>\n<h2>Quels sont les diff\u00e9rents services propos\u00e9s par votre entreprise ?<\/h2>\n<p>Nos techniciens se d\u00e9placent \u00e0 votre domicile, pour effectuer :<\/p>\n<ul>\n<li>Le d\u00e9sembouage et le d\u00e9tartrage de vos radiateurs,<\/li>\n<li>la purge de l&rsquo;air de vos radiateurs,<\/li>\n<li>l\u2019entretien des chauffe-eau et des chaudi\u00e8res,<\/li>\n<li>le r\u00e9glage de votre thermostat,<\/li>\n<li>la maintenance des chaudi\u00e8res \u00e0 condensation, \u00e0 gaz, basses temp\u00e9ratures, \u00e0 fioul, \u00e0 accumulation et \u00e9lectriques,<\/li>\n<li>la restauration de la vanne de vidange,<\/li>\n<li>la r\u00e9paration et le d\u00e9pannage sur tous types de pannes : de votre chaudi\u00e8re, fuite de canalisation, radiateur qui ne chauffe plus, etc,<\/li>\n<li>la pose de votre : chauffage, pompe \u00e0 chaleur, chaudi\u00e8re, radiateur \u00e9lectrique, plancher chauffant, etc.<\/li>\n<\/ul>\n<h2>Foire aux questions<\/h2>\n<h3>Pourquoi faire appel \u00e0 un chauffagiste Bellerin ?<\/h3>\n<p>Garder une temp\u00e9rature ambiante constante : un chauffage bien r\u00e9gl\u00e9 permet de conserver une temp\u00e9rature constante dans votre habitation.<\/p>\n<p>Faire des \u00e9conomies : en investissant dans des \u00e9quipements de qualit\u00e9, exemple le chauffage et l&rsquo;isolation, vous effectuez des \u00e9conomies et diminuer vos \u00e9missions carbones.<\/p>\n<p>Prot\u00e9ger la s\u00fbret\u00e9 de votre chauffage : respecter les r\u00e8gles de s\u00fbret\u00e9 maintient votre chauffage s\u00fbr et performant (par exemple, pour r\u00e9duire les \u00e9missions de monoxyde de carbone).<\/p>\n<p>\u00c9viter les difficult\u00e9s : un chauffagiste pourra anticiper de potentiels dommages occasionn\u00e9s par vos \u00e9quipements, juste en examinant vos installations.<\/p>\n<h3>Comment choisir le bon chauffagiste \u00e0 Bex ?<\/h3>\n<p>La qualification : contr\u00f4lez les certifications attestant que l\u2019entreprise \u00e0 une exp\u00e9rience dans son secteur.<\/p>\n<p>Les avis clients : prenez le temps de lire les avis des anciens clients ayant d\u00e9j\u00e0 travaill\u00e9 avec les entreprises.<\/p>\n<p>Les assurances : contr\u00f4lez que les techniciens chauffagistes sont assur\u00e9s en cas de casses.<\/p>\n<h3>Quelle est votre vitesse d&rsquo;action \u00e0 Bex ?<\/h3>\n<p>Nous intervenons \u00e0 votre domicile dans un d\u00e9lai de deux heures (pour les situations d&rsquo;urgence) dans le cas contraire, nous pouvons intervenir au cours de la journ\u00e9e.<\/p>\n<h3>Intervenez-vous \u00e0 Bex et \u00e0 proximit\u00e9 ?<\/h3>\n<p>Oui, nous effectuons nos interventions \u00e0 Bex et dans les villes et communes proches, telles que : La Tine, Rossini\u00e8re, Flendruz, Rougemont, Ch\u00e2teau-d'Oex, L'Etivaz, La L\u00e9cherette, Les Moulins, Villeneuve VD, Noville, Chessel, Rennaz, Roche VD, Yvorne, Leysin, Corbeyrier, Aigle, La Comballaz, Les Mosses, Le S\u00e9pey, Vers-l'Eglise, Les Diablerets, La Forclaz VD, Ollon VD, Panex, St-Triphon, Fenalet-sur-Bex, Freni\u00e8res-sur-Bex, Les Plans-sur-Bex, Gryon, Les Posses-sur-Bex, Arveyes, Hu\u00e9moz, Villars-sur-Ollon, Chesi\u00e8res, Lavey-les-Bains, Lavey-Village.<\/p>\n","protected":false},"excerpt":{"rendered":"<p>Besoin d&rsquo;aide pour r\u00e9parer votre chauffage \u00e0 Bex ? Artisanlocal s&rsquo;occupe de tout de la r\u00e9paration \u00e0 l&rsquo;installation. En travaillant avec notre entreprise, vous profitez : D&rsquo;une tarification claire, de services de qualit\u00e9, d&rsquo;assistance \u00e0 Bex et dans les alentours, d&rsquo;un personnel qualifi\u00e9 et avec une solide exp\u00e9rience, d&rsquo;estimations gratuites, d&rsquo;une entreprise disponible du lundi [&hellip;]<\/p>\n","protected":false},"author":4,"featured_media":2757,"parent":0,"menu_order":0,"comment_status":"closed","ping_status":"closed","template":"","meta":{"footnotes":""},"profession":[120],"location":[84],"canton":[113],"class_list":["post-683","page","type-page","status-publish","has-post-thumbnail","hentry","profession-chauffagiste","location-bex","canton-vd"],"yoast_head":"<!-- This site is optimized with the Yoast SEO Premium plugin v25.7.1 (Yoast SEO v27.3) - https:\/\/yoast.com\/product\/yoast-seo-premium-wordpress\/ -->\n<title>Chauffagiste \u00e0 Bex - Artisanlocal<\/title>\n<meta name=\"robots\" content=\"index, follow, max-snippet:-1, max-image-preview:large, max-video-preview:-1\" \/>\n<link rel=\"canonical\" href=\"https:\/\/www.artisanlocal.ch\/c\/chauffagiste-a-bex\/\" \/>\n<meta property=\"og:locale\" content=\"fr_FR\" \/>\n<meta property=\"og:type\" content=\"article\" \/>\n<meta property=\"og:title\" content=\"Chauffagiste \u00e0 Bex\" \/>\n<meta property=\"og:description\" content=\"Besoin d&rsquo;aide pour r\u00e9parer votre chauffage \u00e0 Bex ? Artisanlocal s&rsquo;occupe de tout de la r\u00e9paration \u00e0 l&rsquo;installation. En travaillant avec notre entreprise, vous profitez : D&rsquo;une tarification claire, de services de qualit\u00e9, d&rsquo;assistance \u00e0 Bex et dans les alentours, d&rsquo;un personnel qualifi\u00e9 et avec une solide exp\u00e9rience, d&rsquo;estimations gratuites, d&rsquo;une entreprise disponible du lundi [&hellip;]\" \/>\n<meta property=\"og:url\" content=\"https:\/\/www.artisanlocal.ch\/c\/chauffagiste-a-bex\/\" \/>\n<meta property=\"og:site_name\" content=\"Artisanlocal\" \/>\n<meta property=\"article:modified_time\" content=\"2025-08-26T17:29:52+00:00\" \/>\n<meta property=\"og:image\" content=\"https:\/\/www.artisanlocal.ch\/c\/wp-content\/uploads\/2024\/10\/chauffagiste.jpg\" \/>\n\t<meta property=\"og:image:width\" content=\"1920\" \/>\n\t<meta property=\"og:image:height\" content=\"300\" \/>\n\t<meta property=\"og:image:type\" content=\"image\/jpeg\" \/>\n<meta name=\"twitter:card\" content=\"summary_large_image\" \/>\n<meta name=\"twitter:label1\" content=\"Dur\u00e9e de lecture estim\u00e9e\" \/>\n\t<meta name=\"twitter:data1\" content=\"6 minutes\" \/>\n<script type=\"application\/ld+json\" class=\"yoast-schema-graph\">{\"@context\":\"https:\\\/\\\/schema.org\",\"@graph\":[{\"@type\":\"WebPage\",\"@id\":\"https:\\\/\\\/www.artisanlocal.ch\\\/c\\\/chauffagiste-a-bex\\\/\",\"url\":\"https:\\\/\\\/www.artisanlocal.ch\\\/c\\\/chauffagiste-a-bex\\\/\",\"name\":\"Chauffagiste \u00e0 Bex - Artisanlocal\",\"isPartOf\":{\"@id\":\"https:\\\/\\\/www.artisanlocal.ch\\\/c\\\/#website\"},\"primaryImageOfPage\":{\"@id\":\"https:\\\/\\\/www.artisanlocal.ch\\\/c\\\/chauffagiste-a-bex\\\/#primaryimage\"},\"image\":{\"@id\":\"https:\\\/\\\/www.artisanlocal.ch\\\/c\\\/chauffagiste-a-bex\\\/#primaryimage\"},\"thumbnailUrl\":\"https:\\\/\\\/www.artisanlocal.ch\\\/c\\\/wp-content\\\/uploads\\\/2024\\\/10\\\/chauffagiste.jpg\",\"datePublished\":\"2024-04-19T11:40:07+00:00\",\"dateModified\":\"2025-08-26T17:29:52+00:00\",\"breadcrumb\":{\"@id\":\"https:\\\/\\\/www.artisanlocal.ch\\\/c\\\/chauffagiste-a-bex\\\/#breadcrumb\"},\"inLanguage\":\"fr-FR\",\"potentialAction\":[{\"@type\":\"ReadAction\",\"target\":[\"https:\\\/\\\/www.artisanlocal.ch\\\/c\\\/chauffagiste-a-bex\\\/\"]}]},{\"@type\":\"ImageObject\",\"inLanguage\":\"fr-FR\",\"@id\":\"https:\\\/\\\/www.artisanlocal.ch\\\/c\\\/chauffagiste-a-bex\\\/#primaryimage\",\"url\":\"https:\\\/\\\/www.artisanlocal.ch\\\/c\\\/wp-content\\\/uploads\\\/2024\\\/10\\\/chauffagiste.jpg\",\"contentUrl\":\"https:\\\/\\\/www.artisanlocal.ch\\\/c\\\/wp-content\\\/uploads\\\/2024\\\/10\\\/chauffagiste.jpg\",\"width\":1920,\"height\":300},{\"@type\":\"BreadcrumbList\",\"@id\":\"https:\\\/\\\/www.artisanlocal.ch\\\/c\\\/chauffagiste-a-bex\\\/#breadcrumb\",\"itemListElement\":[{\"@type\":\"ListItem\",\"position\":1,\"name\":\"Accueil\",\"item\":\"https:\\\/\\\/www.artisanlocal.ch\\\/c\\\/\"},{\"@type\":\"ListItem\",\"position\":2,\"name\":\"Chauffagiste \u00e0 Bex\"}]},{\"@type\":\"WebSite\",\"@id\":\"https:\\\/\\\/www.artisanlocal.ch\\\/c\\\/#website\",\"url\":\"https:\\\/\\\/www.artisanlocal.ch\\\/c\\\/\",\"name\":\"Artisanlocal\",\"description\":\"\",\"publisher\":{\"@id\":\"https:\\\/\\\/www.artisanlocal.ch\\\/c\\\/#organization\"},\"potentialAction\":[{\"@type\":\"SearchAction\",\"target\":{\"@type\":\"EntryPoint\",\"urlTemplate\":\"https:\\\/\\\/www.artisanlocal.ch\\\/c\\\/?s={search_term_string}\"},\"query-input\":{\"@type\":\"PropertyValueSpecification\",\"valueRequired\":true,\"valueName\":\"search_term_string\"}}],\"inLanguage\":\"fr-FR\"},{\"@type\":\"Organization\",\"@id\":\"https:\\\/\\\/www.artisanlocal.ch\\\/c\\\/#organization\",\"name\":\"Artisanlocal\",\"url\":\"https:\\\/\\\/www.artisanlocal.ch\\\/c\\\/\",\"logo\":{\"@type\":\"ImageObject\",\"inLanguage\":\"fr-FR\",\"@id\":\"https:\\\/\\\/www.artisanlocal.ch\\\/c\\\/#\\\/schema\\\/logo\\\/image\\\/\",\"url\":\"https:\\\/\\\/www.artisanlocal.ch\\\/c\\\/wp-content\\\/uploads\\\/2024\\\/02\\\/logo-artisanlocal-h.svg\",\"contentUrl\":\"https:\\\/\\\/www.artisanlocal.ch\\\/c\\\/wp-content\\\/uploads\\\/2024\\\/02\\\/logo-artisanlocal-h.svg\",\"caption\":\"Artisanlocal\"},\"image\":{\"@id\":\"https:\\\/\\\/www.artisanlocal.ch\\\/c\\\/#\\\/schema\\\/logo\\\/image\\\/\"}}]}<\/script>\n<!-- \/ Yoast SEO Premium plugin. -->","yoast_head_json":{"title":"Chauffagiste \u00e0 Bex - Artisanlocal","robots":{"index":"index","follow":"follow","max-snippet":"max-snippet:-1","max-image-preview":"max-image-preview:large","max-video-preview":"max-video-preview:-1"},"canonical":"https:\/\/www.artisanlocal.ch\/c\/chauffagiste-a-bex\/","og_locale":"fr_FR","og_type":"article","og_title":"Chauffagiste \u00e0 Bex","og_description":"Besoin d&rsquo;aide pour r\u00e9parer votre chauffage \u00e0 Bex ? Artisanlocal s&rsquo;occupe de tout de la r\u00e9paration \u00e0 l&rsquo;installation. En travaillant avec notre entreprise, vous profitez : D&rsquo;une tarification claire, de services de qualit\u00e9, d&rsquo;assistance \u00e0 Bex et dans les alentours, d&rsquo;un personnel qualifi\u00e9 et avec une solide exp\u00e9rience, d&rsquo;estimations gratuites, d&rsquo;une entreprise disponible du lundi [&hellip;]","og_url":"https:\/\/www.artisanlocal.ch\/c\/chauffagiste-a-bex\/","og_site_name":"Artisanlocal","article_modified_time":"2025-08-26T17:29:52+00:00","og_image":[{"width":1920,"height":300,"url":"https:\/\/www.artisanlocal.ch\/c\/wp-content\/uploads\/2024\/10\/chauffagiste.jpg","type":"image\/jpeg"}],"twitter_card":"summary_large_image","twitter_misc":{"Dur\u00e9e de lecture estim\u00e9e":"6 minutes"},"schema":{"@context":"https:\/\/schema.org","@graph":[{"@type":"WebPage","@id":"https:\/\/www.artisanlocal.ch\/c\/chauffagiste-a-bex\/","url":"https:\/\/www.artisanlocal.ch\/c\/chauffagiste-a-bex\/","name":"Chauffagiste \u00e0 Bex - Artisanlocal","isPartOf":{"@id":"https:\/\/www.artisanlocal.ch\/c\/#website"},"primaryImageOfPage":{"@id":"https:\/\/www.artisanlocal.ch\/c\/chauffagiste-a-bex\/#primaryimage"},"image":{"@id":"https:\/\/www.artisanlocal.ch\/c\/chauffagiste-a-bex\/#primaryimage"},"thumbnailUrl":"https:\/\/www.artisanlocal.ch\/c\/wp-content\/uploads\/2024\/10\/chauffagiste.jpg","datePublished":"2024-04-19T11:40:07+00:00","dateModified":"2025-08-26T17:29:52+00:00","breadcrumb":{"@id":"https:\/\/www.artisanlocal.ch\/c\/chauffagiste-a-bex\/#breadcrumb"},"inLanguage":"fr-FR","potentialAction":[{"@type":"ReadAction","target":["https:\/\/www.artisanlocal.ch\/c\/chauffagiste-a-bex\/"]}]},{"@type":"ImageObject","inLanguage":"fr-FR","@id":"https:\/\/www.artisanlocal.ch\/c\/chauffagiste-a-bex\/#primaryimage","url":"https:\/\/www.artisanlocal.ch\/c\/wp-content\/uploads\/2024\/10\/chauffagiste.jpg","contentUrl":"https:\/\/www.artisanlocal.ch\/c\/wp-content\/uploads\/2024\/10\/chauffagiste.jpg","width":1920,"height":300},{"@type":"BreadcrumbList","@id":"https:\/\/www.artisanlocal.ch\/c\/chauffagiste-a-bex\/#breadcrumb","itemListElement":[{"@type":"ListItem","position":1,"name":"Accueil","item":"https:\/\/www.artisanlocal.ch\/c\/"},{"@type":"ListItem","position":2,"name":"Chauffagiste \u00e0 Bex"}]},{"@type":"WebSite","@id":"https:\/\/www.artisanlocal.ch\/c\/#website","url":"https:\/\/www.artisanlocal.ch\/c\/","name":"Artisanlocal","description":"","publisher":{"@id":"https:\/\/www.artisanlocal.ch\/c\/#organization"},"potentialAction":[{"@type":"SearchAction","target":{"@type":"EntryPoint","urlTemplate":"https:\/\/www.artisanlocal.ch\/c\/?s={search_term_string}"},"query-input":{"@type":"PropertyValueSpecification","valueRequired":true,"valueName":"search_term_string"}}],"inLanguage":"fr-FR"},{"@type":"Organization","@id":"https:\/\/www.artisanlocal.ch\/c\/#organization","name":"Artisanlocal","url":"https:\/\/www.artisanlocal.ch\/c\/","logo":{"@type":"ImageObject","inLanguage":"fr-FR","@id":"https:\/\/www.artisanlocal.ch\/c\/#\/schema\/logo\/image\/","url":"https:\/\/www.artisanlocal.ch\/c\/wp-content\/uploads\/2024\/02\/logo-artisanlocal-h.svg","contentUrl":"https:\/\/www.artisanlocal.ch\/c\/wp-content\/uploads\/2024\/02\/logo-artisanlocal-h.svg","caption":"Artisanlocal"},"image":{"@id":"https:\/\/www.artisanlocal.ch\/c\/#\/schema\/logo\/image\/"}}]}},"_links":{"self":[{"href":"https:\/\/www.artisanlocal.ch\/c\/wp-json\/wp\/v2\/pages\/683","targetHints":{"allow":["GET"]}}],"collection":[{"href":"https:\/\/www.artisanlocal.ch\/c\/wp-json\/wp\/v2\/pages"}],"about":[{"href":"https:\/\/www.artisanlocal.ch\/c\/wp-json\/wp\/v2\/types\/page"}],"author":[{"embeddable":true,"href":"https:\/\/www.artisanlocal.ch\/c\/wp-json\/wp\/v2\/users\/4"}],"replies":[{"embeddable":true,"href":"https:\/\/www.artisanlocal.ch\/c\/wp-json\/wp\/v2\/comments?post=683"}],"version-history":[{"count":0,"href":"https:\/\/www.artisanlocal.ch\/c\/wp-json\/wp\/v2\/pages\/683\/revisions"}],"wp:featuredmedia":[{"embeddable":true,"href":"https:\/\/www.artisanlocal.ch\/c\/wp-json\/wp\/v2\/media\/2757"}],"wp:attachment":[{"href":"https:\/\/www.artisanlocal.ch\/c\/wp-json\/wp\/v2\/media?parent=683"}],"wp:term":[{"taxonomy":"profession","embeddable":true,"href":"https:\/\/www.artisanlocal.ch\/c\/wp-json\/wp\/v2\/profession?post=683"},{"taxonomy":"location","embeddable":true,"href":"https:\/\/www.artisanlocal.ch\/c\/wp-json\/wp\/v2\/location?post=683"},{"taxonomy":"canton","embeddable":true,"href":"https:\/\/www.artisanlocal.ch\/c\/wp-json\/wp\/v2\/canton?post=683"}],"curies":[{"name":"wp","href":"https:\/\/api.w.org\/{rel}","templated":true}]}}