{"id":690,"date":"2024-04-18T13:02:52","date_gmt":"2024-04-18T11:02:52","guid":{"rendered":"https:\/\/www.artisanlocal.ch\/c\/vous-avez-besoin-dun-depannage-en-urgence-de-votre-chauffage-a-renens\/"},"modified":"2025-08-27T01:32:33","modified_gmt":"2025-08-26T23:32:33","slug":"vous-avez-besoin-dun-depannage-en-urgence-de-votre-chauffage-a-renens","status":"publish","type":"page","link":"https:\/\/www.artisanlocal.ch\/c\/vous-avez-besoin-dun-depannage-en-urgence-de-votre-chauffage-a-renens\/","title":{"rendered":"Chauffagiste \u00e0 Renens VD"},"content":{"rendered":"<p>Besoin d&rsquo;un chauffagiste \u00e0 Renens VD ? Artisanlocal r\u00e9pare en urgence votre chaudi\u00e8re \u00e0 Renens VD. En travaillant avec notre entreprise, vous b\u00e9n\u00e9ficiez :<\/p>\n<ul>\n<li>d&rsquo;un tarif transparent,<\/li>\n<li>de prestations haut de gamme,<\/li>\n<li>d&rsquo;intervention \u00e0 Renens VD et dans les villes aux alentours,<\/li>\n<li>d&rsquo;une entreprise avec de l&rsquo;exp\u00e9rience,<\/li>\n<li>de devis gratuit,<\/li>\n<li>d&rsquo;une entreprise disponible du lundi au samedi.<\/li>\n<\/ul>\n\r\n<div class=\"box\">\r\n            <div class=\"company-info\">\r\n            <img decoding=\"async\" class=\"company-info__logo\" src=\"https:\/\/www.artisanlocal.ch\/media\/cache\/thumb\/images\/companies\/611a3184c2550010443282.png\" alt=\"Logo\">\r\n            <h2 class=\"company-info__name\">DEVAUX FRERES CHAUFFAGE & SANITAIRE SARL<\/h2>\r\n            <p class=\"company-info__business\">Installations sanitaires - Chauffages<\/p>\r\n        <\/div>\r\n        <div class=\"company-contact\">\r\n            <p class=\"company-info__address\">Chemin du Raffort 1<\/p>\r\n                            <div class=\"links\">\r\n                                            <a class=\"btn has-accent-background-color js-phoneNumber\" href=\"tel:0795983115\" title=\"Appelez\" data-id=\"1873\" data-type=\"11\">079 598 31 15<\/a>\r\n                                                                <a class=\"btn has-accent-background-color\" href=\"https:\/\/www.devaux-freres.ch\/\" target=\"_blank\" title=\"Voir le site internet\" data-id=\"1873\" data-type=\"20\">Site internet<\/a>\r\n                                    <\/div>\r\n                    <\/div>\r\n    \r\n            \r\n<form action=\"https:\/\/www.artisanlocal.ch\/c\/wp-admin\/admin-ajax.php\" method=\"post\" class=\"form-contact\" id=\"artisan_form_contact_company_inline\">\r\n    <div><input type=\"hidden\" name=\"action\" value=\"company_contact\"><\/div>\r\n    <div><input type=\"hidden\" name=\"nonce\" value=\"f071462bb9\"><\/div>\r\n    <div><input type=\"hidden\" name=\"company_id\" value=\"1873\"><\/div>\r\n    <div><input type=\"hidden\" name=\"form_id\" value=\"artisan_form_contact_company_inline\"><\/div>\r\n    <div class=\"gglcptch gglcptch_v3 gglcptch_custom\"><input type=\"hidden\" id=\"g-recaptcha-response\" name=\"g-recaptcha-response\" \/><br \/><div class=\"gglcptch_error_text\">La p\u00e9riode de v\u00e9rification reCAPTCHA a expir\u00e9. Veuillez recharger la page.<\/div><\/div>    <div class=\"form-content\">\r\n        <div class=\"form-group\">\r\n            <label for=\"contact_firstName\" class=\"required\">Pr\u00e9nom<\/label>\r\n            <input type=\"text\" name=\"firstName\" class=\"form-control\" required>\r\n        <\/div>\r\n        <div class=\"form-group\">\r\n            <label for=\"contact_lastName\" class=\"required\">Nom<\/label>\r\n            <input type=\"text\" name=\"lastName\" class=\"form-control\" required>\r\n        <\/div>\r\n        <div class=\"form-group\">\r\n            <label for=\"contact_email\" class=\"required\">Email<\/label>\r\n            <input type=\"email\" name=\"email\" class=\"form-control\" required>\r\n        <\/div>\r\n        <div class=\"form-group\">\r\n            <label for=\"contact_phone\" class=\"required\">Num\u00e9ro de t\u00e9l\u00e9phone<\/label>\r\n            <input type=\"tel\" name=\"phone\" class=\"form-control\" placeholder=\"0787117165\" pattern=\"^[0-9]{10}$\" required>\r\n        <\/div>\r\n        <div class=\"form-group\">\r\n            <label for=\"contact_postalCode\" class=\"required\">Code postal et localit\u00e9<\/label>\r\n            <input type=\"text\" name=\"postalCode\" class=\"form-control\" required>\r\n        <\/div>\r\n        <div class=\"form-group\">\r\n            <label for=\"contact_address\" class=\"required\">Adresse<\/label>\r\n            <input type=\"text\" name=\"address\" class=\"form-control\" required>\r\n        <\/div>\r\n        <div class=\"full-width topic\">\r\n            <p class=\"required\">Je souhaite \u00eatre contact\u00e9 pour :<\/p>\r\n            <div class=\"form-check\">\r\n                <input type=\"radio\" name=\"topic\" value=\"D\u00e9pannage\" class=\"form-control\" required>\r\n                <label for=\"d\u00e9pannage\">D\u00e9pannage<\/label>\r\n            <\/div>\r\n            <div class=\"form-check\">\r\n                <input type=\"radio\" name=\"topic\" value=\"Entretien\" class=\"form-control\" required>\r\n                <label for=\"entretien\">Entretien<\/label>\r\n            <\/div>\r\n            <div class=\"form-check\">\r\n                <input type=\"radio\" name=\"topic\" value=\"R\u00e9novation\" class=\"form-control\" required>\r\n                <label for=\"r\u00e9novation\">R\u00e9novation<\/label>\r\n            <\/div>\r\n            <div class=\"form-check\">\r\n                <input type=\"radio\" name=\"topic\" value=\"Autre\" class=\"form-control\" required>\r\n                <label for=\"autre\">Autre<\/label>\r\n            <\/div>\r\n        <\/div>\r\n        <div class=\"form-group full-width\">\r\n            <label for=\"contact_message\">Message<\/label>\r\n            <textarea name=\"message\" rows=\"3\" class=\"form-control\"><\/textarea>\r\n        <\/div>\r\n    <\/div>\r\n    <div class=\"form-actions\">\r\n        <button class=\"wp-block-button__link has-accent-background-color\">Contacter<\/button>\r\n    <\/div>\r\n<\/form>\r\n<div class=\"form-feedback\"><\/div>    <\/div>\n<h2>Pourquoi choisir notre soci\u00e9t\u00e9 ?<\/h2>\n<p>\u00c9valuation rapide de vos travaux : apr\u00e8s votre demande de prise de contact, notre chauffagiste \u00e0 Renens VD vous appelle dans la journ\u00e9e pour \u00e9valuer le prix de vos travaux.<\/p>\n<p>D\u00e9placement de notre technicien : notre technicien Renanais se d\u00e9place \u00e0 votre domicile pour \u00e9valuer le co\u00fbt de votre projet. Par la suite, vous recevez un devis d\u00e9taill\u00e9 et vous pouvez nous poser vos questions.<\/p>\n<p>Installation de votre chauffage en 24 \u00e0 48 heures : d\u00e8s que le devis est valid\u00e9. Nous d\u00e9terminerons la date de notre intervention pour installer votre chauffage.<\/p>\n<p>Assistance technique et r\u00e9paration : si vous avez une panne de chaudi\u00e8re, chauffe-eau ou chauffage. Notre chauffagiste intervient en urgence \u00e0 Renens VD et aussi dans les communes \u00e0 proximit\u00e9 pour r\u00e9parer votre chauffage.<\/p>\n<h2>Pourquoi est-il indispensable d&rsquo;entretenir votre syst\u00e8me de chauffage ?<\/h2>\n<p>Avoir un chauffage qui fonctionne est important, surtout dans les foyers avec des jeunes enfants. Notre entreprise vous aide \u00e0 fixer la bonne temp\u00e9rature et contr\u00f4le l&rsquo;\u00e9mission de monoxyde de carbone. Peu importe le type de votre chauffage, nos experts garantissent l&rsquo;entretien et la maintenance, de votre \u00e9quipement de chauffage : basse temp\u00e9rature, fioul, gaz, condensation, \u00e9lectrique ou \u00e0 accumulation.<\/p>\n<h2>\u00cates-vous capable de me d\u00e9panner \u00e0 distance ?<\/h2>\n<p>Oui, nous pouvons vous aider par t\u00e9l\u00e9phone. Il suffit juste de nous d\u00e9tailler votre probl\u00e8me et nous trouverons la solution. Il faut garder en t\u00eate que dans la plupart des cas, un chauffagiste doit se d\u00e9placer chez vous pour analyser et r\u00e9parer votre probl\u00e8me de chauffage.<\/p>\n<h2>Comment fonctionne Artisanlocal ?<\/h2>\n<ol>\n<li>Prise de contact : il est indispensable que vous preniez contact avec nous par e-mail ou par t\u00e9l\u00e9phone.<\/li>\n<li>D\u00e9placement : un chauffagiste Renanais se d\u00e9place chez vous.<\/li>\n<li>\u00c9valuation : le chauffagiste estime votre situation et calcule aussi la surface de votre logement, le volume des pi\u00e8ces et contr\u00f4le l&rsquo;isolation de votre logement.<\/li>\n<li>Indication : nous vous guiderons pour choisir le meilleur chauffage, nous prenons en compte la rentabilit\u00e9 et le rendement que vous souhaitez obtenir.<\/li>\n<li>Prix : nous vous livrons un devis gratuit et pr\u00e9cis avec les diff\u00e9rents co\u00fbts.<\/li>\n<li>Installation : une fois que vous avec accept\u00e9 le devis et en fonction de vos disponibilit\u00e9s, nous installons votre syst\u00e8me de chauffage, et r\u00e9glons votre thermostat.<\/li>\n<\/ol>\n<h2>Quel chauffage pour un appartement ?<\/h2>\n<p>Notre chauffagiste vous aide pour choisir la meilleure solution pour votre appartement, il vous donne des conseils et vous aide parmi les chauffages : \u00e0 condensation, \u00e0 gaz, \u00e9lectriques, fioul, classiques ou encore basses temp\u00e9ratures.<\/p>\n<p>Par exemple, les chauffages \u00e0 basse temp\u00e9rature ou \u00e0 condensation, malgr\u00e9 un co\u00fbt plus important, permettent de r\u00e9aliser des \u00e9conomies sur le long terme.<\/p>\n<p>D&rsquo;ailleurs, avant l&rsquo;installation de votre chauffage, il faut choisir le bon thermostat. Ne vous inqui\u00e9tez pas, le technicien qui se d\u00e9place chez vous a les connaissances pour configurer votre chauffage. Dans notre devis, vous retrouvez les d\u00e9tails de l\u2019intervention, comme le montant des \u00e9quipements et de la main-d&rsquo;\u0153uvre.<\/p>\n<h2>Maintenance de votre chauffage \u00e0 Renens VD<\/h2>\n<p>Il est important de r\u00e9aliser la maintenance de votre chauffage tous les ans, qu&rsquo;il soit au gaz ou au fioul. L&rsquo;entretien de votre chauffage permet de contr\u00f4ler les \u00e9missions de monoxyde de carbone qui se lib\u00e8re. Il est important de savoir, si votre chauffage produit trop de monoxyde de carbone, il est possible de vous intoxiquer. L&rsquo;expert qui se d\u00e9place dans votre logement contr\u00f4le et r\u00e8gle les \u00e9missions de monoxyde de carbone.<\/p>\n<h2>Contrat de r\u00e9vision pour votre chauffage \u00e0 Renens VD<\/h2>\n<p>Pour assurer le bon \u00e9tat de marche de votre chauffage, nous proposons des contrats de maintenance. Avec une maintenance r\u00e9guli\u00e8re, vous \u00e9conomisez de l&rsquo;argent en \u00e9vitant les dysfonctionnements et les d\u00e9pannages en urgence.<\/p>\n<p>D&rsquo;ailleurs, dans le cas o\u00f9 vous auriez un d\u00e9g\u00e2t ou un sinistre, votre assurance vous r\u00e9clame le contrat d&rsquo;entretien afin de contr\u00f4ler l&rsquo;\u00e9tat de votre chauffage avant l&rsquo;incident. Notre entreprise propose des contrats d&rsquo;entretien pluriannuels ou annuels.<\/p>\n<h2>Pourquoi souscrire \u00e0 un contrat d&rsquo;entretien pour votre chauffage ?<\/h2>\n<p>Si vous avez une partie qui est endommag\u00e9e, nous la changeons en urgence, nous prenons l&rsquo;engagement de v\u00e9rifier tout votre chauffage, comme :<\/p>\n<ul>\n<li>Les niveaux de pression de vos tuyaux,<\/li>\n<li>le nettoyage des tuyaux de raccordement, et des \u00e9l\u00e9ments chauffants.<\/li>\n<\/ul>\n<h2>Quels services proposent Artisanlocal ?<\/h2>\n<ul>\n<li>D\u00e9tartrage et le d\u00e9sembouage de radiateur,<\/li>\n<li>Purge d&rsquo;air,<\/li>\n<li>Entretien des chauffe-eau et des chaudi\u00e8res,<\/li>\n<li>Ajustement des thermostats,<\/li>\n<li>Entretien des chaudi\u00e8res \u00e0 condensation, \u00e0 gaz, \u00e0 accumulation, \u00e0 fioul, \u00e9lectriques et basses temp\u00e9ratures,<\/li>\n<li>Remise en \u00e9tat de la vanne de vidange,<\/li>\n<li>Intervention et la remise en \u00e9tat : fuite de tuyauterie, radiateur qui ne chauffe plus, chaudi\u00e8re, etc.<\/li>\n<li>Installation de : radiateur \u00e9lectrique, pompe \u00e0 chaleur, plancher chauffant, chauffage, chaudi\u00e8re, etc.<\/li>\n<\/ul>\n<h2>FAQ<\/h2>\n<h3>Pourquoi engager un chauffagiste Renanais ?<\/h3>\n<p>En engagent un chauffagiste Renanais, vous pouvez :<\/p>\n<ul>\n<li>Renforcer la temp\u00e9rature ambiante de vos pi\u00e8ces.<\/li>\n<li>Faire des \u00e9conomies.<\/li>\n<li>Assurer la s\u00e9curit\u00e9 de vos installations.<\/li>\n<li>Pr\u00e9venir les probl\u00e8mes.<\/li>\n<\/ul>\n<h3>Quels sont les crit\u00e8res \u00e0 prendre en consid\u00e9ration pour choisir le meilleur chauffagiste \u00e0 Renens VD ?<\/h3>\n<ul>\n<li>Les comp\u00e9tences : contr\u00f4lez les comp\u00e9tences avant de choisir l&rsquo;entreprise de chauffage.<\/li>\n<li>Les cas clients : il ne faut pas h\u00e9siter \u00e0 regarder les avis des clients ayant d\u00e9j\u00e0 eu recours \u00e0 la soci\u00e9t\u00e9 de mani\u00e8re \u00e0 vous faire une id\u00e9e.<\/li>\n<li>Les assurances : v\u00e9rifiez que la soci\u00e9t\u00e9 de chauffage b\u00e9n\u00e9ficie d&rsquo;une assurance qui couvre les \u00e9ventuels dommages caus\u00e9s lors de ses interventions.<\/li>\n<\/ul>\n<h3>Quelle est votre rapidit\u00e9 d&rsquo;action \u00e0 Renens VD ?<\/h3>\n<p>Nous op\u00e9rons \u00e0 votre domicile dans les deux heures (pour les demandes urgentes) dans le cas contraire, nous pouvons agir dans la journ\u00e9e ou semaine.<\/p>\n<h3>Votre soci\u00e9t\u00e9 est disponible pour intervenir \u00e0 Renens VD, mais aussi dans les localit\u00e9s aux environs ?<\/h3>\n<p>Oui, nous r\u00e9alisons nos interventions \u00e0 Renens VD et dans les villes aux environs, par exemple : Jouxtens-M\u00e9zery, Prilly, Crissier.<\/p>\n","protected":false},"excerpt":{"rendered":"<p>Besoin d&rsquo;un chauffagiste \u00e0 Renens VD ? Artisanlocal r\u00e9pare en urgence votre chaudi\u00e8re \u00e0 Renens VD. En travaillant avec notre entreprise, vous b\u00e9n\u00e9ficiez : d&rsquo;un tarif transparent, de prestations haut de gamme, d&rsquo;intervention \u00e0 Renens VD et dans les villes aux alentours, d&rsquo;une entreprise avec de l&rsquo;exp\u00e9rience, de devis gratuit, d&rsquo;une entreprise disponible du lundi [&hellip;]<\/p>\n","protected":false},"author":4,"featured_media":2757,"parent":0,"menu_order":0,"comment_status":"closed","ping_status":"closed","template":"","meta":{"footnotes":""},"profession":[120],"location":[53],"canton":[113],"class_list":["post-690","page","type-page","status-publish","has-post-thumbnail","hentry","profession-chauffagiste","location-renens-vd","canton-vd"],"yoast_head":"<!-- This site is optimized with the Yoast SEO Premium plugin v25.7.1 (Yoast SEO v27.4) - https:\/\/yoast.com\/product\/yoast-seo-premium-wordpress\/ -->\n<title>Chauffagiste \u00e0 Renens VD - Artisanlocal<\/title>\n<meta name=\"robots\" content=\"index, follow, max-snippet:-1, max-image-preview:large, max-video-preview:-1\" \/>\n<link rel=\"canonical\" href=\"https:\/\/www.artisanlocal.ch\/c\/vous-avez-besoin-dun-depannage-en-urgence-de-votre-chauffage-a-renens\/\" \/>\n<meta property=\"og:locale\" content=\"fr_FR\" \/>\n<meta property=\"og:type\" content=\"article\" \/>\n<meta property=\"og:title\" content=\"Chauffagiste \u00e0 Renens VD\" \/>\n<meta property=\"og:description\" content=\"Besoin d&rsquo;un chauffagiste \u00e0 Renens VD ? Artisanlocal r\u00e9pare en urgence votre chaudi\u00e8re \u00e0 Renens VD. En travaillant avec notre entreprise, vous b\u00e9n\u00e9ficiez : d&rsquo;un tarif transparent, de prestations haut de gamme, d&rsquo;intervention \u00e0 Renens VD et dans les villes aux alentours, d&rsquo;une entreprise avec de l&rsquo;exp\u00e9rience, de devis gratuit, d&rsquo;une entreprise disponible du lundi [&hellip;]\" \/>\n<meta property=\"og:url\" content=\"https:\/\/www.artisanlocal.ch\/c\/vous-avez-besoin-dun-depannage-en-urgence-de-votre-chauffage-a-renens\/\" \/>\n<meta property=\"og:site_name\" content=\"Artisanlocal\" \/>\n<meta property=\"article:modified_time\" content=\"2025-08-26T23:32:33+00:00\" \/>\n<meta property=\"og:image\" content=\"https:\/\/www.artisanlocal.ch\/c\/wp-content\/uploads\/2024\/10\/chauffagiste.jpg\" \/>\n\t<meta property=\"og:image:width\" content=\"1920\" \/>\n\t<meta property=\"og:image:height\" content=\"300\" \/>\n\t<meta property=\"og:image:type\" content=\"image\/jpeg\" \/>\n<meta name=\"twitter:card\" content=\"summary_large_image\" \/>\n<meta name=\"twitter:label1\" content=\"Dur\u00e9e de lecture estim\u00e9e\" \/>\n\t<meta name=\"twitter:data1\" content=\"6 minutes\" \/>\n<script type=\"application\/ld+json\" class=\"yoast-schema-graph\">{\"@context\":\"https:\\\/\\\/schema.org\",\"@graph\":[{\"@type\":\"WebPage\",\"@id\":\"https:\\\/\\\/www.artisanlocal.ch\\\/c\\\/vous-avez-besoin-dun-depannage-en-urgence-de-votre-chauffage-a-renens\\\/\",\"url\":\"https:\\\/\\\/www.artisanlocal.ch\\\/c\\\/vous-avez-besoin-dun-depannage-en-urgence-de-votre-chauffage-a-renens\\\/\",\"name\":\"Chauffagiste \u00e0 Renens VD - Artisanlocal\",\"isPartOf\":{\"@id\":\"https:\\\/\\\/www.artisanlocal.ch\\\/c\\\/#website\"},\"primaryImageOfPage\":{\"@id\":\"https:\\\/\\\/www.artisanlocal.ch\\\/c\\\/vous-avez-besoin-dun-depannage-en-urgence-de-votre-chauffage-a-renens\\\/#primaryimage\"},\"image\":{\"@id\":\"https:\\\/\\\/www.artisanlocal.ch\\\/c\\\/vous-avez-besoin-dun-depannage-en-urgence-de-votre-chauffage-a-renens\\\/#primaryimage\"},\"thumbnailUrl\":\"https:\\\/\\\/www.artisanlocal.ch\\\/c\\\/wp-content\\\/uploads\\\/2024\\\/10\\\/chauffagiste.jpg\",\"datePublished\":\"2024-04-18T11:02:52+00:00\",\"dateModified\":\"2025-08-26T23:32:33+00:00\",\"breadcrumb\":{\"@id\":\"https:\\\/\\\/www.artisanlocal.ch\\\/c\\\/vous-avez-besoin-dun-depannage-en-urgence-de-votre-chauffage-a-renens\\\/#breadcrumb\"},\"inLanguage\":\"fr-FR\",\"potentialAction\":[{\"@type\":\"ReadAction\",\"target\":[\"https:\\\/\\\/www.artisanlocal.ch\\\/c\\\/vous-avez-besoin-dun-depannage-en-urgence-de-votre-chauffage-a-renens\\\/\"]}]},{\"@type\":\"ImageObject\",\"inLanguage\":\"fr-FR\",\"@id\":\"https:\\\/\\\/www.artisanlocal.ch\\\/c\\\/vous-avez-besoin-dun-depannage-en-urgence-de-votre-chauffage-a-renens\\\/#primaryimage\",\"url\":\"https:\\\/\\\/www.artisanlocal.ch\\\/c\\\/wp-content\\\/uploads\\\/2024\\\/10\\\/chauffagiste.jpg\",\"contentUrl\":\"https:\\\/\\\/www.artisanlocal.ch\\\/c\\\/wp-content\\\/uploads\\\/2024\\\/10\\\/chauffagiste.jpg\",\"width\":1920,\"height\":300},{\"@type\":\"BreadcrumbList\",\"@id\":\"https:\\\/\\\/www.artisanlocal.ch\\\/c\\\/vous-avez-besoin-dun-depannage-en-urgence-de-votre-chauffage-a-renens\\\/#breadcrumb\",\"itemListElement\":[{\"@type\":\"ListItem\",\"position\":1,\"name\":\"Accueil\",\"item\":\"https:\\\/\\\/www.artisanlocal.ch\\\/c\\\/\"},{\"@type\":\"ListItem\",\"position\":2,\"name\":\"Chauffagiste \u00e0 Renens\"}]},{\"@type\":\"WebSite\",\"@id\":\"https:\\\/\\\/www.artisanlocal.ch\\\/c\\\/#website\",\"url\":\"https:\\\/\\\/www.artisanlocal.ch\\\/c\\\/\",\"name\":\"Artisanlocal\",\"description\":\"\",\"publisher\":{\"@id\":\"https:\\\/\\\/www.artisanlocal.ch\\\/c\\\/#organization\"},\"potentialAction\":[{\"@type\":\"SearchAction\",\"target\":{\"@type\":\"EntryPoint\",\"urlTemplate\":\"https:\\\/\\\/www.artisanlocal.ch\\\/c\\\/?s={search_term_string}\"},\"query-input\":{\"@type\":\"PropertyValueSpecification\",\"valueRequired\":true,\"valueName\":\"search_term_string\"}}],\"inLanguage\":\"fr-FR\"},{\"@type\":\"Organization\",\"@id\":\"https:\\\/\\\/www.artisanlocal.ch\\\/c\\\/#organization\",\"name\":\"Artisanlocal\",\"url\":\"https:\\\/\\\/www.artisanlocal.ch\\\/c\\\/\",\"logo\":{\"@type\":\"ImageObject\",\"inLanguage\":\"fr-FR\",\"@id\":\"https:\\\/\\\/www.artisanlocal.ch\\\/c\\\/#\\\/schema\\\/logo\\\/image\\\/\",\"url\":\"https:\\\/\\\/www.artisanlocal.ch\\\/c\\\/wp-content\\\/uploads\\\/2024\\\/02\\\/logo-artisanlocal-h.svg\",\"contentUrl\":\"https:\\\/\\\/www.artisanlocal.ch\\\/c\\\/wp-content\\\/uploads\\\/2024\\\/02\\\/logo-artisanlocal-h.svg\",\"caption\":\"Artisanlocal\"},\"image\":{\"@id\":\"https:\\\/\\\/www.artisanlocal.ch\\\/c\\\/#\\\/schema\\\/logo\\\/image\\\/\"}}]}<\/script>\n<!-- \/ Yoast SEO Premium plugin. -->","yoast_head_json":{"title":"Chauffagiste \u00e0 Renens VD - Artisanlocal","robots":{"index":"index","follow":"follow","max-snippet":"max-snippet:-1","max-image-preview":"max-image-preview:large","max-video-preview":"max-video-preview:-1"},"canonical":"https:\/\/www.artisanlocal.ch\/c\/vous-avez-besoin-dun-depannage-en-urgence-de-votre-chauffage-a-renens\/","og_locale":"fr_FR","og_type":"article","og_title":"Chauffagiste \u00e0 Renens VD","og_description":"Besoin d&rsquo;un chauffagiste \u00e0 Renens VD ? Artisanlocal r\u00e9pare en urgence votre chaudi\u00e8re \u00e0 Renens VD. En travaillant avec notre entreprise, vous b\u00e9n\u00e9ficiez : d&rsquo;un tarif transparent, de prestations haut de gamme, d&rsquo;intervention \u00e0 Renens VD et dans les villes aux alentours, d&rsquo;une entreprise avec de l&rsquo;exp\u00e9rience, de devis gratuit, d&rsquo;une entreprise disponible du lundi [&hellip;]","og_url":"https:\/\/www.artisanlocal.ch\/c\/vous-avez-besoin-dun-depannage-en-urgence-de-votre-chauffage-a-renens\/","og_site_name":"Artisanlocal","article_modified_time":"2025-08-26T23:32:33+00:00","og_image":[{"width":1920,"height":300,"url":"https:\/\/www.artisanlocal.ch\/c\/wp-content\/uploads\/2024\/10\/chauffagiste.jpg","type":"image\/jpeg"}],"twitter_card":"summary_large_image","twitter_misc":{"Dur\u00e9e de lecture estim\u00e9e":"6 minutes"},"schema":{"@context":"https:\/\/schema.org","@graph":[{"@type":"WebPage","@id":"https:\/\/www.artisanlocal.ch\/c\/vous-avez-besoin-dun-depannage-en-urgence-de-votre-chauffage-a-renens\/","url":"https:\/\/www.artisanlocal.ch\/c\/vous-avez-besoin-dun-depannage-en-urgence-de-votre-chauffage-a-renens\/","name":"Chauffagiste \u00e0 Renens VD - Artisanlocal","isPartOf":{"@id":"https:\/\/www.artisanlocal.ch\/c\/#website"},"primaryImageOfPage":{"@id":"https:\/\/www.artisanlocal.ch\/c\/vous-avez-besoin-dun-depannage-en-urgence-de-votre-chauffage-a-renens\/#primaryimage"},"image":{"@id":"https:\/\/www.artisanlocal.ch\/c\/vous-avez-besoin-dun-depannage-en-urgence-de-votre-chauffage-a-renens\/#primaryimage"},"thumbnailUrl":"https:\/\/www.artisanlocal.ch\/c\/wp-content\/uploads\/2024\/10\/chauffagiste.jpg","datePublished":"2024-04-18T11:02:52+00:00","dateModified":"2025-08-26T23:32:33+00:00","breadcrumb":{"@id":"https:\/\/www.artisanlocal.ch\/c\/vous-avez-besoin-dun-depannage-en-urgence-de-votre-chauffage-a-renens\/#breadcrumb"},"inLanguage":"fr-FR","potentialAction":[{"@type":"ReadAction","target":["https:\/\/www.artisanlocal.ch\/c\/vous-avez-besoin-dun-depannage-en-urgence-de-votre-chauffage-a-renens\/"]}]},{"@type":"ImageObject","inLanguage":"fr-FR","@id":"https:\/\/www.artisanlocal.ch\/c\/vous-avez-besoin-dun-depannage-en-urgence-de-votre-chauffage-a-renens\/#primaryimage","url":"https:\/\/www.artisanlocal.ch\/c\/wp-content\/uploads\/2024\/10\/chauffagiste.jpg","contentUrl":"https:\/\/www.artisanlocal.ch\/c\/wp-content\/uploads\/2024\/10\/chauffagiste.jpg","width":1920,"height":300},{"@type":"BreadcrumbList","@id":"https:\/\/www.artisanlocal.ch\/c\/vous-avez-besoin-dun-depannage-en-urgence-de-votre-chauffage-a-renens\/#breadcrumb","itemListElement":[{"@type":"ListItem","position":1,"name":"Accueil","item":"https:\/\/www.artisanlocal.ch\/c\/"},{"@type":"ListItem","position":2,"name":"Chauffagiste \u00e0 Renens"}]},{"@type":"WebSite","@id":"https:\/\/www.artisanlocal.ch\/c\/#website","url":"https:\/\/www.artisanlocal.ch\/c\/","name":"Artisanlocal","description":"","publisher":{"@id":"https:\/\/www.artisanlocal.ch\/c\/#organization"},"potentialAction":[{"@type":"SearchAction","target":{"@type":"EntryPoint","urlTemplate":"https:\/\/www.artisanlocal.ch\/c\/?s={search_term_string}"},"query-input":{"@type":"PropertyValueSpecification","valueRequired":true,"valueName":"search_term_string"}}],"inLanguage":"fr-FR"},{"@type":"Organization","@id":"https:\/\/www.artisanlocal.ch\/c\/#organization","name":"Artisanlocal","url":"https:\/\/www.artisanlocal.ch\/c\/","logo":{"@type":"ImageObject","inLanguage":"fr-FR","@id":"https:\/\/www.artisanlocal.ch\/c\/#\/schema\/logo\/image\/","url":"https:\/\/www.artisanlocal.ch\/c\/wp-content\/uploads\/2024\/02\/logo-artisanlocal-h.svg","contentUrl":"https:\/\/www.artisanlocal.ch\/c\/wp-content\/uploads\/2024\/02\/logo-artisanlocal-h.svg","caption":"Artisanlocal"},"image":{"@id":"https:\/\/www.artisanlocal.ch\/c\/#\/schema\/logo\/image\/"}}]}},"_links":{"self":[{"href":"https:\/\/www.artisanlocal.ch\/c\/wp-json\/wp\/v2\/pages\/690","targetHints":{"allow":["GET"]}}],"collection":[{"href":"https:\/\/www.artisanlocal.ch\/c\/wp-json\/wp\/v2\/pages"}],"about":[{"href":"https:\/\/www.artisanlocal.ch\/c\/wp-json\/wp\/v2\/types\/page"}],"author":[{"embeddable":true,"href":"https:\/\/www.artisanlocal.ch\/c\/wp-json\/wp\/v2\/users\/4"}],"replies":[{"embeddable":true,"href":"https:\/\/www.artisanlocal.ch\/c\/wp-json\/wp\/v2\/comments?post=690"}],"version-history":[{"count":0,"href":"https:\/\/www.artisanlocal.ch\/c\/wp-json\/wp\/v2\/pages\/690\/revisions"}],"wp:featuredmedia":[{"embeddable":true,"href":"https:\/\/www.artisanlocal.ch\/c\/wp-json\/wp\/v2\/media\/2757"}],"wp:attachment":[{"href":"https:\/\/www.artisanlocal.ch\/c\/wp-json\/wp\/v2\/media?parent=690"}],"wp:term":[{"taxonomy":"profession","embeddable":true,"href":"https:\/\/www.artisanlocal.ch\/c\/wp-json\/wp\/v2\/profession?post=690"},{"taxonomy":"location","embeddable":true,"href":"https:\/\/www.artisanlocal.ch\/c\/wp-json\/wp\/v2\/location?post=690"},{"taxonomy":"canton","embeddable":true,"href":"https:\/\/www.artisanlocal.ch\/c\/wp-json\/wp\/v2\/canton?post=690"}],"curies":[{"name":"wp","href":"https:\/\/api.w.org\/{rel}","templated":true}]}}