{"id":695,"date":"2024-04-19T08:28:22","date_gmt":"2024-04-19T06:28:22","guid":{"rendered":"https:\/\/www.artisanlocal.ch\/c\/chauffagiste-a-cheseaux-sur-lausanne\/"},"modified":"2025-10-08T11:18:17","modified_gmt":"2025-10-08T09:18:17","slug":"chauffagiste-a-cheseaux-sur-lausanne","status":"publish","type":"page","link":"https:\/\/www.artisanlocal.ch\/c\/chauffagiste-a-cheseaux-sur-lausanne\/","title":{"rendered":"Chauffagiste \u00e0 Cheseaux-sur-Lausanne"},"content":{"rendered":"<p>Besoin d&rsquo;un chauffagiste \u00e0 Cheseaux-sur-Lausanne ? Si vous \u00eates un Gremaullais, Artisanlocal s&rsquo;occupe de l&rsquo;installation et de la r\u00e9paration de votre syst\u00e8me de chauffage. En travaillant avec nous, vous b\u00e9n\u00e9ficiez :<\/p>\n<ul>\n<li>d&rsquo;un prix transparent,<\/li>\n<li>d&rsquo;une intervention rapide \u00e0 Cheseaux-sur-Lausanne et dans les villes \u00e0 proximit\u00e9,<\/li>\n<li>de techniciens qualifi\u00e9s,<\/li>\n<li>de devis gratuit,<\/li>\n<li>d&rsquo;une \u00e9quipe disponible du lundi au samedi.<\/li>\n<\/ul>\n\r\n<div class=\"box\">\r\n            <div class=\"company-info\">\r\n            <img decoding=\"async\" class=\"company-info__logo\" src=\"https:\/\/www.artisanlocal.ch\/media\/cache\/thumb\/images\/companies\/611a3184c2550010443282.png\" alt=\"Logo\">\r\n            <h2 class=\"company-info__name\">DEVAUX FRERES CHAUFFAGE & SANITAIRE SARL<\/h2>\r\n            <p class=\"company-info__business\">Installations sanitaires - Chauffages<\/p>\r\n        <\/div>\r\n        <div class=\"company-contact\">\r\n            <p class=\"company-info__address\">Chemin du Raffort 1<\/p>\r\n                            <div class=\"links\">\r\n                                            <a class=\"btn has-accent-background-color js-phoneNumber\" href=\"tel:0795983115\" title=\"Appelez\" data-id=\"1873\" data-type=\"11\">079 598 31 15<\/a>\r\n                                                                <a class=\"btn has-accent-background-color\" href=\"https:\/\/www.devaux-freres.ch\/\" target=\"_blank\" title=\"Voir le site internet\" data-id=\"1873\" data-type=\"20\">Site internet<\/a>\r\n                                    <\/div>\r\n                    <\/div>\r\n    \r\n            \r\n<form action=\"https:\/\/www.artisanlocal.ch\/c\/wp-admin\/admin-ajax.php\" method=\"post\" class=\"form-contact\" id=\"artisan_form_contact_company_inline\">\r\n    <div><input type=\"hidden\" name=\"action\" value=\"company_contact\"><\/div>\r\n    <div><input type=\"hidden\" name=\"nonce\" value=\"cd17951345\"><\/div>\r\n    <div><input type=\"hidden\" name=\"company_id\" value=\"1873\"><\/div>\r\n    <div><input type=\"hidden\" name=\"form_id\" value=\"artisan_form_contact_company_inline\"><\/div>\r\n    <div class=\"gglcptch gglcptch_v3 gglcptch_custom\"><input type=\"hidden\" id=\"g-recaptcha-response\" name=\"g-recaptcha-response\" \/><br \/><div class=\"gglcptch_error_text\">La p\u00e9riode de v\u00e9rification reCAPTCHA a expir\u00e9. Veuillez recharger la page.<\/div><\/div>    <div class=\"form-content\">\r\n        <div class=\"form-group\">\r\n            <label for=\"contact_firstName\" class=\"required\">Pr\u00e9nom<\/label>\r\n            <input type=\"text\" name=\"firstName\" class=\"form-control\" required>\r\n        <\/div>\r\n        <div class=\"form-group\">\r\n            <label for=\"contact_lastName\" class=\"required\">Nom<\/label>\r\n            <input type=\"text\" name=\"lastName\" class=\"form-control\" required>\r\n        <\/div>\r\n        <div class=\"form-group\">\r\n            <label for=\"contact_email\" class=\"required\">Email<\/label>\r\n            <input type=\"email\" name=\"email\" class=\"form-control\" required>\r\n        <\/div>\r\n        <div class=\"form-group\">\r\n            <label for=\"contact_phone\" class=\"required\">Num\u00e9ro de t\u00e9l\u00e9phone<\/label>\r\n            <input type=\"tel\" name=\"phone\" class=\"form-control\" placeholder=\"0787117165\" pattern=\"^[0-9]{10}$\" required>\r\n        <\/div>\r\n        <div class=\"form-group\">\r\n            <label for=\"contact_postalCode\" class=\"required\">Code postal et localit\u00e9<\/label>\r\n            <input type=\"text\" name=\"postalCode\" class=\"form-control\" required>\r\n        <\/div>\r\n        <div class=\"form-group\">\r\n            <label for=\"contact_address\" class=\"required\">Adresse<\/label>\r\n            <input type=\"text\" name=\"address\" class=\"form-control\" required>\r\n        <\/div>\r\n        <div class=\"full-width topic\">\r\n            <p class=\"required\">Je souhaite \u00eatre contact\u00e9 pour :<\/p>\r\n            <div class=\"form-check\">\r\n                <input type=\"radio\" name=\"topic\" value=\"D\u00e9pannage\" class=\"form-control\" required>\r\n                <label for=\"d\u00e9pannage\">D\u00e9pannage<\/label>\r\n            <\/div>\r\n            <div class=\"form-check\">\r\n                <input type=\"radio\" name=\"topic\" value=\"Entretien\" class=\"form-control\" required>\r\n                <label for=\"entretien\">Entretien<\/label>\r\n            <\/div>\r\n            <div class=\"form-check\">\r\n                <input type=\"radio\" name=\"topic\" value=\"R\u00e9novation\" class=\"form-control\" required>\r\n                <label for=\"r\u00e9novation\">R\u00e9novation<\/label>\r\n            <\/div>\r\n            <div class=\"form-check\">\r\n                <input type=\"radio\" name=\"topic\" value=\"Autre\" class=\"form-control\" required>\r\n                <label for=\"autre\">Autre<\/label>\r\n            <\/div>\r\n        <\/div>\r\n        <div class=\"form-group full-width\">\r\n            <label for=\"contact_message\">Message<\/label>\r\n            <textarea name=\"message\" rows=\"3\" class=\"form-control\"><\/textarea>\r\n        <\/div>\r\n    <\/div>\r\n    <div class=\"form-actions\">\r\n        <button class=\"wp-block-button__link has-accent-background-color\">Contacter<\/button>\r\n    <\/div>\r\n<\/form>\r\n<div class=\"form-feedback\"><\/div>    <\/div>\n<h2>Pourquoi choisir Artisanlocal ?<\/h2>\n<ul>\n<li>Devis gratuit : notre chauffagiste \u00e0 Cheseaux-sur-Lausanne \u00e9value rapidement vos travaux et vous livre un devis gratuit.<\/li>\n<li>Visite \u00e0 votre domicile : notre expert Gremaullais se d\u00e9place rapidement pour \u00e9valuer et v\u00e9rifier la viabilit\u00e9 de votre projet. Vous recevrez ensuite un devis et vous pouvez nous poser toutes vos questions.<\/li>\n<li>Intervention rapide : une fois que vous avez accept\u00e9 notre devis. Nous fixons le jour de notre intervention ensemble.<\/li>\n<li>Entretien et d\u00e9pannage : si votre chauffage, chaudi\u00e8re ou chauffe-eau tombe en panne. Notre \u00e9quipe de chauffagistes est disponible pour intervenir \u00e0 Cheseaux-sur-Lausanne et dans les villes proches.<\/li>\n<\/ul>\n<h2>Pourquoi est-il indispensable de d\u00e9panner votre chauffage ?<\/h2>\n<p>Assurer le fonctionnement optimal de votre chauffage est essentiel, surtout, si vous avez des enfants. Nos experts vous aident \u00e0 fixer la bonne temp\u00e9rature et le taux de monoxyde de carbone cr\u00e9e. Peu importe le type de votre chauffage, nos chauffagistes assurent l&rsquo;entretien et la maintenance, de votre chauffage : \u00e0 accumulation, basse temp\u00e9rature, \u00e9lectrique, fioul, condensation ou \u00e0 gaz.<\/p>\n<h2>Est-il possible que votre entreprise m&rsquo;aide \u00e0 distance ?<\/h2>\n<p>Oui, nous pouvons vous d\u00e9panner par t\u00e9l\u00e9phone. Il suffit juste de nous expliquer votre situation pour que nous puissions en d\u00e9finir les causes et identifier les solutions. G\u00e9n\u00e9ralement, un technicien doit venir \u00e0 votre domicile.<\/p>\n<h2>Comment fonctionne Artisanlocal ?<\/h2>\n<ol>\n<li>Premier contact : il est n\u00e9cessaire que vous preniez contact avec nous par t\u00e9l\u00e9phone ou par e-mail.<\/li>\n<li>Intervention : un de nos techniciens intervient \u00e0 votre domicile.<\/li>\n<li>\u00c9valuation de votre projet : on \u00e9tudiera l&rsquo;\u00e9quipement actuel, la superficie, l&rsquo;isolation et le volume de vos pi\u00e8ces pour \u00e9valuer et d\u00e9finir la solution id\u00e9ale.<\/li>\n<li>Recommandation : nous vous orienterons pour s\u00e9lectionner le meilleur chauffage pour vous, nous prenons en compte l&rsquo;efficacit\u00e9 et la rentabilit\u00e9 que vous d\u00e9sirez obtenir.<\/li>\n<li>Estimation : nous vous livrons un devis d\u00e9taill\u00e9 avec les diff\u00e9rents montants.<\/li>\n<li>Installation : une fois que vous avec accept\u00e9 le devis et en fonction de vos disponibilit\u00e9s, nous mettons en place votre syst\u00e8me de chauffage, et ajustons le thermostat.<\/li>\n<\/ol>\n<h2>Quel est le meilleur chauffage pour mon logement ?<\/h2>\n<p>Notre expert chauffagiste vous oriente pour s\u00e9lectionner la meilleure solution, il vous donne des conseils, comme les chauffages : \u00e0 gaz, \u00e9lectriques, fioul, classiques, basses temp\u00e9ratures ou \u00e0 condensation.<\/p>\n<p>Les syst\u00e8mes de chauffages \u00e0 basse temp\u00e9rature ou \u00e0 condensation, malgr\u00e9 un prix d&rsquo;achat plus important, permettent de r\u00e9aliser des \u00e9conomies sur le long terme.<\/p>\n<p>De plus, avant la mise en place de votre chauffage, il convient de configurer la bonne temp\u00e9rature par rapport \u00e0 votre habitation et vos besoins. Le technicien chauffagiste qui intervient chez vous a une solide exp\u00e9rience. Dans le devis, vous trouvez les d\u00e9tails de l\u2019intervention, comme le montant des \u00e9quipements et de la main-d&rsquo;\u0153uvre.<\/p>\n<h2>Service de maintenance de chauffage \u00e0 Cheseaux-sur-Lausanne<\/h2>\n<p>Vous devez effectuer la r\u00e9vision annuelle de votre syst\u00e8me de chauffage, qu&rsquo;il soit au fioul ou \u00e0 gaz. Fair appel \u00e0 un technicien pour l&rsquo;entretien de votre chauffage permet de contr\u00f4ler les \u00e9missions de monoxyde de carbone. \u00c0 noter, si votre chauffage produit trop de monoxyde de carbone, il est possible de vous intoxiquer (lors de l&rsquo;intervention, l&rsquo;expert r\u00e8gle et v\u00e9rifie les \u00e9missions de monoxyde de carbone de votre chauffage).<\/p>\n<h2>Programme de maintenance pour votre chauffage \u00e0 Cheseaux-sur-Lausanne<\/h2>\n<p>Pour assurer le fonctionnement optimal de votre chauffage, nous proposons des contrats d&rsquo;entretien. Avec un entretien r\u00e9gulier, vous \u00e9conomisez de l&rsquo;argent, \u00e9vitez les pannes et les interventions en urgence.<\/p>\n<p>De plus, si vous avez un probl\u00e8me avec votre chauffage, l\u2019assurance r\u00e9clame le contrat de maintenance et contr\u00f4le l&rsquo;\u00e9tat g\u00e9n\u00e9ral de votre chauffage pr\u00e9alablement au sinistre. Notre entreprise propose des contrats de maintenance annuels ou pluriannuels.<\/p>\n<h2>Pourquoi signer un forfait d&rsquo;entretien pour votre chauffage ?<\/h2>\n<p>Si vous avez des parties d\u00e9fectueuses, nous garantissons le remplacement imm\u00e9diat. D&rsquo;autre part, nous nous engageons \u00e0 inspecter la totalit\u00e9 de votre chauffage, comme :<\/p>\n<ul>\n<li>Les niveaux de pression dans vos tuyaux,<\/li>\n<li>les conduits de raccordement, et les parties chauffantes.<\/li>\n<\/ul>\n<h2>Quels services propose votre entreprise ?<\/h2>\n<ul>\n<li>le d\u00e9sembouage et le d\u00e9tartrage de vos radiateurs,<\/li>\n<li>la purge d&rsquo;air,<\/li>\n<li>la maintenance de votre chauffage, chaudi\u00e8re et chauffe-eau,<\/li>\n<li>l&rsquo;ajustement des thermostats,<\/li>\n<li>l&rsquo;entretien chaudi\u00e8res \u00e0 condensation, \u00e0 accumulation, \u00e0 gaz, \u00e0 fioul, \u00e9lectriques et basses temp\u00e9ratures,<\/li>\n<li>la r\u00e9paration de la vanne de purge,<\/li>\n<li>l&rsquo;intervention et la r\u00e9paration de vos pannes : de votre chaudi\u00e8re, radiateur qui ne chauffe plus, fuite de canalisation, etc.<\/li>\n<li>l\u2019installation de : chauffage, chaudi\u00e8re, pompe \u00e0 chaleur, radiateur \u00e9lectrique, plancher chauffant, etc.<\/li>\n<\/ul>\n<h2>Foire aux questions<\/h2>\n<h3>Pourquoi embaucher un chauffagiste Gremaullais ?<\/h3>\n<ul>\n<li>Pour stabiliser la temp\u00e9rature de vos pi\u00e8ces : un syst\u00e8me de chauffage efficace maintient la temp\u00e9rature int\u00e9rieure de votre domicile.<\/li>\n<li>R\u00e9aliser des \u00e9conomies : en investissant dans des \u00e9quipements de qualit\u00e9, exemple le chauffage et l&rsquo;isolation, vous baissez vos \u00e9missions de CO2 et vous faites des \u00e9conomies.<\/li>\n<li>Pr\u00e9server la s\u00e9curit\u00e9 de votre chauffage : respecter les normes de s\u00fbret\u00e9 maintient votre chauffage s\u00fbr et efficace (par exemple, pour r\u00e9duire les \u00e9missions de monoxyde de carbone).<\/li>\n<li>Anticiper les probl\u00e8mes : en inspectant votre syst\u00e8me de chauffage, un de nos experts peut anticiper les futurs probl\u00e8mes.<\/li>\n<\/ul>\n<h3>Quels sont les crit\u00e8res \u00e0 prendre en compte pour choisir le meilleur technicien chauffagiste \u00e0 Cheseaux-sur-Lausanne ?<\/h3>\n<ul>\n<li>La qualification : les certifications d\u00e9montrent l&rsquo;expertise et l&rsquo;exp\u00e9rience de l&rsquo;entreprise.<\/li>\n<li>Les r\u00e9f\u00e9rences : prenez le temps de lire les t\u00e9moignages des clients ayant d\u00e9j\u00e0 travaill\u00e9 avec les entreprises.<\/li>\n<li>Les garanties : contr\u00f4lez que les experts sont assur\u00e9s en cas de d\u00e9g\u00e2ts.<\/li>\n<\/ul>\n<h3>Quels sont vos d\u00e9lais pour intervenir \u00e0 mon domicile ?<\/h3>\n<p>Nous intervenons g\u00e9n\u00e9ralement dans la semaine (pour les demandes urgentes).<\/p>\n<h3>Pouvez-vous intervenir \u00e0 Cheseaux-sur-Lausanne et dans les alentours ?<\/h3>\n<p>Oui, nous intervenons \u00e0 Cheseaux-sur-Lausanne et dans les villes aux alentours, comme : Romanel-sur-Lausanne, Le Mont-sur-Lausanne, Bretigny-sur-Morrens, Cugy VD, Morrens VD, Froideville, Epalinges.<\/p>\n","protected":false},"excerpt":{"rendered":"<p>Besoin d&rsquo;un chauffagiste \u00e0 Cheseaux-sur-Lausanne ? Si vous \u00eates un Gremaullais, Artisanlocal s&rsquo;occupe de l&rsquo;installation et de la r\u00e9paration de votre syst\u00e8me de chauffage. En travaillant avec nous, vous b\u00e9n\u00e9ficiez : d&rsquo;un prix transparent, d&rsquo;une intervention rapide \u00e0 Cheseaux-sur-Lausanne et dans les villes \u00e0 proximit\u00e9, de techniciens qualifi\u00e9s, de devis gratuit, d&rsquo;une \u00e9quipe disponible du [&hellip;]<\/p>\n","protected":false},"author":4,"featured_media":2757,"parent":0,"menu_order":0,"comment_status":"closed","ping_status":"closed","template":"","meta":{"footnotes":""},"profession":[120],"location":[9],"canton":[113],"class_list":["post-695","page","type-page","status-publish","has-post-thumbnail","hentry","profession-chauffagiste","location-cheseaux-sur-lausanne","canton-vd"],"yoast_head":"<!-- This site is optimized with the Yoast SEO Premium plugin v25.7.1 (Yoast SEO v27.3) - https:\/\/yoast.com\/product\/yoast-seo-premium-wordpress\/ -->\n<title>Chauffagiste \u00e0 Cheseaux-sur-Lausanne - Artisanlocal<\/title>\n<meta name=\"robots\" content=\"index, follow, max-snippet:-1, max-image-preview:large, max-video-preview:-1\" \/>\n<link rel=\"canonical\" href=\"https:\/\/www.artisanlocal.ch\/c\/chauffagiste-a-cheseaux-sur-lausanne\/\" \/>\n<meta property=\"og:locale\" content=\"fr_FR\" \/>\n<meta property=\"og:type\" content=\"article\" \/>\n<meta property=\"og:title\" content=\"Chauffagiste \u00e0 Cheseaux-sur-Lausanne\" \/>\n<meta property=\"og:description\" content=\"Besoin d&rsquo;un chauffagiste \u00e0 Cheseaux-sur-Lausanne ? Si vous \u00eates un Gremaullais, Artisanlocal s&rsquo;occupe de l&rsquo;installation et de la r\u00e9paration de votre syst\u00e8me de chauffage. En travaillant avec nous, vous b\u00e9n\u00e9ficiez : d&rsquo;un prix transparent, d&rsquo;une intervention rapide \u00e0 Cheseaux-sur-Lausanne et dans les villes \u00e0 proximit\u00e9, de techniciens qualifi\u00e9s, de devis gratuit, d&rsquo;une \u00e9quipe disponible du [&hellip;]\" \/>\n<meta property=\"og:url\" content=\"https:\/\/www.artisanlocal.ch\/c\/chauffagiste-a-cheseaux-sur-lausanne\/\" \/>\n<meta property=\"og:site_name\" content=\"Artisanlocal\" \/>\n<meta property=\"article:modified_time\" content=\"2025-10-08T09:18:17+00:00\" \/>\n<meta property=\"og:image\" content=\"https:\/\/www.artisanlocal.ch\/c\/wp-content\/uploads\/2024\/10\/chauffagiste.jpg\" \/>\n\t<meta property=\"og:image:width\" content=\"1920\" \/>\n\t<meta property=\"og:image:height\" content=\"300\" \/>\n\t<meta property=\"og:image:type\" content=\"image\/jpeg\" \/>\n<meta name=\"twitter:card\" content=\"summary_large_image\" \/>\n<meta name=\"twitter:label1\" content=\"Dur\u00e9e de lecture estim\u00e9e\" \/>\n\t<meta name=\"twitter:data1\" content=\"6 minutes\" \/>\n<script type=\"application\/ld+json\" class=\"yoast-schema-graph\">{\"@context\":\"https:\\\/\\\/schema.org\",\"@graph\":[{\"@type\":\"WebPage\",\"@id\":\"https:\\\/\\\/www.artisanlocal.ch\\\/c\\\/chauffagiste-a-cheseaux-sur-lausanne\\\/\",\"url\":\"https:\\\/\\\/www.artisanlocal.ch\\\/c\\\/chauffagiste-a-cheseaux-sur-lausanne\\\/\",\"name\":\"Chauffagiste \u00e0 Cheseaux-sur-Lausanne - Artisanlocal\",\"isPartOf\":{\"@id\":\"https:\\\/\\\/www.artisanlocal.ch\\\/c\\\/#website\"},\"primaryImageOfPage\":{\"@id\":\"https:\\\/\\\/www.artisanlocal.ch\\\/c\\\/chauffagiste-a-cheseaux-sur-lausanne\\\/#primaryimage\"},\"image\":{\"@id\":\"https:\\\/\\\/www.artisanlocal.ch\\\/c\\\/chauffagiste-a-cheseaux-sur-lausanne\\\/#primaryimage\"},\"thumbnailUrl\":\"https:\\\/\\\/www.artisanlocal.ch\\\/c\\\/wp-content\\\/uploads\\\/2024\\\/10\\\/chauffagiste.jpg\",\"datePublished\":\"2024-04-19T06:28:22+00:00\",\"dateModified\":\"2025-10-08T09:18:17+00:00\",\"breadcrumb\":{\"@id\":\"https:\\\/\\\/www.artisanlocal.ch\\\/c\\\/chauffagiste-a-cheseaux-sur-lausanne\\\/#breadcrumb\"},\"inLanguage\":\"fr-FR\",\"potentialAction\":[{\"@type\":\"ReadAction\",\"target\":[\"https:\\\/\\\/www.artisanlocal.ch\\\/c\\\/chauffagiste-a-cheseaux-sur-lausanne\\\/\"]}]},{\"@type\":\"ImageObject\",\"inLanguage\":\"fr-FR\",\"@id\":\"https:\\\/\\\/www.artisanlocal.ch\\\/c\\\/chauffagiste-a-cheseaux-sur-lausanne\\\/#primaryimage\",\"url\":\"https:\\\/\\\/www.artisanlocal.ch\\\/c\\\/wp-content\\\/uploads\\\/2024\\\/10\\\/chauffagiste.jpg\",\"contentUrl\":\"https:\\\/\\\/www.artisanlocal.ch\\\/c\\\/wp-content\\\/uploads\\\/2024\\\/10\\\/chauffagiste.jpg\",\"width\":1920,\"height\":300},{\"@type\":\"BreadcrumbList\",\"@id\":\"https:\\\/\\\/www.artisanlocal.ch\\\/c\\\/chauffagiste-a-cheseaux-sur-lausanne\\\/#breadcrumb\",\"itemListElement\":[{\"@type\":\"ListItem\",\"position\":1,\"name\":\"Accueil\",\"item\":\"https:\\\/\\\/www.artisanlocal.ch\\\/c\\\/\"},{\"@type\":\"ListItem\",\"position\":2,\"name\":\"Chauffagiste \u00e0 Cheseaux-sur-Lausanne\"}]},{\"@type\":\"WebSite\",\"@id\":\"https:\\\/\\\/www.artisanlocal.ch\\\/c\\\/#website\",\"url\":\"https:\\\/\\\/www.artisanlocal.ch\\\/c\\\/\",\"name\":\"Artisanlocal\",\"description\":\"\",\"publisher\":{\"@id\":\"https:\\\/\\\/www.artisanlocal.ch\\\/c\\\/#organization\"},\"potentialAction\":[{\"@type\":\"SearchAction\",\"target\":{\"@type\":\"EntryPoint\",\"urlTemplate\":\"https:\\\/\\\/www.artisanlocal.ch\\\/c\\\/?s={search_term_string}\"},\"query-input\":{\"@type\":\"PropertyValueSpecification\",\"valueRequired\":true,\"valueName\":\"search_term_string\"}}],\"inLanguage\":\"fr-FR\"},{\"@type\":\"Organization\",\"@id\":\"https:\\\/\\\/www.artisanlocal.ch\\\/c\\\/#organization\",\"name\":\"Artisanlocal\",\"url\":\"https:\\\/\\\/www.artisanlocal.ch\\\/c\\\/\",\"logo\":{\"@type\":\"ImageObject\",\"inLanguage\":\"fr-FR\",\"@id\":\"https:\\\/\\\/www.artisanlocal.ch\\\/c\\\/#\\\/schema\\\/logo\\\/image\\\/\",\"url\":\"https:\\\/\\\/www.artisanlocal.ch\\\/c\\\/wp-content\\\/uploads\\\/2024\\\/02\\\/logo-artisanlocal-h.svg\",\"contentUrl\":\"https:\\\/\\\/www.artisanlocal.ch\\\/c\\\/wp-content\\\/uploads\\\/2024\\\/02\\\/logo-artisanlocal-h.svg\",\"caption\":\"Artisanlocal\"},\"image\":{\"@id\":\"https:\\\/\\\/www.artisanlocal.ch\\\/c\\\/#\\\/schema\\\/logo\\\/image\\\/\"}}]}<\/script>\n<!-- \/ Yoast SEO Premium plugin. -->","yoast_head_json":{"title":"Chauffagiste \u00e0 Cheseaux-sur-Lausanne - Artisanlocal","robots":{"index":"index","follow":"follow","max-snippet":"max-snippet:-1","max-image-preview":"max-image-preview:large","max-video-preview":"max-video-preview:-1"},"canonical":"https:\/\/www.artisanlocal.ch\/c\/chauffagiste-a-cheseaux-sur-lausanne\/","og_locale":"fr_FR","og_type":"article","og_title":"Chauffagiste \u00e0 Cheseaux-sur-Lausanne","og_description":"Besoin d&rsquo;un chauffagiste \u00e0 Cheseaux-sur-Lausanne ? Si vous \u00eates un Gremaullais, Artisanlocal s&rsquo;occupe de l&rsquo;installation et de la r\u00e9paration de votre syst\u00e8me de chauffage. En travaillant avec nous, vous b\u00e9n\u00e9ficiez : d&rsquo;un prix transparent, d&rsquo;une intervention rapide \u00e0 Cheseaux-sur-Lausanne et dans les villes \u00e0 proximit\u00e9, de techniciens qualifi\u00e9s, de devis gratuit, d&rsquo;une \u00e9quipe disponible du [&hellip;]","og_url":"https:\/\/www.artisanlocal.ch\/c\/chauffagiste-a-cheseaux-sur-lausanne\/","og_site_name":"Artisanlocal","article_modified_time":"2025-10-08T09:18:17+00:00","og_image":[{"width":1920,"height":300,"url":"https:\/\/www.artisanlocal.ch\/c\/wp-content\/uploads\/2024\/10\/chauffagiste.jpg","type":"image\/jpeg"}],"twitter_card":"summary_large_image","twitter_misc":{"Dur\u00e9e de lecture estim\u00e9e":"6 minutes"},"schema":{"@context":"https:\/\/schema.org","@graph":[{"@type":"WebPage","@id":"https:\/\/www.artisanlocal.ch\/c\/chauffagiste-a-cheseaux-sur-lausanne\/","url":"https:\/\/www.artisanlocal.ch\/c\/chauffagiste-a-cheseaux-sur-lausanne\/","name":"Chauffagiste \u00e0 Cheseaux-sur-Lausanne - Artisanlocal","isPartOf":{"@id":"https:\/\/www.artisanlocal.ch\/c\/#website"},"primaryImageOfPage":{"@id":"https:\/\/www.artisanlocal.ch\/c\/chauffagiste-a-cheseaux-sur-lausanne\/#primaryimage"},"image":{"@id":"https:\/\/www.artisanlocal.ch\/c\/chauffagiste-a-cheseaux-sur-lausanne\/#primaryimage"},"thumbnailUrl":"https:\/\/www.artisanlocal.ch\/c\/wp-content\/uploads\/2024\/10\/chauffagiste.jpg","datePublished":"2024-04-19T06:28:22+00:00","dateModified":"2025-10-08T09:18:17+00:00","breadcrumb":{"@id":"https:\/\/www.artisanlocal.ch\/c\/chauffagiste-a-cheseaux-sur-lausanne\/#breadcrumb"},"inLanguage":"fr-FR","potentialAction":[{"@type":"ReadAction","target":["https:\/\/www.artisanlocal.ch\/c\/chauffagiste-a-cheseaux-sur-lausanne\/"]}]},{"@type":"ImageObject","inLanguage":"fr-FR","@id":"https:\/\/www.artisanlocal.ch\/c\/chauffagiste-a-cheseaux-sur-lausanne\/#primaryimage","url":"https:\/\/www.artisanlocal.ch\/c\/wp-content\/uploads\/2024\/10\/chauffagiste.jpg","contentUrl":"https:\/\/www.artisanlocal.ch\/c\/wp-content\/uploads\/2024\/10\/chauffagiste.jpg","width":1920,"height":300},{"@type":"BreadcrumbList","@id":"https:\/\/www.artisanlocal.ch\/c\/chauffagiste-a-cheseaux-sur-lausanne\/#breadcrumb","itemListElement":[{"@type":"ListItem","position":1,"name":"Accueil","item":"https:\/\/www.artisanlocal.ch\/c\/"},{"@type":"ListItem","position":2,"name":"Chauffagiste \u00e0 Cheseaux-sur-Lausanne"}]},{"@type":"WebSite","@id":"https:\/\/www.artisanlocal.ch\/c\/#website","url":"https:\/\/www.artisanlocal.ch\/c\/","name":"Artisanlocal","description":"","publisher":{"@id":"https:\/\/www.artisanlocal.ch\/c\/#organization"},"potentialAction":[{"@type":"SearchAction","target":{"@type":"EntryPoint","urlTemplate":"https:\/\/www.artisanlocal.ch\/c\/?s={search_term_string}"},"query-input":{"@type":"PropertyValueSpecification","valueRequired":true,"valueName":"search_term_string"}}],"inLanguage":"fr-FR"},{"@type":"Organization","@id":"https:\/\/www.artisanlocal.ch\/c\/#organization","name":"Artisanlocal","url":"https:\/\/www.artisanlocal.ch\/c\/","logo":{"@type":"ImageObject","inLanguage":"fr-FR","@id":"https:\/\/www.artisanlocal.ch\/c\/#\/schema\/logo\/image\/","url":"https:\/\/www.artisanlocal.ch\/c\/wp-content\/uploads\/2024\/02\/logo-artisanlocal-h.svg","contentUrl":"https:\/\/www.artisanlocal.ch\/c\/wp-content\/uploads\/2024\/02\/logo-artisanlocal-h.svg","caption":"Artisanlocal"},"image":{"@id":"https:\/\/www.artisanlocal.ch\/c\/#\/schema\/logo\/image\/"}}]}},"_links":{"self":[{"href":"https:\/\/www.artisanlocal.ch\/c\/wp-json\/wp\/v2\/pages\/695","targetHints":{"allow":["GET"]}}],"collection":[{"href":"https:\/\/www.artisanlocal.ch\/c\/wp-json\/wp\/v2\/pages"}],"about":[{"href":"https:\/\/www.artisanlocal.ch\/c\/wp-json\/wp\/v2\/types\/page"}],"author":[{"embeddable":true,"href":"https:\/\/www.artisanlocal.ch\/c\/wp-json\/wp\/v2\/users\/4"}],"replies":[{"embeddable":true,"href":"https:\/\/www.artisanlocal.ch\/c\/wp-json\/wp\/v2\/comments?post=695"}],"version-history":[{"count":0,"href":"https:\/\/www.artisanlocal.ch\/c\/wp-json\/wp\/v2\/pages\/695\/revisions"}],"wp:featuredmedia":[{"embeddable":true,"href":"https:\/\/www.artisanlocal.ch\/c\/wp-json\/wp\/v2\/media\/2757"}],"wp:attachment":[{"href":"https:\/\/www.artisanlocal.ch\/c\/wp-json\/wp\/v2\/media?parent=695"}],"wp:term":[{"taxonomy":"profession","embeddable":true,"href":"https:\/\/www.artisanlocal.ch\/c\/wp-json\/wp\/v2\/profession?post=695"},{"taxonomy":"location","embeddable":true,"href":"https:\/\/www.artisanlocal.ch\/c\/wp-json\/wp\/v2\/location?post=695"},{"taxonomy":"canton","embeddable":true,"href":"https:\/\/www.artisanlocal.ch\/c\/wp-json\/wp\/v2\/canton?post=695"}],"curies":[{"name":"wp","href":"https:\/\/api.w.org\/{rel}","templated":true}]}}