{"id":706,"date":"2024-04-15T15:15:28","date_gmt":"2024-04-15T13:15:28","guid":{"rendered":"https:\/\/www.artisanlocal.ch\/c\/artisan-peintre-a-vuadens\/"},"modified":"2025-09-17T20:11:34","modified_gmt":"2025-09-17T18:11:34","slug":"artisan-peintre-a-vuadens","status":"publish","type":"page","link":"https:\/\/www.artisanlocal.ch\/c\/artisan-peintre-a-vuadens\/","title":{"rendered":"Peinture \u00e0 Vuadens"},"content":{"rendered":"<p>Vos locaux commerciaux ou votre maison a besoin d&rsquo;une nouvelle couche de peinture\u00a0 ? Artisanlocal vous propose des services de qualit\u00e9, de la pr\u00e9paration aux finitions. De plus, nous intervenons rapidement chez vous et dans les villes aux alentours.<br \/>\n\r\n<div class=\"box\">\r\n            <div class=\"company-info\">\r\n            <img decoding=\"async\" class=\"company-info__logo\" src=\"https:\/\/www.artisanlocal.ch\/media\/cache\/thumb\/images\/companies\/lb-peinture-sarl.png\" alt=\"Logo\">\r\n            <h2 class=\"company-info__name\">LB Peinture S\u00e0rl<\/h2>\r\n            <p class=\"company-info__business\">Peinture - R\u00e9novation - Isolation - Pl\u00e2trerie - Fa\u00e7ades<\/p>\r\n        <\/div>\r\n        <div class=\"company-contact\">\r\n            <p class=\"company-info__address\">Les Mosses 28<\/p>\r\n                            <div class=\"links\">\r\n                                            <a class=\"btn has-accent-background-color js-phoneNumber\" href=\"tel:0791939610\" title=\"Appelez\" data-id=\"30364\" data-type=\"11\">079 193 96 10<\/a>\r\n                                                                <a class=\"btn has-accent-background-color\" href=\"https:\/\/lbpeinture.ch\/\" target=\"_blank\" title=\"Voir le site internet\" data-id=\"30364\" data-type=\"20\">Site internet<\/a>\r\n                                    <\/div>\r\n                    <\/div>\r\n    \r\n            \r\n<form action=\"https:\/\/www.artisanlocal.ch\/c\/wp-admin\/admin-ajax.php\" method=\"post\" class=\"form-contact\" id=\"artisan_form_contact_company_inline\">\r\n    <div><input type=\"hidden\" name=\"action\" value=\"company_contact\"><\/div>\r\n    <div><input type=\"hidden\" name=\"nonce\" value=\"ce3305ca91\"><\/div>\r\n    <div><input type=\"hidden\" name=\"company_id\" value=\"30364\"><\/div>\r\n    <div><input type=\"hidden\" name=\"form_id\" value=\"artisan_form_contact_company_inline\"><\/div>\r\n    <div class=\"gglcptch gglcptch_v3 gglcptch_custom\"><input type=\"hidden\" id=\"g-recaptcha-response\" name=\"g-recaptcha-response\" \/><br \/><div class=\"gglcptch_error_text\">La p\u00e9riode de v\u00e9rification reCAPTCHA a expir\u00e9. Veuillez recharger la page.<\/div><\/div>    <div class=\"form-content\">\r\n        <div class=\"form-group\">\r\n            <label for=\"contact_firstName\" class=\"required\">Pr\u00e9nom<\/label>\r\n            <input type=\"text\" name=\"firstName\" class=\"form-control\" required>\r\n        <\/div>\r\n        <div class=\"form-group\">\r\n            <label for=\"contact_lastName\" class=\"required\">Nom<\/label>\r\n            <input type=\"text\" name=\"lastName\" class=\"form-control\" required>\r\n        <\/div>\r\n        <div class=\"form-group\">\r\n            <label for=\"contact_email\" class=\"required\">Email<\/label>\r\n            <input type=\"email\" name=\"email\" class=\"form-control\" required>\r\n        <\/div>\r\n        <div class=\"form-group\">\r\n            <label for=\"contact_phone\" class=\"required\">Num\u00e9ro de t\u00e9l\u00e9phone<\/label>\r\n            <input type=\"tel\" name=\"phone\" class=\"form-control\" placeholder=\"0787117165\" pattern=\"^[0-9]{10}$\" required>\r\n        <\/div>\r\n        <div class=\"form-group\">\r\n            <label for=\"contact_postalCode\" class=\"required\">Code postal et localit\u00e9<\/label>\r\n            <input type=\"text\" name=\"postalCode\" class=\"form-control\" required>\r\n        <\/div>\r\n        <div class=\"form-group\">\r\n            <label for=\"contact_address\" class=\"required\">Adresse<\/label>\r\n            <input type=\"text\" name=\"address\" class=\"form-control\" required>\r\n        <\/div>\r\n        <div class=\"full-width topic\">\r\n            <p class=\"required\">Je souhaite \u00eatre contact\u00e9 pour :<\/p>\r\n            <div class=\"form-check\">\r\n                <input type=\"radio\" name=\"topic\" value=\"D\u00e9pannage\" class=\"form-control\" required>\r\n                <label for=\"d\u00e9pannage\">D\u00e9pannage<\/label>\r\n            <\/div>\r\n            <div class=\"form-check\">\r\n                <input type=\"radio\" name=\"topic\" value=\"Entretien\" class=\"form-control\" required>\r\n                <label for=\"entretien\">Entretien<\/label>\r\n            <\/div>\r\n            <div class=\"form-check\">\r\n                <input type=\"radio\" name=\"topic\" value=\"R\u00e9novation\" class=\"form-control\" required>\r\n                <label for=\"r\u00e9novation\">R\u00e9novation<\/label>\r\n            <\/div>\r\n            <div class=\"form-check\">\r\n                <input type=\"radio\" name=\"topic\" value=\"Autre\" class=\"form-control\" required>\r\n                <label for=\"autre\">Autre<\/label>\r\n            <\/div>\r\n        <\/div>\r\n        <div class=\"form-group full-width\">\r\n            <label for=\"contact_message\">Message<\/label>\r\n            <textarea name=\"message\" rows=\"3\" class=\"form-control\"><\/textarea>\r\n        <\/div>\r\n    <\/div>\r\n    <div class=\"form-actions\">\r\n        <button class=\"wp-block-button__link has-accent-background-color\">Contacter<\/button>\r\n    <\/div>\r\n<\/form>\r\n<div class=\"form-feedback\"><\/div>    <\/div><\/p>\n<h2>Quels sont les services de peinture que votre entreprise propose ?<\/h2>\n<ul>\n<li>La peinture des espaces int\u00e9rieurs : sur vos murs, portes, moulures, et plafonds, ou dans les autres pi\u00e8ces de votre habitation telles que votre salon, chambre, ou salle d&rsquo;eau.<\/li>\n<li>L&rsquo;application de peinture dans votre ext\u00e9rieur : sur les portes de garage, les terrasses, les briques, les bardages, le stuc et les cl\u00f4tures.<\/li>\n<li>Les travaux de peinture d\u00e9corative : comme le faux marbre, les patines, l&rsquo;effet vieilli, le faux bois et l&rsquo;effet oxyd\u00e9.<\/li>\n<li>Les travaux de peinture dans votre coin cuisine : comme la peinture satin\u00e9e.<\/li>\n<li>Les projets d&rsquo;enduits d\u00e9coratifs : installation d&rsquo;enduits comme le b\u00e9ton cir\u00e9 ou le tadelakt.<\/li>\n<li>Peinture d\u00e9corative artistique : r\u00e9alisation de fresques murales d\u00e9coratives, artistiques, int\u00e9rieures ou ext\u00e9rieures.<\/li>\n<li>Peintre en ravalement de fa\u00e7ade : avec enduit, bardage, cr\u00e9pi ou peinture.<\/li>\n<li>Peintre cordiste : services de peinture en hauteur, nous intervenons dans les endroits difficiles d\u2019acc\u00e8s, comme les ponts, \u00e9oliennes, tours, ou usines.<\/li>\n<li>Les travaux de peinture avec finition : sur le mobilier de cuisine ou dans la salle de bain.<\/li>\n<li>Les services de r\u00e9novation et d&rsquo;installation : le comblement des fissures, la mise en place de votre placo, ou la remise en \u00e9tat des creux dans les murs.<\/li>\n<li>Les services de d\u00e9collage et de mise en place de papier peint : l&rsquo;enl\u00e8vement et la pose d&rsquo;une nouvelle d\u00e9coration murale.<\/li>\n<li>Travaux de peinture pour les soci\u00e9t\u00e9s : pour les \u00e9tablissements scolaire, local commercial, b\u00e2timents d&rsquo;affaires, \u00e9tablissements gastronomique et complexes sportifs.<\/li>\n<li>Artisan peintre pour immeuble : nos artisans peintres interviennent aussi dans les immeubles, pour la pr\u00e9paration des murs et plafonds avant les travaux de peinture, la r\u00e9alisation des travaux de finition et l\u2019application des rev\u00eatements\/peintures.<\/li>\n<\/ul>\n<h2>Quel est le fonctionnement de votre soci\u00e9t\u00e9 ?<\/h2>\n<p>Nous avons \u00e9labor\u00e9 un processus dans le but de r\u00e9pondre de la meilleure mani\u00e8re possible aux probl\u00e9matiques nos clients.<\/p>\n<h3>\u00c9tape 1\u00a0 : demander un devis<\/h3>\n<p>Demandez un devis gratuit en ligne ou par t\u00e9l\u00e9phone dans les 24 heures.<\/p>\n<h3>\u00c9tape 2\u00a0 : analyser votre devis<\/h3>\n<p>Assurez-vous que le devis que vous obtenez fixe correctement le prix de vos travaux. Si vous avez un doute, contacter notre soci\u00e9t\u00e9 pour en savoir plus sur les d\u00e9tails de votre devis.<\/p>\n<h3>\u00c9tape 3\u00a0 : d\u00e9terminer la date de lancement de votre r\u00e9novation<\/h3>\n<p>Apr\u00e8s avoir valid\u00e9 le devis, nous planifions ensemble la date de commencement de votre projet. Afin d&rsquo;assurer la bonne r\u00e9ussite de votre projet, nous vous attribuons un chef de projet.<\/p>\n<h2>Que faut-il d\u00e9penser pour une prestation de peinture \u00e0 Vuadens ?<\/h2>\n<p>Le montant de notre prestation est impact\u00e9 par l&rsquo;\u00e9tat de vos plafonds et vos murs. G\u00e9n\u00e9ralement, les montants oscillent entre 60 et 70 francs suisses par heure. La main-d&rsquo;\u0153uvre repr\u00e9sente environ 80% \u00e0 90% du prix, tandis que le co\u00fbt des travaux peinture ne repr\u00e9sente que 10% \u00e0 20% du co\u00fbt.<\/p>\n<h2>Quels sont les b\u00e9n\u00e9fices de travailler avec Artisanlocal ?<\/h2>\n<ul>\n<li>Disponibilit\u00e9 : nos peintres sont accessibles 24 heures sur 24 \u00e0 Vuadens pour r\u00e9pondre d\u00e8s que possible \u00e0 vos d\u00e9sirs.<\/li>\n<li>Excellence : en choisissant nos services de peinture, vous avez la garantie de profiter de prestations de qualit\u00e9, effectu\u00e9es avec soin et professionnalisme.<\/li>\n<li>Prix comp\u00e9titifs : nos prix sont \u00e9tudi\u00e9s en tenant compte de vos besoins et vos moyens.<\/li>\n<li>Offres personnalis\u00e9es : nous \u00e9tudions votre projet de peinture pour concevoir une prestation adapt\u00e9e.<\/li>\n<li>Le savoir-faire, nos peintres \u00e0 Vuadens poss\u00e8dent un large \u00e9ventail de qualifications, tels que : la pr\u00e9paration avant les travaux de peinture, l&rsquo;application des diff\u00e9rentes couches et la r\u00e9alisation des touches finales.<\/li>\n<\/ul>\n<h2>Questions fr\u00e9quentes<\/h2>\n<h3>Quelle marque peinture avez-vous l&rsquo;habitude d&rsquo;utiliser ?<\/h3>\n<p>Nous employons seulement des peintures haut de gamme. Les pots de peinture que vous avez pay\u00e9s peuvent \u00eatre aussi utilis\u00e9s par nos peintres.<\/p>\n<h3>Vos artisans peintres sont disponibles le week-end ?<\/h3>\n<p>Oui, nous sommes disponibles le samedi et le dimanche \u00e0 Vuadens.<\/p>\n<h3>Assurez-vous la protection des meubles ?<\/h3>\n<p>Absolument, nous amenons le mat\u00e9riel n\u00e9cessaire de sorte \u00e0 garantir que vos meubles et votre \u00e9quipement \u00e9lectrom\u00e9nager soient prot\u00e9g\u00e9s pendant nos travaux de peinture. Toutefois, si vous d\u00e9tenez des objets fragiles, nous vous pr\u00e9conisons d&rsquo;en informer notre \u00e9quipe d&rsquo;artisans, nous prendrons plus de pr\u00e9cautions.<\/p>\n<h3>Que se passe-t-il si je ne suis pas content du travail effectu\u00e9 ?<\/h3>\n<p>Si notre prestation ne vous satisfait pas, nous prenons l&rsquo;engagement d&rsquo;effectuer les modifications n\u00e9cessaires jusqu&rsquo;\u00e0 ce que vous soyez satisfait.<\/p>\n<h3>Fournissez-vous des devis gratuits ?<\/h3>\n<p>Absolument, nos devis sont 100% gratuits, sans frais cach\u00e9s. Nos artisans se d\u00e9placent chez vous afin de r\u00e9pondre \u00e0 vos interrogations et valider avec vous votre devis.<\/p>\n<h3>Votre soci\u00e9t\u00e9 r\u00e9alise des interventions de peintures aux environs de Vuadens ?<\/h3>\n<p>Absolument, nous intervenons \u00e0 Vuadens, mais aussi dans les villes, comme :<\/p>\nMaules, S\u00e2les (Gruy\u00e8re), Romanens, Rueyres-Treyfayes, Treyfayes, Vaulruz, Bulle, Riaz, Marsens, Vuippens, La Roche FR, La Tour-de-Tr\u00eame, Broc, Charmey (Gruy\u00e8re), Morlon, Sorens, Gumefens, Avry-devant-Pont, Le Bry, Echarlens, Corbi\u00e8res, Hauteville, Pont-la-Ville, Villarvolard, Botterens, Villarbeney, Ch\u00e2tel-sur-Montsalvens, Cr\u00e9suz, Im Fang, Jaun, Abl\u00e4ndschen, Le P\u00e2quier-Montbarry, Epagny, Gruy\u00e8res, Mol\u00e9son-sur-Gruy\u00e8res, Pringy, Estavannens, Grandvillard, Villars-sous-Mont, Enney, Albeuve, Lessoc, Montbovon, Neirivue, Les Sciernes-d'Albeuve.\n","protected":false},"excerpt":{"rendered":"<p>Vos locaux commerciaux ou votre maison a besoin d&rsquo;une nouvelle couche de peinture\u00a0 ? Artisanlocal vous propose des services de qualit\u00e9, de la pr\u00e9paration aux finitions. De plus, nous intervenons rapidement chez vous et dans les villes aux alentours. Quels sont les services de peinture que votre entreprise propose ? La peinture des espaces int\u00e9rieurs [&hellip;]<\/p>\n","protected":false},"author":4,"featured_media":2756,"parent":0,"menu_order":0,"comment_status":"closed","ping_status":"closed","template":"","meta":{"footnotes":""},"profession":[121],"location":[107],"canton":[109],"class_list":["post-706","page","type-page","status-publish","has-post-thumbnail","hentry","profession-peintre","location-vuadens","canton-fr"],"yoast_head":"<!-- This site is optimized with the Yoast SEO Premium plugin v25.7.1 (Yoast SEO v27.4) - https:\/\/yoast.com\/product\/yoast-seo-premium-wordpress\/ -->\n<title>Peinture \u00e0 Vuadens - Artisanlocal<\/title>\n<meta name=\"robots\" content=\"index, follow, max-snippet:-1, max-image-preview:large, max-video-preview:-1\" \/>\n<link rel=\"canonical\" href=\"https:\/\/www.artisanlocal.ch\/c\/artisan-peintre-a-vuadens\/\" \/>\n<meta property=\"og:locale\" content=\"fr_FR\" \/>\n<meta property=\"og:type\" content=\"article\" \/>\n<meta property=\"og:title\" content=\"Peinture \u00e0 Vuadens\" \/>\n<meta property=\"og:description\" content=\"Vos locaux commerciaux ou votre maison a besoin d&rsquo;une nouvelle couche de peinture\u00a0 ? Artisanlocal vous propose des services de qualit\u00e9, de la pr\u00e9paration aux finitions. De plus, nous intervenons rapidement chez vous et dans les villes aux alentours. Quels sont les services de peinture que votre entreprise propose ? La peinture des espaces int\u00e9rieurs [&hellip;]\" \/>\n<meta property=\"og:url\" content=\"https:\/\/www.artisanlocal.ch\/c\/artisan-peintre-a-vuadens\/\" \/>\n<meta property=\"og:site_name\" content=\"Artisanlocal\" \/>\n<meta property=\"article:modified_time\" content=\"2025-09-17T18:11:34+00:00\" \/>\n<meta property=\"og:image\" content=\"https:\/\/www.artisanlocal.ch\/c\/wp-content\/uploads\/2024\/10\/peintre.jpg\" \/>\n\t<meta property=\"og:image:width\" content=\"1920\" \/>\n\t<meta property=\"og:image:height\" content=\"300\" \/>\n\t<meta property=\"og:image:type\" content=\"image\/jpeg\" \/>\n<meta name=\"twitter:card\" content=\"summary_large_image\" \/>\n<meta name=\"twitter:label1\" content=\"Dur\u00e9e de lecture estim\u00e9e\" \/>\n\t<meta name=\"twitter:data1\" content=\"5 minutes\" \/>\n<script type=\"application\/ld+json\" class=\"yoast-schema-graph\">{\"@context\":\"https:\\\/\\\/schema.org\",\"@graph\":[{\"@type\":\"WebPage\",\"@id\":\"https:\\\/\\\/www.artisanlocal.ch\\\/c\\\/artisan-peintre-a-vuadens\\\/\",\"url\":\"https:\\\/\\\/www.artisanlocal.ch\\\/c\\\/artisan-peintre-a-vuadens\\\/\",\"name\":\"Peinture \u00e0 Vuadens - Artisanlocal\",\"isPartOf\":{\"@id\":\"https:\\\/\\\/www.artisanlocal.ch\\\/c\\\/#website\"},\"primaryImageOfPage\":{\"@id\":\"https:\\\/\\\/www.artisanlocal.ch\\\/c\\\/artisan-peintre-a-vuadens\\\/#primaryimage\"},\"image\":{\"@id\":\"https:\\\/\\\/www.artisanlocal.ch\\\/c\\\/artisan-peintre-a-vuadens\\\/#primaryimage\"},\"thumbnailUrl\":\"https:\\\/\\\/www.artisanlocal.ch\\\/c\\\/wp-content\\\/uploads\\\/2024\\\/10\\\/peintre.jpg\",\"datePublished\":\"2024-04-15T13:15:28+00:00\",\"dateModified\":\"2025-09-17T18:11:34+00:00\",\"breadcrumb\":{\"@id\":\"https:\\\/\\\/www.artisanlocal.ch\\\/c\\\/artisan-peintre-a-vuadens\\\/#breadcrumb\"},\"inLanguage\":\"fr-FR\",\"potentialAction\":[{\"@type\":\"ReadAction\",\"target\":[\"https:\\\/\\\/www.artisanlocal.ch\\\/c\\\/artisan-peintre-a-vuadens\\\/\"]}]},{\"@type\":\"ImageObject\",\"inLanguage\":\"fr-FR\",\"@id\":\"https:\\\/\\\/www.artisanlocal.ch\\\/c\\\/artisan-peintre-a-vuadens\\\/#primaryimage\",\"url\":\"https:\\\/\\\/www.artisanlocal.ch\\\/c\\\/wp-content\\\/uploads\\\/2024\\\/10\\\/peintre.jpg\",\"contentUrl\":\"https:\\\/\\\/www.artisanlocal.ch\\\/c\\\/wp-content\\\/uploads\\\/2024\\\/10\\\/peintre.jpg\",\"width\":1920,\"height\":300},{\"@type\":\"BreadcrumbList\",\"@id\":\"https:\\\/\\\/www.artisanlocal.ch\\\/c\\\/artisan-peintre-a-vuadens\\\/#breadcrumb\",\"itemListElement\":[{\"@type\":\"ListItem\",\"position\":1,\"name\":\"Accueil\",\"item\":\"https:\\\/\\\/www.artisanlocal.ch\\\/c\\\/\"},{\"@type\":\"ListItem\",\"position\":2,\"name\":\"Peinture \u00e0 Vuadens\"}]},{\"@type\":\"WebSite\",\"@id\":\"https:\\\/\\\/www.artisanlocal.ch\\\/c\\\/#website\",\"url\":\"https:\\\/\\\/www.artisanlocal.ch\\\/c\\\/\",\"name\":\"Artisanlocal\",\"description\":\"\",\"publisher\":{\"@id\":\"https:\\\/\\\/www.artisanlocal.ch\\\/c\\\/#organization\"},\"potentialAction\":[{\"@type\":\"SearchAction\",\"target\":{\"@type\":\"EntryPoint\",\"urlTemplate\":\"https:\\\/\\\/www.artisanlocal.ch\\\/c\\\/?s={search_term_string}\"},\"query-input\":{\"@type\":\"PropertyValueSpecification\",\"valueRequired\":true,\"valueName\":\"search_term_string\"}}],\"inLanguage\":\"fr-FR\"},{\"@type\":\"Organization\",\"@id\":\"https:\\\/\\\/www.artisanlocal.ch\\\/c\\\/#organization\",\"name\":\"Artisanlocal\",\"url\":\"https:\\\/\\\/www.artisanlocal.ch\\\/c\\\/\",\"logo\":{\"@type\":\"ImageObject\",\"inLanguage\":\"fr-FR\",\"@id\":\"https:\\\/\\\/www.artisanlocal.ch\\\/c\\\/#\\\/schema\\\/logo\\\/image\\\/\",\"url\":\"https:\\\/\\\/www.artisanlocal.ch\\\/c\\\/wp-content\\\/uploads\\\/2024\\\/02\\\/logo-artisanlocal-h.svg\",\"contentUrl\":\"https:\\\/\\\/www.artisanlocal.ch\\\/c\\\/wp-content\\\/uploads\\\/2024\\\/02\\\/logo-artisanlocal-h.svg\",\"caption\":\"Artisanlocal\"},\"image\":{\"@id\":\"https:\\\/\\\/www.artisanlocal.ch\\\/c\\\/#\\\/schema\\\/logo\\\/image\\\/\"}}]}<\/script>\n<!-- \/ Yoast SEO Premium plugin. -->","yoast_head_json":{"title":"Peinture \u00e0 Vuadens - Artisanlocal","robots":{"index":"index","follow":"follow","max-snippet":"max-snippet:-1","max-image-preview":"max-image-preview:large","max-video-preview":"max-video-preview:-1"},"canonical":"https:\/\/www.artisanlocal.ch\/c\/artisan-peintre-a-vuadens\/","og_locale":"fr_FR","og_type":"article","og_title":"Peinture \u00e0 Vuadens","og_description":"Vos locaux commerciaux ou votre maison a besoin d&rsquo;une nouvelle couche de peinture\u00a0 ? Artisanlocal vous propose des services de qualit\u00e9, de la pr\u00e9paration aux finitions. De plus, nous intervenons rapidement chez vous et dans les villes aux alentours. Quels sont les services de peinture que votre entreprise propose ? La peinture des espaces int\u00e9rieurs [&hellip;]","og_url":"https:\/\/www.artisanlocal.ch\/c\/artisan-peintre-a-vuadens\/","og_site_name":"Artisanlocal","article_modified_time":"2025-09-17T18:11:34+00:00","og_image":[{"width":1920,"height":300,"url":"https:\/\/www.artisanlocal.ch\/c\/wp-content\/uploads\/2024\/10\/peintre.jpg","type":"image\/jpeg"}],"twitter_card":"summary_large_image","twitter_misc":{"Dur\u00e9e de lecture estim\u00e9e":"5 minutes"},"schema":{"@context":"https:\/\/schema.org","@graph":[{"@type":"WebPage","@id":"https:\/\/www.artisanlocal.ch\/c\/artisan-peintre-a-vuadens\/","url":"https:\/\/www.artisanlocal.ch\/c\/artisan-peintre-a-vuadens\/","name":"Peinture \u00e0 Vuadens - Artisanlocal","isPartOf":{"@id":"https:\/\/www.artisanlocal.ch\/c\/#website"},"primaryImageOfPage":{"@id":"https:\/\/www.artisanlocal.ch\/c\/artisan-peintre-a-vuadens\/#primaryimage"},"image":{"@id":"https:\/\/www.artisanlocal.ch\/c\/artisan-peintre-a-vuadens\/#primaryimage"},"thumbnailUrl":"https:\/\/www.artisanlocal.ch\/c\/wp-content\/uploads\/2024\/10\/peintre.jpg","datePublished":"2024-04-15T13:15:28+00:00","dateModified":"2025-09-17T18:11:34+00:00","breadcrumb":{"@id":"https:\/\/www.artisanlocal.ch\/c\/artisan-peintre-a-vuadens\/#breadcrumb"},"inLanguage":"fr-FR","potentialAction":[{"@type":"ReadAction","target":["https:\/\/www.artisanlocal.ch\/c\/artisan-peintre-a-vuadens\/"]}]},{"@type":"ImageObject","inLanguage":"fr-FR","@id":"https:\/\/www.artisanlocal.ch\/c\/artisan-peintre-a-vuadens\/#primaryimage","url":"https:\/\/www.artisanlocal.ch\/c\/wp-content\/uploads\/2024\/10\/peintre.jpg","contentUrl":"https:\/\/www.artisanlocal.ch\/c\/wp-content\/uploads\/2024\/10\/peintre.jpg","width":1920,"height":300},{"@type":"BreadcrumbList","@id":"https:\/\/www.artisanlocal.ch\/c\/artisan-peintre-a-vuadens\/#breadcrumb","itemListElement":[{"@type":"ListItem","position":1,"name":"Accueil","item":"https:\/\/www.artisanlocal.ch\/c\/"},{"@type":"ListItem","position":2,"name":"Peinture \u00e0 Vuadens"}]},{"@type":"WebSite","@id":"https:\/\/www.artisanlocal.ch\/c\/#website","url":"https:\/\/www.artisanlocal.ch\/c\/","name":"Artisanlocal","description":"","publisher":{"@id":"https:\/\/www.artisanlocal.ch\/c\/#organization"},"potentialAction":[{"@type":"SearchAction","target":{"@type":"EntryPoint","urlTemplate":"https:\/\/www.artisanlocal.ch\/c\/?s={search_term_string}"},"query-input":{"@type":"PropertyValueSpecification","valueRequired":true,"valueName":"search_term_string"}}],"inLanguage":"fr-FR"},{"@type":"Organization","@id":"https:\/\/www.artisanlocal.ch\/c\/#organization","name":"Artisanlocal","url":"https:\/\/www.artisanlocal.ch\/c\/","logo":{"@type":"ImageObject","inLanguage":"fr-FR","@id":"https:\/\/www.artisanlocal.ch\/c\/#\/schema\/logo\/image\/","url":"https:\/\/www.artisanlocal.ch\/c\/wp-content\/uploads\/2024\/02\/logo-artisanlocal-h.svg","contentUrl":"https:\/\/www.artisanlocal.ch\/c\/wp-content\/uploads\/2024\/02\/logo-artisanlocal-h.svg","caption":"Artisanlocal"},"image":{"@id":"https:\/\/www.artisanlocal.ch\/c\/#\/schema\/logo\/image\/"}}]}},"_links":{"self":[{"href":"https:\/\/www.artisanlocal.ch\/c\/wp-json\/wp\/v2\/pages\/706","targetHints":{"allow":["GET"]}}],"collection":[{"href":"https:\/\/www.artisanlocal.ch\/c\/wp-json\/wp\/v2\/pages"}],"about":[{"href":"https:\/\/www.artisanlocal.ch\/c\/wp-json\/wp\/v2\/types\/page"}],"author":[{"embeddable":true,"href":"https:\/\/www.artisanlocal.ch\/c\/wp-json\/wp\/v2\/users\/4"}],"replies":[{"embeddable":true,"href":"https:\/\/www.artisanlocal.ch\/c\/wp-json\/wp\/v2\/comments?post=706"}],"version-history":[{"count":0,"href":"https:\/\/www.artisanlocal.ch\/c\/wp-json\/wp\/v2\/pages\/706\/revisions"}],"wp:featuredmedia":[{"embeddable":true,"href":"https:\/\/www.artisanlocal.ch\/c\/wp-json\/wp\/v2\/media\/2756"}],"wp:attachment":[{"href":"https:\/\/www.artisanlocal.ch\/c\/wp-json\/wp\/v2\/media?parent=706"}],"wp:term":[{"taxonomy":"profession","embeddable":true,"href":"https:\/\/www.artisanlocal.ch\/c\/wp-json\/wp\/v2\/profession?post=706"},{"taxonomy":"location","embeddable":true,"href":"https:\/\/www.artisanlocal.ch\/c\/wp-json\/wp\/v2\/location?post=706"},{"taxonomy":"canton","embeddable":true,"href":"https:\/\/www.artisanlocal.ch\/c\/wp-json\/wp\/v2\/canton?post=706"}],"curies":[{"name":"wp","href":"https:\/\/api.w.org\/{rel}","templated":true}]}}