{"id":733,"date":"2024-04-16T06:52:36","date_gmt":"2024-04-16T04:52:36","guid":{"rendered":"https:\/\/www.artisanlocal.ch\/c\/societe-de-peinture-a-st-maurice-artisanlocal-realise-tous-vos-projets-de-peinture\/"},"modified":"2025-09-18T13:23:06","modified_gmt":"2025-09-18T11:23:06","slug":"societe-de-peinture-a-st-maurice-artisanlocal-realise-tous-vos-projets-de-peinture","status":"publish","type":"page","link":"https:\/\/www.artisanlocal.ch\/c\/societe-de-peinture-a-st-maurice-artisanlocal-realise-tous-vos-projets-de-peinture\/","title":{"rendered":"Peintre \u00e0 St-Maurice"},"content":{"rendered":"<p>Besoin d&rsquo;un peintre \u00e0 St-Maurice ? Choisissez Artisanlocal pour la r\u00e9novation de votre ext\u00e9rieur et de votre int\u00e9rieur, si vous \u00eates un Agaunois, nous intervenons rapidement \u00e0 votre domicile et dans les villes aux environs.<\/p>\n\r\n<div class=\"box\">\r\n    <h2 class=\"text-dark\">Nous cherchons un <em class=\"text-primary\">Peintre<\/em> dans la r\u00e9gion de <em class=\"text-primary\">St-Maurice<\/em>  en exclusivit\u00e9, afin de proposer vos services \u00e0 nos clients propri\u00e9taires.<\/h2>\r\n    <p>Une opportunit\u00e9 unique pour booster votre activit\u00e9 \u00e0 <strong>St-Maurice<\/strong> et aux alentours dans votre domaine (Peintre).<\/p>\r\n    <p>Nous travaillons en exclusivit\u00e9 avec qu'une soci\u00e9t\u00e9 par m\u00e9tier et par r\u00e9gion. <br>Votre entreprise est pr\u00e9sente sur tous les documents immobiliers. Afin d'\u00eatre mieux vu sur le net, vous \u00eates \u00e9galement visible sur nos deux sites et sur les pages de r\u00e9f\u00e9rencement de votre r\u00e9gion.<\/p>\r\n    <a href=\"\/contact\" class=\"wp-block-button__link has-accent-background-color has-text-align-center wp-element-button\">R\u00e9server<\/a>\r\n<\/div>\n<h2>Quels sont les services d&rsquo;Artisanlocal ?<\/h2>\n<ul>\n<li>Peinture int\u00e9rieure : sur vos portes, moulures, murs, et plafonds, ou dans des pi\u00e8ces sp\u00e9cifiques telles que votre salon, chambre, ou salle de bain.<\/li>\n<li>Peinture ext\u00e9rieure : pose d&rsquo;une nouvelle couche de peinture sur les terrasses, les cl\u00f4tures, le bardage, les portes de garage, le stuc et la brique.<\/li>\n<li>Peinture d\u00e9corative : cr\u00e9ation d\u2019effets, comme le faux marbre, patines, effet vieilli, faux bois, effet oxyd\u00e9.<\/li>\n<li>Peinture pour cuisine : pose d&rsquo;une peinture d\u00e9corative telle que la peinture satin\u00e9e qui est simple \u00e0 nettoyer.<\/li>\n<li>Les enduits d\u00e9coratifs : ajout des enduits, comme le b\u00e9ton cir\u00e9, ou tadelakt.<\/li>\n<li>Peinture artistique : r\u00e9alisation de fresques murales, d\u00e9coratives, artistiques, int\u00e9rieures ou ext\u00e9rieures.<\/li>\n<li>Peinture pour ravalement de fa\u00e7ade : am\u00e9lioration esth\u00e9tique de votre fa\u00e7ade ext\u00e9rieure, pose d&rsquo;enduit, peinture, bardage ou cr\u00e9pi.<\/li>\n<li>Peinture cordiste : travaux de peinture en hauteur, nous op\u00e9rons dans les coins inaccessibles d\u2019acc\u00e8s, comme les ponts, \u00e9oliennes, tours, ou usines.<\/li>\n<li>Peinture de finition : pose des finitions sur le mobilier de cuisine ou dans la salle d&rsquo;eau.<\/li>\n<li>Les travaux d&rsquo;installation et de restauration : le colmatage des fissures, l&rsquo;installation de votre placo, ou la remise en \u00e9tat des creux dans les murs.<\/li>\n<li>Les services d&rsquo;enl\u00e8vement et de mise en place de papier peint : l&rsquo;enl\u00e8vement et l&rsquo;installation d&rsquo;un nouveau rev\u00eatement mural.<\/li>\n<li>Peinture pour entreprise : pour les restaurants, bureaux, complexes sportifs, \u00e9tablissements \u00e9ducatifs et autres locaux commerciaux.<\/li>\n<li>Peinture pour b\u00e2timent : pour la pr\u00e9paration des surfaces avant la peinture, la r\u00e9alisation des travaux de finition et l\u2019application des peintures et rev\u00eatements.<\/li>\n<\/ul>\n<h2>Quel est le processus de fonctionnement de votre entreprise ?<\/h2>\n<p>Nous avons cr\u00e9\u00e9 un processus pour r\u00e9pondre de mani\u00e8re pr\u00e9cise aux besoins de nos clients.<\/p>\n<h3>\u00c9tape 1\u00a0 : demander un devis<\/h3>\n<p>Demandez un devis gratuit par t\u00e9l\u00e9phone ou en ligne et recevez une estimation de vos travaux rapidement.<\/p>\n<h3>\u00c9tape 2\u00a0 : v\u00e9rifier en d\u00e9tail votre estimation<\/h3>\n<p>Ayez la garantie que l&rsquo;estimation que vous recevez d\u00e9termine correctement le prix de vos travaux. Si vous avez un doute, contacter notre soci\u00e9t\u00e9 pour en savoir plus sur les \u00e9l\u00e9ments de votre estimation.<\/p>\n<h3>\u00c9tape 3\u00a0 : d\u00e9finir la date de commencement de votre projet de peinture<\/h3>\n<p>D\u00e8s que vous avez approuv\u00e9 le devis, nous fixons ensemble la date de d\u00e9marrage de votre projet. Pour atteindre vos objectifs, nous vous mettons \u00e0 disposition un chef de projet.<\/p>\n<h2>Quel est le tarif d&rsquo;une prestation de peinture \u00e0 St-Maurice ?<\/h2>\n<p>Le montant d&rsquo;une intervention est impact\u00e9 par l&rsquo;\u00e9tat de vos murs et plafonds. G\u00e9n\u00e9ralement, les tarifs sont compris entre 60 et 70 CHF par heure. Le co\u00fbt de main-d&rsquo;\u0153uvre repr\u00e9sente environ 80% \u00e0 90% du prix, tandis que le co\u00fbt de la peinture ne compose que 10% \u00e0 20% du tarif.<\/p>\n<h2>Quels sont les avantages de faire appel \u00e0 Artisanlocal ?<\/h2>\n<ul>\n<li>Disponibilit\u00e9 : nos peintres sont accessibles en continu \u00e0 St-Maurice pour r\u00e9pondre rapidement \u00e0 vos attentes.<\/li>\n<li>Excellence : en choisissant notre entreprise, vous optez pour la qualit\u00e9 et le professionnalisme.<\/li>\n<li>Tarifs avantageux : nous proposons des prix attractifs, adapt\u00e9s \u00e0 vos demandes et \u00e0 vos moyens financiers.<\/li>\n<li>Services personnalis\u00e9s : nous prenons en compte les caract\u00e9ristiques de votre projet dans le but de vous soumettre des prestations personnalis\u00e9es.<\/li>\n<li>Le savoir-faire, nos artisans peintres \u00e0 St-Maurice poss\u00e8dent un \u00e9ventail d&rsquo;expertises, comme : la pr\u00e9paration avant l&rsquo;application de la peinture, la pose des multiples couches et la r\u00e9alisation des touches finales.<\/li>\n<\/ul>\n<h2>Foire aux questions<\/h2>\n<h3>Quel type de peinture utilisez-vous ?<\/h3>\n<p>Nous utilisons que des peintures de haute qualit\u00e9. Les pots de peinture que vous avez en stock peuvent \u00eatre aussi utilis\u00e9s par nos peintres.<\/p>\n<h3>Votre entreprise est-elle joignable le week-end ?<\/h3>\n<p>Oui, notre soci\u00e9t\u00e9 intervient les samedis et les dimanches \u00e0 St-Maurice.<\/p>\n<h3>Prot\u00e9gez-vous mon mobilier ?<\/h3>\n<p>Oui, nous apportons l&rsquo;\u00e9quipement n\u00e9cessaire afin de garantir que vos mobiliers et votre \u00e9lectrom\u00e9nager soient prot\u00e9g\u00e9s pendant notre intervention. Cependant, si vous avez des objets fragiles, nous vous recommandons d&rsquo;en informer notre \u00e9quipe d&rsquo;artisans, nous prendrons plus de pr\u00e9cautions.<\/p>\n<h3>Que faire si les travaux de peinture accomplis ne satisfont pas \u00e0 mes besoins ?<\/h3>\n<p>Si notre prestation ne vous satisfait pas, nous prenons l&rsquo;engagement d&rsquo;effectuer les ajustements n\u00e9cessaires jusqu&rsquo;\u00e0 ce que vous soyez satisfait.<\/p>\n<h3>Vos devis sont-ils gratuits ?<\/h3>\n<p>Oui, nos devis sont 100% gratuits, sans frais cach\u00e9s. Si vous souhaitez aller plus loin, un technicien se d\u00e9place chez vous dans le but de valider le devis avec vous.<\/p>\n<h3>Votre entreprise r\u00e9alise des interventions de peintures \u00e0 St-Maurice et dans les villes proches ?<\/h3>\n<p>Oui, Artisanlocal intervient \u00e0 St-Maurice, mais aussi dans les villes proches, comme :<\/p>\nCollombey, Massongex, Monthey, Cho\u00ebx, Les Giettes, Troistorrents, Champoussin, Les Crosets, Val-d'Illiez, Champ\u00e9ry, Morgins, Mex VS, V\u00e9rossaz, Morcles, Muraz (Collombey), Vionnaz, Miex, Vouvry, Bouveret, Les Evouettes, St-Gingolph, Torgon, Evionnaz, Collonges, Vernayaz, Dor\u00e9naz, Les Granges (Salvan), Salvan, Le Tr\u00e9tien, Les Mar\u00e9cottes, Finhaut, Le Ch\u00e2telard VS.\n","protected":false},"excerpt":{"rendered":"<p>Besoin d&rsquo;un peintre \u00e0 St-Maurice ? Choisissez Artisanlocal pour la r\u00e9novation de votre ext\u00e9rieur et de votre int\u00e9rieur, si vous \u00eates un Agaunois, nous intervenons rapidement \u00e0 votre domicile et dans les villes aux environs. Quels sont les services d&rsquo;Artisanlocal ? Peinture int\u00e9rieure : sur vos portes, moulures, murs, et plafonds, ou dans des pi\u00e8ces [&hellip;]<\/p>\n","protected":false},"author":4,"featured_media":2756,"parent":0,"menu_order":0,"comment_status":"closed","ping_status":"closed","template":"","meta":{"footnotes":""},"profession":[121],"location":[7],"canton":[110],"class_list":["post-733","page","type-page","status-publish","has-post-thumbnail","hentry","profession-peintre","location-st-maurice","canton-vs"],"yoast_head":"<!-- This site is optimized with the Yoast SEO Premium plugin v25.7.1 (Yoast SEO v27.4) - https:\/\/yoast.com\/product\/yoast-seo-premium-wordpress\/ -->\n<title>Peintre \u00e0 St-Maurice - Artisanlocal<\/title>\n<meta name=\"robots\" content=\"index, follow, max-snippet:-1, max-image-preview:large, max-video-preview:-1\" \/>\n<link rel=\"canonical\" href=\"https:\/\/www.artisanlocal.ch\/c\/societe-de-peinture-a-st-maurice-artisanlocal-realise-tous-vos-projets-de-peinture\/\" \/>\n<meta property=\"og:locale\" content=\"fr_FR\" \/>\n<meta property=\"og:type\" content=\"article\" \/>\n<meta property=\"og:title\" content=\"Peintre \u00e0 St-Maurice\" \/>\n<meta property=\"og:description\" content=\"Besoin d&rsquo;un peintre \u00e0 St-Maurice ? Choisissez Artisanlocal pour la r\u00e9novation de votre ext\u00e9rieur et de votre int\u00e9rieur, si vous \u00eates un Agaunois, nous intervenons rapidement \u00e0 votre domicile et dans les villes aux environs. Quels sont les services d&rsquo;Artisanlocal ? Peinture int\u00e9rieure : sur vos portes, moulures, murs, et plafonds, ou dans des pi\u00e8ces [&hellip;]\" \/>\n<meta property=\"og:url\" content=\"https:\/\/www.artisanlocal.ch\/c\/societe-de-peinture-a-st-maurice-artisanlocal-realise-tous-vos-projets-de-peinture\/\" \/>\n<meta property=\"og:site_name\" content=\"Artisanlocal\" \/>\n<meta property=\"article:modified_time\" content=\"2025-09-18T11:23:06+00:00\" \/>\n<meta property=\"og:image\" content=\"https:\/\/www.artisanlocal.ch\/c\/wp-content\/uploads\/2024\/10\/peintre.jpg\" \/>\n\t<meta property=\"og:image:width\" content=\"1920\" \/>\n\t<meta property=\"og:image:height\" content=\"300\" \/>\n\t<meta property=\"og:image:type\" content=\"image\/jpeg\" \/>\n<meta name=\"twitter:card\" content=\"summary_large_image\" \/>\n<meta name=\"twitter:label1\" content=\"Dur\u00e9e de lecture estim\u00e9e\" \/>\n\t<meta name=\"twitter:data1\" content=\"5 minutes\" \/>\n<script type=\"application\/ld+json\" class=\"yoast-schema-graph\">{\"@context\":\"https:\\\/\\\/schema.org\",\"@graph\":[{\"@type\":\"WebPage\",\"@id\":\"https:\\\/\\\/www.artisanlocal.ch\\\/c\\\/societe-de-peinture-a-st-maurice-artisanlocal-realise-tous-vos-projets-de-peinture\\\/\",\"url\":\"https:\\\/\\\/www.artisanlocal.ch\\\/c\\\/societe-de-peinture-a-st-maurice-artisanlocal-realise-tous-vos-projets-de-peinture\\\/\",\"name\":\"Peintre \u00e0 St-Maurice - Artisanlocal\",\"isPartOf\":{\"@id\":\"https:\\\/\\\/www.artisanlocal.ch\\\/c\\\/#website\"},\"primaryImageOfPage\":{\"@id\":\"https:\\\/\\\/www.artisanlocal.ch\\\/c\\\/societe-de-peinture-a-st-maurice-artisanlocal-realise-tous-vos-projets-de-peinture\\\/#primaryimage\"},\"image\":{\"@id\":\"https:\\\/\\\/www.artisanlocal.ch\\\/c\\\/societe-de-peinture-a-st-maurice-artisanlocal-realise-tous-vos-projets-de-peinture\\\/#primaryimage\"},\"thumbnailUrl\":\"https:\\\/\\\/www.artisanlocal.ch\\\/c\\\/wp-content\\\/uploads\\\/2024\\\/10\\\/peintre.jpg\",\"datePublished\":\"2024-04-16T04:52:36+00:00\",\"dateModified\":\"2025-09-18T11:23:06+00:00\",\"breadcrumb\":{\"@id\":\"https:\\\/\\\/www.artisanlocal.ch\\\/c\\\/societe-de-peinture-a-st-maurice-artisanlocal-realise-tous-vos-projets-de-peinture\\\/#breadcrumb\"},\"inLanguage\":\"fr-FR\",\"potentialAction\":[{\"@type\":\"ReadAction\",\"target\":[\"https:\\\/\\\/www.artisanlocal.ch\\\/c\\\/societe-de-peinture-a-st-maurice-artisanlocal-realise-tous-vos-projets-de-peinture\\\/\"]}]},{\"@type\":\"ImageObject\",\"inLanguage\":\"fr-FR\",\"@id\":\"https:\\\/\\\/www.artisanlocal.ch\\\/c\\\/societe-de-peinture-a-st-maurice-artisanlocal-realise-tous-vos-projets-de-peinture\\\/#primaryimage\",\"url\":\"https:\\\/\\\/www.artisanlocal.ch\\\/c\\\/wp-content\\\/uploads\\\/2024\\\/10\\\/peintre.jpg\",\"contentUrl\":\"https:\\\/\\\/www.artisanlocal.ch\\\/c\\\/wp-content\\\/uploads\\\/2024\\\/10\\\/peintre.jpg\",\"width\":1920,\"height\":300},{\"@type\":\"BreadcrumbList\",\"@id\":\"https:\\\/\\\/www.artisanlocal.ch\\\/c\\\/societe-de-peinture-a-st-maurice-artisanlocal-realise-tous-vos-projets-de-peinture\\\/#breadcrumb\",\"itemListElement\":[{\"@type\":\"ListItem\",\"position\":1,\"name\":\"Accueil\",\"item\":\"https:\\\/\\\/www.artisanlocal.ch\\\/c\\\/\"},{\"@type\":\"ListItem\",\"position\":2,\"name\":\"Peintre \u00e0 St-Maurice\"}]},{\"@type\":\"WebSite\",\"@id\":\"https:\\\/\\\/www.artisanlocal.ch\\\/c\\\/#website\",\"url\":\"https:\\\/\\\/www.artisanlocal.ch\\\/c\\\/\",\"name\":\"Artisanlocal\",\"description\":\"\",\"publisher\":{\"@id\":\"https:\\\/\\\/www.artisanlocal.ch\\\/c\\\/#organization\"},\"potentialAction\":[{\"@type\":\"SearchAction\",\"target\":{\"@type\":\"EntryPoint\",\"urlTemplate\":\"https:\\\/\\\/www.artisanlocal.ch\\\/c\\\/?s={search_term_string}\"},\"query-input\":{\"@type\":\"PropertyValueSpecification\",\"valueRequired\":true,\"valueName\":\"search_term_string\"}}],\"inLanguage\":\"fr-FR\"},{\"@type\":\"Organization\",\"@id\":\"https:\\\/\\\/www.artisanlocal.ch\\\/c\\\/#organization\",\"name\":\"Artisanlocal\",\"url\":\"https:\\\/\\\/www.artisanlocal.ch\\\/c\\\/\",\"logo\":{\"@type\":\"ImageObject\",\"inLanguage\":\"fr-FR\",\"@id\":\"https:\\\/\\\/www.artisanlocal.ch\\\/c\\\/#\\\/schema\\\/logo\\\/image\\\/\",\"url\":\"https:\\\/\\\/www.artisanlocal.ch\\\/c\\\/wp-content\\\/uploads\\\/2024\\\/02\\\/logo-artisanlocal-h.svg\",\"contentUrl\":\"https:\\\/\\\/www.artisanlocal.ch\\\/c\\\/wp-content\\\/uploads\\\/2024\\\/02\\\/logo-artisanlocal-h.svg\",\"caption\":\"Artisanlocal\"},\"image\":{\"@id\":\"https:\\\/\\\/www.artisanlocal.ch\\\/c\\\/#\\\/schema\\\/logo\\\/image\\\/\"}}]}<\/script>\n<!-- \/ Yoast SEO Premium plugin. -->","yoast_head_json":{"title":"Peintre \u00e0 St-Maurice - Artisanlocal","robots":{"index":"index","follow":"follow","max-snippet":"max-snippet:-1","max-image-preview":"max-image-preview:large","max-video-preview":"max-video-preview:-1"},"canonical":"https:\/\/www.artisanlocal.ch\/c\/societe-de-peinture-a-st-maurice-artisanlocal-realise-tous-vos-projets-de-peinture\/","og_locale":"fr_FR","og_type":"article","og_title":"Peintre \u00e0 St-Maurice","og_description":"Besoin d&rsquo;un peintre \u00e0 St-Maurice ? Choisissez Artisanlocal pour la r\u00e9novation de votre ext\u00e9rieur et de votre int\u00e9rieur, si vous \u00eates un Agaunois, nous intervenons rapidement \u00e0 votre domicile et dans les villes aux environs. Quels sont les services d&rsquo;Artisanlocal ? Peinture int\u00e9rieure : sur vos portes, moulures, murs, et plafonds, ou dans des pi\u00e8ces [&hellip;]","og_url":"https:\/\/www.artisanlocal.ch\/c\/societe-de-peinture-a-st-maurice-artisanlocal-realise-tous-vos-projets-de-peinture\/","og_site_name":"Artisanlocal","article_modified_time":"2025-09-18T11:23:06+00:00","og_image":[{"width":1920,"height":300,"url":"https:\/\/www.artisanlocal.ch\/c\/wp-content\/uploads\/2024\/10\/peintre.jpg","type":"image\/jpeg"}],"twitter_card":"summary_large_image","twitter_misc":{"Dur\u00e9e de lecture estim\u00e9e":"5 minutes"},"schema":{"@context":"https:\/\/schema.org","@graph":[{"@type":"WebPage","@id":"https:\/\/www.artisanlocal.ch\/c\/societe-de-peinture-a-st-maurice-artisanlocal-realise-tous-vos-projets-de-peinture\/","url":"https:\/\/www.artisanlocal.ch\/c\/societe-de-peinture-a-st-maurice-artisanlocal-realise-tous-vos-projets-de-peinture\/","name":"Peintre \u00e0 St-Maurice - Artisanlocal","isPartOf":{"@id":"https:\/\/www.artisanlocal.ch\/c\/#website"},"primaryImageOfPage":{"@id":"https:\/\/www.artisanlocal.ch\/c\/societe-de-peinture-a-st-maurice-artisanlocal-realise-tous-vos-projets-de-peinture\/#primaryimage"},"image":{"@id":"https:\/\/www.artisanlocal.ch\/c\/societe-de-peinture-a-st-maurice-artisanlocal-realise-tous-vos-projets-de-peinture\/#primaryimage"},"thumbnailUrl":"https:\/\/www.artisanlocal.ch\/c\/wp-content\/uploads\/2024\/10\/peintre.jpg","datePublished":"2024-04-16T04:52:36+00:00","dateModified":"2025-09-18T11:23:06+00:00","breadcrumb":{"@id":"https:\/\/www.artisanlocal.ch\/c\/societe-de-peinture-a-st-maurice-artisanlocal-realise-tous-vos-projets-de-peinture\/#breadcrumb"},"inLanguage":"fr-FR","potentialAction":[{"@type":"ReadAction","target":["https:\/\/www.artisanlocal.ch\/c\/societe-de-peinture-a-st-maurice-artisanlocal-realise-tous-vos-projets-de-peinture\/"]}]},{"@type":"ImageObject","inLanguage":"fr-FR","@id":"https:\/\/www.artisanlocal.ch\/c\/societe-de-peinture-a-st-maurice-artisanlocal-realise-tous-vos-projets-de-peinture\/#primaryimage","url":"https:\/\/www.artisanlocal.ch\/c\/wp-content\/uploads\/2024\/10\/peintre.jpg","contentUrl":"https:\/\/www.artisanlocal.ch\/c\/wp-content\/uploads\/2024\/10\/peintre.jpg","width":1920,"height":300},{"@type":"BreadcrumbList","@id":"https:\/\/www.artisanlocal.ch\/c\/societe-de-peinture-a-st-maurice-artisanlocal-realise-tous-vos-projets-de-peinture\/#breadcrumb","itemListElement":[{"@type":"ListItem","position":1,"name":"Accueil","item":"https:\/\/www.artisanlocal.ch\/c\/"},{"@type":"ListItem","position":2,"name":"Peintre \u00e0 St-Maurice"}]},{"@type":"WebSite","@id":"https:\/\/www.artisanlocal.ch\/c\/#website","url":"https:\/\/www.artisanlocal.ch\/c\/","name":"Artisanlocal","description":"","publisher":{"@id":"https:\/\/www.artisanlocal.ch\/c\/#organization"},"potentialAction":[{"@type":"SearchAction","target":{"@type":"EntryPoint","urlTemplate":"https:\/\/www.artisanlocal.ch\/c\/?s={search_term_string}"},"query-input":{"@type":"PropertyValueSpecification","valueRequired":true,"valueName":"search_term_string"}}],"inLanguage":"fr-FR"},{"@type":"Organization","@id":"https:\/\/www.artisanlocal.ch\/c\/#organization","name":"Artisanlocal","url":"https:\/\/www.artisanlocal.ch\/c\/","logo":{"@type":"ImageObject","inLanguage":"fr-FR","@id":"https:\/\/www.artisanlocal.ch\/c\/#\/schema\/logo\/image\/","url":"https:\/\/www.artisanlocal.ch\/c\/wp-content\/uploads\/2024\/02\/logo-artisanlocal-h.svg","contentUrl":"https:\/\/www.artisanlocal.ch\/c\/wp-content\/uploads\/2024\/02\/logo-artisanlocal-h.svg","caption":"Artisanlocal"},"image":{"@id":"https:\/\/www.artisanlocal.ch\/c\/#\/schema\/logo\/image\/"}}]}},"_links":{"self":[{"href":"https:\/\/www.artisanlocal.ch\/c\/wp-json\/wp\/v2\/pages\/733","targetHints":{"allow":["GET"]}}],"collection":[{"href":"https:\/\/www.artisanlocal.ch\/c\/wp-json\/wp\/v2\/pages"}],"about":[{"href":"https:\/\/www.artisanlocal.ch\/c\/wp-json\/wp\/v2\/types\/page"}],"author":[{"embeddable":true,"href":"https:\/\/www.artisanlocal.ch\/c\/wp-json\/wp\/v2\/users\/4"}],"replies":[{"embeddable":true,"href":"https:\/\/www.artisanlocal.ch\/c\/wp-json\/wp\/v2\/comments?post=733"}],"version-history":[{"count":0,"href":"https:\/\/www.artisanlocal.ch\/c\/wp-json\/wp\/v2\/pages\/733\/revisions"}],"wp:featuredmedia":[{"embeddable":true,"href":"https:\/\/www.artisanlocal.ch\/c\/wp-json\/wp\/v2\/media\/2756"}],"wp:attachment":[{"href":"https:\/\/www.artisanlocal.ch\/c\/wp-json\/wp\/v2\/media?parent=733"}],"wp:term":[{"taxonomy":"profession","embeddable":true,"href":"https:\/\/www.artisanlocal.ch\/c\/wp-json\/wp\/v2\/profession?post=733"},{"taxonomy":"location","embeddable":true,"href":"https:\/\/www.artisanlocal.ch\/c\/wp-json\/wp\/v2\/location?post=733"},{"taxonomy":"canton","embeddable":true,"href":"https:\/\/www.artisanlocal.ch\/c\/wp-json\/wp\/v2\/canton?post=733"}],"curies":[{"name":"wp","href":"https:\/\/api.w.org\/{rel}","templated":true}]}}