{"id":768,"date":"2024-04-16T08:30:13","date_gmt":"2024-04-16T06:30:13","guid":{"rendered":"https:\/\/www.artisanlocal.ch\/c\/societe-de-peinture-a-mezieres-artisanlocal-effectue-tous-vos-projets-en-peinture\/"},"modified":"2025-10-29T13:13:14","modified_gmt":"2025-10-29T12:13:14","slug":"societe-de-peinture-a-mezieres-artisanlocal-effectue-tous-vos-projets-en-peinture","status":"publish","type":"page","link":"https:\/\/www.artisanlocal.ch\/c\/societe-de-peinture-a-mezieres-artisanlocal-effectue-tous-vos-projets-en-peinture\/","title":{"rendered":"Peintre \u00e0 M\u00e9zi\u00e8res VD"},"content":{"rendered":"<p>Besoin d&rsquo;un peintre \u00e0 M\u00e9zi\u00e8res VD ? Engagez Artisanlocal pour repeindre votre habitation, si vous \u00eates un M\u00e9zi\u00e9rois, nous intervenons rapidement chez vous et dans les villes aux alentours.<\/p>\n\r\n<div class=\"box\">\r\n            <div class=\"company-info\">\r\n            <img decoding=\"async\" class=\"company-info__logo\" src=\"https:\/\/www.artisanlocal.ch\/media\/cache\/thumb\/images\/companies\/68762654a0641657118997.png\" alt=\"Logo\">\r\n            <h2 class=\"company-info__name\">Lali SARL<\/h2>\r\n            <p class=\"company-info__business\">Peinture - Pl\u00e2trerie - Isolation - R\u00e9novation<\/p>\r\n        <\/div>\r\n        <div class=\"company-contact\">\r\n            <p class=\"company-info__address\">Route des Cullayes 4<\/p>\r\n                            <div class=\"links\">\r\n                                            <a class=\"btn has-accent-background-color js-phoneNumber\" href=\"tel:0764535518\" title=\"Appelez\" data-id=\"6264\" data-type=\"11\">076 453 55 18<\/a>\r\n                                                                <a class=\"btn has-accent-background-color\" href=\"https:\/\/lalirenov.ch\/\" target=\"_blank\" title=\"Voir le site internet\" data-id=\"6264\" data-type=\"20\">Site internet<\/a>\r\n                                    <\/div>\r\n                    <\/div>\r\n    \r\n            \r\n<form action=\"https:\/\/www.artisanlocal.ch\/c\/wp-admin\/admin-ajax.php\" method=\"post\" class=\"form-contact\" id=\"artisan_form_contact_company_inline\">\r\n    <div><input type=\"hidden\" name=\"action\" value=\"company_contact\"><\/div>\r\n    <div><input type=\"hidden\" name=\"nonce\" value=\"67a23a8c67\"><\/div>\r\n    <div><input type=\"hidden\" name=\"company_id\" value=\"6264\"><\/div>\r\n    <div><input type=\"hidden\" name=\"form_id\" value=\"artisan_form_contact_company_inline\"><\/div>\r\n    <div class=\"gglcptch gglcptch_v3 gglcptch_custom\"><input type=\"hidden\" id=\"g-recaptcha-response\" name=\"g-recaptcha-response\" \/><br \/><div class=\"gglcptch_error_text\">La p\u00e9riode de v\u00e9rification reCAPTCHA a expir\u00e9. Veuillez recharger la page.<\/div><\/div>    <div class=\"form-content\">\r\n        <div class=\"form-group\">\r\n            <label for=\"contact_firstName\" class=\"required\">Pr\u00e9nom<\/label>\r\n            <input type=\"text\" name=\"firstName\" class=\"form-control\" required>\r\n        <\/div>\r\n        <div class=\"form-group\">\r\n            <label for=\"contact_lastName\" class=\"required\">Nom<\/label>\r\n            <input type=\"text\" name=\"lastName\" class=\"form-control\" required>\r\n        <\/div>\r\n        <div class=\"form-group\">\r\n            <label for=\"contact_email\" class=\"required\">Email<\/label>\r\n            <input type=\"email\" name=\"email\" class=\"form-control\" required>\r\n        <\/div>\r\n        <div class=\"form-group\">\r\n            <label for=\"contact_phone\" class=\"required\">Num\u00e9ro de t\u00e9l\u00e9phone<\/label>\r\n            <input type=\"tel\" name=\"phone\" class=\"form-control\" placeholder=\"0787117165\" pattern=\"^[0-9]{10}$\" required>\r\n        <\/div>\r\n        <div class=\"form-group\">\r\n            <label for=\"contact_postalCode\" class=\"required\">Code postal et localit\u00e9<\/label>\r\n            <input type=\"text\" name=\"postalCode\" class=\"form-control\" required>\r\n        <\/div>\r\n        <div class=\"form-group\">\r\n            <label for=\"contact_address\" class=\"required\">Adresse<\/label>\r\n            <input type=\"text\" name=\"address\" class=\"form-control\" required>\r\n        <\/div>\r\n        <div class=\"full-width topic\">\r\n            <p class=\"required\">Je souhaite \u00eatre contact\u00e9 pour :<\/p>\r\n            <div class=\"form-check\">\r\n                <input type=\"radio\" name=\"topic\" value=\"D\u00e9pannage\" class=\"form-control\" required>\r\n                <label for=\"d\u00e9pannage\">D\u00e9pannage<\/label>\r\n            <\/div>\r\n            <div class=\"form-check\">\r\n                <input type=\"radio\" name=\"topic\" value=\"Entretien\" class=\"form-control\" required>\r\n                <label for=\"entretien\">Entretien<\/label>\r\n            <\/div>\r\n            <div class=\"form-check\">\r\n                <input type=\"radio\" name=\"topic\" value=\"R\u00e9novation\" class=\"form-control\" required>\r\n                <label for=\"r\u00e9novation\">R\u00e9novation<\/label>\r\n            <\/div>\r\n            <div class=\"form-check\">\r\n                <input type=\"radio\" name=\"topic\" value=\"Autre\" class=\"form-control\" required>\r\n                <label for=\"autre\">Autre<\/label>\r\n            <\/div>\r\n        <\/div>\r\n        <div class=\"form-group full-width\">\r\n            <label for=\"contact_message\">Message<\/label>\r\n            <textarea name=\"message\" rows=\"3\" class=\"form-control\"><\/textarea>\r\n        <\/div>\r\n    <\/div>\r\n    <div class=\"form-actions\">\r\n        <button class=\"wp-block-button__link has-accent-background-color\">Contacter<\/button>\r\n    <\/div>\r\n<\/form>\r\n<div class=\"form-feedback\"><\/div>    <\/div>\n<h2>Quels sont les services d&rsquo;Artisanlocal ?<\/h2>\n<ul>\n<li>Peinture int\u00e9rieure : les murs, les plafonds, les moulures, les portes, et dans des endroits comme la salle d&rsquo;eau, le salon et la chambre.<\/li>\n<li>Peinture ext\u00e9rieure : sur cl\u00f4tures, terrasses, bardages, portes de garage, stuc et brique.<\/li>\n<li>Peinture d\u00e9corative : effets visuels comme le faux marbre, l&rsquo;effet oxyd\u00e9, les patines, le faux bois et l&rsquo;effet vieilli.<\/li>\n<li>Peinture de cuisine : finition satin\u00e9e et utilisation de peinture acrylique.<\/li>\n<li>Enduits d\u00e9coratifs : b\u00e9ton cir\u00e9 ou tadelakt.<\/li>\n<li>Artiste peintre : r\u00e9alisation de peintures murales (d\u00e9corative, artistique, pour ext\u00e9rieur ou int\u00e9rieur).<\/li>\n<li>Peinture de ravalement de fa\u00e7ade : restauration, r\u00e9novation des fa\u00e7ades de b\u00e2timents avec enduit, bardage, cr\u00e9pi ou peinture.<\/li>\n<li>Peinture cordiste : travaux de peinture en hauteur, nous intervenons dans les lieus difficiles d\u2019acc\u00e8s, comme les usines, tours, ponts ou \u00e9oliennes.<\/li>\n<li>Finition de peinture : application d\u2019une peinture de finition dans votre salle de bain ou sur vos meubles pr\u00e9sents dans votre cuisine.<\/li>\n<li>R\u00e9paration : des fissures, comblement des trous dans les murs, ou encore pose de cloisons s\u00e8ches.<\/li>\n<li>Retrait et pose de papier peint : et remplacement de votre ancien papier peint.<\/li>\n<li>Peinture pour professionnel : pour les espaces de travail, restaurants, \u00e9coles, complexes sportifs et autres propri\u00e9t\u00e9s commerciales.<\/li>\n<li>Peinture pour b\u00e2timent : nous pr\u00e9parons les supports \u00e0 peindre, et nous effectuons les finitions et posons la peinture.<\/li>\n<\/ul>\n<h2>Comment votre soci\u00e9t\u00e9 fonctionne ?<\/h2>\n<p>Chez Artisanlocal, nous avons d\u00e9velopp\u00e9 un syst\u00e8me \u00e9tape par \u00e9tape pour r\u00e9pondre aux attentes de nos clients.<\/p>\n<h3>\u00c9tape 1\u00a0 : recevez un devis<\/h3>\n<p>Demandez devis gratuit par t\u00e9l\u00e9phone ou en ligne et obtenez une estimation de vos travaux rapidement.<\/p>\n<h3>\u00c9tape 2\u00a0 : examinez votre estimation<\/h3>\n<p>Soyez assur\u00e9 que le devis que vous obtenez d\u00e9finit bien le co\u00fbt de votre projet. En cas de question sur une partie de votre devis, n&rsquo;h\u00e9sitez pas \u00e0 nous contacter pour avoir plus de d\u00e9tails.<\/p>\n<h3>\u00c9tape 3\u00a0 : d\u00e9but de votre projet<\/h3>\n<p>Apr\u00e8s avoir valid\u00e9 le devis, nous planifions ensemble le d\u00e9but de votre projet. Pour atteindre vos objectifs, nous vous mettons \u00e0 disposition un chef de projet.<\/p>\n<h2>Quel est le montant d&rsquo;un service de peinture \u00e0 M\u00e9zi\u00e8res VD ?<\/h2>\n<p>Le montant d&rsquo;une intervention est influenc\u00e9 par l&rsquo;\u00e9tat de vos plafonds et vos murs. G\u00e9n\u00e9ralement, les tarifs se situent entre 60 et 70 CHF par heure. La main-d&rsquo;\u0153uvre repr\u00e9sente environ 80% \u00e0 90% du prix, tandis que le prix des travaux peinture ne repr\u00e9sente que 10% \u00e0 20% du co\u00fbt.<\/p>\n<h2>Pourquoi choisir nos artisans peintres \u00e0 M\u00e9zi\u00e8res VD ?<\/h2>\n<ul>\n<li>Disponibilit\u00e9 : nos peintres sont joignables en continu \u00e0 M\u00e9zi\u00e8res VD pour r\u00e9pondre rapidement \u00e0 vos questions.<\/li>\n<li>Qualit\u00e9 : en choisissant notre entreprise, vous optez pour un service de qualit\u00e9.<\/li>\n<li>Prix comp\u00e9titifs : nos prix sont fix\u00e9s en tenant compte de vos besoins et vos moyens financiers.<\/li>\n<li>Prestations sur mesure : nous prenons en consid\u00e9ration les particularit\u00e9s de votre projet pour vous proposer une prestation sur mesure.<\/li>\n<li>Le savoir-faire : nos peintres maitrisent toutes les \u00e9tapes, de la pr\u00e9paration avant les travaux, \u00e0 l&rsquo;application des multiples couches aux finitions.<\/li>\n<\/ul>\n<h2>Foire aux questions<\/h2>\n<h3>Quelle peinture est-ce que vous utilisez ?<\/h3>\n<p>Nous utilisons des peintures haut de gamme. Toutefois, nous pouvons utiliser la peinture que vous avez d\u00e9j\u00e0 en stock.<\/p>\n<h3>Votre entreprise est-elle joignable le week-end ?<\/h3>\n<p>Oui, notre entreprise est disponible le samedi et le dimanche \u00e0 M\u00e9zi\u00e8res VD.<\/p>\n<h3>Assurez-vous la protection des meubles ?<\/h3>\n<p>Oui, avant la pose de la peinture, nous prot\u00e9geons votre \u00e9lectrom\u00e9nager et vos meubles. Signalez-nous, tous vos objets fragiles, notre \u00e9quipe prendra des pr\u00e9cautions suppl\u00e9mentaires.<\/p>\n<h3>Que va-t-il arriver si je ne suis pas content du travail effectu\u00e9 ?<\/h3>\n<p>Si vous n&rsquo;\u00eates pas satisfait de notre travail, nous interviendrons de nouveau \u00e0 votre domicile pour r\u00e9soudre les probl\u00e8mes jusqu&rsquo;\u00e0 ce que vous soyez satisfait.<\/p>\n<h3>Vos devis sont-ils gratuits ?<\/h3>\n<p>Oui, nos devis sont 100% gratuits et sans engagements. Nos peintres peuvent se d\u00e9placer \u00e0 votre domicile pour r\u00e9pondre \u00e0 vos questions et valider avec vous le devis.<\/p>\n<h3>Vos peintres interviennent dans les villes proches de M\u00e9zi\u00e8res VD ?<\/h3>\n<p>Oui, Artisanlocal intervient \u00e0 M\u00e9zi\u00e8res VD, mais aussi dans les villes proches, telles que :<\/p>\nPeney-le-Jorat, Forel (Lavaux), Mollie-Margot, Savigny, Ferlens VD, Servion, Essertes, Les Cullayes, Montpreveyres, Corcelles-le-Jorat, Carrouge VD, Vulliens, Ropraz, Les Tavernes, Les Thioleyres, Pal\u00e9zieux, Pal\u00e9zieux-Village, Oron-le-Ch\u00e2tel, Chapelle (Gl\u00e2ne), Bussigny-sur-Oron, Chesalles-sur-Oron, Ch\u00e2tillens, Oron-la-Ville, Vuibroye, Le Cr\u00eat-pr\u00e8s-Semsales, Ecoteaux, Maracon.\n","protected":false},"excerpt":{"rendered":"<p>Besoin d&rsquo;un peintre \u00e0 M\u00e9zi\u00e8res VD ? Engagez Artisanlocal pour repeindre votre habitation, si vous \u00eates un M\u00e9zi\u00e9rois, nous intervenons rapidement chez vous et dans les villes aux alentours. Quels sont les services d&rsquo;Artisanlocal ? Peinture int\u00e9rieure : les murs, les plafonds, les moulures, les portes, et dans des endroits comme la salle d&rsquo;eau, le [&hellip;]<\/p>\n","protected":false},"author":4,"featured_media":2756,"parent":0,"menu_order":0,"comment_status":"closed","ping_status":"closed","template":"","meta":{"footnotes":""},"profession":[121],"location":[95],"canton":[113],"class_list":["post-768","page","type-page","status-publish","has-post-thumbnail","hentry","profession-peintre","location-mezieres-vd","canton-vd"],"yoast_head":"<!-- This site is optimized with the Yoast SEO Premium plugin v25.7.1 (Yoast SEO v27.3) - https:\/\/yoast.com\/product\/yoast-seo-premium-wordpress\/ -->\n<title>Peintre \u00e0 M\u00e9zi\u00e8res VD - Artisanlocal<\/title>\n<meta name=\"robots\" content=\"index, follow, max-snippet:-1, max-image-preview:large, max-video-preview:-1\" \/>\n<link rel=\"canonical\" href=\"https:\/\/www.artisanlocal.ch\/c\/societe-de-peinture-a-mezieres-artisanlocal-effectue-tous-vos-projets-en-peinture\/\" \/>\n<meta property=\"og:locale\" content=\"fr_FR\" \/>\n<meta property=\"og:type\" content=\"article\" \/>\n<meta property=\"og:title\" content=\"Peintre \u00e0 M\u00e9zi\u00e8res VD\" \/>\n<meta property=\"og:description\" content=\"Besoin d&rsquo;un peintre \u00e0 M\u00e9zi\u00e8res VD ? Engagez Artisanlocal pour repeindre votre habitation, si vous \u00eates un M\u00e9zi\u00e9rois, nous intervenons rapidement chez vous et dans les villes aux alentours. Quels sont les services d&rsquo;Artisanlocal ? Peinture int\u00e9rieure : les murs, les plafonds, les moulures, les portes, et dans des endroits comme la salle d&rsquo;eau, le [&hellip;]\" \/>\n<meta property=\"og:url\" content=\"https:\/\/www.artisanlocal.ch\/c\/societe-de-peinture-a-mezieres-artisanlocal-effectue-tous-vos-projets-en-peinture\/\" \/>\n<meta property=\"og:site_name\" content=\"Artisanlocal\" \/>\n<meta property=\"article:modified_time\" content=\"2025-10-29T12:13:14+00:00\" \/>\n<meta property=\"og:image\" content=\"https:\/\/www.artisanlocal.ch\/c\/wp-content\/uploads\/2024\/10\/peintre.jpg\" \/>\n\t<meta property=\"og:image:width\" content=\"1920\" \/>\n\t<meta property=\"og:image:height\" content=\"300\" \/>\n\t<meta property=\"og:image:type\" content=\"image\/jpeg\" \/>\n<meta name=\"twitter:card\" content=\"summary_large_image\" \/>\n<meta name=\"twitter:label1\" content=\"Dur\u00e9e de lecture estim\u00e9e\" \/>\n\t<meta name=\"twitter:data1\" content=\"4 minutes\" \/>\n<script type=\"application\/ld+json\" class=\"yoast-schema-graph\">{\"@context\":\"https:\\\/\\\/schema.org\",\"@graph\":[{\"@type\":\"WebPage\",\"@id\":\"https:\\\/\\\/www.artisanlocal.ch\\\/c\\\/societe-de-peinture-a-mezieres-artisanlocal-effectue-tous-vos-projets-en-peinture\\\/\",\"url\":\"https:\\\/\\\/www.artisanlocal.ch\\\/c\\\/societe-de-peinture-a-mezieres-artisanlocal-effectue-tous-vos-projets-en-peinture\\\/\",\"name\":\"Peintre \u00e0 M\u00e9zi\u00e8res VD - Artisanlocal\",\"isPartOf\":{\"@id\":\"https:\\\/\\\/www.artisanlocal.ch\\\/c\\\/#website\"},\"primaryImageOfPage\":{\"@id\":\"https:\\\/\\\/www.artisanlocal.ch\\\/c\\\/societe-de-peinture-a-mezieres-artisanlocal-effectue-tous-vos-projets-en-peinture\\\/#primaryimage\"},\"image\":{\"@id\":\"https:\\\/\\\/www.artisanlocal.ch\\\/c\\\/societe-de-peinture-a-mezieres-artisanlocal-effectue-tous-vos-projets-en-peinture\\\/#primaryimage\"},\"thumbnailUrl\":\"https:\\\/\\\/www.artisanlocal.ch\\\/c\\\/wp-content\\\/uploads\\\/2024\\\/10\\\/peintre.jpg\",\"datePublished\":\"2024-04-16T06:30:13+00:00\",\"dateModified\":\"2025-10-29T12:13:14+00:00\",\"breadcrumb\":{\"@id\":\"https:\\\/\\\/www.artisanlocal.ch\\\/c\\\/societe-de-peinture-a-mezieres-artisanlocal-effectue-tous-vos-projets-en-peinture\\\/#breadcrumb\"},\"inLanguage\":\"fr-FR\",\"potentialAction\":[{\"@type\":\"ReadAction\",\"target\":[\"https:\\\/\\\/www.artisanlocal.ch\\\/c\\\/societe-de-peinture-a-mezieres-artisanlocal-effectue-tous-vos-projets-en-peinture\\\/\"]}]},{\"@type\":\"ImageObject\",\"inLanguage\":\"fr-FR\",\"@id\":\"https:\\\/\\\/www.artisanlocal.ch\\\/c\\\/societe-de-peinture-a-mezieres-artisanlocal-effectue-tous-vos-projets-en-peinture\\\/#primaryimage\",\"url\":\"https:\\\/\\\/www.artisanlocal.ch\\\/c\\\/wp-content\\\/uploads\\\/2024\\\/10\\\/peintre.jpg\",\"contentUrl\":\"https:\\\/\\\/www.artisanlocal.ch\\\/c\\\/wp-content\\\/uploads\\\/2024\\\/10\\\/peintre.jpg\",\"width\":1920,\"height\":300},{\"@type\":\"BreadcrumbList\",\"@id\":\"https:\\\/\\\/www.artisanlocal.ch\\\/c\\\/societe-de-peinture-a-mezieres-artisanlocal-effectue-tous-vos-projets-en-peinture\\\/#breadcrumb\",\"itemListElement\":[{\"@type\":\"ListItem\",\"position\":1,\"name\":\"Accueil\",\"item\":\"https:\\\/\\\/www.artisanlocal.ch\\\/c\\\/\"},{\"@type\":\"ListItem\",\"position\":2,\"name\":\"Peintre \u00e0 M\u00e9zi\u00e8res\"}]},{\"@type\":\"WebSite\",\"@id\":\"https:\\\/\\\/www.artisanlocal.ch\\\/c\\\/#website\",\"url\":\"https:\\\/\\\/www.artisanlocal.ch\\\/c\\\/\",\"name\":\"Artisanlocal\",\"description\":\"\",\"publisher\":{\"@id\":\"https:\\\/\\\/www.artisanlocal.ch\\\/c\\\/#organization\"},\"potentialAction\":[{\"@type\":\"SearchAction\",\"target\":{\"@type\":\"EntryPoint\",\"urlTemplate\":\"https:\\\/\\\/www.artisanlocal.ch\\\/c\\\/?s={search_term_string}\"},\"query-input\":{\"@type\":\"PropertyValueSpecification\",\"valueRequired\":true,\"valueName\":\"search_term_string\"}}],\"inLanguage\":\"fr-FR\"},{\"@type\":\"Organization\",\"@id\":\"https:\\\/\\\/www.artisanlocal.ch\\\/c\\\/#organization\",\"name\":\"Artisanlocal\",\"url\":\"https:\\\/\\\/www.artisanlocal.ch\\\/c\\\/\",\"logo\":{\"@type\":\"ImageObject\",\"inLanguage\":\"fr-FR\",\"@id\":\"https:\\\/\\\/www.artisanlocal.ch\\\/c\\\/#\\\/schema\\\/logo\\\/image\\\/\",\"url\":\"https:\\\/\\\/www.artisanlocal.ch\\\/c\\\/wp-content\\\/uploads\\\/2024\\\/02\\\/logo-artisanlocal-h.svg\",\"contentUrl\":\"https:\\\/\\\/www.artisanlocal.ch\\\/c\\\/wp-content\\\/uploads\\\/2024\\\/02\\\/logo-artisanlocal-h.svg\",\"caption\":\"Artisanlocal\"},\"image\":{\"@id\":\"https:\\\/\\\/www.artisanlocal.ch\\\/c\\\/#\\\/schema\\\/logo\\\/image\\\/\"}}]}<\/script>\n<!-- \/ Yoast SEO Premium plugin. -->","yoast_head_json":{"title":"Peintre \u00e0 M\u00e9zi\u00e8res VD - Artisanlocal","robots":{"index":"index","follow":"follow","max-snippet":"max-snippet:-1","max-image-preview":"max-image-preview:large","max-video-preview":"max-video-preview:-1"},"canonical":"https:\/\/www.artisanlocal.ch\/c\/societe-de-peinture-a-mezieres-artisanlocal-effectue-tous-vos-projets-en-peinture\/","og_locale":"fr_FR","og_type":"article","og_title":"Peintre \u00e0 M\u00e9zi\u00e8res VD","og_description":"Besoin d&rsquo;un peintre \u00e0 M\u00e9zi\u00e8res VD ? Engagez Artisanlocal pour repeindre votre habitation, si vous \u00eates un M\u00e9zi\u00e9rois, nous intervenons rapidement chez vous et dans les villes aux alentours. Quels sont les services d&rsquo;Artisanlocal ? Peinture int\u00e9rieure : les murs, les plafonds, les moulures, les portes, et dans des endroits comme la salle d&rsquo;eau, le [&hellip;]","og_url":"https:\/\/www.artisanlocal.ch\/c\/societe-de-peinture-a-mezieres-artisanlocal-effectue-tous-vos-projets-en-peinture\/","og_site_name":"Artisanlocal","article_modified_time":"2025-10-29T12:13:14+00:00","og_image":[{"width":1920,"height":300,"url":"https:\/\/www.artisanlocal.ch\/c\/wp-content\/uploads\/2024\/10\/peintre.jpg","type":"image\/jpeg"}],"twitter_card":"summary_large_image","twitter_misc":{"Dur\u00e9e de lecture estim\u00e9e":"4 minutes"},"schema":{"@context":"https:\/\/schema.org","@graph":[{"@type":"WebPage","@id":"https:\/\/www.artisanlocal.ch\/c\/societe-de-peinture-a-mezieres-artisanlocal-effectue-tous-vos-projets-en-peinture\/","url":"https:\/\/www.artisanlocal.ch\/c\/societe-de-peinture-a-mezieres-artisanlocal-effectue-tous-vos-projets-en-peinture\/","name":"Peintre \u00e0 M\u00e9zi\u00e8res VD - Artisanlocal","isPartOf":{"@id":"https:\/\/www.artisanlocal.ch\/c\/#website"},"primaryImageOfPage":{"@id":"https:\/\/www.artisanlocal.ch\/c\/societe-de-peinture-a-mezieres-artisanlocal-effectue-tous-vos-projets-en-peinture\/#primaryimage"},"image":{"@id":"https:\/\/www.artisanlocal.ch\/c\/societe-de-peinture-a-mezieres-artisanlocal-effectue-tous-vos-projets-en-peinture\/#primaryimage"},"thumbnailUrl":"https:\/\/www.artisanlocal.ch\/c\/wp-content\/uploads\/2024\/10\/peintre.jpg","datePublished":"2024-04-16T06:30:13+00:00","dateModified":"2025-10-29T12:13:14+00:00","breadcrumb":{"@id":"https:\/\/www.artisanlocal.ch\/c\/societe-de-peinture-a-mezieres-artisanlocal-effectue-tous-vos-projets-en-peinture\/#breadcrumb"},"inLanguage":"fr-FR","potentialAction":[{"@type":"ReadAction","target":["https:\/\/www.artisanlocal.ch\/c\/societe-de-peinture-a-mezieres-artisanlocal-effectue-tous-vos-projets-en-peinture\/"]}]},{"@type":"ImageObject","inLanguage":"fr-FR","@id":"https:\/\/www.artisanlocal.ch\/c\/societe-de-peinture-a-mezieres-artisanlocal-effectue-tous-vos-projets-en-peinture\/#primaryimage","url":"https:\/\/www.artisanlocal.ch\/c\/wp-content\/uploads\/2024\/10\/peintre.jpg","contentUrl":"https:\/\/www.artisanlocal.ch\/c\/wp-content\/uploads\/2024\/10\/peintre.jpg","width":1920,"height":300},{"@type":"BreadcrumbList","@id":"https:\/\/www.artisanlocal.ch\/c\/societe-de-peinture-a-mezieres-artisanlocal-effectue-tous-vos-projets-en-peinture\/#breadcrumb","itemListElement":[{"@type":"ListItem","position":1,"name":"Accueil","item":"https:\/\/www.artisanlocal.ch\/c\/"},{"@type":"ListItem","position":2,"name":"Peintre \u00e0 M\u00e9zi\u00e8res"}]},{"@type":"WebSite","@id":"https:\/\/www.artisanlocal.ch\/c\/#website","url":"https:\/\/www.artisanlocal.ch\/c\/","name":"Artisanlocal","description":"","publisher":{"@id":"https:\/\/www.artisanlocal.ch\/c\/#organization"},"potentialAction":[{"@type":"SearchAction","target":{"@type":"EntryPoint","urlTemplate":"https:\/\/www.artisanlocal.ch\/c\/?s={search_term_string}"},"query-input":{"@type":"PropertyValueSpecification","valueRequired":true,"valueName":"search_term_string"}}],"inLanguage":"fr-FR"},{"@type":"Organization","@id":"https:\/\/www.artisanlocal.ch\/c\/#organization","name":"Artisanlocal","url":"https:\/\/www.artisanlocal.ch\/c\/","logo":{"@type":"ImageObject","inLanguage":"fr-FR","@id":"https:\/\/www.artisanlocal.ch\/c\/#\/schema\/logo\/image\/","url":"https:\/\/www.artisanlocal.ch\/c\/wp-content\/uploads\/2024\/02\/logo-artisanlocal-h.svg","contentUrl":"https:\/\/www.artisanlocal.ch\/c\/wp-content\/uploads\/2024\/02\/logo-artisanlocal-h.svg","caption":"Artisanlocal"},"image":{"@id":"https:\/\/www.artisanlocal.ch\/c\/#\/schema\/logo\/image\/"}}]}},"_links":{"self":[{"href":"https:\/\/www.artisanlocal.ch\/c\/wp-json\/wp\/v2\/pages\/768","targetHints":{"allow":["GET"]}}],"collection":[{"href":"https:\/\/www.artisanlocal.ch\/c\/wp-json\/wp\/v2\/pages"}],"about":[{"href":"https:\/\/www.artisanlocal.ch\/c\/wp-json\/wp\/v2\/types\/page"}],"author":[{"embeddable":true,"href":"https:\/\/www.artisanlocal.ch\/c\/wp-json\/wp\/v2\/users\/4"}],"replies":[{"embeddable":true,"href":"https:\/\/www.artisanlocal.ch\/c\/wp-json\/wp\/v2\/comments?post=768"}],"version-history":[{"count":0,"href":"https:\/\/www.artisanlocal.ch\/c\/wp-json\/wp\/v2\/pages\/768\/revisions"}],"wp:featuredmedia":[{"embeddable":true,"href":"https:\/\/www.artisanlocal.ch\/c\/wp-json\/wp\/v2\/media\/2756"}],"wp:attachment":[{"href":"https:\/\/www.artisanlocal.ch\/c\/wp-json\/wp\/v2\/media?parent=768"}],"wp:term":[{"taxonomy":"profession","embeddable":true,"href":"https:\/\/www.artisanlocal.ch\/c\/wp-json\/wp\/v2\/profession?post=768"},{"taxonomy":"location","embeddable":true,"href":"https:\/\/www.artisanlocal.ch\/c\/wp-json\/wp\/v2\/location?post=768"},{"taxonomy":"canton","embeddable":true,"href":"https:\/\/www.artisanlocal.ch\/c\/wp-json\/wp\/v2\/canton?post=768"}],"curies":[{"name":"wp","href":"https:\/\/api.w.org\/{rel}","templated":true}]}}