{"id":778,"date":"2024-04-16T02:31:37","date_gmt":"2024-04-16T00:31:37","guid":{"rendered":"https:\/\/www.artisanlocal.ch\/c\/engager-le-meilleur-peintre-dans-le-canton-du-jura\/"},"modified":"2025-11-06T12:37:34","modified_gmt":"2025-11-06T11:37:34","slug":"engager-le-meilleur-peintre-dans-le-canton-du-jura","status":"publish","type":"page","link":"https:\/\/www.artisanlocal.ch\/c\/engager-le-meilleur-peintre-dans-le-canton-du-jura\/","title":{"rendered":"Engager le meilleur peintre dans le canton du Jura"},"content":{"rendered":"<p>Votre peinture a besoin d&rsquo;une am\u00e9lioration ? Nos experts r\u00e9alisent la peinture de votre int\u00e9rieur ou de votre ext\u00e9rieur dans le canton du Jura. Engagez Artisanlocal, nous fournissons des travaux de qualit\u00e9, de l&rsquo;\u00e9tude aux finitions de vos peintures, si vous \u00eates dans le canton du Jura, nous intervenons rapidement \u00e0 votre domicile et aussi dans les villes aux alentours.<\/p>\n<h2>Quels sont les travaux que votre soci\u00e9t\u00e9 propose ?<\/h2>\n<p>Les artisans peintres d&rsquo;Artisanlocal dans le canton du Jura proposent une large gamme de prestations pour am\u00e9liorer la couleur de votre maison ou votre commerce. Dans le but de mieux r\u00e9pondre \u00e0 votre probl\u00e9matique, nous \u00e9valuons d&rsquo;abord vos objectifs et nous vous proposons les offres suivantes :<\/p>\n<ul>\n<li>Peindre l&rsquo;int\u00e9rieur : les murs, les plafonds, les moulures, les portes, et dans des lieux comme la salle d&rsquo;eau, le salon et la chambre.<\/li>\n<li>Les services de peinture ext\u00e9rieurs : pose d&rsquo;une nouvelle couche de peinture sur les cl\u00f4tures, les terrasses, le bardage, les portes de garage, la brique et le stuc.<\/li>\n<li>Les travaux de peinture d\u00e9corative : afin de cr\u00e9er des effets visuels comme le faux marbre, l&rsquo;effet oxyd\u00e9, les patines, le faux bois et l&rsquo;effet vieilli.<\/li>\n<li>Les services de peinture dans votre cuisine : pose d&rsquo;une couche de peinture, comme la peinture satin\u00e9e, qui se lave facilement.<\/li>\n<li>Les travaux d&rsquo;enduits d\u00e9coratifs : mise en place d&rsquo;enduits comme le tadelakt ou le b\u00e9ton cir\u00e9.<\/li>\n<li>Artiste peintre : r\u00e9alisation de peintures murales (ext\u00e9rieur, int\u00e9rieur, artistique ou d\u00e9corative).<\/li>\n<li>Peintre en ravalement de fa\u00e7ade : restauration des fa\u00e7ades de b\u00e2timents avec bardage, enduit, peinture ou cr\u00e9pi.<\/li>\n<li>La r\u00e9alisation de services de peinture en hauteur : nos peintres op\u00e8rent dans des lieux difficiles comme les usines, les tours, ou les ponts.<\/li>\n<li>Peinture de finition : ajout d\u2019une peinture de finition dans votre salle d&rsquo;eau ou sur vos meubles pr\u00e9sents dans votre cuisine.<\/li>\n<li>Mise en place et remise en \u00e9tat : colmatage des fissures, colmatage des creux dans les murs, et la mise en place de cloisons s\u00e8ches neuves.<\/li>\n<li>Installation et retrait de l&rsquo;ancien de votre papier peint : retrait et changement de votre ancienne tapisserie.<\/li>\n<li>Les prestations de peinture pour votre entreprise : pour les espaces de bureau, restaurants, \u00e9coles, complexes sportifs et autres locaux commerciaux.<\/li>\n<li>Artisan peintre en b\u00e2timent : nos peintres interviennent aussi dans les immeubles, pour la pr\u00e9paration des murs et plafonds \u00e0 peindre, la r\u00e9alisation des travaux de finition et la pose des peintures et rev\u00eatements.<\/li>\n<\/ul>\n<h2>De quelle fa\u00e7on marche votre entreprise ?<\/h2>\n<p>Dans notre entreprise, nous avons cr\u00e9\u00e9 un syst\u00e8me \u00e9tape par \u00e9tape afin de r\u00e9pondre aux attentes de nos partenaires.<\/p>\n<h3>\u00c9tape 1\u00a0 : demander un devis<\/h3>\n<p>Obtenez un devis gratuit en ligne ou par t\u00e9l\u00e9phone et recevez un devis de vos travaux dans les 24 heures.<\/p>\n<h3>\u00c9tape 2\u00a0 : examiner votre estimation<\/h3>\n<p>Soyez assur\u00e9 que le devis que vous recevez d\u00e9finit correctement le co\u00fbt de votre projet. Si vous avez des questions, contactez-nous pour en savoir plus sur les d\u00e9tails de votre devis.<\/p>\n<h3>\u00c9tape 3\u00a0 : d\u00e9terminer la date de d\u00e9marrage de votre r\u00e9novation de peinture<\/h3>\n<p>Une fois que vous avez confirm\u00e9 le devis, nous d\u00e9cidons ensemble la date de d\u00e9marrage de votre projet. Afin d&rsquo;assurer le succ\u00e8s de votre chantier, nous vous mettons \u00e0 votre disposition un chef de projet d\u00e9di\u00e9.<\/p>\n<h2>Quel est le co\u00fbt d&rsquo;un service de peinture dans le canton du Jura ?<\/h2>\n<p>Le montant de notre prestation est impact\u00e9 par l&rsquo;\u00e9tat de vos plafonds et vos murs. G\u00e9n\u00e9ralement, les montants varient entre 60 et 70 CHF par heure. \u00c0 peu pr\u00e8s 80% \u00e0 90% du co\u00fbt total sont attribu\u00e9s \u00e0 la main-d&rsquo;\u0153uvre, tandis que la peinture ne pr\u00e9sente que 10% \u00e0 20% de l&rsquo;enveloppe financi\u00e8re.<\/p>\n<h2>Pourquoi choisir notre entreprise de peinture dans le canton du Jura ?<\/h2>\n<ul>\n<li>Accessibilit\u00e9 : nos peintres sont accessibles en continu dans le canton du Jura afin de r\u00e9pondre d\u00e8s que possible \u00e0 vos d\u00e9sirs.<\/li>\n<li>Excellence : en choisissant nos services de peinture, vous avez la garantie de profiter de prestations de qualit\u00e9, r\u00e9alis\u00e9es avec soin et professionnalisme.<\/li>\n<li>Prix accessibles : nous mettons en place des tarifs comp\u00e9titifs, adapt\u00e9s \u00e0 vos moyens et \u00e0 vos demandes.<\/li>\n<li>Services individualis\u00e9s : nous prenons en consid\u00e9ration les particularit\u00e9s de votre r\u00e9novation de peinture dans le but de vous offrir des solutions personnalis\u00e9es.<\/li>\n<li>Les comp\u00e9tences, nos peintres professionnels dans le canton du Jura ont un large \u00e9ventail d&rsquo;expertises, comme : la pr\u00e9paration des zones avant la pose de la peinture, l&rsquo;application des diff\u00e9rentes couches et la mise en \u0153uvre des finitions.<\/li>\n<\/ul>\n<h2>FAQ<\/h2>\n<h3>Quelle peinture utilisez-vous ?<\/h3>\n<p>Nous utilisons seulement des peintures haut de gamme. Les pots de peinture que vous avez pay\u00e9s peuvent \u00eatre aussi employ\u00e9s par nos peintres.<\/p>\n<h3>Vos artisans peintres sont joignables le week-end ?<\/h3>\n<p>Oui, notre soci\u00e9t\u00e9 intervient les samedis et les dimanches dans le canton du Jura.<\/p>\n<h3>Prot\u00e9gez-vous les meubles ?<\/h3>\n<p>Tout \u00e0 fait, avant la pose de la peinture, nous prot\u00e9geons vos appareils \u00e9lectrom\u00e9nagers et vos meubles. Signalez-nous, tous vos objets sensibles, notre entreprise adoptera des mesures de s\u00e9curit\u00e9 renforc\u00e9es.<\/p>\n<h3>Que faire si les travaux de peinture accomplis ne r\u00e9pondent pas \u00e0 mes besoins ?<\/h3>\n<p>Si vous n&rsquo;\u00eates pas satisfait \u00e0 100% de notre travail, nous reviendrons pour r\u00e9gler les probl\u00e8mes tant que vous ne serez pas satisfait.<\/p>\n<h3>Fournissez-vous des estimations gratuites ?<\/h3>\n<p>Absolument, nos devis sont 100% gratuits et sans engagements. Nos artisans peintres peuvent se d\u00e9placer dans votre foyer pour r\u00e9pondre \u00e0 vos interrogations et valider avec vous votre estimation.<\/p>\n<h3>Vos services couvrent-ils aussi les villes aux alentours dans le canton du Jura ?<\/h3>\n<p>Bien s\u00fbr, nous op\u00e9rons dans le canton du Jura, et \u00e9galement dans les villes, tels que :<\/p>\nBiel\/Bienne, T\u00fcscherz-Alferm\u00e9e, Twann, Ligerz, Ligni\u00e8res, Le Landeron, Magglingen\/Macolin, Evilard, Les Pr\u00e9s-d'Orvin, Pieterlen, Lengnau BE, Orpund, Safnern, Meinisberg, Br\u00fcgg BE, Scheuren, Schwadernau, Studen BE, Aegerten, Nidau, Port, Ipsach, Bellmund, Jens, M\u00f6rigen, Sutz, Hagneck, Gerolfingen, T\u00e4uffelen, L\u00fcscherz, Finsterhennen, Siselen BE, La Ferri\u00e8re, Pr\u00eales, Lamboing, Diesse, Nods, La Neuveville, Orvin, Frinvillier, Plagne, Vauffelin, Romont BE, P\u00e9ry, La Heutte, Sonceboz-Sombeval, Corg\u00e9mont, Cort\u00e9bert, Courtelary, Montagne-de-Courtelary, Mont-Crosin, Les Pontins, Mont-Soleil, St-Imier, Cormoret, Villeret, Montagne-de-Sonvilier, Sonvilier, Renan BE, Tavannes, Le Fuet, Bellelay, Ch\u00e2telat, Monible, Sornetan, Fornet-Dessous, Reb\u00e9velier, Tramelan, La Tanne, Les Reussilles, Mont-Tramelan, Loveresse, Reconvilier, Saicourt, Saules BE, Pontenet, B\u00e9vilard, Champoz, Malleray, Sorvilier, Court, Moutier, Perrefitte, Eschert, Belprahon, Grandval, Cr\u00e9mines, Corcelles BE, Seehof, Les Ecorcheresses, Souboz, Roches BE, Schelten, Zweisimmen, Blankenburg, St. Stephan, Matten (St. Stephan), Lenk im Simmental, Oeschseite, Saanenm\u00f6ser, Sch\u00f6nried, Gstaad, Turbach, Lauenen b. Gstaad, Grund b. Gstaad, Feutersoey, Gsteig b. Gstaad, Saanen.\n","protected":false},"excerpt":{"rendered":"<p>Votre peinture a besoin d&rsquo;une am\u00e9lioration ? Nos experts r\u00e9alisent la peinture de votre int\u00e9rieur ou de votre ext\u00e9rieur dans le canton du Jura. Engagez Artisanlocal, nous fournissons des travaux de qualit\u00e9, de l&rsquo;\u00e9tude aux finitions de vos peintures, si vous \u00eates dans le canton du Jura, nous intervenons rapidement \u00e0 votre domicile et aussi [&hellip;]<\/p>\n","protected":false},"author":4,"featured_media":2756,"parent":0,"menu_order":0,"comment_status":"closed","ping_status":"closed","template":"wp-custom-template-page-canton","meta":{"footnotes":""},"profession":[121],"location":[],"canton":[111],"class_list":["post-778","page","type-page","status-publish","has-post-thumbnail","hentry","profession-peintre","canton-ju"],"yoast_head":"<!-- This site is optimized with the Yoast SEO Premium plugin v25.7.1 (Yoast SEO v27.3) - https:\/\/yoast.com\/product\/yoast-seo-premium-wordpress\/ -->\n<title>Engager le meilleur peintre dans le canton du Jura - Artisanlocal<\/title>\n<meta name=\"robots\" content=\"index, follow, max-snippet:-1, max-image-preview:large, max-video-preview:-1\" \/>\n<link rel=\"canonical\" href=\"https:\/\/www.artisanlocal.ch\/c\/engager-le-meilleur-peintre-dans-le-canton-du-jura\/\" \/>\n<meta property=\"og:locale\" content=\"fr_FR\" \/>\n<meta property=\"og:type\" content=\"article\" \/>\n<meta property=\"og:title\" content=\"Engager le meilleur peintre dans le canton du Jura\" \/>\n<meta property=\"og:description\" content=\"Votre peinture a besoin d&rsquo;une am\u00e9lioration ? Nos experts r\u00e9alisent la peinture de votre int\u00e9rieur ou de votre ext\u00e9rieur dans le canton du Jura. Engagez Artisanlocal, nous fournissons des travaux de qualit\u00e9, de l&rsquo;\u00e9tude aux finitions de vos peintures, si vous \u00eates dans le canton du Jura, nous intervenons rapidement \u00e0 votre domicile et aussi [&hellip;]\" \/>\n<meta property=\"og:url\" content=\"https:\/\/www.artisanlocal.ch\/c\/engager-le-meilleur-peintre-dans-le-canton-du-jura\/\" \/>\n<meta property=\"og:site_name\" content=\"Artisanlocal\" \/>\n<meta property=\"article:modified_time\" content=\"2025-11-06T11:37:34+00:00\" \/>\n<meta property=\"og:image\" content=\"https:\/\/www.artisanlocal.ch\/c\/wp-content\/uploads\/2024\/10\/peintre.jpg\" \/>\n\t<meta property=\"og:image:width\" content=\"1920\" \/>\n\t<meta property=\"og:image:height\" content=\"300\" \/>\n\t<meta property=\"og:image:type\" content=\"image\/jpeg\" \/>\n<meta name=\"twitter:card\" content=\"summary_large_image\" \/>\n<meta name=\"twitter:label1\" content=\"Dur\u00e9e de lecture estim\u00e9e\" \/>\n\t<meta name=\"twitter:data1\" content=\"5 minutes\" \/>\n<script type=\"application\/ld+json\" class=\"yoast-schema-graph\">{\"@context\":\"https:\\\/\\\/schema.org\",\"@graph\":[{\"@type\":\"WebPage\",\"@id\":\"https:\\\/\\\/www.artisanlocal.ch\\\/c\\\/engager-le-meilleur-peintre-dans-le-canton-du-jura\\\/\",\"url\":\"https:\\\/\\\/www.artisanlocal.ch\\\/c\\\/engager-le-meilleur-peintre-dans-le-canton-du-jura\\\/\",\"name\":\"Engager le meilleur peintre dans le canton du Jura - Artisanlocal\",\"isPartOf\":{\"@id\":\"https:\\\/\\\/www.artisanlocal.ch\\\/c\\\/#website\"},\"primaryImageOfPage\":{\"@id\":\"https:\\\/\\\/www.artisanlocal.ch\\\/c\\\/engager-le-meilleur-peintre-dans-le-canton-du-jura\\\/#primaryimage\"},\"image\":{\"@id\":\"https:\\\/\\\/www.artisanlocal.ch\\\/c\\\/engager-le-meilleur-peintre-dans-le-canton-du-jura\\\/#primaryimage\"},\"thumbnailUrl\":\"https:\\\/\\\/www.artisanlocal.ch\\\/c\\\/wp-content\\\/uploads\\\/2024\\\/10\\\/peintre.jpg\",\"datePublished\":\"2024-04-16T00:31:37+00:00\",\"dateModified\":\"2025-11-06T11:37:34+00:00\",\"breadcrumb\":{\"@id\":\"https:\\\/\\\/www.artisanlocal.ch\\\/c\\\/engager-le-meilleur-peintre-dans-le-canton-du-jura\\\/#breadcrumb\"},\"inLanguage\":\"fr-FR\",\"potentialAction\":[{\"@type\":\"ReadAction\",\"target\":[\"https:\\\/\\\/www.artisanlocal.ch\\\/c\\\/engager-le-meilleur-peintre-dans-le-canton-du-jura\\\/\"]}]},{\"@type\":\"ImageObject\",\"inLanguage\":\"fr-FR\",\"@id\":\"https:\\\/\\\/www.artisanlocal.ch\\\/c\\\/engager-le-meilleur-peintre-dans-le-canton-du-jura\\\/#primaryimage\",\"url\":\"https:\\\/\\\/www.artisanlocal.ch\\\/c\\\/wp-content\\\/uploads\\\/2024\\\/10\\\/peintre.jpg\",\"contentUrl\":\"https:\\\/\\\/www.artisanlocal.ch\\\/c\\\/wp-content\\\/uploads\\\/2024\\\/10\\\/peintre.jpg\",\"width\":1920,\"height\":300},{\"@type\":\"BreadcrumbList\",\"@id\":\"https:\\\/\\\/www.artisanlocal.ch\\\/c\\\/engager-le-meilleur-peintre-dans-le-canton-du-jura\\\/#breadcrumb\",\"itemListElement\":[{\"@type\":\"ListItem\",\"position\":1,\"name\":\"Accueil\",\"item\":\"https:\\\/\\\/www.artisanlocal.ch\\\/c\\\/\"},{\"@type\":\"ListItem\",\"position\":2,\"name\":\"Engager le meilleur peintre dans le canton du Jura\"}]},{\"@type\":\"WebSite\",\"@id\":\"https:\\\/\\\/www.artisanlocal.ch\\\/c\\\/#website\",\"url\":\"https:\\\/\\\/www.artisanlocal.ch\\\/c\\\/\",\"name\":\"Artisanlocal\",\"description\":\"\",\"publisher\":{\"@id\":\"https:\\\/\\\/www.artisanlocal.ch\\\/c\\\/#organization\"},\"potentialAction\":[{\"@type\":\"SearchAction\",\"target\":{\"@type\":\"EntryPoint\",\"urlTemplate\":\"https:\\\/\\\/www.artisanlocal.ch\\\/c\\\/?s={search_term_string}\"},\"query-input\":{\"@type\":\"PropertyValueSpecification\",\"valueRequired\":true,\"valueName\":\"search_term_string\"}}],\"inLanguage\":\"fr-FR\"},{\"@type\":\"Organization\",\"@id\":\"https:\\\/\\\/www.artisanlocal.ch\\\/c\\\/#organization\",\"name\":\"Artisanlocal\",\"url\":\"https:\\\/\\\/www.artisanlocal.ch\\\/c\\\/\",\"logo\":{\"@type\":\"ImageObject\",\"inLanguage\":\"fr-FR\",\"@id\":\"https:\\\/\\\/www.artisanlocal.ch\\\/c\\\/#\\\/schema\\\/logo\\\/image\\\/\",\"url\":\"https:\\\/\\\/www.artisanlocal.ch\\\/c\\\/wp-content\\\/uploads\\\/2024\\\/02\\\/logo-artisanlocal-h.svg\",\"contentUrl\":\"https:\\\/\\\/www.artisanlocal.ch\\\/c\\\/wp-content\\\/uploads\\\/2024\\\/02\\\/logo-artisanlocal-h.svg\",\"caption\":\"Artisanlocal\"},\"image\":{\"@id\":\"https:\\\/\\\/www.artisanlocal.ch\\\/c\\\/#\\\/schema\\\/logo\\\/image\\\/\"}}]}<\/script>\n<!-- \/ Yoast SEO Premium plugin. -->","yoast_head_json":{"title":"Engager le meilleur peintre dans le canton du Jura - Artisanlocal","robots":{"index":"index","follow":"follow","max-snippet":"max-snippet:-1","max-image-preview":"max-image-preview:large","max-video-preview":"max-video-preview:-1"},"canonical":"https:\/\/www.artisanlocal.ch\/c\/engager-le-meilleur-peintre-dans-le-canton-du-jura\/","og_locale":"fr_FR","og_type":"article","og_title":"Engager le meilleur peintre dans le canton du Jura","og_description":"Votre peinture a besoin d&rsquo;une am\u00e9lioration ? Nos experts r\u00e9alisent la peinture de votre int\u00e9rieur ou de votre ext\u00e9rieur dans le canton du Jura. Engagez Artisanlocal, nous fournissons des travaux de qualit\u00e9, de l&rsquo;\u00e9tude aux finitions de vos peintures, si vous \u00eates dans le canton du Jura, nous intervenons rapidement \u00e0 votre domicile et aussi [&hellip;]","og_url":"https:\/\/www.artisanlocal.ch\/c\/engager-le-meilleur-peintre-dans-le-canton-du-jura\/","og_site_name":"Artisanlocal","article_modified_time":"2025-11-06T11:37:34+00:00","og_image":[{"width":1920,"height":300,"url":"https:\/\/www.artisanlocal.ch\/c\/wp-content\/uploads\/2024\/10\/peintre.jpg","type":"image\/jpeg"}],"twitter_card":"summary_large_image","twitter_misc":{"Dur\u00e9e de lecture estim\u00e9e":"5 minutes"},"schema":{"@context":"https:\/\/schema.org","@graph":[{"@type":"WebPage","@id":"https:\/\/www.artisanlocal.ch\/c\/engager-le-meilleur-peintre-dans-le-canton-du-jura\/","url":"https:\/\/www.artisanlocal.ch\/c\/engager-le-meilleur-peintre-dans-le-canton-du-jura\/","name":"Engager le meilleur peintre dans le canton du Jura - Artisanlocal","isPartOf":{"@id":"https:\/\/www.artisanlocal.ch\/c\/#website"},"primaryImageOfPage":{"@id":"https:\/\/www.artisanlocal.ch\/c\/engager-le-meilleur-peintre-dans-le-canton-du-jura\/#primaryimage"},"image":{"@id":"https:\/\/www.artisanlocal.ch\/c\/engager-le-meilleur-peintre-dans-le-canton-du-jura\/#primaryimage"},"thumbnailUrl":"https:\/\/www.artisanlocal.ch\/c\/wp-content\/uploads\/2024\/10\/peintre.jpg","datePublished":"2024-04-16T00:31:37+00:00","dateModified":"2025-11-06T11:37:34+00:00","breadcrumb":{"@id":"https:\/\/www.artisanlocal.ch\/c\/engager-le-meilleur-peintre-dans-le-canton-du-jura\/#breadcrumb"},"inLanguage":"fr-FR","potentialAction":[{"@type":"ReadAction","target":["https:\/\/www.artisanlocal.ch\/c\/engager-le-meilleur-peintre-dans-le-canton-du-jura\/"]}]},{"@type":"ImageObject","inLanguage":"fr-FR","@id":"https:\/\/www.artisanlocal.ch\/c\/engager-le-meilleur-peintre-dans-le-canton-du-jura\/#primaryimage","url":"https:\/\/www.artisanlocal.ch\/c\/wp-content\/uploads\/2024\/10\/peintre.jpg","contentUrl":"https:\/\/www.artisanlocal.ch\/c\/wp-content\/uploads\/2024\/10\/peintre.jpg","width":1920,"height":300},{"@type":"BreadcrumbList","@id":"https:\/\/www.artisanlocal.ch\/c\/engager-le-meilleur-peintre-dans-le-canton-du-jura\/#breadcrumb","itemListElement":[{"@type":"ListItem","position":1,"name":"Accueil","item":"https:\/\/www.artisanlocal.ch\/c\/"},{"@type":"ListItem","position":2,"name":"Engager le meilleur peintre dans le canton du Jura"}]},{"@type":"WebSite","@id":"https:\/\/www.artisanlocal.ch\/c\/#website","url":"https:\/\/www.artisanlocal.ch\/c\/","name":"Artisanlocal","description":"","publisher":{"@id":"https:\/\/www.artisanlocal.ch\/c\/#organization"},"potentialAction":[{"@type":"SearchAction","target":{"@type":"EntryPoint","urlTemplate":"https:\/\/www.artisanlocal.ch\/c\/?s={search_term_string}"},"query-input":{"@type":"PropertyValueSpecification","valueRequired":true,"valueName":"search_term_string"}}],"inLanguage":"fr-FR"},{"@type":"Organization","@id":"https:\/\/www.artisanlocal.ch\/c\/#organization","name":"Artisanlocal","url":"https:\/\/www.artisanlocal.ch\/c\/","logo":{"@type":"ImageObject","inLanguage":"fr-FR","@id":"https:\/\/www.artisanlocal.ch\/c\/#\/schema\/logo\/image\/","url":"https:\/\/www.artisanlocal.ch\/c\/wp-content\/uploads\/2024\/02\/logo-artisanlocal-h.svg","contentUrl":"https:\/\/www.artisanlocal.ch\/c\/wp-content\/uploads\/2024\/02\/logo-artisanlocal-h.svg","caption":"Artisanlocal"},"image":{"@id":"https:\/\/www.artisanlocal.ch\/c\/#\/schema\/logo\/image\/"}}]}},"_links":{"self":[{"href":"https:\/\/www.artisanlocal.ch\/c\/wp-json\/wp\/v2\/pages\/778","targetHints":{"allow":["GET"]}}],"collection":[{"href":"https:\/\/www.artisanlocal.ch\/c\/wp-json\/wp\/v2\/pages"}],"about":[{"href":"https:\/\/www.artisanlocal.ch\/c\/wp-json\/wp\/v2\/types\/page"}],"author":[{"embeddable":true,"href":"https:\/\/www.artisanlocal.ch\/c\/wp-json\/wp\/v2\/users\/4"}],"replies":[{"embeddable":true,"href":"https:\/\/www.artisanlocal.ch\/c\/wp-json\/wp\/v2\/comments?post=778"}],"version-history":[{"count":0,"href":"https:\/\/www.artisanlocal.ch\/c\/wp-json\/wp\/v2\/pages\/778\/revisions"}],"wp:featuredmedia":[{"embeddable":true,"href":"https:\/\/www.artisanlocal.ch\/c\/wp-json\/wp\/v2\/media\/2756"}],"wp:attachment":[{"href":"https:\/\/www.artisanlocal.ch\/c\/wp-json\/wp\/v2\/media?parent=778"}],"wp:term":[{"taxonomy":"profession","embeddable":true,"href":"https:\/\/www.artisanlocal.ch\/c\/wp-json\/wp\/v2\/profession?post=778"},{"taxonomy":"location","embeddable":true,"href":"https:\/\/www.artisanlocal.ch\/c\/wp-json\/wp\/v2\/location?post=778"},{"taxonomy":"canton","embeddable":true,"href":"https:\/\/www.artisanlocal.ch\/c\/wp-json\/wp\/v2\/canton?post=778"}],"curies":[{"name":"wp","href":"https:\/\/api.w.org\/{rel}","templated":true}]}}