{"id":779,"date":"2024-04-16T23:06:29","date_gmt":"2024-04-16T21:06:29","guid":{"rendered":"https:\/\/www.artisanlocal.ch\/c\/entreprise-de-peintre-dans-le-canton-de-neuchatel\/"},"modified":"2025-11-06T12:37:40","modified_gmt":"2025-11-06T11:37:40","slug":"entreprise-de-peintre-dans-le-canton-de-neuchatel","status":"publish","type":"page","link":"https:\/\/www.artisanlocal.ch\/c\/entreprise-de-peintre-dans-le-canton-de-neuchatel\/","title":{"rendered":"Entreprise de peinture dans le canton de Neuch\u00e2tel"},"content":{"rendered":"<p>Besoin d&rsquo;une entreprise de peinture ? Nous r\u00e9alisons la peinture de votre int\u00e9rieur ou de votre ext\u00e9rieur dans le canton de Neuch\u00e2tel. Choisissez Artisanlocal pour la r\u00e9novation de votre appartement, si vous \u00eates dans le canton de Neuch\u00e2tel, nous intervenons rapidement chez vous et aussi dans les villes aux alentours.<\/p>\n<h2>Quels sont les services d&rsquo;Artisanlocal ?<\/h2>\n<ul>\n<li>La peinture int\u00e9rieure : sur vos murs, portes, moulures, et plafonds, ou dans des pi\u00e8ces sp\u00e9cifiques telles que votre chambre, salon ou salle de bain.<\/li>\n<li>Peindre l&rsquo;ext\u00e9rieur : application d&rsquo;une nouvelle couche de peinture sur les terrasses, le bardage, les cl\u00f4tures, les briques, le stuc et les portes de garage.<\/li>\n<li>La peinture d\u00e9corative : cr\u00e9ation d\u2019effets, comme le faux marbre, patines, effet vieilli, faux bois, effet oxyd\u00e9.<\/li>\n<li>Les services de peinture dans votre coin cuisine : pose d&rsquo;une couche, comme la peinture finition satin\u00e9e, qui se nettoie facilement.<\/li>\n<li>Les travaux d&rsquo;enduits d\u00e9coratifs : mise en place d&rsquo;enduits comme le tadelakt ou le b\u00e9ton cir\u00e9.<\/li>\n<li>Artiste peintre : cr\u00e9ation de peintures murales (ext\u00e9rieur, int\u00e9rieur, artistique ou d\u00e9corative).<\/li>\n<li>Les services de peinture pour le ravalement de fa\u00e7ade : restauration de votre fa\u00e7ade ext\u00e9rieure, pose d&rsquo;enduit, peinture, bardage ou cr\u00e9pi.<\/li>\n<li>La pose de peinture sur des zones en hauteur : nos artisans peintres op\u00e8rent dans des environnements compliqu\u00e9s comme les ponts, les usines ou les tours.<\/li>\n<li>Finition de peinture : ajout d\u2019une couche de finition dans votre salle d&rsquo;eau ou sur vos meubles pr\u00e9sents dans votre cuisine.<\/li>\n<li>Restauration et installation : r\u00e9paration des fissures, colmatage des trous dans les murs, ou encore mise en place de nouvelles cloisons s\u00e8ches.<\/li>\n<li>Installation et retrait de l&rsquo;ancien de votre papier peint : retrait et remplacement de votre ancien papier peint.<\/li>\n<li>Les prestations de peinture pour votre entreprise : pour les restaurants, espaces de bureau, complexes sportifs, \u00e9tablissements \u00e9ducatifs et autres locaux commerciaux.<\/li>\n<li>Les services de peintures pour b\u00e2timents : nous pr\u00e9parons les murs et plafonds \u00e0 peindre, et nous r\u00e9alisons les finitions et posons la peinture.<\/li>\n<\/ul>\n<h2>Quel est le processus de fonctionnement de votre soci\u00e9t\u00e9 ?<\/h2>\n<p>Nous avons cr\u00e9\u00e9 une m\u00e9thodologie pour r\u00e9pondre de mani\u00e8re pr\u00e9cise aux besoins de nos clients.<\/p>\n<h3>\u00c9tape 1\u00a0 : demander une estimation<\/h3>\n<p>Demandez un devis gratuit par t\u00e9l\u00e9phone ou en ligne dans les 24 heures.<\/p>\n<h3>\u00c9tape 2\u00a0 : analyser en d\u00e9tail votre estimation<\/h3>\n<p>Soyez s\u00fbr que le devis que vous recevez d\u00e9termine bien le prix de votre projet de peinture. En cas de questionnement sur une partie de votre devis, n&rsquo;h\u00e9sitez pas \u00e0 nous contacter pour avoir plus de d\u00e9tails.<\/p>\n<h3>\u00c9tape 3\u00a0 : organiser la date de commencement de votre projet<\/h3>\n<p>Une fois que vous avez confirm\u00e9 l&rsquo;estimation, nous d\u00e9terminons ensemble la date de commencement de votre projet. Pour arriver \u00e0 vos objectifs, nous vous octroyons un chef de projet.<\/p>\n<h2>Combien faut-il d\u00e9bourser pour une prestation de peinture dans le canton de Neuch\u00e2tel ?<\/h2>\n<p>Le prix d&rsquo;une prestation de peinture d\u00e9pend principalement de l&rsquo;\u00e9tat des surfaces \u00e0 peindre. En g\u00e9n\u00e9ral, les montants oscillent entre 60 et 70 francs suisses par heure. La main-d&rsquo;\u0153uvre constitue environ 80% \u00e0 90% du montant total, tandis que le co\u00fbt des travaux peinture ne repr\u00e9sente que 10% \u00e0 20% du prix.<\/p>\n<h2>Quels sont les avantages de travailler avec Artisanlocal ?<\/h2>\n<ul>\n<li>Accessibilit\u00e9 : nos artisans peintres sont accessibles en continu dans le canton de Neuch\u00e2tel afin de r\u00e9pondre rapidement \u00e0 vos besoins.<\/li>\n<li>Qualit\u00e9 : en faisant appel \u00e0 notre entreprise de peinture, vous avez l&rsquo;assurance de b\u00e9n\u00e9ficier de prestations de qualit\u00e9, effectu\u00e9es avec soin et professionnalisme.<\/li>\n<li>Prix comp\u00e9titifs : nos prix sont calcul\u00e9s en fonction de vos besoins et vos moyens.<\/li>\n<li>Services sur mesure : nous \u00e9tudions votre projet de peinture pour cr\u00e9er une prestation sur mesure.<\/li>\n<li>Le savoir-faire, nos experts de la peinture dans le canton de Neuch\u00e2tel ont de multiples comp\u00e9tences, comme : la pr\u00e9paration des surfaces avant la pose de la peinture, la pose des diff\u00e9rentes couches et la mise en \u0153uvre des touches finales.<\/li>\n<\/ul>\n<h2>FAQ<\/h2>\n<h3>Quelle peinture avez-vous l&rsquo;habitude d&rsquo;utiliser ?<\/h3>\n<p>Nous employons uniquement des peintures de qualit\u00e9. Il est possible pour nos artisans peintres d&rsquo;utiliser les pots que vous avez achet\u00e9s.<\/p>\n<h3>Est-ce que vos peintres sont disponibles le week-end ?<\/h3>\n<p>Oui, nos \u00e9quipes sont joignables le week-end dans le canton de Neuch\u00e2tel.<\/p>\n<h3>Les meubles sont-ils prot\u00e9g\u00e9s lors de votre intervention ?<\/h3>\n<p>Oui, nous amenons l&rsquo;\u00e9quipement n\u00e9cessaire de sorte \u00e0 garantir que votre mobilier et votre \u00e9lectrom\u00e9nager soient couverts pendant nos travaux. N\u00e9anmoins, si vous d\u00e9tenez des objets susceptibles de se briser, nous vous conseillons d&rsquo;en informer notre \u00e9quipe d&rsquo;artisans, nous prendrons plus de pr\u00e9cautions.<\/p>\n<h3>Que va-t-il arriver si je ne suis pas satisfait du travail accompli ?<\/h3>\n<p>Dans le cas o\u00f9 vous ne seriez pas satisfait \u00e0 100% de notre travail, nous reviendrons pour r\u00e9gler les probl\u00e8mes tant que vous ne serez pas satisfait.<\/p>\n<h3>Fournissez-vous des propositions commerciales gratuites ?<\/h3>\n<p>Nos \u00e9valuations sont gratuites et sans engagements. Nos peintres peuvent se d\u00e9placer chez vous afin de r\u00e9pondre \u00e0 vos demandes et confirmer avec vous votre devis.<\/p>\n<h3>Vos services couvrent-ils aussi les villes aux alentours dans le canton de Neuch\u00e2tel ?<\/h3>\n<p>Oui, notre entreprise r\u00e9alise des travaux de peintures dans le canton de Neuch\u00e2tel, mais aussi dans les municipalit\u00e9s, comme :<\/p>\nNoiraigue, Travers, Couvet, M\u00f4tiers NE, Boveresse, Fleurier, Buttes, Mont-de-Buttes, La C\u00f4te-aux-F\u00e9es, St-Sulpice NE, Les Sagnettes, Les Verri\u00e8res, Les Bayards, Brot-Dessous, Fretereules, Petit-Martel, Les Ponts-de-Martel, Brot-Plamboz, Le Locle, Le Pr\u00e9voux, La Chaux-du-Milieu, La Br\u00e9vine, La Ch\u00e2tagne, Le Brouillet, Les Taill\u00e8res, Le Cerneux-P\u00e9quignot, Les Brenets, Neuch\u00e2tel, Auvernier, Colombier NE, B\u00f4le, Areuse, Cortaillod, Boudry, Chambrelien, Rochefort, Bevaix, Gorgier, St-Aubin-Sauges, Chez-le-Bart, Fresens, Montalchez, Vaumarcus, Peseux, Corcelles NE, Cormondr\u00e8che, Hauterive NE, St-Blaise, Enges, Marin-Epagnier, Thielle, Wavre, Cornaux NE, Cressier NE, Champ-du-Moulin, Montmollin, Montezillon, Valangin, Boudevilliers, Fontaines NE, Fontainemelon, La Vue-des-Alpes, Cernier, Ch\u00e9zard-St-Martin, Les Vieux-Pr\u00e9s, Dombresson, Villiers, Le P\u00e2quier NE, Engollon, Fenin, Saules, Vilars NE, Savagnier, Chaumont, Les Geneveys-sur-Coffrane, Coffrane, Les Hauts-Geneveys, La Chaux-de-Fonds, La Sagne NE, Le Cr\u00eat-du-Locle, Les Planchettes, La Cibourg, Les Emibois, Le Cerneux-Veusil, Les Pommerats, Goumois, Montfavergier.\n","protected":false},"excerpt":{"rendered":"<p>Besoin d&rsquo;une entreprise de peinture ? Nous r\u00e9alisons la peinture de votre int\u00e9rieur ou de votre ext\u00e9rieur dans le canton de Neuch\u00e2tel. Choisissez Artisanlocal pour la r\u00e9novation de votre appartement, si vous \u00eates dans le canton de Neuch\u00e2tel, nous intervenons rapidement chez vous et aussi dans les villes aux alentours. Quels sont les services d&rsquo;Artisanlocal [&hellip;]<\/p>\n","protected":false},"author":4,"featured_media":2756,"parent":0,"menu_order":0,"comment_status":"closed","ping_status":"closed","template":"wp-custom-template-page-canton","meta":{"footnotes":""},"profession":[121],"location":[],"canton":[114],"class_list":["post-779","page","type-page","status-publish","has-post-thumbnail","hentry","profession-peintre","canton-ne"],"yoast_head":"<!-- This site is optimized with the Yoast SEO Premium plugin v25.7.1 (Yoast SEO v27.4) - https:\/\/yoast.com\/product\/yoast-seo-premium-wordpress\/ -->\n<title>Entreprise de peinture dans le canton de Neuch\u00e2tel - Artisanlocal<\/title>\n<meta name=\"robots\" content=\"index, follow, max-snippet:-1, max-image-preview:large, max-video-preview:-1\" \/>\n<link rel=\"canonical\" href=\"https:\/\/www.artisanlocal.ch\/c\/entreprise-de-peintre-dans-le-canton-de-neuchatel\/\" \/>\n<meta property=\"og:locale\" content=\"fr_FR\" \/>\n<meta property=\"og:type\" content=\"article\" \/>\n<meta property=\"og:title\" content=\"Entreprise de peinture dans le canton de Neuch\u00e2tel\" \/>\n<meta property=\"og:description\" content=\"Besoin d&rsquo;une entreprise de peinture ? Nous r\u00e9alisons la peinture de votre int\u00e9rieur ou de votre ext\u00e9rieur dans le canton de Neuch\u00e2tel. Choisissez Artisanlocal pour la r\u00e9novation de votre appartement, si vous \u00eates dans le canton de Neuch\u00e2tel, nous intervenons rapidement chez vous et aussi dans les villes aux alentours. Quels sont les services d&rsquo;Artisanlocal [&hellip;]\" \/>\n<meta property=\"og:url\" content=\"https:\/\/www.artisanlocal.ch\/c\/entreprise-de-peintre-dans-le-canton-de-neuchatel\/\" \/>\n<meta property=\"og:site_name\" content=\"Artisanlocal\" \/>\n<meta property=\"article:modified_time\" content=\"2025-11-06T11:37:40+00:00\" \/>\n<meta property=\"og:image\" content=\"https:\/\/www.artisanlocal.ch\/c\/wp-content\/uploads\/2024\/10\/peintre.jpg\" \/>\n\t<meta property=\"og:image:width\" content=\"1920\" \/>\n\t<meta property=\"og:image:height\" content=\"300\" \/>\n\t<meta property=\"og:image:type\" content=\"image\/jpeg\" \/>\n<meta name=\"twitter:card\" content=\"summary_large_image\" \/>\n<meta name=\"twitter:label1\" content=\"Dur\u00e9e de lecture estim\u00e9e\" \/>\n\t<meta name=\"twitter:data1\" content=\"5 minutes\" \/>\n<script type=\"application\/ld+json\" class=\"yoast-schema-graph\">{\"@context\":\"https:\\\/\\\/schema.org\",\"@graph\":[{\"@type\":\"WebPage\",\"@id\":\"https:\\\/\\\/www.artisanlocal.ch\\\/c\\\/entreprise-de-peintre-dans-le-canton-de-neuchatel\\\/\",\"url\":\"https:\\\/\\\/www.artisanlocal.ch\\\/c\\\/entreprise-de-peintre-dans-le-canton-de-neuchatel\\\/\",\"name\":\"Entreprise de peinture dans le canton de Neuch\u00e2tel - Artisanlocal\",\"isPartOf\":{\"@id\":\"https:\\\/\\\/www.artisanlocal.ch\\\/c\\\/#website\"},\"primaryImageOfPage\":{\"@id\":\"https:\\\/\\\/www.artisanlocal.ch\\\/c\\\/entreprise-de-peintre-dans-le-canton-de-neuchatel\\\/#primaryimage\"},\"image\":{\"@id\":\"https:\\\/\\\/www.artisanlocal.ch\\\/c\\\/entreprise-de-peintre-dans-le-canton-de-neuchatel\\\/#primaryimage\"},\"thumbnailUrl\":\"https:\\\/\\\/www.artisanlocal.ch\\\/c\\\/wp-content\\\/uploads\\\/2024\\\/10\\\/peintre.jpg\",\"datePublished\":\"2024-04-16T21:06:29+00:00\",\"dateModified\":\"2025-11-06T11:37:40+00:00\",\"breadcrumb\":{\"@id\":\"https:\\\/\\\/www.artisanlocal.ch\\\/c\\\/entreprise-de-peintre-dans-le-canton-de-neuchatel\\\/#breadcrumb\"},\"inLanguage\":\"fr-FR\",\"potentialAction\":[{\"@type\":\"ReadAction\",\"target\":[\"https:\\\/\\\/www.artisanlocal.ch\\\/c\\\/entreprise-de-peintre-dans-le-canton-de-neuchatel\\\/\"]}]},{\"@type\":\"ImageObject\",\"inLanguage\":\"fr-FR\",\"@id\":\"https:\\\/\\\/www.artisanlocal.ch\\\/c\\\/entreprise-de-peintre-dans-le-canton-de-neuchatel\\\/#primaryimage\",\"url\":\"https:\\\/\\\/www.artisanlocal.ch\\\/c\\\/wp-content\\\/uploads\\\/2024\\\/10\\\/peintre.jpg\",\"contentUrl\":\"https:\\\/\\\/www.artisanlocal.ch\\\/c\\\/wp-content\\\/uploads\\\/2024\\\/10\\\/peintre.jpg\",\"width\":1920,\"height\":300},{\"@type\":\"BreadcrumbList\",\"@id\":\"https:\\\/\\\/www.artisanlocal.ch\\\/c\\\/entreprise-de-peintre-dans-le-canton-de-neuchatel\\\/#breadcrumb\",\"itemListElement\":[{\"@type\":\"ListItem\",\"position\":1,\"name\":\"Accueil\",\"item\":\"https:\\\/\\\/www.artisanlocal.ch\\\/c\\\/\"},{\"@type\":\"ListItem\",\"position\":2,\"name\":\"Entreprise de peinture dans le canton de Neuch\u00e2tel\"}]},{\"@type\":\"WebSite\",\"@id\":\"https:\\\/\\\/www.artisanlocal.ch\\\/c\\\/#website\",\"url\":\"https:\\\/\\\/www.artisanlocal.ch\\\/c\\\/\",\"name\":\"Artisanlocal\",\"description\":\"\",\"publisher\":{\"@id\":\"https:\\\/\\\/www.artisanlocal.ch\\\/c\\\/#organization\"},\"potentialAction\":[{\"@type\":\"SearchAction\",\"target\":{\"@type\":\"EntryPoint\",\"urlTemplate\":\"https:\\\/\\\/www.artisanlocal.ch\\\/c\\\/?s={search_term_string}\"},\"query-input\":{\"@type\":\"PropertyValueSpecification\",\"valueRequired\":true,\"valueName\":\"search_term_string\"}}],\"inLanguage\":\"fr-FR\"},{\"@type\":\"Organization\",\"@id\":\"https:\\\/\\\/www.artisanlocal.ch\\\/c\\\/#organization\",\"name\":\"Artisanlocal\",\"url\":\"https:\\\/\\\/www.artisanlocal.ch\\\/c\\\/\",\"logo\":{\"@type\":\"ImageObject\",\"inLanguage\":\"fr-FR\",\"@id\":\"https:\\\/\\\/www.artisanlocal.ch\\\/c\\\/#\\\/schema\\\/logo\\\/image\\\/\",\"url\":\"https:\\\/\\\/www.artisanlocal.ch\\\/c\\\/wp-content\\\/uploads\\\/2024\\\/02\\\/logo-artisanlocal-h.svg\",\"contentUrl\":\"https:\\\/\\\/www.artisanlocal.ch\\\/c\\\/wp-content\\\/uploads\\\/2024\\\/02\\\/logo-artisanlocal-h.svg\",\"caption\":\"Artisanlocal\"},\"image\":{\"@id\":\"https:\\\/\\\/www.artisanlocal.ch\\\/c\\\/#\\\/schema\\\/logo\\\/image\\\/\"}}]}<\/script>\n<!-- \/ Yoast SEO Premium plugin. -->","yoast_head_json":{"title":"Entreprise de peinture dans le canton de Neuch\u00e2tel - Artisanlocal","robots":{"index":"index","follow":"follow","max-snippet":"max-snippet:-1","max-image-preview":"max-image-preview:large","max-video-preview":"max-video-preview:-1"},"canonical":"https:\/\/www.artisanlocal.ch\/c\/entreprise-de-peintre-dans-le-canton-de-neuchatel\/","og_locale":"fr_FR","og_type":"article","og_title":"Entreprise de peinture dans le canton de Neuch\u00e2tel","og_description":"Besoin d&rsquo;une entreprise de peinture ? Nous r\u00e9alisons la peinture de votre int\u00e9rieur ou de votre ext\u00e9rieur dans le canton de Neuch\u00e2tel. Choisissez Artisanlocal pour la r\u00e9novation de votre appartement, si vous \u00eates dans le canton de Neuch\u00e2tel, nous intervenons rapidement chez vous et aussi dans les villes aux alentours. Quels sont les services d&rsquo;Artisanlocal [&hellip;]","og_url":"https:\/\/www.artisanlocal.ch\/c\/entreprise-de-peintre-dans-le-canton-de-neuchatel\/","og_site_name":"Artisanlocal","article_modified_time":"2025-11-06T11:37:40+00:00","og_image":[{"width":1920,"height":300,"url":"https:\/\/www.artisanlocal.ch\/c\/wp-content\/uploads\/2024\/10\/peintre.jpg","type":"image\/jpeg"}],"twitter_card":"summary_large_image","twitter_misc":{"Dur\u00e9e de lecture estim\u00e9e":"5 minutes"},"schema":{"@context":"https:\/\/schema.org","@graph":[{"@type":"WebPage","@id":"https:\/\/www.artisanlocal.ch\/c\/entreprise-de-peintre-dans-le-canton-de-neuchatel\/","url":"https:\/\/www.artisanlocal.ch\/c\/entreprise-de-peintre-dans-le-canton-de-neuchatel\/","name":"Entreprise de peinture dans le canton de Neuch\u00e2tel - Artisanlocal","isPartOf":{"@id":"https:\/\/www.artisanlocal.ch\/c\/#website"},"primaryImageOfPage":{"@id":"https:\/\/www.artisanlocal.ch\/c\/entreprise-de-peintre-dans-le-canton-de-neuchatel\/#primaryimage"},"image":{"@id":"https:\/\/www.artisanlocal.ch\/c\/entreprise-de-peintre-dans-le-canton-de-neuchatel\/#primaryimage"},"thumbnailUrl":"https:\/\/www.artisanlocal.ch\/c\/wp-content\/uploads\/2024\/10\/peintre.jpg","datePublished":"2024-04-16T21:06:29+00:00","dateModified":"2025-11-06T11:37:40+00:00","breadcrumb":{"@id":"https:\/\/www.artisanlocal.ch\/c\/entreprise-de-peintre-dans-le-canton-de-neuchatel\/#breadcrumb"},"inLanguage":"fr-FR","potentialAction":[{"@type":"ReadAction","target":["https:\/\/www.artisanlocal.ch\/c\/entreprise-de-peintre-dans-le-canton-de-neuchatel\/"]}]},{"@type":"ImageObject","inLanguage":"fr-FR","@id":"https:\/\/www.artisanlocal.ch\/c\/entreprise-de-peintre-dans-le-canton-de-neuchatel\/#primaryimage","url":"https:\/\/www.artisanlocal.ch\/c\/wp-content\/uploads\/2024\/10\/peintre.jpg","contentUrl":"https:\/\/www.artisanlocal.ch\/c\/wp-content\/uploads\/2024\/10\/peintre.jpg","width":1920,"height":300},{"@type":"BreadcrumbList","@id":"https:\/\/www.artisanlocal.ch\/c\/entreprise-de-peintre-dans-le-canton-de-neuchatel\/#breadcrumb","itemListElement":[{"@type":"ListItem","position":1,"name":"Accueil","item":"https:\/\/www.artisanlocal.ch\/c\/"},{"@type":"ListItem","position":2,"name":"Entreprise de peinture dans le canton de Neuch\u00e2tel"}]},{"@type":"WebSite","@id":"https:\/\/www.artisanlocal.ch\/c\/#website","url":"https:\/\/www.artisanlocal.ch\/c\/","name":"Artisanlocal","description":"","publisher":{"@id":"https:\/\/www.artisanlocal.ch\/c\/#organization"},"potentialAction":[{"@type":"SearchAction","target":{"@type":"EntryPoint","urlTemplate":"https:\/\/www.artisanlocal.ch\/c\/?s={search_term_string}"},"query-input":{"@type":"PropertyValueSpecification","valueRequired":true,"valueName":"search_term_string"}}],"inLanguage":"fr-FR"},{"@type":"Organization","@id":"https:\/\/www.artisanlocal.ch\/c\/#organization","name":"Artisanlocal","url":"https:\/\/www.artisanlocal.ch\/c\/","logo":{"@type":"ImageObject","inLanguage":"fr-FR","@id":"https:\/\/www.artisanlocal.ch\/c\/#\/schema\/logo\/image\/","url":"https:\/\/www.artisanlocal.ch\/c\/wp-content\/uploads\/2024\/02\/logo-artisanlocal-h.svg","contentUrl":"https:\/\/www.artisanlocal.ch\/c\/wp-content\/uploads\/2024\/02\/logo-artisanlocal-h.svg","caption":"Artisanlocal"},"image":{"@id":"https:\/\/www.artisanlocal.ch\/c\/#\/schema\/logo\/image\/"}}]}},"_links":{"self":[{"href":"https:\/\/www.artisanlocal.ch\/c\/wp-json\/wp\/v2\/pages\/779","targetHints":{"allow":["GET"]}}],"collection":[{"href":"https:\/\/www.artisanlocal.ch\/c\/wp-json\/wp\/v2\/pages"}],"about":[{"href":"https:\/\/www.artisanlocal.ch\/c\/wp-json\/wp\/v2\/types\/page"}],"author":[{"embeddable":true,"href":"https:\/\/www.artisanlocal.ch\/c\/wp-json\/wp\/v2\/users\/4"}],"replies":[{"embeddable":true,"href":"https:\/\/www.artisanlocal.ch\/c\/wp-json\/wp\/v2\/comments?post=779"}],"version-history":[{"count":0,"href":"https:\/\/www.artisanlocal.ch\/c\/wp-json\/wp\/v2\/pages\/779\/revisions"}],"wp:featuredmedia":[{"embeddable":true,"href":"https:\/\/www.artisanlocal.ch\/c\/wp-json\/wp\/v2\/media\/2756"}],"wp:attachment":[{"href":"https:\/\/www.artisanlocal.ch\/c\/wp-json\/wp\/v2\/media?parent=779"}],"wp:term":[{"taxonomy":"profession","embeddable":true,"href":"https:\/\/www.artisanlocal.ch\/c\/wp-json\/wp\/v2\/profession?post=779"},{"taxonomy":"location","embeddable":true,"href":"https:\/\/www.artisanlocal.ch\/c\/wp-json\/wp\/v2\/location?post=779"},{"taxonomy":"canton","embeddable":true,"href":"https:\/\/www.artisanlocal.ch\/c\/wp-json\/wp\/v2\/canton?post=779"}],"curies":[{"name":"wp","href":"https:\/\/api.w.org\/{rel}","templated":true}]}}